45.153.34.253 - - [01/Apr/2026:18:41:53 +1000] "POST /wp-login.php HTTP/1.1" 301 273 "https://posscales.net/wp-login.php" "Mozilla/5.0 (X11; Linux x86_64) AppleWebKit/537.36 (KHTML, like Gecko) Chrome/121.0.0.0 Safari/537.36"
45.153.34.253 - - [01/Apr/2026:18:41:53 +1000] "GET /wp-admin/index.php HTTP/1.1" 301 273 "https://posscales.net/wp-login.php" "Mozilla/5.0 (X11; Ubuntu; Linux x86_64) AppleWebKit/537.36 (KHTML, like Gecko) Chrome/120.0.0.0 Safari/537.36"
20.63.96.180 - - [01/Apr/2026:18:41:53 +1000] "GET /wp-includes/l10n/ HTTP/1.1" 301 273 "-" "-"
45.153.34.253 - - [01/Apr/2026:18:41:53 +1000] "GET / HTTP/1.1" 301 - "https://posscales.net/wp-login.php" "Mozilla/5.0 (X11; Ubuntu; Linux x86_64) AppleWebKit/537.36 (KHTML, like Gecko) Chrome/120.0.0.0 Safari/537.36"
20.63.96.180 - - [01/Apr/2026:18:41:53 +1000] "GET / HTTP/1.1" 301 - "-" "-"
45.153.34.253 - - [01/Apr/2026:18:41:54 +1000] "GET /WP-POS/ HTTP/1.1" 200 39220 "https://posscales.net/wp-login.php" "Mozilla/5.0 (X11; Ubuntu; Linux x86_64) AppleWebKit/537.36 (KHTML, like Gecko) Chrome/120.0.0.0 Safari/537.36"
20.63.96.180 - - [01/Apr/2026:18:41:54 +1000] "GET /WP-POS/ HTTP/1.1" 200 39220 "-" "-"
45.153.34.253 - - [01/Apr/2026:18:41:54 +1000] "GET /wp-admin/profile.php HTTP/1.1" 301 273 "https://posscales.net/wp-login.php" "Mozilla/5.0 (X11; Ubuntu; Linux x86_64) AppleWebKit/537.36 (KHTML, like Gecko) Chrome/120.0.0.0 Safari/537.36"
20.63.96.180 - - [01/Apr/2026:18:41:54 +1000] "GET /wp-good.php HTTP/1.1" 301 273 "-" "-"
45.153.34.253 - - [01/Apr/2026:18:41:54 +1000] "GET / HTTP/1.1" 301 - "https://posscales.net/wp-login.php" "Mozilla/5.0 (X11; Ubuntu; Linux x86_64) AppleWebKit/537.36 (KHTML, like Gecko) Chrome/120.0.0.0 Safari/537.36"
20.63.96.180 - - [01/Apr/2026:18:41:55 +1000] "GET / HTTP/1.1" 301 - "-" "-"
45.153.34.253 - - [01/Apr/2026:18:41:55 +1000] "GET /WP-POS/ HTTP/1.1" 200 39220 "https://posscales.net/wp-login.php" "Mozilla/5.0 (X11; Ubuntu; Linux x86_64) AppleWebKit/537.36 (KHTML, like Gecko) Chrome/120.0.0.0 Safari/537.36"
20.63.96.180 - - [01/Apr/2026:18:41:55 +1000] "GET /WP-POS/ HTTP/1.1" 200 39220 "-" "-"
45.153.34.253 - - [01/Apr/2026:18:41:56 +1000] "GET /wp-admin/edit.php HTTP/1.1" 301 273 "https://posscales.net/wp-login.php" "Mozilla/5.0 (X11; Ubuntu; Linux x86_64) AppleWebKit/537.36 (KHTML, like Gecko) Chrome/120.0.0.0 Safari/537.36"
45.153.34.253 - - [01/Apr/2026:18:41:56 +1000] "GET / HTTP/1.1" 301 - "https://posscales.net/wp-login.php" "Mozilla/5.0 (X11; Ubuntu; Linux x86_64) AppleWebKit/537.36 (KHTML, like Gecko) Chrome/120.0.0.0 Safari/537.36"
45.153.34.253 - - [01/Apr/2026:18:41:56 +1000] "GET /WP-POS/ HTTP/1.1" 200 39220 "https://posscales.net/wp-login.php" "Mozilla/5.0 (X11; Ubuntu; Linux x86_64) AppleWebKit/537.36 (KHTML, like Gecko) Chrome/120.0.0.0 Safari/537.36"
20.63.96.180 - - [01/Apr/2026:18:41:56 +1000] "GET /wp.php HTTP/1.1" 301 273 "-" "-"
20.63.96.180 - - [01/Apr/2026:18:41:57 +1000] "GET / HTTP/1.1" 301 - "-" "-"
45.153.34.253 - - [01/Apr/2026:18:41:57 +1000] "GET /wp-admin/plugins.php HTTP/1.1" 301 273 "https://posscales.net/wp-login.php" "Mozilla/5.0 (X11; Ubuntu; Linux x86_64) AppleWebKit/537.36 (KHTML, like Gecko) Chrome/120.0.0.0 Safari/537.36"
20.63.96.180 - - [01/Apr/2026:18:41:57 +1000] "GET /WP-POS/ HTTP/1.1" 200 39220 "-" "-"
45.153.34.253 - - [01/Apr/2026:18:41:57 +1000] "GET / HTTP/1.1" 301 - "https://posscales.net/wp-login.php" "Mozilla/5.0 (X11; Ubuntu; Linux x86_64) AppleWebKit/537.36 (KHTML, like Gecko) Chrome/120.0.0.0 Safari/537.36"
45.153.34.253 - - [01/Apr/2026:18:41:57 +1000] "GET /WP-POS/ HTTP/1.1" 200 39220 "https://posscales.net/wp-login.php" "Mozilla/5.0 (X11; Ubuntu; Linux x86_64) AppleWebKit/537.36 (KHTML, like Gecko) Chrome/120.0.0.0 Safari/537.36"
20.63.96.180 - - [01/Apr/2026:18:41:58 +1000] "GET /wp-admin/js/fi.php HTTP/1.1" 301 273 "-" "-"
20.63.96.180 - - [01/Apr/2026:18:41:58 +1000] "GET / HTTP/1.1" 301 - "-" "-"
45.153.34.253 - - [01/Apr/2026:18:41:58 +1000] "POST /wp-login.php HTTP/1.1" 301 273 "https://posscales.net/wp-login.php" "Mozilla/5.0 (Windows NT 10.0; Win64; x64) AppleWebKit/537.36 (KHTML, like Gecko) Chrome/121.0.0.0 Safari/537.36"
20.63.96.180 - - [01/Apr/2026:18:41:58 +1000] "GET /WP-POS/ HTTP/1.1" 200 39220 "-" "-"
45.153.34.253 - - [01/Apr/2026:18:41:58 +1000] "GET /wp-admin/index.php HTTP/1.1" 301 273 "https://posscales.net/wp-login.php" "Mozilla/5.0 (Windows NT 11.0; Win64; x64) AppleWebKit/537.36 (KHTML, like Gecko) Chrome/119.0.0.0 Safari/537.36"
45.153.34.253 - - [01/Apr/2026:18:41:59 +1000] "GET / HTTP/1.1" 301 - "https://posscales.net/wp-login.php" "Mozilla/5.0 (Windows NT 11.0; Win64; x64) AppleWebKit/537.36 (KHTML, like Gecko) Chrome/119.0.0.0 Safari/537.36"
20.63.96.180 - - [01/Apr/2026:18:41:59 +1000] "GET /fe5.php HTTP/1.1" 301 273 "-" "-"
45.153.34.253 - - [01/Apr/2026:18:41:59 +1000] "GET /WP-POS/ HTTP/1.1" 200 39220 "https://posscales.net/wp-login.php" "Mozilla/5.0 (Windows NT 11.0; Win64; x64) AppleWebKit/537.36 (KHTML, like Gecko) Chrome/119.0.0.0 Safari/537.36"
20.63.96.180 - - [01/Apr/2026:18:41:59 +1000] "GET / HTTP/1.1" 301 - "-" "-"
20.63.96.180 - - [01/Apr/2026:18:41:59 +1000] "GET /WP-POS/ HTTP/1.1" 200 39220 "-" "-"
45.153.34.253 - - [01/Apr/2026:18:42:00 +1000] "GET /wp-admin/profile.php HTTP/1.1" 301 273 "https://posscales.net/wp-login.php" "Mozilla/5.0 (Windows NT 11.0; Win64; x64) AppleWebKit/537.36 (KHTML, like Gecko) Chrome/119.0.0.0 Safari/537.36"
45.153.34.253 - - [01/Apr/2026:18:42:00 +1000] "GET / HTTP/1.1" 301 - "https://posscales.net/wp-login.php" "Mozilla/5.0 (Windows NT 11.0; Win64; x64) AppleWebKit/537.36 (KHTML, like Gecko) Chrome/119.0.0.0 Safari/537.36"
20.63.96.180 - - [01/Apr/2026:18:42:00 +1000] "GET /kj.php HTTP/1.1" 301 273 "-" "-"
45.153.34.253 - - [01/Apr/2026:18:42:00 +1000] "GET /WP-POS/ HTTP/1.1" 200 39220 "https://posscales.net/wp-login.php" "Mozilla/5.0 (Windows NT 11.0; Win64; x64) AppleWebKit/537.36 (KHTML, like Gecko) Chrome/119.0.0.0 Safari/537.36"
20.63.96.180 - - [01/Apr/2026:18:42:00 +1000] "GET / HTTP/1.1" 301 - "-" "-"
20.63.96.180 - - [01/Apr/2026:18:42:01 +1000] "GET /WP-POS/ HTTP/1.1" 200 39220 "-" "-"
45.153.34.253 - - [01/Apr/2026:18:42:01 +1000] "GET /wp-admin/edit.php HTTP/1.1" 301 273 "https://posscales.net/wp-login.php" "Mozilla/5.0 (Windows NT 11.0; Win64; x64) AppleWebKit/537.36 (KHTML, like Gecko) Chrome/119.0.0.0 Safari/537.36"
45.153.34.253 - - [01/Apr/2026:18:42:01 +1000] "GET / HTTP/1.1" 301 - "https://posscales.net/wp-login.php" "Mozilla/5.0 (Windows NT 11.0; Win64; x64) AppleWebKit/537.36 (KHTML, like Gecko) Chrome/119.0.0.0 Safari/537.36"
20.63.96.180 - - [01/Apr/2026:18:42:01 +1000] "GET /wp-content/uploads/2021/02/index.php HTTP/1.1" 301 273 "-" "-"
20.63.96.180 - - [01/Apr/2026:18:42:02 +1000] "GET / HTTP/1.1" 301 - "-" "-"
45.153.34.253 - - [01/Apr/2026:18:42:02 +1000] "GET /WP-POS/ HTTP/1.1" 200 39220 "https://posscales.net/wp-login.php" "Mozilla/5.0 (Windows NT 11.0; Win64; x64) AppleWebKit/537.36 (KHTML, like Gecko) Chrome/119.0.0.0 Safari/537.36"
20.63.96.180 - - [01/Apr/2026:18:42:02 +1000] "GET /WP-POS/ HTTP/1.1" 200 39220 "-" "-"
45.153.34.253 - - [01/Apr/2026:18:42:02 +1000] "GET /wp-admin/plugins.php HTTP/1.1" 301 273 "https://posscales.net/wp-login.php" "Mozilla/5.0 (Windows NT 11.0; Win64; x64) AppleWebKit/537.36 (KHTML, like Gecko) Chrome/119.0.0.0 Safari/537.36"
20.63.96.180 - - [01/Apr/2026:18:42:03 +1000] "GET /av.php HTTP/1.1" 301 273 "-" "-"
118.127.40.73 - - [01/Apr/2026:18:42:03 +1000] "POST /WP-POS/wp-cron.php?doing_wp_cron=1775032923.2437338829040527343750 HTTP/1.1" 200 - "-" "WordPress/6.9.1; https://posscales.com.au/WP-POS"
45.153.34.253 - - [01/Apr/2026:18:42:03 +1000] "GET / HTTP/1.1" 301 - "https://posscales.net/wp-login.php" "Mozilla/5.0 (Windows NT 11.0; Win64; x64) AppleWebKit/537.36 (KHTML, like Gecko) Chrome/119.0.0.0 Safari/537.36"
20.63.96.180 - - [01/Apr/2026:18:42:03 +1000] "GET / HTTP/1.1" 301 - "-" "-"
45.153.34.253 - - [01/Apr/2026:18:42:03 +1000] "GET /WP-POS/ HTTP/1.1" 200 39220 "https://posscales.net/wp-login.php" "Mozilla/5.0 (Windows NT 11.0; Win64; x64) AppleWebKit/537.36 (KHTML, like Gecko) Chrome/119.0.0.0 Safari/537.36"
20.63.96.180 - - [01/Apr/2026:18:42:03 +1000] "GET /WP-POS/ HTTP/1.1" 200 39220 "-" "-"
45.153.34.253 - - [01/Apr/2026:18:42:04 +1000] "POST /wp-login.php HTTP/1.1" 301 273 "https://posscales.net/wp-login.php" "Mozilla/5.0 (Windows NT 11.0; Win64; x64) AppleWebKit/537.36 (KHTML, like Gecko) Chrome/119.0.0.0 Safari/537.36"
20.63.96.180 - - [01/Apr/2026:18:42:04 +1000] "GET /abcd.php HTTP/1.1" 301 273 "-" "-"
45.153.34.253 - - [01/Apr/2026:18:42:04 +1000] "GET /wp-admin/index.php HTTP/1.1" 301 273 "https://posscales.net/wp-login.php" "Mozilla/5.0 (Macintosh; Intel Mac OS X 10_15_7; rv:120.0) Gecko/20100101 Firefox/120.0"
20.63.96.180 - - [01/Apr/2026:18:42:04 +1000] "GET / HTTP/1.1" 301 - "-" "-"
45.153.34.253 - - [01/Apr/2026:18:42:04 +1000] "GET / HTTP/1.1" 301 - "https://posscales.net/wp-login.php" "Mozilla/5.0 (Macintosh; Intel Mac OS X 10_15_7; rv:120.0) Gecko/20100101 Firefox/120.0"
20.63.96.180 - - [01/Apr/2026:18:42:04 +1000] "GET /WP-POS/ HTTP/1.1" 200 39220 "-" "-"
45.153.34.253 - - [01/Apr/2026:18:42:05 +1000] "GET /WP-POS/ HTTP/1.1" 200 39220 "https://posscales.net/wp-login.php" "Mozilla/5.0 (Macintosh; Intel Mac OS X 10_15_7; rv:120.0) Gecko/20100101 Firefox/120.0"
20.63.96.180 - - [01/Apr/2026:18:42:05 +1000] "GET /about2.php HTTP/1.1" 301 273 "-" "-"
45.153.34.253 - - [01/Apr/2026:18:42:05 +1000] "GET /wp-admin/profile.php HTTP/1.1" 301 273 "https://posscales.net/wp-login.php" "Mozilla/5.0 (Macintosh; Intel Mac OS X 10_15_7; rv:120.0) Gecko/20100101 Firefox/120.0"
20.63.96.180 - - [01/Apr/2026:18:42:05 +1000] "GET / HTTP/1.1" 301 - "-" "-"
45.153.34.253 - - [01/Apr/2026:18:42:06 +1000] "GET / HTTP/1.1" 301 - "https://posscales.net/wp-login.php" "Mozilla/5.0 (Macintosh; Intel Mac OS X 10_15_7; rv:120.0) Gecko/20100101 Firefox/120.0"
20.63.96.180 - - [01/Apr/2026:18:42:06 +1000] "GET /WP-POS/ HTTP/1.1" 200 39220 "-" "-"
45.153.34.253 - - [01/Apr/2026:18:42:06 +1000] "GET /WP-POS/ HTTP/1.1" 200 39220 "https://posscales.net/wp-login.php" "Mozilla/5.0 (Macintosh; Intel Mac OS X 10_15_7; rv:120.0) Gecko/20100101 Firefox/120.0"
20.63.96.180 - - [01/Apr/2026:18:42:06 +1000] "GET /fi.php HTTP/1.1" 301 273 "-" "-"
20.63.96.180 - - [01/Apr/2026:18:42:07 +1000] "GET / HTTP/1.1" 301 - "-" "-"
45.153.34.253 - - [01/Apr/2026:18:42:07 +1000] "GET /wp-admin/edit.php HTTP/1.1" 301 273 "https://posscales.net/wp-login.php" "Mozilla/5.0 (Macintosh; Intel Mac OS X 10_15_7; rv:120.0) Gecko/20100101 Firefox/120.0"
20.63.96.180 - - [01/Apr/2026:18:42:07 +1000] "GET /WP-POS/ HTTP/1.1" 200 39220 "-" "-"
45.153.34.253 - - [01/Apr/2026:18:42:07 +1000] "GET / HTTP/1.1" 301 - "https://posscales.net/wp-login.php" "Mozilla/5.0 (Macintosh; Intel Mac OS X 10_15_7; rv:120.0) Gecko/20100101 Firefox/120.0"
45.153.34.253 - - [01/Apr/2026:18:42:07 +1000] "GET /WP-POS/ HTTP/1.1" 200 39220 "https://posscales.net/wp-login.php" "Mozilla/5.0 (Macintosh; Intel Mac OS X 10_15_7; rv:120.0) Gecko/20100101 Firefox/120.0"
20.63.96.180 - - [01/Apr/2026:18:42:08 +1000] "GET /a1.php HTTP/1.1" 301 273 "-" "-"
20.63.96.180 - - [01/Apr/2026:18:42:08 +1000] "GET / HTTP/1.1" 301 - "-" "-"
45.153.34.253 - - [01/Apr/2026:18:42:08 +1000] "GET /wp-admin/plugins.php HTTP/1.1" 301 273 "https://posscales.net/wp-login.php" "Mozilla/5.0 (Macintosh; Intel Mac OS X 10_15_7; rv:120.0) Gecko/20100101 Firefox/120.0"
20.63.96.180 - - [01/Apr/2026:18:42:08 +1000] "GET /WP-POS/ HTTP/1.1" 200 39220 "-" "-"
45.153.34.253 - - [01/Apr/2026:18:42:08 +1000] "GET / HTTP/1.1" 301 - "https://posscales.net/wp-login.php" "Mozilla/5.0 (Macintosh; Intel Mac OS X 10_15_7; rv:120.0) Gecko/20100101 Firefox/120.0"
45.153.34.253 - - [01/Apr/2026:18:42:09 +1000] "GET /WP-POS/ HTTP/1.1" 200 39220 "https://posscales.net/wp-login.php" "Mozilla/5.0 (Macintosh; Intel Mac OS X 10_15_7; rv:120.0) Gecko/20100101 Firefox/120.0"
20.63.96.180 - - [01/Apr/2026:18:42:09 +1000] "GET /update/f35.php HTTP/1.1" 301 273 "-" "-"
20.63.96.180 - - [01/Apr/2026:18:42:09 +1000] "GET / HTTP/1.1" 301 - "-" "-"
45.153.34.253 - - [01/Apr/2026:18:42:09 +1000] "POST /wp-login.php HTTP/1.1" 301 273 "https://posscales.net/wp-login.php" "Mozilla/5.0 (Macintosh; Intel Mac OS X 10_15_7) AppleWebKit/605.1.15 (KHTML, like Gecko) Version/16.6 Safari/605.1.15"
45.153.34.253 - - [01/Apr/2026:18:42:10 +1000] "GET /wp-admin/index.php HTTP/1.1" 301 273 "https://posscales.net/wp-login.php" "Mozilla/5.0 (X11; Linux x86_64) AppleWebKit/537.36 (KHTML, like Gecko) Chrome/121.0.0.0 Safari/537.36"
20.63.96.180 - - [01/Apr/2026:18:42:10 +1000] "GET /WP-POS/ HTTP/1.1" 200 39220 "-" "-"
45.153.34.253 - - [01/Apr/2026:18:42:10 +1000] "GET / HTTP/1.1" 301 - "https://posscales.net/wp-login.php" "Mozilla/5.0 (X11; Linux x86_64) AppleWebKit/537.36 (KHTML, like Gecko) Chrome/121.0.0.0 Safari/537.36"
20.63.96.180 - - [01/Apr/2026:18:42:10 +1000] "GET /wp-includes/Text/Diff/Engine/about.php HTTP/1.1" 301 273 "-" "-"
45.153.34.253 - - [01/Apr/2026:18:42:10 +1000] "GET /WP-POS/ HTTP/1.1" 200 39220 "https://posscales.net/wp-login.php" "Mozilla/5.0 (X11; Linux x86_64) AppleWebKit/537.36 (KHTML, like Gecko) Chrome/121.0.0.0 Safari/537.36"
20.63.96.180 - - [01/Apr/2026:18:42:11 +1000] "GET / HTTP/1.1" 301 - "-" "-"
45.153.34.253 - - [01/Apr/2026:18:42:11 +1000] "GET /wp-admin/profile.php HTTP/1.1" 301 273 "https://posscales.net/wp-login.php" "Mozilla/5.0 (X11; Linux x86_64) AppleWebKit/537.36 (KHTML, like Gecko) Chrome/121.0.0.0 Safari/537.36"
20.63.96.180 - - [01/Apr/2026:18:42:11 +1000] "GET /WP-POS/ HTTP/1.1" 200 39220 "-" "-"
45.153.34.253 - - [01/Apr/2026:18:42:11 +1000] "GET / HTTP/1.1" 301 - "https://posscales.net/wp-login.php" "Mozilla/5.0 (X11; Linux x86_64) AppleWebKit/537.36 (KHTML, like Gecko) Chrome/121.0.0.0 Safari/537.36"
20.63.96.180 - - [01/Apr/2026:18:42:12 +1000] "GET /f35.php HTTP/1.1" 301 273 "-" "-"
45.153.34.253 - - [01/Apr/2026:18:42:12 +1000] "GET /WP-POS/ HTTP/1.1" 200 39220 "https://posscales.net/wp-login.php" "Mozilla/5.0 (X11; Linux x86_64) AppleWebKit/537.36 (KHTML, like Gecko) Chrome/121.0.0.0 Safari/537.36"
20.63.96.180 - - [01/Apr/2026:18:42:12 +1000] "GET / HTTP/1.1" 301 - "-" "-"
20.63.96.180 - - [01/Apr/2026:18:42:12 +1000] "GET /WP-POS/ HTTP/1.1" 200 39220 "-" "-"
45.153.34.253 - - [01/Apr/2026:18:42:12 +1000] "GET /wp-admin/edit.php HTTP/1.1" 301 273 "https://posscales.net/wp-login.php" "Mozilla/5.0 (X11; Linux x86_64) AppleWebKit/537.36 (KHTML, like Gecko) Chrome/121.0.0.0 Safari/537.36"
45.153.34.253 - - [01/Apr/2026:18:42:12 +1000] "GET / HTTP/1.1" 301 - "https://posscales.net/wp-login.php" "Mozilla/5.0 (X11; Linux x86_64) AppleWebKit/537.36 (KHTML, like Gecko) Chrome/121.0.0.0 Safari/537.36"
20.63.96.180 - - [01/Apr/2026:18:42:13 +1000] "GET /wp-includes/css/index.php?p= HTTP/1.1" 301 276 "-" "-"
45.153.34.253 - - [01/Apr/2026:18:42:13 +1000] "GET /WP-POS/ HTTP/1.1" 200 39220 "https://posscales.net/wp-login.php" "Mozilla/5.0 (X11; Linux x86_64) AppleWebKit/537.36 (KHTML, like Gecko) Chrome/121.0.0.0 Safari/537.36"
20.63.96.180 - - [01/Apr/2026:18:42:13 +1000] "GET /?p= HTTP/1.1" 301 - "-" "-"
20.63.96.180 - - [01/Apr/2026:18:42:13 +1000] "GET / HTTP/1.1" 301 - "-" "-"
45.153.34.253 - - [01/Apr/2026:18:42:13 +1000] "GET /wp-admin/plugins.php HTTP/1.1" 301 273 "https://posscales.net/wp-login.php" "Mozilla/5.0 (X11; Linux x86_64) AppleWebKit/537.36 (KHTML, like Gecko) Chrome/121.0.0.0 Safari/537.36"
20.63.96.180 - - [01/Apr/2026:18:42:14 +1000] "GET /WP-POS/ HTTP/1.1" 200 39220 "-" "-"
45.153.34.253 - - [01/Apr/2026:18:42:14 +1000] "GET / HTTP/1.1" 301 - "https://posscales.net/wp-login.php" "Mozilla/5.0 (X11; Linux x86_64) AppleWebKit/537.36 (KHTML, like Gecko) Chrome/121.0.0.0 Safari/537.36"
45.153.34.253 - - [01/Apr/2026:18:42:14 +1000] "GET /WP-POS/ HTTP/1.1" 200 39220 "https://posscales.net/wp-login.php" "Mozilla/5.0 (X11; Linux x86_64) AppleWebKit/537.36 (KHTML, like Gecko) Chrome/121.0.0.0 Safari/537.36"
20.63.96.180 - - [01/Apr/2026:18:42:14 +1000] "GET /wp-includes/SimplePie/ HTTP/1.1" 301 273 "-" "-"
20.63.96.180 - - [01/Apr/2026:18:42:15 +1000] "GET / HTTP/1.1" 301 - "-" "-"
45.153.34.253 - - [01/Apr/2026:18:42:15 +1000] "POST /wp-login.php HTTP/1.1" 301 273 "https://posscales.net/wp-login.php" "Mozilla/5.0 (X11; Linux x86_64) AppleWebKit/537.36 (KHTML, like Gecko) Chrome/119.0.0.0 Safari/537.36"
20.63.96.180 - - [01/Apr/2026:18:42:15 +1000] "GET /WP-POS/ HTTP/1.1" 200 39220 "-" "-"
45.153.34.253 - - [01/Apr/2026:18:42:15 +1000] "GET /wp-admin/index.php HTTP/1.1" 301 273 "https://posscales.net/wp-login.php" "Mozilla/5.0 (X11; Linux x86_64) AppleWebKit/537.36 (KHTML, like Gecko) Chrome/120.0.0.0 Safari/537.36"
45.153.34.253 - - [01/Apr/2026:18:42:15 +1000] "GET / HTTP/1.1" 301 - "https://posscales.net/wp-login.php" "Mozilla/5.0 (X11; Linux x86_64) AppleWebKit/537.36 (KHTML, like Gecko) Chrome/120.0.0.0 Safari/537.36"
20.63.96.180 - - [01/Apr/2026:18:42:16 +1000] "GET /prv8.php HTTP/1.1" 301 273 "-" "-"
45.153.34.253 - - [01/Apr/2026:18:42:16 +1000] "GET /WP-POS/ HTTP/1.1" 200 39220 "https://posscales.net/wp-login.php" "Mozilla/5.0 (X11; Linux x86_64) AppleWebKit/537.36 (KHTML, like Gecko) Chrome/120.0.0.0 Safari/537.36"
20.63.96.180 - - [01/Apr/2026:18:42:16 +1000] "GET / HTTP/1.1" 301 - "-" "-"
20.63.96.180 - - [01/Apr/2026:18:42:16 +1000] "GET /WP-POS/ HTTP/1.1" 200 39220 "-" "-"
45.153.34.253 - - [01/Apr/2026:18:42:16 +1000] "GET /wp-admin/profile.php HTTP/1.1" 301 273 "https://posscales.net/wp-login.php" "Mozilla/5.0 (X11; Linux x86_64) AppleWebKit/537.36 (KHTML, like Gecko) Chrome/120.0.0.0 Safari/537.36"
45.153.34.253 - - [01/Apr/2026:18:42:17 +1000] "GET / HTTP/1.1" 301 - "https://posscales.net/wp-login.php" "Mozilla/5.0 (X11; Linux x86_64) AppleWebKit/537.36 (KHTML, like Gecko) Chrome/120.0.0.0 Safari/537.36"
20.63.96.180 - - [01/Apr/2026:18:42:17 +1000] "GET /k.php HTTP/1.1" 301 273 "-" "-"
45.153.34.253 - - [01/Apr/2026:18:42:17 +1000] "GET /WP-POS/ HTTP/1.1" 200 39220 "https://posscales.net/wp-login.php" "Mozilla/5.0 (X11; Linux x86_64) AppleWebKit/537.36 (KHTML, like Gecko) Chrome/120.0.0.0 Safari/537.36"
20.63.96.180 - - [01/Apr/2026:18:42:17 +1000] "GET / HTTP/1.1" 301 - "-" "-"
20.63.96.180 - - [01/Apr/2026:18:42:17 +1000] "GET /WP-POS/ HTTP/1.1" 200 39220 "-" "-"
45.153.34.253 - - [01/Apr/2026:18:42:18 +1000] "GET /wp-admin/edit.php HTTP/1.1" 301 273 "https://posscales.net/wp-login.php" "Mozilla/5.0 (X11; Linux x86_64) AppleWebKit/537.36 (KHTML, like Gecko) Chrome/120.0.0.0 Safari/537.36"
45.153.34.253 - - [01/Apr/2026:18:42:18 +1000] "GET / HTTP/1.1" 301 - "https://posscales.net/wp-login.php" "Mozilla/5.0 (X11; Linux x86_64) AppleWebKit/537.36 (KHTML, like Gecko) Chrome/120.0.0.0 Safari/537.36"
20.63.96.180 - - [01/Apr/2026:18:42:18 +1000] "GET /dev.php HTTP/1.1" 301 273 "-" "-"
45.153.34.253 - - [01/Apr/2026:18:42:18 +1000] "GET /WP-POS/ HTTP/1.1" 200 39220 "https://posscales.net/wp-login.php" "Mozilla/5.0 (X11; Linux x86_64) AppleWebKit/537.36 (KHTML, like Gecko) Chrome/120.0.0.0 Safari/537.36"
20.63.96.180 - - [01/Apr/2026:18:42:18 +1000] "GET / HTTP/1.1" 301 - "-" "-"
20.63.96.180 - - [01/Apr/2026:18:42:19 +1000] "GET /WP-POS/ HTTP/1.1" 200 39220 "-" "-"
45.153.34.253 - - [01/Apr/2026:18:42:19 +1000] "GET /wp-admin/plugins.php HTTP/1.1" 301 273 "https://posscales.net/wp-login.php" "Mozilla/5.0 (X11; Linux x86_64) AppleWebKit/537.36 (KHTML, like Gecko) Chrome/120.0.0.0 Safari/537.36"
20.63.96.180 - - [01/Apr/2026:18:42:19 +1000] "GET /bal.php HTTP/1.1" 301 273 "-" "-"
20.63.96.180 - - [01/Apr/2026:18:42:20 +1000] "GET / HTTP/1.1" 301 - "-" "-"
45.153.34.253 - - [01/Apr/2026:18:42:20 +1000] "GET / HTTP/1.1" 301 - "https://posscales.net/wp-login.php" "Mozilla/5.0 (X11; Linux x86_64) AppleWebKit/537.36 (KHTML, like Gecko) Chrome/120.0.0.0 Safari/537.36"
20.63.96.180 - - [01/Apr/2026:18:42:20 +1000] "GET /WP-POS/ HTTP/1.1" 200 39220 "-" "-"
45.153.34.253 - - [01/Apr/2026:18:42:20 +1000] "GET /WP-POS/ HTTP/1.1" 200 39220 "https://posscales.net/wp-login.php" "Mozilla/5.0 (X11; Linux x86_64) AppleWebKit/537.36 (KHTML, like Gecko) Chrome/120.0.0.0 Safari/537.36"
20.63.96.180 - - [01/Apr/2026:18:42:21 +1000] "GET /in.php HTTP/1.1" 301 273 "-" "-"
20.63.96.180 - - [01/Apr/2026:18:42:21 +1000] "GET / HTTP/1.1" 301 - "-" "-"
20.63.96.180 - - [01/Apr/2026:18:42:21 +1000] "GET /WP-POS/ HTTP/1.1" 200 39220 "-" "-"
20.63.96.180 - - [01/Apr/2026:18:42:22 +1000] "GET /gssdd.php HTTP/1.1" 301 273 "-" "-"
20.63.96.180 - - [01/Apr/2026:18:42:22 +1000] "GET / HTTP/1.1" 301 - "-" "-"
20.63.96.180 - - [01/Apr/2026:18:42:22 +1000] "GET /WP-POS/ HTTP/1.1" 200 39220 "-" "-"
20.63.96.180 - - [01/Apr/2026:18:42:23 +1000] "GET /motu.php HTTP/1.1" 301 273 "-" "-"
20.63.96.180 - - [01/Apr/2026:18:42:23 +1000] "GET / HTTP/1.1" 301 - "-" "-"
20.63.96.180 - - [01/Apr/2026:18:42:24 +1000] "GET /WP-POS/ HTTP/1.1" 200 39220 "-" "-"
20.63.96.180 - - [01/Apr/2026:18:42:24 +1000] "GET /bs1.php HTTP/1.1" 301 273 "-" "-"
20.63.96.180 - - [01/Apr/2026:18:42:25 +1000] "GET / HTTP/1.1" 301 - "-" "-"
20.63.96.180 - - [01/Apr/2026:18:42:25 +1000] "GET /WP-POS/ HTTP/1.1" 200 39220 "-" "-"
20.63.96.180 - - [01/Apr/2026:18:42:26 +1000] "GET /bengi.php HTTP/1.1" 301 273 "-" "-"
20.63.96.180 - - [01/Apr/2026:18:42:26 +1000] "GET / HTTP/1.1" 301 - "-" "-"
20.63.96.180 - - [01/Apr/2026:18:42:26 +1000] "GET /WP-POS/ HTTP/1.1" 200 39220 "-" "-"
20.63.96.180 - - [01/Apr/2026:18:42:27 +1000] "GET /wp-content/plugins/pwnd/as.php HTTP/1.1" 301 273 "-" "-"
20.63.96.180 - - [01/Apr/2026:18:42:27 +1000] "GET / HTTP/1.1" 301 - "-" "-"
20.63.96.180 - - [01/Apr/2026:18:42:27 +1000] "GET /WP-POS/ HTTP/1.1" 200 39220 "-" "-"
20.63.96.180 - - [01/Apr/2026:18:42:28 +1000] "GET /axx.php HTTP/1.1" 301 273 "-" "-"
20.63.96.180 - - [01/Apr/2026:18:42:28 +1000] "GET / HTTP/1.1" 301 - "-" "-"
20.63.96.180 - - [01/Apr/2026:18:42:29 +1000] "GET /WP-POS/ HTTP/1.1" 200 39220 "-" "-"
20.63.96.180 - - [01/Apr/2026:18:42:29 +1000] "GET /alfashell.php HTTP/1.1" 301 273 "-" "-"
20.63.96.180 - - [01/Apr/2026:18:42:30 +1000] "GET / HTTP/1.1" 301 - "-" "-"
20.63.96.180 - - [01/Apr/2026:18:42:30 +1000] "GET /WP-POS/ HTTP/1.1" 200 39220 "-" "-"
20.63.96.180 - - [01/Apr/2026:18:42:31 +1000] "GET /gettest.php HTTP/1.1" 301 273 "-" "-"
20.63.96.180 - - [01/Apr/2026:18:42:31 +1000] "GET / HTTP/1.1" 301 - "-" "-"
20.63.96.180 - - [01/Apr/2026:18:42:31 +1000] "GET /WP-POS/ HTTP/1.1" 200 39220 "-" "-"
20.63.96.180 - - [01/Apr/2026:18:42:32 +1000] "GET /acp.php HTTP/1.1" 301 273 "-" "-"
20.63.96.180 - - [01/Apr/2026:18:42:32 +1000] "GET / HTTP/1.1" 301 - "-" "-"
20.63.96.180 - - [01/Apr/2026:18:42:32 +1000] "GET /WP-POS/ HTTP/1.1" 200 39220 "-" "-"
20.63.96.180 - - [01/Apr/2026:18:42:33 +1000] "GET /file48.php HTTP/1.1" 301 273 "-" "-"
20.63.96.180 - - [01/Apr/2026:18:42:33 +1000] "GET / HTTP/1.1" 301 - "-" "-"
20.63.96.180 - - [01/Apr/2026:18:42:34 +1000] "GET /WP-POS/ HTTP/1.1" 200 39220 "-" "-"
20.63.96.180 - - [01/Apr/2026:18:42:34 +1000] "GET /g.php HTTP/1.1" 301 273 "-" "-"
20.63.96.180 - - [01/Apr/2026:18:42:35 +1000] "GET / HTTP/1.1" 301 - "-" "-"
20.63.96.180 - - [01/Apr/2026:18:42:35 +1000] "GET /WP-POS/ HTTP/1.1" 200 39220 "-" "-"
20.63.96.180 - - [01/Apr/2026:18:42:36 +1000] "GET /wp-content/ HTTP/1.1" 301 273 "-" "-"
20.63.96.180 - - [01/Apr/2026:18:42:36 +1000] "GET / HTTP/1.1" 301 - "-" "-"
20.63.96.180 - - [01/Apr/2026:18:42:36 +1000] "GET /WP-POS/ HTTP/1.1" 200 39220 "-" "-"
20.63.96.180 - - [01/Apr/2026:18:42:37 +1000] "GET /simple.php HTTP/1.1" 301 273 "-" "-"
20.63.96.180 - - [01/Apr/2026:18:42:37 +1000] "GET / HTTP/1.1" 301 - "-" "-"
20.63.96.180 - - [01/Apr/2026:18:42:38 +1000] "GET /WP-POS/ HTTP/1.1" 200 39220 "-" "-"
20.63.96.180 - - [01/Apr/2026:18:42:38 +1000] "GET /ew.php HTTP/1.1" 301 273 "-" "-"
20.63.96.180 - - [01/Apr/2026:18:42:38 +1000] "GET / HTTP/1.1" 301 - "-" "-"
20.63.96.180 - - [01/Apr/2026:18:42:39 +1000] "GET /WP-POS/ HTTP/1.1" 200 39220 "-" "-"
20.63.96.180 - - [01/Apr/2026:18:42:40 +1000] "GET /css.php HTTP/1.1" 301 273 "-" "-"
20.63.96.180 - - [01/Apr/2026:18:42:40 +1000] "GET / HTTP/1.1" 301 - "-" "-"
20.63.96.180 - - [01/Apr/2026:18:42:40 +1000] "GET /WP-POS/ HTTP/1.1" 200 39220 "-" "-"
20.63.96.180 - - [01/Apr/2026:18:42:41 +1000] "GET /file21.php HTTP/1.1" 301 273 "-" "-"
20.63.96.180 - - [01/Apr/2026:18:42:41 +1000] "GET / HTTP/1.1" 301 - "-" "-"
20.63.96.180 - - [01/Apr/2026:18:42:41 +1000] "GET /WP-POS/ HTTP/1.1" 200 39220 "-" "-"
20.63.96.180 - - [01/Apr/2026:18:42:42 +1000] "GET /class19.php HTTP/1.1" 301 273 "-" "-"
20.63.96.180 - - [01/Apr/2026:18:42:42 +1000] "GET / HTTP/1.1" 301 - "-" "-"
20.63.96.180 - - [01/Apr/2026:18:42:43 +1000] "GET /WP-POS/ HTTP/1.1" 200 39220 "-" "-"
20.63.96.180 - - [01/Apr/2026:18:42:43 +1000] "GET /fffff.php HTTP/1.1" 301 273 "-" "-"
20.63.96.180 - - [01/Apr/2026:18:42:44 +1000] "GET / HTTP/1.1" 301 - "-" "-"
20.63.96.180 - - [01/Apr/2026:18:42:44 +1000] "GET /WP-POS/ HTTP/1.1" 200 39220 "-" "-"
20.63.96.180 - - [01/Apr/2026:18:42:45 +1000] "GET /thh.php HTTP/1.1" 301 273 "-" "-"
20.63.96.180 - - [01/Apr/2026:18:42:45 +1000] "GET / HTTP/1.1" 301 - "-" "-"
20.63.96.180 - - [01/Apr/2026:18:42:45 +1000] "GET /WP-POS/ HTTP/1.1" 200 39220 "-" "-"
20.63.96.180 - - [01/Apr/2026:18:42:46 +1000] "GET /class20.php HTTP/1.1" 301 273 "-" "-"
20.63.96.180 - - [01/Apr/2026:18:42:46 +1000] "GET / HTTP/1.1" 301 - "-" "-"
20.63.96.180 - - [01/Apr/2026:18:42:46 +1000] "GET /WP-POS/ HTTP/1.1" 200 39220 "-" "-"
20.63.96.180 - - [01/Apr/2026:18:42:47 +1000] "GET /file18.php HTTP/1.1" 301 273 "-" "-"
20.63.96.180 - - [01/Apr/2026:18:42:47 +1000] "GET / HTTP/1.1" 301 - "-" "-"
20.63.96.180 - - [01/Apr/2026:18:42:48 +1000] "GET /WP-POS/ HTTP/1.1" 200 39220 "-" "-"
20.63.96.180 - - [01/Apr/2026:18:42:48 +1000] "GET /vee.php HTTP/1.1" 301 273 "-" "-"
20.63.96.180 - - [01/Apr/2026:18:42:49 +1000] "GET / HTTP/1.1" 301 - "-" "-"
20.63.96.180 - - [01/Apr/2026:18:42:49 +1000] "GET /WP-POS/ HTTP/1.1" 200 39220 "-" "-"
20.63.96.180 - - [01/Apr/2026:18:42:50 +1000] "GET /efile.php HTTP/1.1" 301 273 "-" "-"
20.63.96.180 - - [01/Apr/2026:18:42:50 +1000] "GET / HTTP/1.1" 301 - "-" "-"
20.63.96.180 - - [01/Apr/2026:18:42:50 +1000] "GET /WP-POS/ HTTP/1.1" 200 39220 "-" "-"
20.63.96.180 - - [01/Apr/2026:18:42:51 +1000] "GET /afile.php HTTP/1.1" 301 273 "-" "-"
20.63.96.180 - - [01/Apr/2026:18:42:51 +1000] "GET / HTTP/1.1" 301 - "-" "-"
20.63.96.180 - - [01/Apr/2026:18:42:51 +1000] "GET /WP-POS/ HTTP/1.1" 200 39220 "-" "-"
20.63.96.180 - - [01/Apr/2026:18:42:52 +1000] "GET /cabs.php HTTP/1.1" 301 273 "-" "-"
20.63.96.180 - - [01/Apr/2026:18:42:52 +1000] "GET / HTTP/1.1" 301 - "-" "-"
20.63.96.180 - - [01/Apr/2026:18:42:53 +1000] "GET /WP-POS/ HTTP/1.1" 200 39220 "-" "-"
20.63.96.180 - - [01/Apr/2026:18:42:53 +1000] "GET /xwx1.php HTTP/1.1" 301 273 "-" "-"
20.63.96.180 - - [01/Apr/2026:18:42:54 +1000] "GET / HTTP/1.1" 301 - "-" "-"
20.63.96.180 - - [01/Apr/2026:18:42:54 +1000] "GET /WP-POS/ HTTP/1.1" 200 39220 "-" "-"
20.63.96.180 - - [01/Apr/2026:18:42:55 +1000] "GET /x1da.php HTTP/1.1" 301 273 "-" "-"
20.63.96.180 - - [01/Apr/2026:18:42:55 +1000] "GET / HTTP/1.1" 301 - "-" "-"
20.63.96.180 - - [01/Apr/2026:18:42:55 +1000] "GET /WP-POS/ HTTP/1.1" 200 39220 "-" "-"
20.63.96.180 - - [01/Apr/2026:18:42:56 +1000] "GET /jp.php HTTP/1.1" 301 273 "-" "-"
20.63.96.180 - - [01/Apr/2026:18:42:56 +1000] "GET / HTTP/1.1" 301 - "-" "-"
20.63.96.180 - - [01/Apr/2026:18:42:57 +1000] "GET /WP-POS/ HTTP/1.1" 200 39220 "-" "-"
20.63.96.180 - - [01/Apr/2026:18:42:58 +1000] "GET /chosen.php HTTP/1.1" 301 273 "-" "-"
20.63.96.180 - - [01/Apr/2026:18:42:58 +1000] "GET / HTTP/1.1" 301 - "-" "-"
20.63.96.180 - - [01/Apr/2026:18:42:58 +1000] "GET /WP-POS/ HTTP/1.1" 200 39220 "-" "-"
20.63.96.180 - - [01/Apr/2026:18:42:59 +1000] "GET /xoot.php HTTP/1.1" 301 273 "-" "-"
20.63.96.180 - - [01/Apr/2026:18:42:59 +1000] "GET / HTTP/1.1" 301 - "-" "-"
20.63.96.180 - - [01/Apr/2026:18:42:59 +1000] "GET /WP-POS/ HTTP/1.1" 200 39220 "-" "-"
20.63.96.180 - - [01/Apr/2026:18:43:00 +1000] "GET /wp-content/radio.php HTTP/1.1" 301 273 "-" "-"
20.63.96.180 - - [01/Apr/2026:18:43:00 +1000] "GET / HTTP/1.1" 301 - "-" "-"
20.63.96.180 - - [01/Apr/2026:18:43:01 +1000] "GET /WP-POS/ HTTP/1.1" 200 39220 "-" "-"
118.127.40.73 - - [01/Apr/2026:18:48:12 +1000] "POST /WP-POS/wp-cron.php?doing_wp_cron=1775033292.3723149299621582031250 HTTP/1.1" 200 - "-" "WordPress/6.9.1; https://posscales.com.au/WP-POS"
43.153.79.218 - - [01/Apr/2026:18:48:12 +1000] "GET / HTTP/1.1" 200 39274 "http://mail.posscales.net" "Mozilla/5.0 (iPhone; CPU iPhone OS 13_2_3 like Mac OS X) AppleWebKit/605.1.15 (KHTML, like Gecko) Version/13.0.3 Mobile/15E148 Safari/604.1"
68.183.59.44 - - [01/Apr/2026:18:49:14 +1000] "GET / HTTP/1.1" 301 273 "-" "Mozilla/5.0 (X11; Linux x86_64) AppleWebKit/537.36 (KHTML, like Gecko) Chrome/142.0.0.0 Safari/537.36"
68.183.59.44 - - [01/Apr/2026:18:49:20 +1000] "GET /favicon.ico HTTP/1.1" 301 284 "https://posscales.com/" "Mozilla/5.0 (X11; Linux x86_64) AppleWebKit/537.36 (KHTML, like Gecko) Chrome/142.0.0.0 Safari/537.36"
96.62.214.42 - - [01/Apr/2026:18:55:27 +1000] "GET /_profiler/phpinfo HTTP/1.1" 404 - "-" "Mozilla/5.0 (Windows NT 6.1; rv:2.0.1) Gecko/20100101 Firefox/4.0.1"
96.62.214.42 - - [01/Apr/2026:18:56:31 +1000] "GET /_profiler/phpinfo HTTP/1.1" 404 - "-" "Mozilla/5.0 (Linux; Android 9; ONEPLUS A3010) AppleWebKit/537.36 (KHTML, like Gecko) Chrome/76.0.3809.111 Mobile Safari/537.36"
118.127.40.73 - - [01/Apr/2026:18:56:40 +1000] "POST /WP-POS/wp-cron.php?doing_wp_cron=1775033800.6705830097198486328125 HTTP/1.1" 200 - "-" "WordPress/6.9.1; https://posscales.com.au/WP-POS"
96.62.214.42 - - [01/Apr/2026:18:57:02 +1000] "GET /_profiler/phpinfo HTTP/1.1" 404 - "-" "Mozilla/5.0 (Macintosh; Intel Mac OS X 10_10_1) AppleWebKit/537.36 (KHTML, like Gecko) Chrome/41.0.2227.1 Safari/537.36"
96.62.214.42 - - [01/Apr/2026:18:57:02 +1000] "GET /_profiler/phpinfo HTTP/1.1" 404 - "-" "Mozilla/5.0 (Windows NT 6.1; Win64; x64) AppleWebKit/537.36 (KHTML, like Gecko) Chrome/64.0.3282.140 Safari/537.36"
118.127.40.73 - - [01/Apr/2026:18:59:04 +1000] "POST /WP-POS/wp-cron.php?doing_wp_cron=1775033944.5479090213775634765625 HTTP/1.1" 200 - "-" "WordPress/6.9.1; https://posscales.com.au/WP-POS"
152.233.20.149 - - [01/Apr/2026:18:59:04 +1000] "GET / HTTP/1.1" 301 - "-" "Mozilla/5.0 (Macintosh; Intel Mac OS X 10_9_5) AppleWebKit/600.2.5 (KHTML, like Gecko) Version/7.1.2 Safari/537.85.11"
168.144.66.36 - - [01/Apr/2026:19:03:09 +1000] "GET / HTTP/1.1" 301 273 "-" "Mozilla/5.0 (X11; Linux x86_64) AppleWebKit/537.36 (KHTML, like Gecko) Chrome/142.0.0.0 Safari/537.36"
168.144.66.36 - - [01/Apr/2026:19:03:13 +1000] "GET /favicon.ico HTTP/1.1" 301 284 "https://www.posscales.com/" "Mozilla/5.0 (X11; Linux x86_64) AppleWebKit/537.36 (KHTML, like Gecko) Chrome/142.0.0.0 Safari/537.36"
118.127.40.73 - - [01/Apr/2026:19:05:13 +1000] "POST /WP-POS/wp-cron.php?doing_wp_cron=1775034313.7088949680328369140625 HTTP/1.1" 200 - "-" "WordPress/6.9.1; https://posscales.com.au/WP-POS"
118.127.40.73 - - [01/Apr/2026:19:05:13 +1000] "GET / HTTP/1.1" 301 - "-" "Python/3.11 aiohttp/3.9.2"
118.127.40.73 - - [01/Apr/2026:19:05:14 +1000] "POST /WP-POS/wp-cron.php?doing_wp_cron=1775034313.9799940586090087890625 HTTP/1.1" 200 - "-" "WordPress/6.9.1; https://posscales.com.au/WP-POS"
118.127.40.73 - - [01/Apr/2026:19:05:13 +1000] "GET / HTTP/1.1" 301 - "-" "Python/3.11 aiohttp/3.9.2"
118.127.40.73 - - [01/Apr/2026:19:05:14 +1000] "POST /WP-POS/wp-cron.php?doing_wp_cron=1775034314.2742650508880615234375 HTTP/1.1" 200 - "-" "WordPress/6.9.1; https://posscales.com.au/WP-POS"
118.127.40.73 - - [01/Apr/2026:19:05:14 +1000] "GET /WP-POS/ HTTP/1.1" 200 39220 "-" "Python/3.11 aiohttp/3.9.2"
118.127.40.73 - - [01/Apr/2026:19:05:13 +1000] "GET /WP-POS/ HTTP/1.1" 200 39220 "-" "Python/3.11 aiohttp/3.9.2"
118.127.40.73 - - [01/Apr/2026:19:05:16 +1000] "GET / HTTP/1.1" 200 39274 "-" "Python/3.11 aiohttp/3.9.2"
118.127.40.73 - - [01/Apr/2026:19:05:18 +1000] "GET / HTTP/1.1" 301 - "-" "Python/3.11 aiohttp/3.9.2"
118.127.40.73 - - [01/Apr/2026:19:05:18 +1000] "GET /WP-POS/ HTTP/1.1" 200 39220 "-" "Python/3.11 aiohttp/3.9.2"
118.127.40.73 - - [01/Apr/2026:19:05:21 +1000] "GET / HTTP/1.1" 301 273 "-" "Python/3.11 aiohttp/3.9.2"
118.127.40.73 - - [01/Apr/2026:19:05:21 +1000] "GET / HTTP/1.1" 301 - "-" "Python/3.11 aiohttp/3.9.2"
118.127.40.73 - - [01/Apr/2026:19:05:22 +1000] "GET /WP-POS/ HTTP/1.1" 200 39220 "-" "Python/3.11 aiohttp/3.9.2"
118.127.40.73 - - [01/Apr/2026:19:05:23 +1000] "GET / HTTP/1.1" 301 - "-" "Python/3.11 aiohttp/3.9.2"
118.127.40.73 - - [01/Apr/2026:19:05:23 +1000] "GET / HTTP/1.1" 301 - "-" "Python/3.11 aiohttp/3.9.2"
118.127.40.73 - - [01/Apr/2026:19:05:24 +1000] "GET /WP-POS/ HTTP/1.1" 200 39220 "-" "Python/3.11 aiohttp/3.9.2"
118.127.40.73 - - [01/Apr/2026:19:05:23 +1000] "GET /WP-POS/ HTTP/1.1" 200 39220 "-" "Python/3.11 aiohttp/3.9.2"
118.127.40.73 - - [01/Apr/2026:19:05:26 +1000] "GET / HTTP/1.1" 301 273 "-" "Python/3.11 aiohttp/3.9.2"
118.127.40.73 - - [01/Apr/2026:19:05:26 +1000] "GET / HTTP/1.1" 301 - "-" "Python/3.11 aiohttp/3.9.2"
118.127.40.73 - - [01/Apr/2026:19:05:26 +1000] "GET /WP-POS/ HTTP/1.1" 200 39220 "-" "Python/3.11 aiohttp/3.9.2"
118.127.40.73 - - [01/Apr/2026:19:05:26 +1000] "GET /Call_control_update HTTP/1.1" 301 292 "-" "Python/3.11 aiohttp/3.9.2"
118.127.40.73 - - [01/Apr/2026:19:05:26 +1000] "GET /Call_control_update HTTP/1.1" 404 - "-" "Python/3.11 aiohttp/3.9.2"
118.127.40.73 - - [01/Apr/2026:19:05:26 +1000] "GET /Call_control_update HTTP/1.1" 301 292 "-" "Python/3.11 aiohttp/3.9.2"
118.127.40.73 - - [01/Apr/2026:19:05:26 +1000] "GET /Call_control_update HTTP/1.1" 404 - "-" "Python/3.11 aiohttp/3.9.2"
118.127.40.73 - - [01/Apr/2026:19:05:27 +1000] "GET / HTTP/1.1" 301 - "-" "Python/3.11 aiohttp/3.9.2"
118.127.40.73 - - [01/Apr/2026:19:05:27 +1000] "GET /WP-POS/ HTTP/1.1" 200 39220 "-" "Python/3.11 aiohttp/3.9.2"
118.127.40.73 - - [01/Apr/2026:19:05:27 +1000] "GET / HTTP/1.1" 301 - "-" "Python/3.11 aiohttp/3.9.2"
118.127.40.73 - - [01/Apr/2026:19:05:28 +1000] "GET /WP-POS/ HTTP/1.1" 200 39220 "-" "Python/3.11 aiohttp/3.9.2"
118.127.40.73 - - [01/Apr/2026:19:10:20 +1000] "POST /WP-POS/wp-cron.php?doing_wp_cron=1775034620.5214860439300537109375 HTTP/1.1" 200 - "-" "WordPress/6.9.1; https://posscales.com.au/WP-POS"
114.119.155.118 - - [01/Apr/2026:19:10:20 +1000] "GET /WP-POS/portfolio/branding/ HTTP/1.1" 200 38259 "https://posscales.com.au/WP-POS/whiskey-ginger" "Mozilla/5.0 (Linux; Android 7.0;) AppleWebKit/537.36 (KHTML, like Gecko) Mobile Safari/537.36 (compatible; PetalBot;+https://webmaster.petalsearch.com/site/petalbot)"
118.127.40.73 - - [01/Apr/2026:19:12:20 +1000] "POST /WP-POS/wp-cron.php?doing_wp_cron=1775034740.5929269790649414062500 HTTP/1.1" 200 - "-" "WordPress/6.9.1; https://posscales.com.au/WP-POS"
114.119.132.57 - - [01/Apr/2026:19:12:20 +1000] "GET /WP-POS/2013/08/10/ HTTP/1.1" 200 35988 "https://posscales.com.au/WP-POS?m=201308" "Mozilla/5.0 (Linux; Android 7.0;) AppleWebKit/537.36 (KHTML, like Gecko) Mobile Safari/537.36 (compatible; PetalBot;+https://webmaster.petalsearch.com/site/petalbot)"
216.73.216.19 - - [01/Apr/2026:19:17:26 +1000] "GET /robots.txt HTTP/1.1" 200 286 "-" "Mozilla/5.0 AppleWebKit/537.36 (KHTML, like Gecko; compatible; ClaudeBot/1.0; +claudebot@anthropic.com)"
118.127.40.73 - - [01/Apr/2026:19:17:27 +1000] "POST /WP-POS/wp-cron.php?doing_wp_cron=1775035047.2124390602111816406250 HTTP/1.1" 200 - "-" "WordPress/6.9.1; https://posscales.com.au/WP-POS"
216.73.216.19 - - [01/Apr/2026:19:17:27 +1000] "GET / HTTP/1.1" 301 - "-" "Mozilla/5.0 AppleWebKit/537.36 (KHTML, like Gecko; compatible; ClaudeBot/1.0; +claudebot@anthropic.com)"
216.73.216.19 - - [01/Apr/2026:19:17:27 +1000] "GET /WP-POS/ HTTP/1.1" 200 39220 "https://posscales.com.au/" "Mozilla/5.0 AppleWebKit/537.36 (KHTML, like Gecko; compatible; ClaudeBot/1.0; +claudebot@anthropic.com)"
74.248.155.72 - - [01/Apr/2026:19:18:03 +1000] "GET /UpDater/index.php?uri=wp-content/plugins/hellopress/wp_filemanager.php HTTP/1.1" 404 - "-" "-"
74.248.155.72 - - [01/Apr/2026:19:18:04 +1000] "GET /UpDater/index.php?uri=seo.php HTTP/1.1" 404 - "-" "-"
74.248.155.72 - - [01/Apr/2026:19:18:05 +1000] "GET /UpDater/index.php?uri=fetch.php HTTP/1.1" 404 - "-" "-"
74.248.155.72 - - [01/Apr/2026:19:18:05 +1000] "GET /UpDater/index.php?uri=8.php HTTP/1.1" 404 - "-" "-"
74.248.155.72 - - [01/Apr/2026:19:18:06 +1000] "GET /UpDater/index.php?uri=7.php HTTP/1.1" 404 - "-" "-"
74.248.155.72 - - [01/Apr/2026:19:18:06 +1000] "GET /UpDater/index.php?uri=8.php HTTP/1.1" 404 - "-" "-"
74.248.155.72 - - [01/Apr/2026:19:18:07 +1000] "GET /UpDater/index.php?uri=1.php HTTP/1.1" 404 - "-" "-"
74.248.155.72 - - [01/Apr/2026:19:18:07 +1000] "GET /UpDater/index.php?uri=2.php HTTP/1.1" 404 - "-" "-"
74.248.155.72 - - [01/Apr/2026:19:18:08 +1000] "GET /UpDater/index.php?uri=3.php HTTP/1.1" 404 - "-" "-"
74.248.155.72 - - [01/Apr/2026:19:18:09 +1000] "GET /UpDater/index.php?uri=4.php HTTP/1.1" 404 - "-" "-"
74.248.155.72 - - [01/Apr/2026:19:18:09 +1000] "GET /UpDater/index.php?uri=5.php HTTP/1.1" 404 - "-" "-"
74.248.155.72 - - [01/Apr/2026:19:18:10 +1000] "GET /UpDater/index.php?uri=6.php HTTP/1.1" 404 - "-" "-"
74.248.155.72 - - [01/Apr/2026:19:18:10 +1000] "GET /UpDater/index.php?uri=9.php HTTP/1.1" 404 - "-" "-"
74.248.155.72 - - [01/Apr/2026:19:18:11 +1000] "GET /UpDater/index.php?uri=10.php HTTP/1.1" 404 - "-" "-"
74.248.155.72 - - [01/Apr/2026:19:18:11 +1000] "GET /UpDater/index.php?uri=.mopj.php HTTP/1.1" 404 - "-" "-"
74.248.155.72 - - [01/Apr/2026:19:18:12 +1000] "GET /UpDater/index.php?uri=.rotssk.php HTTP/1.1" 404 - "-" "-"
74.248.155.72 - - [01/Apr/2026:19:18:12 +1000] "GET /UpDater/index.php?uri=.yuf.php HTTP/1.1" 404 - "-" "-"
74.248.155.72 - - [01/Apr/2026:19:18:13 +1000] "GET /UpDater/index.php?uri=.godl.php HTTP/1.1" 404 - "-" "-"
74.248.155.72 - - [01/Apr/2026:19:18:14 +1000] "GET /UpDater/index.php?uri=ftde.php HTTP/1.1" 404 - "-" "-"
74.248.155.72 - - [01/Apr/2026:19:18:14 +1000] "GET /UpDater/index.php?uri=buy..php HTTP/1.1" 404 - "-" "-"
74.248.155.72 - - [01/Apr/2026:19:18:15 +1000] "GET /UpDater/index.php?uri=family.php HTTP/1.1" 404 - "-" "-"
74.248.155.72 - - [01/Apr/2026:19:18:15 +1000] "GET /UpDater/index.php?uri=2fe.php HTTP/1.1" 404 - "-" "-"
74.248.155.72 - - [01/Apr/2026:19:18:16 +1000] "GET /UpDater/index.php?uri=raw.php.php HTTP/1.1" 404 - "-" "-"
74.248.155.72 - - [01/Apr/2026:19:18:16 +1000] "GET /UpDater/index.php?uri=file31.php HTTP/1.1" 404 - "-" "-"
74.248.155.72 - - [01/Apr/2026:19:18:17 +1000] "GET /UpDater/index.php?uri=111.php HTTP/1.1" 404 - "-" "-"
74.248.155.72 - - [01/Apr/2026:19:18:18 +1000] "GET /UpDater/index.php?uri=control.php HTTP/1.1" 404 - "-" "-"
74.248.155.72 - - [01/Apr/2026:19:18:18 +1000] "GET /UpDater/index.php?uri=xozx.php HTTP/1.1" 404 - "-" "-"
74.248.155.72 - - [01/Apr/2026:19:18:19 +1000] "GET /UpDater/index.php?uri=xozx.php HTTP/1.1" 404 - "-" "-"
74.248.155.72 - - [01/Apr/2026:19:18:19 +1000] "GET /UpDater/index.php?uri=1111.php&p= HTTP/1.1" 404 - "-" "-"
74.248.155.72 - - [01/Apr/2026:19:18:20 +1000] "GET /UpDater/index.php?uri=xendppio.php HTTP/1.1" 404 - "-" "-"
74.248.155.72 - - [01/Apr/2026:19:18:20 +1000] "GET /UpDater/index.php?uri=ycadmin.php HTTP/1.1" 404 - "-" "-"
74.248.155.72 - - [01/Apr/2026:19:18:21 +1000] "GET /UpDater/index.php?uri=wp1.php HTTP/1.1" 404 - "-" "-"
74.248.155.72 - - [01/Apr/2026:19:18:21 +1000] "GET /UpDater/index.php?uri=byrgo.php HTTP/1.1" 404 - "-" "-"
74.248.155.72 - - [01/Apr/2026:19:18:22 +1000] "GET /UpDater/index.php?uri=cnusw.php HTTP/1.1" 404 - "-" "-"
74.248.155.72 - - [01/Apr/2026:19:18:23 +1000] "GET /UpDater/index.php?uri=themes/twentytwentytwo/index.php HTTP/1.1" 404 - "-" "-"
74.248.155.72 - - [01/Apr/2026:19:18:23 +1000] "GET /UpDater/index.php?uri=wp-admin/js/wp-conflg.php&p= HTTP/1.1" 404 - "-" "-"
74.248.155.72 - - [01/Apr/2026:19:18:24 +1000] "GET /UpDater/index.php?uri=wp-admin/wp-conflg.php&p= HTTP/1.1" 404 - "-" "-"
74.248.155.72 - - [01/Apr/2026:19:18:24 +1000] "GET /UpDater/index.php?uri=wp-admin/css/wp-conflg.php&p= HTTP/1.1" 404 - "-" "-"
74.248.155.72 - - [01/Apr/2026:19:18:25 +1000] "GET /UpDater/index.php?uri=wp-includes/ID3/about.php HTTP/1.1" 404 - "-" "-"
74.248.155.72 - - [01/Apr/2026:19:18:25 +1000] "GET /UpDater/index.php?uri=plss3.php HTTP/1.1" 404 - "-" "-"
74.248.155.72 - - [01/Apr/2026:19:18:26 +1000] "GET /UpDater/index.php?uri=7.php&p= HTTP/1.1" 404 - "-" "-"
74.248.155.72 - - [01/Apr/2026:19:18:27 +1000] "GET /UpDater/index.php?uri=abcd.php HTTP/1.1" 404 - "-" "-"
74.248.155.72 - - [01/Apr/2026:19:18:27 +1000] "GET /UpDater/index.php?uri=222.php HTTP/1.1" 404 - "-" "-"
74.248.155.72 - - [01/Apr/2026:19:18:28 +1000] "GET /UpDater/index.php?uri=admin.php HTTP/1.1" 404 - "-" "-"
74.248.155.72 - - [01/Apr/2026:19:18:28 +1000] "GET /UpDater/index.php?uri=admin.php HTTP/1.1" 404 - "-" "-"
74.248.155.72 - - [01/Apr/2026:19:18:29 +1000] "GET /UpDater/index.php?uri=about.php HTTP/1.1" 404 - "-" "-"
74.248.155.72 - - [01/Apr/2026:19:18:29 +1000] "GET /UpDater/index.php?uri=about.php HTTP/1.1" 404 - "-" "-"
74.248.155.72 - - [01/Apr/2026:19:18:30 +1000] "GET /UpDater/index.php?uri=wp-admin/about.php HTTP/1.1" 404 - "-" "-"
74.248.155.72 - - [01/Apr/2026:19:18:30 +1000] "GET /UpDater/index.php?uri=logain5.php HTTP/1.1" 404 - "-" "-"
74.248.155.72 - - [01/Apr/2026:19:18:31 +1000] "GET /UpDater/index.php?uri=ioxi-o.php HTTP/1.1" 404 - "-" "-"
74.248.155.72 - - [01/Apr/2026:19:18:32 +1000] "GET /UpDater/index.php?uri=.well-known/gecko-litespeed.php HTTP/1.1" 404 - "-" "-"
74.248.155.72 - - [01/Apr/2026:19:18:32 +1000] "GET /UpDater/index.php?uri=css/index.php HTTP/1.1" 404 - "-" "-"
74.248.155.72 - - [01/Apr/2026:19:18:33 +1000] "GET /UpDater/index.php?uri=goods.php HTTP/1.1" 404 - "-" "-"
74.248.155.72 - - [01/Apr/2026:19:18:33 +1000] "GET /UpDater/index.php?uri=chosen.php HTTP/1.1" 404 - "-" "-"
74.248.155.72 - - [01/Apr/2026:19:18:34 +1000] "GET /UpDater/index.php?uri=inputs.php HTTP/1.1" 404 - "-" "-"
74.248.155.72 - - [01/Apr/2026:19:18:34 +1000] "GET /UpDater/index.php?uri=inputs.php HTTP/1.1" 404 - "-" "-"
74.248.155.72 - - [01/Apr/2026:19:18:35 +1000] "GET /UpDater/index.php?uri=output.php HTTP/1.1" 404 - "-" "-"
74.248.155.72 - - [01/Apr/2026:19:18:35 +1000] "GET /UpDater/index.php?uri=output.php HTTP/1.1" 404 - "-" "-"
74.248.155.72 - - [01/Apr/2026:19:18:36 +1000] "GET /UpDater/index.php?uri=wp-includes/fonts/index.php HTTP/1.1" 404 - "-" "-"
74.248.155.72 - - [01/Apr/2026:19:18:37 +1000] "GET /UpDater/index.php?uri=simple.php HTTP/1.1" 404 - "-" "-"
74.248.155.72 - - [01/Apr/2026:19:18:37 +1000] "GET /UpDater/index.php?uri=wp-includes/theme-compat/chosen.php HTTP/1.1" 404 - "-" "-"
74.248.155.72 - - [01/Apr/2026:19:18:38 +1000] "GET /UpDater/index.php?uri=wp-content/themes/about.php HTTP/1.1" 404 - "-" "-"
74.248.155.72 - - [01/Apr/2026:19:18:38 +1000] "GET /UpDater/index.php?uri=alfa.php HTTP/1.1" 404 - "-" "-"
74.248.155.72 - - [01/Apr/2026:19:18:39 +1000] "GET /UpDater/index.php?uri=wp-includes/style-engine/about.php HTTP/1.1" 404 - "-" "-"
74.248.155.72 - - [01/Apr/2026:19:18:39 +1000] "GET /UpDater/index.php?uri=gfile.php HTTP/1.1" 404 - "-" "-"
74.248.155.72 - - [01/Apr/2026:19:18:40 +1000] "GET /UpDater/index.php?uri=wp-freya.php HTTP/1.1" 404 - "-" "-"
74.248.155.72 - - [01/Apr/2026:19:18:40 +1000] "GET /UpDater/index.php?uri=wp-includes/Requests/Text/admin.php HTTP/1.1" 404 - "-" "-"
74.248.155.72 - - [01/Apr/2026:19:18:41 +1000] "GET /UpDater/index.php?uri=class19.php HTTP/1.1" 404 - "-" "-"
74.248.155.72 - - [01/Apr/2026:19:18:42 +1000] "GET /UpDater/index.php?uri=class20.php HTTP/1.1" 404 - "-" "-"
74.248.155.72 - - [01/Apr/2026:19:18:42 +1000] "GET /UpDater/index.php?uri=d12.php HTTP/1.1" 404 - "-" "-"
74.248.155.72 - - [01/Apr/2026:19:18:43 +1000] "GET /UpDater/index.php?uri=menu.php HTTP/1.1" 404 - "-" "-"
74.248.155.72 - - [01/Apr/2026:19:18:43 +1000] "GET /UpDater/index.php?uri=sf.php HTTP/1.1" 404 - "-" "-"
74.248.155.72 - - [01/Apr/2026:19:18:44 +1000] "GET /UpDater/index.php?uri=lock360.php HTTP/1.1" 404 - "-" "-"
74.248.155.72 - - [01/Apr/2026:19:18:44 +1000] "GET /UpDater/index.php?uri=thoms.php HTTP/1.1" 404 - "-" "-"
74.248.155.72 - - [01/Apr/2026:19:18:45 +1000] "GET /UpDater/index.php?uri=class-.php HTTP/1.1" 404 - "-" "-"
74.248.155.72 - - [01/Apr/2026:19:18:46 +1000] "GET /UpDater/index.php?uri=ee.php HTTP/1.1" 404 - "-" "-"
74.248.155.72 - - [01/Apr/2026:19:18:46 +1000] "GET /UpDater/index.php?uri=epinyins.php HTTP/1.1" 404 - "-" "-"
74.248.155.72 - - [01/Apr/2026:19:18:47 +1000] "GET /UpDater/index.php?uri=i1.php HTTP/1.1" 404 - "-" "-"
74.248.155.72 - - [01/Apr/2026:19:18:47 +1000] "GET /UpDater/index.php?uri=vv.php HTTP/1.1" 404 - "-" "-"
74.248.155.72 - - [01/Apr/2026:19:18:48 +1000] "GET /UpDater/index.php?uri=oo.php HTTP/1.1" 404 - "-" "-"
74.248.155.72 - - [01/Apr/2026:19:18:48 +1000] "GET /UpDater/index.php?uri=sk.php HTTP/1.1" 404 - "-" "-"
74.248.155.72 - - [01/Apr/2026:19:18:49 +1000] "GET /UpDater/index.php?uri=aaa.php HTTP/1.1" 404 - "-" "-"
74.248.155.72 - - [01/Apr/2026:19:18:49 +1000] "GET /UpDater/index.php?uri=ms-edit.php HTTP/1.1" 404 - "-" "-"
74.248.155.72 - - [01/Apr/2026:19:18:50 +1000] "GET /UpDater/index.php?uri=wp-the.php HTTP/1.1" 404 - "-" "-"
74.248.155.72 - - [01/Apr/2026:19:18:51 +1000] "GET /UpDater/index.php?uri=BDKR28WP.php HTTP/1.1" 404 - "-" "-"
74.248.155.72 - - [01/Apr/2026:19:18:51 +1000] "GET /UpDater/index.php?uri=wp-access.php HTTP/1.1" 404 - "-" "-"
74.248.155.72 - - [01/Apr/2026:19:18:52 +1000] "GET /UpDater/index.php?uri=bgymj.php HTTP/1.1" 404 - "-" "-"
74.248.155.72 - - [01/Apr/2026:19:18:52 +1000] "GET /UpDater/index.php?uri=new.php HTTP/1.1" 404 - "-" "-"
74.248.155.72 - - [01/Apr/2026:19:18:53 +1000] "GET /UpDater/index.php?uri=gssdd.php HTTP/1.1" 404 - "-" "-"
74.248.155.72 - - [01/Apr/2026:19:18:53 +1000] "GET /UpDater/index.php?uri=wp-blog.php HTTP/1.1" 404 - "-" "-"
74.248.155.72 - - [01/Apr/2026:19:18:54 +1000] "GET /UpDater/index.php?uri=k.php HTTP/1.1" 404 - "-" "-"
74.248.155.72 - - [01/Apr/2026:19:18:55 +1000] "GET /UpDater/index.php?uri=goat.php HTTP/1.1" 404 - "-" "-"
74.248.155.72 - - [01/Apr/2026:19:18:55 +1000] "GET /UpDater/index.php?uri=x.php HTTP/1.1" 404 - "-" "-"
74.248.155.72 - - [01/Apr/2026:19:18:56 +1000] "GET /UpDater/index.php?uri=sbhu.php HTTP/1.1" 404 - "-" "-"
74.248.155.72 - - [01/Apr/2026:19:18:56 +1000] "GET /UpDater/index.php?uri=wp-update.php HTTP/1.1" 404 - "-" "-"
74.248.155.72 - - [01/Apr/2026:19:18:57 +1000] "GET /UpDater/index.php?uri=alpha.php HTTP/1.1" 404 - "-" "-"
74.248.155.72 - - [01/Apr/2026:19:18:57 +1000] "GET /UpDater/index.php?uri=fff.php HTTP/1.1" 404 - "-" "-"
74.248.155.72 - - [01/Apr/2026:19:18:58 +1000] "GET /UpDater/index.php?uri=aa.php HTTP/1.1" 404 - "-" "-"
74.248.155.72 - - [01/Apr/2026:19:18:58 +1000] "GET /UpDater/index.php?uri=xc.php HTTP/1.1" 404 - "-" "-"
74.248.155.72 - - [01/Apr/2026:19:18:59 +1000] "GET /UpDater/index.php?uri=ar.php HTTP/1.1" 404 - "-" "-"
74.248.155.72 - - [01/Apr/2026:19:19:00 +1000] "GET /UpDater/index.php?uri=yanz.php HTTP/1.1" 404 - "-" "-"
74.248.155.72 - - [01/Apr/2026:19:19:01 +1000] "GET /UpDater/index.php?uri=.well-known/acme-challenge/index.php HTTP/1.1" 404 - "-" "-"
74.248.155.72 - - [01/Apr/2026:19:19:02 +1000] "GET /UpDater/index.php?uri=333.php HTTP/1.1" 404 - "-" "-"
74.248.155.72 - - [01/Apr/2026:19:19:03 +1000] "GET /UpDater/index.php?uri=ut.php HTTP/1.1" 404 - "-" "-"
74.248.155.72 - - [01/Apr/2026:19:19:03 +1000] "GET /UpDater/index.php?uri=wfile.php HTTP/1.1" 404 - "-" "-"
74.248.155.72 - - [01/Apr/2026:19:19:04 +1000] "GET /UpDater/index.php?uri=vee.php HTTP/1.1" 404 - "-" "-"
74.248.155.72 - - [01/Apr/2026:19:19:04 +1000] "GET /UpDater/index.php?uri=admir.php HTTP/1.1" 404 - "-" "-"
74.248.155.72 - - [01/Apr/2026:19:19:05 +1000] "GET /UpDater/index.php?uri=zde.php HTTP/1.1" 404 - "-" "-"
74.248.155.72 - - [01/Apr/2026:19:19:06 +1000] "GET /UpDater/index.php?uri=wpo.php HTTP/1.1" 404 - "-" "-"
74.248.155.72 - - [01/Apr/2026:19:19:06 +1000] "GET /UpDater/index.php?uri=aj.php HTTP/1.1" 404 - "-" "-"
74.248.155.72 - - [01/Apr/2026:19:19:07 +1000] "GET /UpDater/index.php?uri=opts.php HTTP/1.1" 404 - "-" "-"
74.248.155.72 - - [01/Apr/2026:19:19:08 +1000] "GET /UpDater/index.php?uri=filer.php HTTP/1.1" 404 - "-" "-"
74.248.155.72 - - [01/Apr/2026:19:19:08 +1000] "GET /UpDater/index.php?uri=gorila.php HTTP/1.1" 404 - "-" "-"
74.248.155.72 - - [01/Apr/2026:19:19:09 +1000] "GET /UpDater/index.php?uri=wp-admin/maint/index.php HTTP/1.1" 404 - "-" "-"
74.248.155.72 - - [01/Apr/2026:19:19:10 +1000] "GET /UpDater/index.php?uri=main.php HTTP/1.1" 404 - "-" "-"
74.248.155.72 - - [01/Apr/2026:19:19:10 +1000] "GET /UpDater/index.php?uri=plugins.php HTTP/1.1" 404 - "-" "-"
74.248.155.72 - - [01/Apr/2026:19:19:11 +1000] "GET /UpDater/index.php?uri=f.php HTTP/1.1" 404 - "-" "-"
74.248.155.72 - - [01/Apr/2026:19:19:12 +1000] "GET /UpDater/index.php?uri=adminer.php HTTP/1.1" 404 - "-" "-"
74.248.155.72 - - [01/Apr/2026:19:19:12 +1000] "GET /UpDater/index.php?uri=wp-admin/maint/maint.php HTTP/1.1" 404 - "-" "-"
74.248.155.72 - - [01/Apr/2026:19:19:13 +1000] "GET /UpDater/index.php?uri=adminfuns.php HTTP/1.1" 404 - "-" "-"
74.248.155.72 - - [01/Apr/2026:19:19:14 +1000] "GET /UpDater/index.php?uri=adminfuns.php HTTP/1.1" 404 - "-" "-"
74.248.155.72 - - [01/Apr/2026:19:19:14 +1000] "GET /UpDater/index.php?uri=wp-gr.php HTTP/1.1" 404 - "-" "-"
74.248.155.72 - - [01/Apr/2026:19:19:15 +1000] "GET /UpDater/index.php?uri=wp-aaa.php HTTP/1.1" 404 - "-" "-"
74.248.155.72 - - [01/Apr/2026:19:19:16 +1000] "GET /UpDater/index.php?uri=wp-mt.php HTTP/1.1" 404 - "-" "-"
74.248.155.72 - - [01/Apr/2026:19:19:16 +1000] "GET /UpDater/index.php?uri=shout.php HTTP/1.1" 404 - "-" "-"
74.248.155.72 - - [01/Apr/2026:19:19:17 +1000] "GET /UpDater/index.php?uri=zews.php HTTP/1.1" 404 - "-" "-"
