74.7.230.13 - - [07/Apr/2026:03:51:49 +1000] "GET /robots.txt HTTP/1.1" 200 24 "-" "Mozilla/5.0 (Macintosh; Intel Mac OS X 10_15_7) AppleWebKit/537.36 (KHTML, like Gecko) Chrome/131.0.0.0 Safari/537.36; compatible; OAI-SearchBot/1.3; robots.txt; +https://openai.com/searchbot"
118.127.40.73 - - [07/Apr/2026:04:15:47 +1000] "GET / HTTP/1.1" 500 212968 "-" "Python/3.11 aiohttp/3.9.2"
118.127.40.73 - - [07/Apr/2026:04:45:35 +1000] "GET / HTTP/1.1" 500 475080 "-" "Python/3.11 aiohttp/3.9.2"
118.127.40.73 - - [07/Apr/2026:05:15:40 +1000] "GET / HTTP/1.1" 500 172016 "-" "Python/3.11 aiohttp/3.9.2"
118.127.40.73 - - [07/Apr/2026:05:45:34 +1000] "GET / HTTP/1.1" 500 155632 "-" "Python/3.11 aiohttp/3.9.2"
118.127.40.73 - - [07/Apr/2026:06:15:32 +1000] "GET / HTTP/1.1" 500 241320 "-" "Python/3.11 aiohttp/3.9.2"
65.87.7.61 - - [07/Apr/2026:06:21:49 +1000] "GET / HTTP/1.1" 500 270304 "-" "Mozilla/5.0 (Windows NT 10.0; Win64; x64) AppleWebKit/537.36 (KHTML, like Gecko) Chrome/124.0.0.0 Safari/537.36"
118.127.40.73 - - [07/Apr/2026:06:45:33 +1000] "GET / HTTP/1.1" 500 147440 "-" "Python/3.11 aiohttp/3.9.2"
118.127.40.73 - - [07/Apr/2026:07:15:42 +1000] "GET / HTTP/1.1" 500 335832 "-" "Python/3.11 aiohttp/3.9.2"
118.127.40.73 - - [07/Apr/2026:07:45:33 +1000] "GET / HTTP/1.1" 500 212968 "-" "Python/3.11 aiohttp/3.9.2"
216.81.248.197 - - [07/Apr/2026:07:54:05 +1000] "GET /.git/config HTTP/1.1" 500 1047207 "-" "Mozilla/5.0 (Macintosh; Intel Mac OS X 10_11_6) AppleWebKit/537.36 (KHTML, like Gecko) Chrome/54.0.2840.98 Safari/537.36"
44.249.168.178 - - [07/Apr/2026:08:07:34 +1000] "GET /robots.txt HTTP/1.1" 200 24 "-" "Mozilla/5.0 (compatible; wpbot/1.4; +https://forms.gle/ajBaxygz9jSR8p8G9)"
44.249.168.178 - - [07/Apr/2026:08:07:34 +1000] "GET / HTTP/1.1" 500 1046859 "-" "Mozilla/5.0 (compatible; wpbot/1.4; +https://forms.gle/ajBaxygz9jSR8p8G9)"
118.127.40.73 - - [07/Apr/2026:08:15:41 +1000] "GET / HTTP/1.1" 500 241320 "-" "Python/3.11 aiohttp/3.9.2"
118.127.40.73 - - [07/Apr/2026:08:45:35 +1000] "GET / HTTP/1.1" 500 204776 "-" "Python/3.11 aiohttp/3.9.2"
118.127.40.73 - - [07/Apr/2026:09:15:35 +1000] "GET / HTTP/1.1" 500 147440 "-" "Python/3.11 aiohttp/3.9.2"
118.127.40.73 - - [07/Apr/2026:09:45:36 +1000] "GET / HTTP/1.1" 500 286688 "-" "Python/3.11 aiohttp/3.9.2"
118.127.40.73 - - [07/Apr/2026:10:15:35 +1000] "GET / HTTP/1.1" 500 241320 "-" "Python/3.11 aiohttp/3.9.2"
118.127.40.73 - - [07/Apr/2026:10:45:41 +1000] "GET / HTTP/1.1" 500 241320 "-" "Python/3.11 aiohttp/3.9.2"
118.127.40.73 - - [07/Apr/2026:11:15:36 +1000] "GET / HTTP/1.1" 500 241320 "-" "Python/3.11 aiohttp/3.9.2"
118.127.40.73 - - [07/Apr/2026:11:45:37 +1000] "GET / HTTP/1.1" 500 278496 "-" "Python/3.11 aiohttp/3.9.2"
118.127.40.73 - - [07/Apr/2026:12:15:37 +1000] "GET / HTTP/1.1" 500 303072 "-" "Python/3.11 aiohttp/3.9.2"
118.127.40.73 - - [07/Apr/2026:12:45:36 +1000] "GET / HTTP/1.1" 500 417744 "-" "Python/3.11 aiohttp/3.9.2"
118.127.40.73 - - [07/Apr/2026:13:15:37 +1000] "GET / HTTP/1.1" 500 212968 "-" "Python/3.11 aiohttp/3.9.2"
118.127.40.73 - - [07/Apr/2026:13:45:41 +1000] "GET / HTTP/1.1" 500 249512 "-" "Python/3.11 aiohttp/3.9.2"
118.127.40.73 - - [07/Apr/2026:14:15:42 +1000] "GET / HTTP/1.1" 500 376792 "-" "Python/3.11 aiohttp/3.9.2"
118.127.40.73 - - [07/Apr/2026:14:45:35 +1000] "GET / HTTP/1.1" 500 466888 "-" "Python/3.11 aiohttp/3.9.2"
118.127.40.73 - - [07/Apr/2026:15:15:36 +1000] "GET / HTTP/1.1" 500 241320 "-" "Python/3.11 aiohttp/3.9.2"
118.127.40.73 - - [07/Apr/2026:15:45:36 +1000] "GET / HTTP/1.1" 500 335832 "-" "Python/3.11 aiohttp/3.9.2"
118.127.40.73 - - [07/Apr/2026:16:15:42 +1000] "GET / HTTP/1.1" 500 257704 "-" "Python/3.11 aiohttp/3.9.2"
118.127.40.73 - - [07/Apr/2026:16:45:36 +1000] "GET / HTTP/1.1" 500 40960 "-" "Python/3.11 aiohttp/3.9.2"
118.127.40.73 - - [07/Apr/2026:17:15:38 +1000] "GET / HTTP/1.1" 500 278496 "-" "Python/3.11 aiohttp/3.9.2"
198.235.24.172 - - [07/Apr/2026:17:34:45 +1000] "GET / HTTP/1.1" 500 1047105 "-" "Hello from Palo Alto Networks, find out more about our scans in https://docs-cortex.paloaltonetworks.com/r/1/Cortex-Xpanse/Scanning-activity"
118.127.40.73 - - [07/Apr/2026:17:45:38 +1000] "GET / HTTP/1.1" 500 249512 "-" "Python/3.11 aiohttp/3.9.2"
118.127.40.73 - - [07/Apr/2026:18:15:39 +1000] "GET / HTTP/1.1" 500 114680 "-" "Python/3.11 aiohttp/3.9.2"
198.235.24.51 - - [07/Apr/2026:18:38:23 +1000] "GET / HTTP/1.1" 500 1047081 "-" "Hello from Palo Alto Networks, find out more about our scans in https://docs-cortex.paloaltonetworks.com/r/1/Cortex-Xpanse/Scanning-activity"
118.127.40.73 - - [07/Apr/2026:18:45:37 +1000] "GET / HTTP/1.1" 500 241320 "-" "Python/3.11 aiohttp/3.9.2"
118.127.40.73 - - [07/Apr/2026:19:15:39 +1000] "GET / HTTP/1.1" 500 172016 "-" "Python/3.11 aiohttp/3.9.2"
118.127.40.73 - - [07/Apr/2026:19:45:40 +1000] "GET / HTTP/1.1" 500 241320 "-" "Python/3.11 aiohttp/3.9.2"
118.127.40.73 - - [07/Apr/2026:20:15:39 +1000] "GET / HTTP/1.1" 500 241320 "-" "Python/3.11 aiohttp/3.9.2"
118.127.40.73 - - [07/Apr/2026:20:45:46 +1000] "GET / HTTP/1.1" 500 221160 "-" "Python/3.11 aiohttp/3.9.2"
118.127.40.73 - - [07/Apr/2026:21:15:50 +1000] "GET / HTTP/1.1" 500 241320 "-" "Python/3.11 aiohttp/3.9.2"
118.127.40.73 - - [07/Apr/2026:21:45:47 +1000] "GET / HTTP/1.1" 500 270304 "-" "Python/3.11 aiohttp/3.9.2"
118.127.40.73 - - [07/Apr/2026:22:15:40 +1000] "GET / HTTP/1.1" 500 172016 "-" "Python/3.11 aiohttp/3.9.2"
118.127.40.73 - - [07/Apr/2026:22:45:45 +1000] "GET / HTTP/1.1" 500 241320 "-" "Python/3.11 aiohttp/3.9.2"
118.127.40.73 - - [07/Apr/2026:23:15:40 +1000] "GET / HTTP/1.1" 500 147440 "-" "Python/3.11 aiohttp/3.9.2"
118.127.40.73 - - [07/Apr/2026:23:45:44 +1000] "GET / HTTP/1.1" 500 425936 "-" "Python/3.11 aiohttp/3.9.2"
74.7.241.153 - - [08/Apr/2026:00:14:30 +1000] "GET /robots.txt HTTP/1.1" 200 24 "-" "Mozilla/5.0 (Macintosh; Intel Mac OS X 10_15_7) AppleWebKit/537.36 (KHTML, like Gecko) Chrome/131.0.0.0 Safari/537.36; compatible; OAI-SearchBot/1.3; robots.txt; +https://openai.com/searchbot"
118.127.40.73 - - [08/Apr/2026:00:15:42 +1000] "GET / HTTP/1.1" 500 278496 "-" "Python/3.11 aiohttp/3.9.2"
118.127.40.73 - - [08/Apr/2026:00:45:40 +1000] "GET / HTTP/1.1" 500 90104 "-" "Python/3.11 aiohttp/3.9.2"
118.127.40.73 - - [08/Apr/2026:01:15:40 +1000] "GET / HTTP/1.1" 500 286688 "-" "Python/3.11 aiohttp/3.9.2"
118.127.40.73 - - [08/Apr/2026:01:45:41 +1000] "GET / HTTP/1.1" 500 114680 "-" "Python/3.11 aiohttp/3.9.2"
118.127.40.73 - - [08/Apr/2026:02:15:45 +1000] "GET / HTTP/1.1" 500 360408 "-" "Python/3.11 aiohttp/3.9.2"
118.127.40.73 - - [08/Apr/2026:02:45:59 +1000] "GET / HTTP/1.1" 500 352216 "-" "Python/3.11 aiohttp/3.9.2"
194.164.107.5 - - [08/Apr/2026:02:47:46 +1000] "GET / HTTP/1.1" 500 241320 "-" "Mozilla/5.0 (Windows NT 10.0; Win64; x64) AppleWebKit/537.36 (KHTML, like Gecko) Chrome/133.0.0.0 Safari/537.36"
74.7.175.176 - - [08/Apr/2026:03:03:36 +1000] "GET /robots.txt HTTP/1.1" 200 24 "-" "Mozilla/5.0 (Macintosh; Intel Mac OS X 10_15_7) AppleWebKit/537.36 (KHTML, like Gecko) Chrome/131.0.0.0 Safari/537.36; compatible; OAI-SearchBot/1.3; robots.txt; +https://openai.com/searchbot"
118.127.40.73 - - [08/Apr/2026:03:15:51 +1000] "GET / HTTP/1.1" 500 335832 "-" "Python/3.11 aiohttp/3.9.2"
35.86.238.200 - - [08/Apr/2026:03:20:43 +1000] "GET /robots.txt HTTP/1.1" 200 24 "-" "Mozilla/5.0 (compatible; wpbot/1.4; +https://forms.gle/ajBaxygz9jSR8p8G9)"
35.86.238.200 - - [08/Apr/2026:03:20:44 +1000] "GET / HTTP/1.1" 500 1046883 "-" "Mozilla/5.0 (compatible; wpbot/1.4; +https://forms.gle/ajBaxygz9jSR8p8G9)"
118.127.40.73 - - [08/Apr/2026:03:45:41 +1000] "GET / HTTP/1.1" 500 257704 "-" "Python/3.11 aiohttp/3.9.2"
118.127.40.73 - - [08/Apr/2026:04:15:44 +1000] "GET / HTTP/1.1" 500 147440 "-" "Python/3.11 aiohttp/3.9.2"
118.127.40.73 - - [08/Apr/2026:04:45:48 +1000] "GET / HTTP/1.1" 500 270304 "-" "Python/3.11 aiohttp/3.9.2"
118.127.40.73 - - [08/Apr/2026:05:15:47 +1000] "GET / HTTP/1.1" 500 172016 "-" "Python/3.11 aiohttp/3.9.2"
118.127.40.73 - - [08/Apr/2026:05:45:47 +1000] "GET / HTTP/1.1" 500 49152 "-" "Python/3.11 aiohttp/3.9.2"
118.127.40.73 - - [08/Apr/2026:06:15:42 +1000] "GET / HTTP/1.1" 500 249512 "-" "Python/3.11 aiohttp/3.9.2"
118.127.40.73 - - [08/Apr/2026:06:45:45 +1000] "GET / HTTP/1.1" 500 212968 "-" "Python/3.11 aiohttp/3.9.2"
118.127.40.73 - - [08/Apr/2026:07:15:45 +1000] "GET / HTTP/1.1" 500 172016 "-" "Python/3.11 aiohttp/3.9.2"
118.127.40.73 - - [08/Apr/2026:07:45:43 +1000] "GET / HTTP/1.1" 500 212968 "-" "Python/3.11 aiohttp/3.9.2"
118.127.40.73 - - [08/Apr/2026:08:15:50 +1000] "GET / HTTP/1.1" 500 241320 "-" "Python/3.11 aiohttp/3.9.2"
118.127.40.73 - - [08/Apr/2026:08:45:45 +1000] "GET / HTTP/1.1" 500 204776 "-" "Python/3.11 aiohttp/3.9.2"
118.127.40.73 - - [08/Apr/2026:09:15:55 +1000] "GET / HTTP/1.1" 500 241320 "-" "Python/3.11 aiohttp/3.9.2"
118.127.40.73 - - [08/Apr/2026:09:45:42 +1000] "GET / HTTP/1.1" 500 90104 "-" "Python/3.11 aiohttp/3.9.2"
71.6.134.235 - - [08/Apr/2026:09:56:13 +1000] "GET /favicon.ico HTTP/1.1" 200 - "-" "Mozilla/5.0 (Windows NT 10.0; Win64; x64) AppleWebKit/537.36 (KHTML, like Gecko) Chrome/133.0.0.0 Safari/537.36"
71.6.134.235 - - [08/Apr/2026:09:51:29 +1000] "GET / HTTP/1.1" 500 241320 "-" "Mozilla/5.0 (Windows NT 10.0; Win64; x64) AppleWebKit/537.36 (KHTML, like Gecko) Chrome/133.0.0.0 Safari/537.36"
118.127.40.73 - - [08/Apr/2026:10:15:44 +1000] "GET / HTTP/1.1" 500 241320 "-" "Python/3.11 aiohttp/3.9.2"
118.127.40.73 - - [08/Apr/2026:10:45:49 +1000] "GET / HTTP/1.1" 500 172016 "-" "Python/3.11 aiohttp/3.9.2"
118.127.40.73 - - [08/Apr/2026:11:15:43 +1000] "GET / HTTP/1.1" 500 147440 "-" "Python/3.11 aiohttp/3.9.2"
118.127.40.73 - - [08/Apr/2026:11:45:44 +1000] "GET / HTTP/1.1" 500 180208 "-" "Python/3.11 aiohttp/3.9.2"
118.127.40.73 - - [08/Apr/2026:12:15:44 +1000] "GET / HTTP/1.1" 500 344024 "-" "Python/3.11 aiohttp/3.9.2"
118.127.40.73 - - [08/Apr/2026:12:45:47 +1000] "GET / HTTP/1.1" 500 257704 "-" "Python/3.11 aiohttp/3.9.2"
118.127.40.73 - - [08/Apr/2026:13:15:45 +1000] "GET / HTTP/1.1" 500 249512 "-" "Python/3.11 aiohttp/3.9.2"
118.127.40.73 - - [08/Apr/2026:13:45:45 +1000] "GET / HTTP/1.1" 500 147440 "-" "Python/3.11 aiohttp/3.9.2"
118.127.40.73 - - [08/Apr/2026:14:15:45 +1000] "GET / HTTP/1.1" 500 344024 "-" "Python/3.11 aiohttp/3.9.2"
118.127.40.73 - - [08/Apr/2026:14:45:48 +1000] "GET / HTTP/1.1" 500 237544 "-" "Python/3.11 aiohttp/3.9.2"
118.127.40.73 - - [08/Apr/2026:15:15:45 +1000] "GET / HTTP/1.1" 500 257704 "-" "Python/3.11 aiohttp/3.9.2"
167.94.146.63 - - [08/Apr/2026:15:24:19 +1000] "GET / HTTP/1.1" 500 614328 "-" "Mozilla/5.0 (compatible; CensysInspect/1.1; +https://about.censys.io/)"
167.94.146.63 - - [08/Apr/2026:15:24:32 +1000] "GET / HTTP/1.1" 421 362 "-" "Mozilla/5.0 (compatible; CensysInspect/1.1; +https://about.censys.io/)"
118.127.40.73 - - [08/Apr/2026:15:45:48 +1000] "GET / HTTP/1.1" 500 335832 "-" "Python/3.11 aiohttp/3.9.2"
118.127.40.73 - - [08/Apr/2026:16:15:50 +1000] "GET / HTTP/1.1" 500 221160 "-" "Python/3.11 aiohttp/3.9.2"
118.127.40.73 - - [08/Apr/2026:16:45:46 +1000] "GET / HTTP/1.1" 500 241320 "-" "Python/3.11 aiohttp/3.9.2"
118.127.40.73 - - [08/Apr/2026:17:15:50 +1000] "GET / HTTP/1.1" 500 270304 "-" "Python/3.11 aiohttp/3.9.2"
118.127.40.73 - - [08/Apr/2026:17:45:52 +1000] "GET / HTTP/1.1" 500 204776 "-" "Python/3.11 aiohttp/3.9.2"
118.127.40.73 - - [08/Apr/2026:18:15:46 +1000] "GET / HTTP/1.1" 500 249512 "-" "Python/3.11 aiohttp/3.9.2"
54.86.115.253 - - [08/Apr/2026:18:20:14 +1000] "GET / HTTP/1.1" 421 362 "-" "RecordedFuture Global Inventory Crawler"
118.127.40.73 - - [08/Apr/2026:18:45:53 +1000] "GET / HTTP/1.1" 500 106488 "-" "Python/3.11 aiohttp/3.9.2"
118.127.40.73 - - [08/Apr/2026:19:15:47 +1000] "GET / HTTP/1.1" 500 163824 "-" "Python/3.11 aiohttp/3.9.2"
118.127.40.73 - - [08/Apr/2026:19:45:47 +1000] "GET / HTTP/1.1" 500 257704 "-" "Python/3.11 aiohttp/3.9.2"
118.127.40.73 - - [08/Apr/2026:20:15:48 +1000] "GET / HTTP/1.1" 500 278496 "-" "Python/3.11 aiohttp/3.9.2"
118.127.40.73 - - [08/Apr/2026:20:45:48 +1000] "GET / HTTP/1.1" 500 249512 "-" "Python/3.11 aiohttp/3.9.2"
118.127.40.73 - - [08/Apr/2026:21:15:47 +1000] "GET / HTTP/1.1" 500 212968 "-" "Python/3.11 aiohttp/3.9.2"
118.127.40.73 - - [08/Apr/2026:21:45:49 +1000] "GET / HTTP/1.1" 500 172016 "-" "Python/3.11 aiohttp/3.9.2"
118.127.40.73 - - [08/Apr/2026:22:15:50 +1000] "GET / HTTP/1.1" 500 335832 "-" "Python/3.11 aiohttp/3.9.2"
118.127.40.73 - - [08/Apr/2026:22:45:49 +1000] "GET / HTTP/1.1" 500 40960 "-" "Python/3.11 aiohttp/3.9.2"
118.127.40.73 - - [08/Apr/2026:23:15:51 +1000] "GET / HTTP/1.1" 500 241320 "-" "Python/3.11 aiohttp/3.9.2"
118.127.40.73 - - [08/Apr/2026:23:45:50 +1000] "GET / HTTP/1.1" 500 204776 "-" "Python/3.11 aiohttp/3.9.2"
118.127.40.73 - - [09/Apr/2026:00:16:01 +1000] "GET / HTTP/1.1" 500 229352 "-" "Python/3.11 aiohttp/3.9.2"
118.127.40.73 - - [09/Apr/2026:00:45:52 +1000] "GET / HTTP/1.1" 500 147440 "-" "Python/3.11 aiohttp/3.9.2"
118.127.40.73 - - [09/Apr/2026:01:15:48 +1000] "GET / HTTP/1.1" 500 163824 "-" "Python/3.11 aiohttp/3.9.2"
118.127.40.73 - - [09/Apr/2026:01:45:51 +1000] "GET / HTTP/1.1" 500 241320 "-" "Python/3.11 aiohttp/3.9.2"
118.127.40.73 - - [09/Apr/2026:02:16:04 +1000] "GET / HTTP/1.1" 500 335832 "-" "Python/3.11 aiohttp/3.9.2"
118.127.40.73 - - [09/Apr/2026:02:45:53 +1000] "GET / HTTP/1.1" 500 311264 "-" "Python/3.11 aiohttp/3.9.2"
204.76.203.25 - - [09/Apr/2026:03:01:02 +1000] "GET / HTTP/1.1" 500 1047085 "-" "Mozilla/5.0 (Windows NT 10.0; Win64; x64) AppleWebKit/537.36 (KHTML, like Gecko) Chrome/134.0.0.0 Safari/537.3"
118.127.40.73 - - [09/Apr/2026:03:15:56 +1000] "GET / HTTP/1.1" 500 73720 "-" "Python/3.11 aiohttp/3.9.2"
118.127.40.73 - - [09/Apr/2026:03:45:58 +1000] "GET / HTTP/1.1" 500 221160 "-" "Python/3.11 aiohttp/3.9.2"
118.127.40.73 - - [09/Apr/2026:04:16:02 +1000] "GET / HTTP/1.1" 500 303072 "-" "Python/3.11 aiohttp/3.9.2"
118.127.40.73 - - [09/Apr/2026:04:45:52 +1000] "GET / HTTP/1.1" 500 401360 "-" "Python/3.11 aiohttp/3.9.2"
199.45.154.127 - - [09/Apr/2026:05:07:31 +1000] "GET / HTTP/1.1" 500 1046903 "-" "Mozilla/5.0 (compatible; CensysInspect/1.1; +https://about.censys.io/)"
199.45.154.127 - - [09/Apr/2026:05:08:30 +1000] "GET / HTTP/1.1" 421 362 "-" "Mozilla/5.0 (compatible; CensysInspect/1.1; +https://about.censys.io/)"
118.127.40.73 - - [09/Apr/2026:05:15:58 +1000] "GET / HTTP/1.1" 500 286688 "-" "Python/3.11 aiohttp/3.9.2"
118.127.40.73 - - [09/Apr/2026:05:45:53 +1000] "GET / HTTP/1.1" 500 344024 "-" "Python/3.11 aiohttp/3.9.2"
118.127.40.73 - - [09/Apr/2026:06:15:52 +1000] "GET / HTTP/1.1" 500 229352 "-" "Python/3.11 aiohttp/3.9.2"
118.127.40.73 - - [09/Apr/2026:06:45:52 +1000] "GET / HTTP/1.1" 500 344024 "-" "Python/3.11 aiohttp/3.9.2"
118.127.40.73 - - [09/Apr/2026:07:15:53 +1000] "GET / HTTP/1.1" 500 466888 "-" "Python/3.11 aiohttp/3.9.2"
118.127.40.73 - - [09/Apr/2026:07:45:53 +1000] "GET / HTTP/1.1" 500 303072 "-" "Python/3.11 aiohttp/3.9.2"
118.127.40.73 - - [09/Apr/2026:08:15:57 +1000] "GET / HTTP/1.1" 500 344024 "-" "Python/3.11 aiohttp/3.9.2"
185.247.137.212 - - [09/Apr/2026:08:30:20 +1000] "GET / HTTP/1.1" 500 1047005 "-" "Mozilla/5.0 (compatible; InternetMeasurement/1.0; +https://internet-measurement.com/)"
118.127.40.73 - - [09/Apr/2026:08:45:55 +1000] "GET / HTTP/1.1" 500 335832 "-" "Python/3.11 aiohttp/3.9.2"
118.127.40.73 - - [09/Apr/2026:09:15:52 +1000] "GET / HTTP/1.1" 500 139248 "-" "Python/3.11 aiohttp/3.9.2"
118.127.40.73 - - [09/Apr/2026:09:45:55 +1000] "GET / HTTP/1.1" 500 188400 "-" "Python/3.11 aiohttp/3.9.2"
118.127.40.73 - - [09/Apr/2026:10:16:01 +1000] "GET / HTTP/1.1" 500 204776 "-" "Python/3.11 aiohttp/3.9.2"
118.127.40.73 - - [09/Apr/2026:10:45:53 +1000] "GET / HTTP/1.1" 500 212968 "-" "Python/3.11 aiohttp/3.9.2"
118.127.40.73 - - [09/Apr/2026:11:15:52 +1000] "GET / HTTP/1.1" 500 172016 "-" "Python/3.11 aiohttp/3.9.2"
118.127.40.73 - - [09/Apr/2026:11:45:59 +1000] "GET / HTTP/1.1" 500 204776 "-" "Python/3.11 aiohttp/3.9.2"
118.127.40.73 - - [09/Apr/2026:12:15:56 +1000] "GET / HTTP/1.1" 500 147440 "-" "Python/3.11 aiohttp/3.9.2"
118.127.40.73 - - [09/Apr/2026:12:45:55 +1000] "GET / HTTP/1.1" 500 257704 "-" "Python/3.11 aiohttp/3.9.2"
118.127.40.73 - - [09/Apr/2026:13:15:54 +1000] "GET / HTTP/1.1" 500 249512 "-" "Python/3.11 aiohttp/3.9.2"
118.127.40.73 - - [09/Apr/2026:13:45:57 +1000] "GET / HTTP/1.1" 500 147440 "-" "Python/3.11 aiohttp/3.9.2"
118.127.40.73 - - [09/Apr/2026:14:15:56 +1000] "GET / HTTP/1.1" 500 229352 "-" "Python/3.11 aiohttp/3.9.2"
118.127.40.73 - - [09/Apr/2026:14:45:55 +1000] "GET / HTTP/1.1" 500 241320 "-" "Python/3.11 aiohttp/3.9.2"
118.127.40.73 - - [09/Apr/2026:15:15:54 +1000] "GET / HTTP/1.1" 500 172016 "-" "Python/3.11 aiohttp/3.9.2"
118.127.40.73 - - [09/Apr/2026:15:45:59 +1000] "GET / HTTP/1.1" 500 204776 "-" "Python/3.11 aiohttp/3.9.2"
184.72.173.149 - - [09/Apr/2026:15:55:42 +1000] "GET / HTTP/1.1" 500 147440 "-" "Mozilla/5.0 (Windows NT 10.0; Win64; x64) AppleWebKit/537.36 (KHTML, like Gecko) Chrome/125.0.0.0 Safari/537.36 Edg/125.0.0.0"
118.127.40.73 - - [09/Apr/2026:16:15:55 +1000] "GET / HTTP/1.1" 500 475080 "-" "Python/3.11 aiohttp/3.9.2"
118.127.40.73 - - [09/Apr/2026:16:45:57 +1000] "GET / HTTP/1.1" 500 241320 "-" "Python/3.11 aiohttp/3.9.2"
118.127.40.73 - - [09/Apr/2026:17:15:55 +1000] "GET / HTTP/1.1" 500 147440 "-" "Python/3.11 aiohttp/3.9.2"
118.127.40.73 - - [09/Apr/2026:17:46:07 +1000] "GET / HTTP/1.1" 500 212968 "-" "Python/3.11 aiohttp/3.9.2"
118.127.40.73 - - [09/Apr/2026:18:15:56 +1000] "GET / HTTP/1.1" 500 172016 "-" "Python/3.11 aiohttp/3.9.2"
118.127.40.73 - - [09/Apr/2026:18:45:58 +1000] "GET / HTTP/1.1" 500 335832 "-" "Python/3.11 aiohttp/3.9.2"
118.127.40.73 - - [09/Apr/2026:19:15:55 +1000] "GET / HTTP/1.1" 500 532416 "-" "Python/3.11 aiohttp/3.9.2"
118.127.40.73 - - [09/Apr/2026:19:45:59 +1000] "GET / HTTP/1.1" 500 249512 "-" "Python/3.11 aiohttp/3.9.2"
118.127.40.73 - - [09/Apr/2026:20:15:56 +1000] "GET / HTTP/1.1" 500 249512 "-" "Python/3.11 aiohttp/3.9.2"
118.127.40.73 - - [09/Apr/2026:20:45:55 +1000] "GET / HTTP/1.1" 500 73720 "-" "Python/3.11 aiohttp/3.9.2"
118.127.40.73 - - [09/Apr/2026:21:15:56 +1000] "GET / HTTP/1.1" 500 319456 "-" "Python/3.11 aiohttp/3.9.2"
118.127.40.73 - - [09/Apr/2026:21:45:55 +1000] "GET / HTTP/1.1" 500 241320 "-" "Python/3.11 aiohttp/3.9.2"
74.7.230.16 - - [09/Apr/2026:22:09:40 +1000] "GET /robots.txt HTTP/1.1" 200 24 "-" "Mozilla/5.0 (Macintosh; Intel Mac OS X 10_15_7) AppleWebKit/537.36 (KHTML, like Gecko) Chrome/131.0.0.0 Safari/537.36; compatible; OAI-SearchBot/1.3; robots.txt; +https://openai.com/searchbot"
74.7.227.134 - - [09/Apr/2026:22:09:40 +1000] "GET / HTTP/1.1" 500 147440 "-" "Mozilla/5.0 AppleWebKit/537.36 (KHTML, like Gecko; compatible; GPTBot/1.3; +https://openai.com/gptbot)"
118.127.40.73 - - [09/Apr/2026:22:15:57 +1000] "GET / HTTP/1.1" 500 335832 "-" "Python/3.11 aiohttp/3.9.2"
118.127.40.73 - - [09/Apr/2026:22:46:05 +1000] "GET / HTTP/1.1" 500 278496 "-" "Python/3.11 aiohttp/3.9.2"
118.127.40.73 - - [09/Apr/2026:23:45:36 +1000] "GET / HTTP/1.1" 500 49152 "-" "Python/3.11 aiohttp/3.9.2"
74.7.175.134 - - [09/Apr/2026:23:49:31 +1000] "GET /robots.txt HTTP/1.1" 200 24 "-" "Mozilla/5.0 (Macintosh; Intel Mac OS X 10_15_7) AppleWebKit/537.36 (KHTML, like Gecko) Chrome/131.0.0.0 Safari/537.36; compatible; OAI-SearchBot/1.3; robots.txt; +https://openai.com/searchbot"
74.7.227.190 - - [09/Apr/2026:23:49:31 +1000] "GET / HTTP/1.1" 500 147440 "-" "Mozilla/5.0 AppleWebKit/537.36 (KHTML, like Gecko; compatible; GPTBot/1.3; +https://openai.com/gptbot)"
118.127.40.73 - - [10/Apr/2026:00:15:41 +1000] "GET / HTTP/1.1" 500 221160 "-" "Python/3.11 aiohttp/3.9.2"
118.127.40.73 - - [10/Apr/2026:00:45:39 +1000] "GET / HTTP/1.1" 500 172016 "-" "Python/3.11 aiohttp/3.9.2"
118.127.40.73 - - [10/Apr/2026:01:15:36 +1000] "GET / HTTP/1.1" 500 257704 "-" "Python/3.11 aiohttp/3.9.2"
118.127.40.73 - - [10/Apr/2026:01:45:39 +1000] "GET / HTTP/1.1" 500 409552 "-" "Python/3.11 aiohttp/3.9.2"
118.127.40.73 - - [10/Apr/2026:02:15:37 +1000] "GET / HTTP/1.1" 500 241320 "-" "Python/3.11 aiohttp/3.9.2"
118.127.40.73 - - [10/Apr/2026:02:45:39 +1000] "GET / HTTP/1.1" 500 253928 "-" "Python/3.11 aiohttp/3.9.2"
118.127.40.73 - - [10/Apr/2026:03:15:37 +1000] "GET / HTTP/1.1" 500 249512 "-" "Python/3.11 aiohttp/3.9.2"
118.127.40.73 - - [10/Apr/2026:03:45:38 +1000] "GET / HTTP/1.1" 500 409552 "-" "Python/3.11 aiohttp/3.9.2"
118.127.40.73 - - [10/Apr/2026:04:15:38 +1000] "GET / HTTP/1.1" 500 212968 "-" "Python/3.11 aiohttp/3.9.2"
118.127.40.73 - - [10/Apr/2026:04:45:38 +1000] "GET / HTTP/1.1" 500 172016 "-" "Python/3.11 aiohttp/3.9.2"
118.127.40.73 - - [10/Apr/2026:05:15:38 +1000] "GET / HTTP/1.1" 500 241320 "-" "Python/3.11 aiohttp/3.9.2"
118.127.40.73 - - [10/Apr/2026:05:45:40 +1000] "GET / HTTP/1.1" 500 221160 "-" "Python/3.11 aiohttp/3.9.2"
118.127.40.73 - - [10/Apr/2026:06:15:39 +1000] "GET / HTTP/1.1" 500 163824 "-" "Python/3.11 aiohttp/3.9.2"
118.127.40.73 - - [10/Apr/2026:06:45:39 +1000] "GET / HTTP/1.1" 500 122872 "-" "Python/3.11 aiohttp/3.9.2"
118.127.40.73 - - [10/Apr/2026:07:15:42 +1000] "GET / HTTP/1.1" 500 106488 "-" "Python/3.11 aiohttp/3.9.2"
118.127.40.73 - - [10/Apr/2026:07:45:41 +1000] "GET / HTTP/1.1" 500 344024 "-" "Python/3.11 aiohttp/3.9.2"
118.127.40.73 - - [10/Apr/2026:08:15:46 +1000] "GET / HTTP/1.1" 500 241320 "-" "Python/3.11 aiohttp/3.9.2"
118.127.40.73 - - [10/Apr/2026:08:45:40 +1000] "GET / HTTP/1.1" 500 40960 "-" "Python/3.11 aiohttp/3.9.2"
118.127.40.73 - - [10/Apr/2026:09:15:40 +1000] "GET / HTTP/1.1" 500 241320 "-" "Python/3.11 aiohttp/3.9.2"
87.236.176.133 - - [10/Apr/2026:09:44:27 +1000] "GET / HTTP/1.1" 500 1047005 "-" "Mozilla/5.0 (compatible; InternetMeasurement/1.0; +https://internet-measurement.com/)"
118.127.40.73 - - [10/Apr/2026:09:45:41 +1000] "GET / HTTP/1.1" 500 40960 "-" "Python/3.11 aiohttp/3.9.2"
118.127.40.73 - - [10/Apr/2026:10:15:41 +1000] "GET / HTTP/1.1" 500 241320 "-" "Python/3.11 aiohttp/3.9.2"
118.127.40.73 - - [10/Apr/2026:10:45:42 +1000] "GET / HTTP/1.1" 500 212968 "-" "Python/3.11 aiohttp/3.9.2"
118.127.40.73 - - [10/Apr/2026:11:15:43 +1000] "GET / HTTP/1.1" 500 241320 "-" "Python/3.11 aiohttp/3.9.2"
118.127.40.73 - - [10/Apr/2026:11:45:42 +1000] "GET / HTTP/1.1" 500 319456 "-" "Python/3.11 aiohttp/3.9.2"
118.127.40.73 - - [10/Apr/2026:12:15:42 +1000] "GET / HTTP/1.1" 500 172016 "-" "Python/3.11 aiohttp/3.9.2"
118.127.40.73 - - [10/Apr/2026:12:45:42 +1000] "GET / HTTP/1.1" 500 155632 "-" "Python/3.11 aiohttp/3.9.2"
118.127.40.73 - - [10/Apr/2026:13:15:42 +1000] "GET / HTTP/1.1" 500 278496 "-" "Python/3.11 aiohttp/3.9.2"
118.127.40.73 - - [10/Apr/2026:13:45:44 +1000] "GET / HTTP/1.1" 500 147440 "-" "Python/3.11 aiohttp/3.9.2"
118.127.40.73 - - [10/Apr/2026:14:15:42 +1000] "GET / HTTP/1.1" 500 319456 "-" "Python/3.11 aiohttp/3.9.2"
118.127.40.73 - - [10/Apr/2026:14:45:43 +1000] "GET / HTTP/1.1" 500 335832 "-" "Python/3.11 aiohttp/3.9.2"
118.127.40.73 - - [10/Apr/2026:15:15:44 +1000] "GET / HTTP/1.1" 500 73720 "-" "Python/3.11 aiohttp/3.9.2"
103.215.74.185 - - [10/Apr/2026:15:43:09 +1000] "POST / HTTP/1.1" 500 1047859 "-" "Mozilla/5.0 (Windows NT 10.0; Win64; x64) AppleWebKit/537.36 (KHTML, like Gecko) Chrome/131.0.0.0 Safari/537.36"
103.215.74.185 - - [10/Apr/2026:15:43:11 +1000] "GET / HTTP/1.1" 500 1047219 "-" "Mozilla/5.0 (X11; Linux x86_64) AppleWebKit/537.36 (KHTML, like Gecko) Chrome/131.0.0.0 Safari/537.36"
103.215.74.185 - - [10/Apr/2026:15:43:16 +1000] "GET / HTTP/1.1" 500 1047225 "-" "Mozilla/5.0 (Windows NT 10.0; Win64; x64) AppleWebKit/537.36 (KHTML, like Gecko) Chrome/120.0.0.0 Safari/537.36"
118.127.40.73 - - [10/Apr/2026:15:45:43 +1000] "GET / HTTP/1.1" 500 147440 "-" "Python/3.11 aiohttp/3.9.2"
118.127.40.73 - - [10/Apr/2026:16:15:43 +1000] "GET / HTTP/1.1" 500 147440 "-" "Python/3.11 aiohttp/3.9.2"
34.245.66.24 - - [10/Apr/2026:16:38:27 +1000] "GET / HTTP/1.0" 500 204776 "-" "Mozilla/5.0 (compatible; NetcraftSurveyAgent/1.0; +info@netcraft.com)"
118.127.40.73 - - [10/Apr/2026:16:45:45 +1000] "GET / HTTP/1.1" 500 270304 "-" "Python/3.11 aiohttp/3.9.2"
118.127.40.73 - - [10/Apr/2026:17:15:44 +1000] "GET / HTTP/1.1" 500 40960 "-" "Python/3.11 aiohttp/3.9.2"
103.215.74.185 - - [10/Apr/2026:17:45:42 +1000] "POST / HTTP/1.1" 500 565184 "-" "Mozilla/5.0 (X11; Ubuntu; Linux x86_64; rv:133.0) Gecko/20100101 Firefox/133.0"
103.215.74.185 - - [10/Apr/2026:17:45:44 +1000] "GET / HTTP/1.1" 500 904792 "-" "Mozilla/5.0 (Windows NT 10.0; Win64; x64) AppleWebKit/537.36 (KHTML, like Gecko) Chrome/131.0.0.0 Safari/537.36"
118.127.40.73 - - [10/Apr/2026:17:45:45 +1000] "GET / HTTP/1.1" 500 212968 "-" "Python/3.11 aiohttp/3.9.2"
103.215.74.185 - - [10/Apr/2026:17:45:48 +1000] "GET / HTTP/1.1" 500 614328 "-" "Mozilla/5.0 (Windows NT 10.0; Win64; x64) AppleWebKit/537.36 (KHTML, like Gecko) Chrome/120.0.0.0 Safari/537.36"
118.127.40.73 - - [10/Apr/2026:18:15:44 +1000] "GET / HTTP/1.1" 500 172016 "-" "Python/3.11 aiohttp/3.9.2"
118.127.40.73 - - [10/Apr/2026:18:45:44 +1000] "GET / HTTP/1.1" 500 212968 "-" "Python/3.11 aiohttp/3.9.2"
118.127.40.73 - - [10/Apr/2026:19:15:45 +1000] "GET / HTTP/1.1" 500 303072 "-" "Python/3.11 aiohttp/3.9.2"
118.127.40.73 - - [10/Apr/2026:19:45:46 +1000] "GET / HTTP/1.1" 500 147440 "-" "Python/3.11 aiohttp/3.9.2"
118.127.40.73 - - [10/Apr/2026:20:15:45 +1000] "GET / HTTP/1.1" 500 229352 "-" "Python/3.11 aiohttp/3.9.2"
118.127.40.73 - - [10/Apr/2026:20:45:44 +1000] "GET / HTTP/1.1" 500 204776 "-" "Python/3.11 aiohttp/3.9.2"
118.127.40.73 - - [10/Apr/2026:21:15:45 +1000] "GET / HTTP/1.1" 500 335832 "-" "Python/3.11 aiohttp/3.9.2"
118.127.40.73 - - [10/Apr/2026:21:45:45 +1000] "GET / HTTP/1.1" 500 204776 "-" "Python/3.11 aiohttp/3.9.2"
118.127.40.73 - - [10/Apr/2026:22:15:46 +1000] "GET / HTTP/1.1" 500 303072 "-" "Python/3.11 aiohttp/3.9.2"
118.127.40.73 - - [10/Apr/2026:22:45:47 +1000] "GET / HTTP/1.1" 500 270304 "-" "Python/3.11 aiohttp/3.9.2"
118.127.40.73 - - [10/Apr/2026:23:15:46 +1000] "GET / HTTP/1.1" 500 147440 "-" "Python/3.11 aiohttp/3.9.2"
34.244.209.195 - - [10/Apr/2026:23:28:26 +1000] "GET / HTTP/1.0" 500 204776 "-" "Mozilla/5.0 (compatible; NetcraftSurveyAgent/1.0; +info@netcraft.com)"
18.195.155.157 - - [10/Apr/2026:23:42:16 +1000] "GET / HTTP/1.1" 500 1047123 "-" "Mozilla/5.0 (Macintosh; Intel Mac OS X 10_15_7) AppleWebKit/537.36 (KHTML, like Gecko) Chrome/105.0.0.0 Safari/537.36"
118.127.40.73 - - [10/Apr/2026:23:45:46 +1000] "GET / HTTP/1.1" 500 335832 "-" "Python/3.11 aiohttp/3.9.2"
118.127.40.73 - - [11/Apr/2026:00:15:47 +1000] "GET / HTTP/1.1" 500 221160 "-" "Python/3.11 aiohttp/3.9.2"
118.127.40.73 - - [11/Apr/2026:00:45:47 +1000] "GET / HTTP/1.1" 500 81912 "-" "Python/3.11 aiohttp/3.9.2"
118.127.40.73 - - [11/Apr/2026:01:15:47 +1000] "GET / HTTP/1.1" 500 81912 "-" "Python/3.11 aiohttp/3.9.2"
118.127.40.73 - - [11/Apr/2026:01:45:47 +1000] "GET / HTTP/1.1" 500 212968 "-" "Python/3.11 aiohttp/3.9.2"
118.127.40.73 - - [11/Apr/2026:02:15:47 +1000] "GET / HTTP/1.1" 500 249512 "-" "Python/3.11 aiohttp/3.9.2"
118.127.40.73 - - [11/Apr/2026:02:45:47 +1000] "GET / HTTP/1.1" 500 172016 "-" "Python/3.11 aiohttp/3.9.2"
118.127.40.73 - - [11/Apr/2026:03:15:47 +1000] "GET / HTTP/1.1" 500 311264 "-" "Python/3.11 aiohttp/3.9.2"
118.127.40.73 - - [11/Apr/2026:03:45:48 +1000] "GET / HTTP/1.1" 500 241320 "-" "Python/3.11 aiohttp/3.9.2"
118.127.40.73 - - [11/Apr/2026:04:15:48 +1000] "GET / HTTP/1.1" 500 172016 "-" "Python/3.11 aiohttp/3.9.2"
118.127.40.73 - - [11/Apr/2026:04:45:48 +1000] "GET / HTTP/1.1" 500 442320 "-" "Python/3.11 aiohttp/3.9.2"
118.127.40.73 - - [11/Apr/2026:05:15:49 +1000] "GET / HTTP/1.1" 500 40960 "-" "Python/3.11 aiohttp/3.9.2"
118.127.40.73 - - [11/Apr/2026:05:45:52 +1000] "GET / HTTP/1.1" 500 671664 "-" "Python/3.11 aiohttp/3.9.2"
118.127.40.73 - - [11/Apr/2026:06:16:02 +1000] "GET / HTTP/1.1" 500 147440 "-" "Python/3.11 aiohttp/3.9.2"
118.127.40.73 - - [11/Apr/2026:06:45:49 +1000] "GET / HTTP/1.1" 500 319456 "-" "Python/3.11 aiohttp/3.9.2"
118.127.40.73 - - [11/Apr/2026:07:15:49 +1000] "GET / HTTP/1.1" 500 172016 "-" "Python/3.11 aiohttp/3.9.2"
118.127.40.73 - - [11/Apr/2026:07:45:50 +1000] "GET / HTTP/1.1" 500 241320 "-" "Python/3.11 aiohttp/3.9.2"
118.127.40.73 - - [11/Apr/2026:08:15:50 +1000] "GET / HTTP/1.1" 500 241320 "-" "Python/3.11 aiohttp/3.9.2"
118.127.40.73 - - [11/Apr/2026:08:45:51 +1000] "GET / HTTP/1.1" 500 311264 "-" "Python/3.11 aiohttp/3.9.2"
118.127.40.73 - - [11/Apr/2026:09:15:50 +1000] "GET / HTTP/1.1" 500 241320 "-" "Python/3.11 aiohttp/3.9.2"
118.127.40.73 - - [11/Apr/2026:09:45:52 +1000] "GET / HTTP/1.1" 500 172016 "-" "Python/3.11 aiohttp/3.9.2"
118.127.40.73 - - [11/Apr/2026:10:15:52 +1000] "GET / HTTP/1.1" 500 147440 "-" "Python/3.11 aiohttp/3.9.2"
118.127.40.73 - - [11/Apr/2026:10:45:51 +1000] "GET / HTTP/1.1" 500 204776 "-" "Python/3.11 aiohttp/3.9.2"
118.127.40.73 - - [11/Apr/2026:11:15:52 +1000] "GET / HTTP/1.1" 500 57344 "-" "Python/3.11 aiohttp/3.9.2"
118.127.40.73 - - [11/Apr/2026:11:45:53 +1000] "GET / HTTP/1.1" 500 437904 "-" "Python/3.11 aiohttp/3.9.2"
118.127.40.73 - - [11/Apr/2026:12:15:51 +1000] "GET / HTTP/1.1" 500 270304 "-" "Python/3.11 aiohttp/3.9.2"
118.127.40.73 - - [11/Apr/2026:12:45:52 +1000] "GET / HTTP/1.1" 500 278496 "-" "Python/3.11 aiohttp/3.9.2"
118.127.40.73 - - [11/Apr/2026:13:15:52 +1000] "GET / HTTP/1.1" 500 40960 "-" "Python/3.11 aiohttp/3.9.2"
118.127.40.73 - - [11/Apr/2026:13:45:52 +1000] "GET / HTTP/1.1" 500 204776 "-" "Python/3.11 aiohttp/3.9.2"
118.127.40.73 - - [11/Apr/2026:14:15:52 +1000] "GET / HTTP/1.1" 500 163824 "-" "Python/3.11 aiohttp/3.9.2"
118.127.40.73 - - [11/Apr/2026:14:45:53 +1000] "GET / HTTP/1.1" 500 188400 "-" "Python/3.11 aiohttp/3.9.2"
118.127.40.73 - - [11/Apr/2026:15:15:52 +1000] "GET / HTTP/1.1" 500 241320 "-" "Python/3.11 aiohttp/3.9.2"
74.7.230.27 - - [11/Apr/2026:15:30:06 +1000] "GET /robots.txt HTTP/1.1" 200 24 "-" "Mozilla/5.0 (Macintosh; Intel Mac OS X 10_15_7) AppleWebKit/537.36 (KHTML, like Gecko) Chrome/131.0.0.0 Safari/537.36; compatible; OAI-SearchBot/1.3; robots.txt; +https://openai.com/searchbot"
118.127.40.73 - - [11/Apr/2026:15:45:53 +1000] "GET / HTTP/1.1" 500 868248 "-" "Python/3.11 aiohttp/3.9.2"
118.127.40.73 - - [11/Apr/2026:16:15:53 +1000] "GET / HTTP/1.1" 500 466888 "-" "Python/3.11 aiohttp/3.9.2"
118.127.40.73 - - [11/Apr/2026:16:45:53 +1000] "GET / HTTP/1.1" 500 241320 "-" "Python/3.11 aiohttp/3.9.2"
118.127.40.73 - - [11/Apr/2026:17:15:53 +1000] "GET / HTTP/1.1" 500 32768 "-" "Python/3.11 aiohttp/3.9.2"
118.127.40.73 - - [11/Apr/2026:17:45:54 +1000] "GET / HTTP/1.1" 500 32768 "-" "Python/3.11 aiohttp/3.9.2"
118.127.40.73 - - [11/Apr/2026:18:15:54 +1000] "GET / HTTP/1.1" 500 241320 "-" "Python/3.11 aiohttp/3.9.2"
118.127.40.73 - - [11/Apr/2026:18:45:54 +1000] "GET / HTTP/1.1" 500 376792 "-" "Python/3.11 aiohttp/3.9.2"
74.7.244.5 - - [11/Apr/2026:19:04:49 +1000] "GET /robots.txt HTTP/1.1" 200 24 "-" "Mozilla/5.0 (Macintosh; Intel Mac OS X 10_15_7) AppleWebKit/537.36 (KHTML, like Gecko) Chrome/131.0.0.0 Safari/537.36; compatible; OAI-SearchBot/1.3; robots.txt; +https://openai.com/searchbot"
118.127.40.73 - - [11/Apr/2026:19:15:54 +1000] "GET / HTTP/1.1" 500 163824 "-" "Python/3.11 aiohttp/3.9.2"
118.127.40.73 - - [11/Apr/2026:19:45:56 +1000] "GET / HTTP/1.1" 500 98296 "-" "Python/3.11 aiohttp/3.9.2"
118.127.40.73 - - [11/Apr/2026:20:15:55 +1000] "GET / HTTP/1.1" 500 344024 "-" "Python/3.11 aiohttp/3.9.2"
118.127.40.73 - - [11/Apr/2026:20:45:55 +1000] "GET / HTTP/1.1" 500 384984 "-" "Python/3.11 aiohttp/3.9.2"
118.127.40.73 - - [11/Apr/2026:21:15:54 +1000] "GET / HTTP/1.1" 500 257704 "-" "Python/3.11 aiohttp/3.9.2"
118.127.40.73 - - [11/Apr/2026:21:45:55 +1000] "GET / HTTP/1.1" 500 241320 "-" "Python/3.11 aiohttp/3.9.2"
118.127.40.73 - - [11/Apr/2026:22:15:55 +1000] "GET / HTTP/1.1" 500 241320 "-" "Python/3.11 aiohttp/3.9.2"
118.127.40.73 - - [11/Apr/2026:22:45:58 +1000] "GET / HTTP/1.1" 500 49152 "-" "Python/3.11 aiohttp/3.9.2"
118.127.40.73 - - [11/Apr/2026:23:15:56 +1000] "GET / HTTP/1.1" 500 172016 "-" "Python/3.11 aiohttp/3.9.2"
118.127.40.73 - - [11/Apr/2026:23:45:56 +1000] "GET / HTTP/1.1" 500 257704 "-" "Python/3.11 aiohttp/3.9.2"
118.127.40.73 - - [12/Apr/2026:00:15:56 +1000] "GET / HTTP/1.1" 500 81912 "-" "Python/3.11 aiohttp/3.9.2"
118.127.40.73 - - [12/Apr/2026:00:45:56 +1000] "GET / HTTP/1.1" 500 466888 "-" "Python/3.11 aiohttp/3.9.2"
118.127.40.73 - - [12/Apr/2026:01:15:57 +1000] "GET / HTTP/1.1" 500 241320 "-" "Python/3.11 aiohttp/3.9.2"
158.94.209.109 - - [12/Apr/2026:01:43:36 +1000] "GET /.git/HEAD HTTP/1.1" 500 155632 "-" "Mozilla/5.0 (Windows NT 10.0; Win64; x64) AppleWebKit/537.36"
158.94.209.109 - - [12/Apr/2026:01:43:37 +1000] "GET /.git/config HTTP/1.1" 500 114680 "-" "Mozilla/5.0 (Windows NT 10.0; Win64; x64) AppleWebKit/537.36"
118.127.40.73 - - [12/Apr/2026:01:45:57 +1000] "GET / HTTP/1.1" 500 278496 "-" "Python/3.11 aiohttp/3.9.2"
118.127.40.73 - - [12/Apr/2026:02:15:57 +1000] "GET / HTTP/1.1" 500 212968 "-" "Python/3.11 aiohttp/3.9.2"
118.127.40.73 - - [12/Apr/2026:02:45:57 +1000] "GET / HTTP/1.1" 500 344024 "-" "Python/3.11 aiohttp/3.9.2"
118.127.40.73 - - [12/Apr/2026:03:15:58 +1000] "GET / HTTP/1.1" 500 49152 "-" "Python/3.11 aiohttp/3.9.2"
118.127.40.73 - - [12/Apr/2026:03:46:00 +1000] "GET / HTTP/1.1" 500 147440 "-" "Python/3.11 aiohttp/3.9.2"
118.127.40.73 - - [12/Apr/2026:04:15:58 +1000] "GET / HTTP/1.1" 500 172016 "-" "Python/3.11 aiohttp/3.9.2"
118.127.40.73 - - [12/Apr/2026:04:45:59 +1000] "GET / HTTP/1.1" 500 40960 "-" "Python/3.11 aiohttp/3.9.2"
118.127.40.73 - - [12/Apr/2026:05:16:00 +1000] "GET / HTTP/1.1" 500 163824 "-" "Python/3.11 aiohttp/3.9.2"
118.127.40.73 - - [12/Apr/2026:05:46:00 +1000] "GET / HTTP/1.1" 500 344024 "-" "Python/3.11 aiohttp/3.9.2"
118.127.40.73 - - [12/Apr/2026:06:16:00 +1000] "GET / HTTP/1.1" 500 241320 "-" "Python/3.11 aiohttp/3.9.2"
118.127.40.73 - - [12/Apr/2026:06:46:01 +1000] "GET / HTTP/1.1" 500 40960 "-" "Python/3.11 aiohttp/3.9.2"
118.127.40.73 - - [12/Apr/2026:07:16:00 +1000] "GET / HTTP/1.1" 500 241320 "-" "Python/3.11 aiohttp/3.9.2"
118.127.40.73 - - [12/Apr/2026:07:46:07 +1000] "GET / HTTP/1.1" 500 241320 "-" "Python/3.11 aiohttp/3.9.2"
118.127.40.73 - - [12/Apr/2026:08:16:04 +1000] "GET / HTTP/1.1" 500 40960 "-" "Python/3.11 aiohttp/3.9.2"
118.127.40.73 - - [12/Apr/2026:08:46:02 +1000] "GET / HTTP/1.1" 500 32768 "-" "Python/3.11 aiohttp/3.9.2"
118.127.40.73 - - [12/Apr/2026:09:16:01 +1000] "GET / HTTP/1.1" 500 241320 "-" "Python/3.11 aiohttp/3.9.2"
118.127.40.73 - - [12/Apr/2026:09:46:02 +1000] "GET / HTTP/1.1" 500 352216 "-" "Python/3.11 aiohttp/3.9.2"
118.127.40.73 - - [12/Apr/2026:10:16:05 +1000] "GET / HTTP/1.1" 500 241320 "-" "Python/3.11 aiohttp/3.9.2"
118.127.40.73 - - [12/Apr/2026:10:46:01 +1000] "GET / HTTP/1.1" 500 32768 "-" "Python/3.11 aiohttp/3.9.2"
118.127.40.73 - - [12/Apr/2026:11:16:01 +1000] "GET / HTTP/1.1" 500 278496 "-" "Python/3.11 aiohttp/3.9.2"
118.127.40.73 - - [12/Apr/2026:11:46:02 +1000] "GET / HTTP/1.1" 500 212968 "-" "Python/3.11 aiohttp/3.9.2"
118.127.40.73 - - [12/Apr/2026:12:16:02 +1000] "GET / HTTP/1.1" 500 237544 "-" "Python/3.11 aiohttp/3.9.2"
118.127.40.73 - - [12/Apr/2026:12:46:05 +1000] "GET / HTTP/1.1" 500 241320 "-" "Python/3.11 aiohttp/3.9.2"
118.127.40.73 - - [12/Apr/2026:13:16:02 +1000] "GET / HTTP/1.1" 500 40960 "-" "Python/3.11 aiohttp/3.9.2"
118.127.40.73 - - [12/Apr/2026:13:46:02 +1000] "GET / HTTP/1.1" 500 270304 "-" "Python/3.11 aiohttp/3.9.2"
118.127.40.73 - - [12/Apr/2026:14:16:02 +1000] "GET / HTTP/1.1" 500 241320 "-" "Python/3.11 aiohttp/3.9.2"
118.127.40.73 - - [12/Apr/2026:14:46:02 +1000] "GET / HTTP/1.1" 500 147440 "-" "Python/3.11 aiohttp/3.9.2"
118.127.40.73 - - [12/Apr/2026:15:16:03 +1000] "GET / HTTP/1.1" 500 163824 "-" "Python/3.11 aiohttp/3.9.2"
93.123.109.79 - - [12/Apr/2026:15:44:21 +1000] "GET /.git/config HTTP/1.1" 500 204776 "-" "Mozilla/5.0 (Windows NT 10.0; Win64; x64) AppleWebKit/537.36 (KHTML, like Gecko) Chrome/126.0.0.0 Safari/537.36"
118.127.40.73 - - [12/Apr/2026:15:46:03 +1000] "GET / HTTP/1.1" 500 270304 "-" "Python/3.11 aiohttp/3.9.2"
118.127.40.73 - - [12/Apr/2026:16:16:03 +1000] "GET / HTTP/1.1" 500 241320 "-" "Python/3.11 aiohttp/3.9.2"
118.127.40.73 - - [12/Apr/2026:16:46:03 +1000] "GET / HTTP/1.1" 500 204776 "-" "Python/3.11 aiohttp/3.9.2"
118.127.40.73 - - [12/Apr/2026:17:16:03 +1000] "GET / HTTP/1.1" 500 147440 "-" "Python/3.11 aiohttp/3.9.2"
118.127.40.73 - - [12/Apr/2026:17:46:04 +1000] "GET / HTTP/1.1" 500 204776 "-" "Python/3.11 aiohttp/3.9.2"
118.127.40.73 - - [12/Apr/2026:18:16:04 +1000] "GET / HTTP/1.1" 500 147440 "-" "Python/3.11 aiohttp/3.9.2"
118.127.40.73 - - [12/Apr/2026:18:46:05 +1000] "GET / HTTP/1.1" 500 204776 "-" "Python/3.11 aiohttp/3.9.2"
118.127.40.73 - - [12/Apr/2026:19:16:04 +1000] "GET / HTTP/1.1" 500 311264 "-" "Python/3.11 aiohttp/3.9.2"
118.127.40.73 - - [12/Apr/2026:19:46:05 +1000] "GET / HTTP/1.1" 500 270304 "-" "Python/3.11 aiohttp/3.9.2"
118.127.40.73 - - [12/Apr/2026:20:16:04 +1000] "GET / HTTP/1.1" 500 241320 "-" "Python/3.11 aiohttp/3.9.2"
118.127.40.73 - - [12/Apr/2026:20:46:06 +1000] "GET / HTTP/1.1" 500 241320 "-" "Python/3.11 aiohttp/3.9.2"
118.127.40.73 - - [12/Apr/2026:21:16:05 +1000] "GET / HTTP/1.1" 500 229352 "-" "Python/3.11 aiohttp/3.9.2"
74.7.230.27 - - [12/Apr/2026:21:19:21 +1000] "GET /robots.txt HTTP/1.1" 200 24 "-" "Mozilla/5.0 (Macintosh; Intel Mac OS X 10_15_7) AppleWebKit/537.36 (KHTML, like Gecko) Chrome/131.0.0.0 Safari/537.36; compatible; OAI-SearchBot/1.3; robots.txt; +https://openai.com/searchbot"
118.127.40.73 - - [12/Apr/2026:21:46:06 +1000] "GET / HTTP/1.1" 500 147440 "-" "Python/3.11 aiohttp/3.9.2"
74.7.244.5 - - [12/Apr/2026:22:00:01 +1000] "GET /robots.txt HTTP/1.1" 200 24 "-" "Mozilla/5.0 (Macintosh; Intel Mac OS X 10_15_7) AppleWebKit/537.36 (KHTML, like Gecko) Chrome/131.0.0.0 Safari/537.36; compatible; OAI-SearchBot/1.3; robots.txt; +https://openai.com/searchbot"
118.127.40.73 - - [12/Apr/2026:22:16:06 +1000] "GET / HTTP/1.1" 500 270304 "-" "Python/3.11 aiohttp/3.9.2"
66.132.186.182 - - [12/Apr/2026:22:20:53 +1000] "GET / HTTP/1.1" 500 466888 "-" "Mozilla/5.0 (compatible; CensysInspect/1.1; +https://about.censys.io/)"
66.132.186.182 - - [12/Apr/2026:22:21:19 +1000] "GET / HTTP/1.1" 421 362 "-" "Mozilla/5.0 (compatible; CensysInspect/1.1; +https://about.censys.io/)"
118.127.40.73 - - [12/Apr/2026:22:46:06 +1000] "GET / HTTP/1.1" 500 73720 "-" "Python/3.11 aiohttp/3.9.2"
118.127.40.73 - - [12/Apr/2026:23:16:08 +1000] "GET / HTTP/1.1" 500 147440 "-" "Python/3.11 aiohttp/3.9.2"
118.127.40.73 - - [12/Apr/2026:23:46:06 +1000] "GET / HTTP/1.1" 500 257704 "-" "Python/3.11 aiohttp/3.9.2"
118.127.40.73 - - [13/Apr/2026:00:16:07 +1000] "GET / HTTP/1.1" 500 172016 "-" "Python/3.11 aiohttp/3.9.2"
118.127.40.73 - - [13/Apr/2026:00:46:09 +1000] "GET / HTTP/1.1" 500 241320 "-" "Python/3.11 aiohttp/3.9.2"
118.127.40.73 - - [13/Apr/2026:01:16:07 +1000] "GET / HTTP/1.1" 500 163824 "-" "Python/3.11 aiohttp/3.9.2"
118.127.40.73 - - [13/Apr/2026:01:46:07 +1000] "GET / HTTP/1.1" 500 286688 "-" "Python/3.11 aiohttp/3.9.2"
118.127.40.73 - - [13/Apr/2026:02:16:08 +1000] "GET / HTTP/1.1" 500 270304 "-" "Python/3.11 aiohttp/3.9.2"
118.127.40.73 - - [13/Apr/2026:02:46:07 +1000] "GET / HTTP/1.1" 500 241320 "-" "Python/3.11 aiohttp/3.9.2"
118.127.40.73 - - [13/Apr/2026:03:16:08 +1000] "GET / HTTP/1.1" 500 172016 "-" "Python/3.11 aiohttp/3.9.2"
74.7.230.27 - - [13/Apr/2026:03:26:47 +1000] "GET /robots.txt HTTP/1.1" 200 24 "-" "Mozilla/5.0 (Macintosh; Intel Mac OS X 10_15_7) AppleWebKit/537.36 (KHTML, like Gecko) Chrome/131.0.0.0 Safari/537.36; compatible; OAI-SearchBot/1.3; robots.txt; +https://openai.com/searchbot"
204.76.203.25 - - [13/Apr/2026:03:29:19 +1000] "GET /.env HTTP/1.1" 500 237544 "-" "Mozilla/5.0 (Windows NT 10.0; Win64; x64) AppleWebKit/537.36 (KHTML, like Gecko) Chrome/134.0.0.0 Safari/537.3"
118.127.40.73 - - [13/Apr/2026:03:46:13 +1000] "GET / HTTP/1.1" 500 204776 "-" "Python/3.11 aiohttp/3.9.2"
118.127.40.73 - - [13/Apr/2026:04:16:10 +1000] "GET / HTTP/1.1" 500 81912 "-" "Python/3.11 aiohttp/3.9.2"
74.7.244.5 - - [13/Apr/2026:04:22:18 +1000] "GET /robots.txt HTTP/1.1" 200 24 "-" "Mozilla/5.0 (Macintosh; Intel Mac OS X 10_15_7) AppleWebKit/537.36 (KHTML, like Gecko) Chrome/131.0.0.0 Safari/537.36; compatible; OAI-SearchBot/1.3; robots.txt; +https://openai.com/searchbot"
118.127.40.73 - - [13/Apr/2026:04:46:10 +1000] "GET / HTTP/1.1" 500 147440 "-" "Python/3.11 aiohttp/3.9.2"
118.127.40.73 - - [13/Apr/2026:05:16:09 +1000] "GET / HTTP/1.1" 500 241320 "-" "Python/3.11 aiohttp/3.9.2"
118.127.40.73 - - [13/Apr/2026:05:46:09 +1000] "GET / HTTP/1.1" 500 270304 "-" "Python/3.11 aiohttp/3.9.2"
118.127.40.73 - - [13/Apr/2026:06:16:09 +1000] "GET / HTTP/1.1" 500 270304 "-" "Python/3.11 aiohttp/3.9.2"
118.127.40.73 - - [13/Apr/2026:06:46:11 +1000] "GET / HTTP/1.1" 500 40960 "-" "Python/3.11 aiohttp/3.9.2"
118.127.40.73 - - [13/Apr/2026:07:16:09 +1000] "GET / HTTP/1.1" 500 212968 "-" "Python/3.11 aiohttp/3.9.2"
74.7.243.215 - - [13/Apr/2026:07:23:44 +1000] "GET / HTTP/1.1" 500 188400 "-" "Mozilla/5.0 AppleWebKit/537.36 (KHTML, like Gecko; compatible; GPTBot/1.3; +https://openai.com/gptbot)"
74.7.242.63 - - [13/Apr/2026:07:24:31 +1000] "GET / HTTP/1.1" 500 155632 "-" "Mozilla/5.0 AppleWebKit/537.36 (KHTML, like Gecko; compatible; GPTBot/1.3; +https://openai.com/gptbot)"
118.127.40.73 - - [13/Apr/2026:07:46:09 +1000] "GET / HTTP/1.1" 500 241320 "-" "Python/3.11 aiohttp/3.9.2"
118.127.40.73 - - [13/Apr/2026:08:16:15 +1000] "GET / HTTP/1.1" 500 241320 "-" "Python/3.11 aiohttp/3.9.2"
118.127.40.73 - - [13/Apr/2026:08:46:11 +1000] "GET / HTTP/1.1" 500 212968 "-" "Python/3.11 aiohttp/3.9.2"
118.127.40.73 - - [13/Apr/2026:09:16:11 +1000] "GET / HTTP/1.1" 500 294880 "-" "Python/3.11 aiohttp/3.9.2"
118.127.40.73 - - [13/Apr/2026:09:46:11 +1000] "GET / HTTP/1.1" 500 163824 "-" "Python/3.11 aiohttp/3.9.2"
118.127.40.73 - - [13/Apr/2026:10:16:11 +1000] "GET / HTTP/1.1" 500 229352 "-" "Python/3.11 aiohttp/3.9.2"
118.127.40.73 - - [13/Apr/2026:10:46:14 +1000] "GET / HTTP/1.1" 500 257704 "-" "Python/3.11 aiohttp/3.9.2"
118.127.40.73 - - [13/Apr/2026:11:16:12 +1000] "GET / HTTP/1.1" 500 241320 "-" "Python/3.11 aiohttp/3.9.2"
118.127.40.73 - - [13/Apr/2026:11:46:12 +1000] "GET / HTTP/1.1" 500 172016 "-" "Python/3.11 aiohttp/3.9.2"
118.127.40.73 - - [13/Apr/2026:12:16:12 +1000] "GET / HTTP/1.1" 500 335832 "-" "Python/3.11 aiohttp/3.9.2"
118.127.40.73 - - [13/Apr/2026:12:46:12 +1000] "GET / HTTP/1.1" 500 163824 "-" "Python/3.11 aiohttp/3.9.2"
118.127.40.73 - - [13/Apr/2026:13:16:13 +1000] "GET / HTTP/1.1" 500 212968 "-" "Python/3.11 aiohttp/3.9.2"
118.127.40.73 - - [13/Apr/2026:13:46:13 +1000] "GET / HTTP/1.1" 500 172016 "-" "Python/3.11 aiohttp/3.9.2"
118.127.40.73 - - [13/Apr/2026:14:16:14 +1000] "GET / HTTP/1.1" 500 147440 "-" "Python/3.11 aiohttp/3.9.2"
118.127.40.73 - - [13/Apr/2026:14:46:13 +1000] "GET / HTTP/1.1" 500 172016 "-" "Python/3.11 aiohttp/3.9.2"
118.127.40.73 - - [13/Apr/2026:15:16:14 +1000] "GET / HTTP/1.1" 500 147440 "-" "Python/3.11 aiohttp/3.9.2"
118.127.40.73 - - [13/Apr/2026:15:46:15 +1000] "GET / HTTP/1.1" 500 278496 "-" "Python/3.11 aiohttp/3.9.2"
118.127.40.73 - - [13/Apr/2026:16:16:14 +1000] "GET / HTTP/1.1" 500 147440 "-" "Python/3.11 aiohttp/3.9.2"
118.127.40.73 - - [13/Apr/2026:16:46:14 +1000] "GET / HTTP/1.1" 500 172016 "-" "Python/3.11 aiohttp/3.9.2"
118.127.40.73 - - [13/Apr/2026:17:16:14 +1000] "GET / HTTP/1.1" 500 32768 "-" "Python/3.11 aiohttp/3.9.2"
118.127.40.73 - - [13/Apr/2026:17:46:15 +1000] "GET / HTTP/1.1" 500 172016 "-" "Python/3.11 aiohttp/3.9.2"
118.127.40.73 - - [13/Apr/2026:18:16:15 +1000] "GET / HTTP/1.1" 500 241320 "-" "Python/3.11 aiohttp/3.9.2"
118.127.40.73 - - [13/Apr/2026:18:46:15 +1000] "GET / HTTP/1.1" 500 32768 "-" "Python/3.11 aiohttp/3.9.2"
87.236.176.80 - - [13/Apr/2026:19:03:13 +1000] "GET / HTTP/1.1" 500 1047005 "-" "Mozilla/5.0 (compatible; InternetMeasurement/1.0; +https://internet-measurement.com/)"
118.127.40.73 - - [13/Apr/2026:19:16:15 +1000] "GET / HTTP/1.1" 500 270304 "-" "Python/3.11 aiohttp/3.9.2"
118.127.40.73 - - [13/Apr/2026:19:46:16 +1000] "GET / HTTP/1.1" 500 212968 "-" "Python/3.11 aiohttp/3.9.2"
118.127.40.73 - - [13/Apr/2026:20:16:16 +1000] "GET / HTTP/1.1" 500 172016 "-" "Python/3.11 aiohttp/3.9.2"
118.127.40.73 - - [13/Apr/2026:20:46:16 +1000] "GET / HTTP/1.1" 500 286688 "-" "Python/3.11 aiohttp/3.9.2"
118.127.40.73 - - [13/Apr/2026:21:16:16 +1000] "GET / HTTP/1.1" 500 32768 "-" "Python/3.11 aiohttp/3.9.2"
118.127.40.73 - - [13/Apr/2026:21:46:16 +1000] "GET / HTTP/1.1" 500 172016 "-" "Python/3.11 aiohttp/3.9.2"
34.34.72.221 - - [13/Apr/2026:22:00:01 +1000] "GET / HTTP/1.1" 500 1046921 "-" "Scrapy/2.13.4 (+https://scrapy.org)"
118.127.40.73 - - [13/Apr/2026:22:16:17 +1000] "GET / HTTP/1.1" 500 212968 "-" "Python/3.11 aiohttp/3.9.2"
118.127.40.73 - - [13/Apr/2026:22:46:17 +1000] "GET / HTTP/1.1" 500 212968 "-" "Python/3.11 aiohttp/3.9.2"
118.127.40.73 - - [13/Apr/2026:23:16:17 +1000] "GET / HTTP/1.1" 500 172016 "-" "Python/3.11 aiohttp/3.9.2"
118.127.40.73 - - [13/Apr/2026:23:46:17 +1000] "GET / HTTP/1.1" 500 204776 "-" "Python/3.11 aiohttp/3.9.2"
118.127.40.73 - - [14/Apr/2026:00:16:22 +1000] "GET / HTTP/1.1" 500 294880 "-" "Python/3.11 aiohttp/3.9.2"
118.127.40.73 - - [14/Apr/2026:00:46:18 +1000] "GET / HTTP/1.1" 500 147440 "-" "Python/3.11 aiohttp/3.9.2"
118.127.40.73 - - [14/Apr/2026:01:16:19 +1000] "GET / HTTP/1.1" 500 163824 "-" "Python/3.11 aiohttp/3.9.2"
118.127.40.73 - - [14/Apr/2026:01:46:20 +1000] "GET / HTTP/1.1" 500 81912 "-" "Python/3.11 aiohttp/3.9.2"
118.127.40.73 - - [14/Apr/2026:02:16:20 +1000] "GET / HTTP/1.1" 500 294880 "-" "Python/3.11 aiohttp/3.9.2"
118.127.40.73 - - [14/Apr/2026:02:46:20 +1000] "GET / HTTP/1.1" 500 172016 "-" "Python/3.11 aiohttp/3.9.2"
44.197.109.186 - - [14/Apr/2026:02:54:49 +1000] "GET / HTTP/1.1" 500 245736 "-" "Mozilla/5.0 (Windows NT 10.0; Win64; x64) AppleWebKit/537.36 (KHTML, like Gecko) Chrome/140.0.0.0 Safari/537.36"
118.127.40.73 - - [14/Apr/2026:03:16:21 +1000] "GET / HTTP/1.1" 500 114680 "-" "Python/3.11 aiohttp/3.9.2"
118.127.40.73 - - [14/Apr/2026:03:46:19 +1000] "GET / HTTP/1.1" 500 172016 "-" "Python/3.11 aiohttp/3.9.2"
118.127.40.73 - - [14/Apr/2026:04:16:19 +1000] "GET / HTTP/1.1" 500 188400 "-" "Python/3.11 aiohttp/3.9.2"
45.148.10.59 - - [14/Apr/2026:04:28:15 +1000] "GET /.env HTTP/1.1" 500 1047187 "-" "Mozilla/5.0 (Macintosh; Intel Mac OS X 10_15_7) AppleWebKit/605.1.15 (KHTML, like Gecko) Version/16.1 Mobile/15E148 Safari/604.1"
118.127.40.73 - - [14/Apr/2026:04:46:20 +1000] "GET / HTTP/1.1" 500 180208 "-" "Python/3.11 aiohttp/3.9.2"
118.127.40.73 - - [14/Apr/2026:05:16:20 +1000] "GET / HTTP/1.1" 500 212968 "-" "Python/3.11 aiohttp/3.9.2"
118.127.40.73 - - [14/Apr/2026:05:46:20 +1000] "GET / HTTP/1.1" 500 180208 "-" "Python/3.11 aiohttp/3.9.2"
118.127.40.73 - - [14/Apr/2026:06:16:19 +1000] "GET / HTTP/1.1" 500 278496 "-" "Python/3.11 aiohttp/3.9.2"
118.127.40.73 - - [14/Apr/2026:06:46:21 +1000] "GET / HTTP/1.1" 500 249512 "-" "Python/3.11 aiohttp/3.9.2"
118.127.40.73 - - [14/Apr/2026:07:16:21 +1000] "GET / HTTP/1.1" 500 278496 "-" "Python/3.11 aiohttp/3.9.2"
118.127.40.73 - - [14/Apr/2026:07:46:22 +1000] "GET / HTTP/1.1" 500 294880 "-" "Python/3.11 aiohttp/3.9.2"
118.127.40.73 - - [14/Apr/2026:08:16:20 +1000] "GET / HTTP/1.1" 500 172016 "-" "Python/3.11 aiohttp/3.9.2"
118.127.40.73 - - [14/Apr/2026:08:46:20 +1000] "GET / HTTP/1.1" 500 221160 "-" "Python/3.11 aiohttp/3.9.2"
118.127.40.73 - - [14/Apr/2026:09:16:20 +1000] "GET / HTTP/1.1" 500 212968 "-" "Python/3.11 aiohttp/3.9.2"
44.209.43.227 - - [14/Apr/2026:09:40:09 +1000] "GET / HTTP/1.1" 500 229352 "-" "Mozilla/5.0 (X11; Linux x86_64) AppleWebKit/537.36 (KHTML, like Gecko) Chrome/128.0.0.0 Safari/537.36"
118.127.40.73 - - [14/Apr/2026:09:46:21 +1000] "GET / HTTP/1.1" 500 241320 "-" "Python/3.11 aiohttp/3.9.2"
118.127.40.73 - - [14/Apr/2026:10:16:22 +1000] "GET / HTTP/1.1" 500 257704 "-" "Python/3.11 aiohttp/3.9.2"
65.87.7.61 - - [14/Apr/2026:10:28:53 +1000] "GET / HTTP/1.1" 500 221160 "-" "Mozilla/5.0 (Windows NT 10.0; Win64; x64; rv:125.0) Gecko/20100101 Firefox/125.0"
216.73.216.211 - - [14/Apr/2026:10:30:52 +1000] "GET /robots.txt HTTP/1.1" 200 24 "-" "Mozilla/5.0 AppleWebKit/537.36 (KHTML, like Gecko; compatible; ClaudeBot/1.0; +claudebot@anthropic.com)"
216.73.216.211 - - [14/Apr/2026:10:30:52 +1000] "GET /robots.txt HTTP/1.1" 200 24 "-" ""
216.73.216.211 - - [14/Apr/2026:10:30:52 +1000] "GET / HTTP/1.1" 500 270304 "-" "Mozilla/5.0 AppleWebKit/537.36 (KHTML, like Gecko; compatible; ClaudeBot/1.0; +claudebot@anthropic.com)"
118.127.40.73 - - [14/Apr/2026:10:46:22 +1000] "GET / HTTP/1.1" 500 204776 "-" "Python/3.11 aiohttp/3.9.2"
216.73.216.211 - - [14/Apr/2026:11:11:13 +1000] "GET /robots.txt HTTP/1.1" 200 24 "-" ""
118.127.40.73 - - [14/Apr/2026:11:16:22 +1000] "GET / HTTP/1.1" 500 212968 "-" "Python/3.11 aiohttp/3.9.2"
118.127.40.73 - - [14/Apr/2026:11:46:22 +1000] "GET / HTTP/1.1" 500 241320 "-" "Python/3.11 aiohttp/3.9.2"
118.127.40.73 - - [14/Apr/2026:12:16:22 +1000] "GET / HTTP/1.1" 500 172016 "-" "Python/3.11 aiohttp/3.9.2"
118.127.40.73 - - [14/Apr/2026:12:46:22 +1000] "GET / HTTP/1.1" 500 147440 "-" "Python/3.11 aiohttp/3.9.2"
118.127.40.73 - - [14/Apr/2026:13:16:22 +1000] "GET / HTTP/1.1" 500 221160 "-" "Python/3.11 aiohttp/3.9.2"
216.73.216.211 - - [14/Apr/2026:13:40:44 +1000] "GET /robots.txt HTTP/1.1" 200 24 "-" "Mozilla/5.0 AppleWebKit/537.36 (KHTML, like Gecko; compatible; ClaudeBot/1.0; +claudebot@anthropic.com)"
216.73.216.211 - - [14/Apr/2026:13:40:44 +1000] "GET /sitemap.xml HTTP/1.1" 500 270304 "-" "Mozilla/5.0 AppleWebKit/537.36 (KHTML, like Gecko; compatible; ClaudeBot/1.0; +claudebot@anthropic.com)"
118.127.40.73 - - [14/Apr/2026:13:46:23 +1000] "GET / HTTP/1.1" 500 212968 "-" "Python/3.11 aiohttp/3.9.2"
118.127.40.73 - - [14/Apr/2026:14:16:22 +1000] "GET / HTTP/1.1" 500 139248 "-" "Python/3.11 aiohttp/3.9.2"
