File: /home/posscale/access-logs/newsitenew.posscales.com.au-ssl_log
118.127.40.73 - - [31/Mar/2026:22:05:07 +1000] "GET / HTTP/1.1" 508 288 "-" "Python/3.11 aiohttp/3.9.2"
118.127.40.73 - - [31/Mar/2026:22:35:08 +1000] "GET / HTTP/1.1" 508 288 "-" "Python/3.11 aiohttp/3.9.2"
118.127.40.73 - - [31/Mar/2026:23:05:08 +1000] "GET / HTTP/1.1" 508 288 "-" "Python/3.11 aiohttp/3.9.2"
118.127.40.73 - - [01/Apr/2026:00:05:10 +1000] "GET / HTTP/1.1" 500 294880 "-" "Python/3.11 aiohttp/3.9.2"
118.127.40.73 - - [01/Apr/2026:00:35:09 +1000] "GET / HTTP/1.1" 500 49152 "-" "Python/3.11 aiohttp/3.9.2"
118.127.40.73 - - [01/Apr/2026:01:05:09 +1000] "GET / HTTP/1.1" 500 303072 "-" "Python/3.11 aiohttp/3.9.2"
118.127.40.73 - - [01/Apr/2026:01:35:10 +1000] "GET / HTTP/1.1" 500 311264 "-" "Python/3.11 aiohttp/3.9.2"
118.127.40.73 - - [01/Apr/2026:02:05:10 +1000] "GET / HTTP/1.1" 500 147440 "-" "Python/3.11 aiohttp/3.9.2"
118.127.40.73 - - [01/Apr/2026:02:35:11 +1000] "GET / HTTP/1.1" 500 401360 "-" "Python/3.11 aiohttp/3.9.2"
118.127.40.73 - - [01/Apr/2026:03:05:11 +1000] "GET / HTTP/1.1" 500 319456 "-" "Python/3.11 aiohttp/3.9.2"
34.90.235.227 - - [01/Apr/2026:03:28:09 +1000] "GET / HTTP/1.1" 500 1046945 "-" "Scrapy/2.13.4 (+https://scrapy.org)"
118.127.40.73 - - [01/Apr/2026:03:35:11 +1000] "GET / HTTP/1.1" 500 212968 "-" "Python/3.11 aiohttp/3.9.2"
118.127.40.73 - - [01/Apr/2026:04:05:13 +1000] "GET / HTTP/1.1" 500 172016 "-" "Python/3.11 aiohttp/3.9.2"
195.178.110.241 - - [01/Apr/2026:04:10:30 +1000] "GET /.git/config HTTP/1.1" 500 1047179 "-" "Mozilla/5.0 (Macintosh, Intel Mac OS X 10_15_7) AppleWebKit/605.1.15 (KHTML, like Gecko) Version/17.1.1 Safari/605.1.15"
118.127.40.73 - - [01/Apr/2026:04:35:11 +1000] "GET / HTTP/1.1" 500 172016 "-" "Python/3.11 aiohttp/3.9.2"
118.127.40.73 - - [01/Apr/2026:05:05:11 +1000] "GET / HTTP/1.1" 500 409552 "-" "Python/3.11 aiohttp/3.9.2"
118.127.40.73 - - [01/Apr/2026:05:35:12 +1000] "GET / HTTP/1.1" 500 278496 "-" "Python/3.11 aiohttp/3.9.2"
118.127.40.73 - - [01/Apr/2026:06:05:12 +1000] "GET / HTTP/1.1" 500 237544 "-" "Python/3.11 aiohttp/3.9.2"
118.127.40.73 - - [01/Apr/2026:06:35:11 +1000] "GET / HTTP/1.1" 500 335832 "-" "Python/3.11 aiohttp/3.9.2"
66.132.172.181 - - [01/Apr/2026:07:00:05 +1000] "GET / HTTP/1.1" 500 466888 "-" "Mozilla/5.0 (compatible; CensysInspect/1.1; +https://about.censys.io/)"
66.132.172.181 - - [01/Apr/2026:07:00:59 +1000] "GET / HTTP/1.1" 421 362 "-" "Mozilla/5.0 (compatible; CensysInspect/1.1; +https://about.censys.io/)"
118.127.40.73 - - [01/Apr/2026:07:05:11 +1000] "GET / HTTP/1.1" 500 311264 "-" "Python/3.11 aiohttp/3.9.2"
118.127.40.73 - - [01/Apr/2026:07:35:13 +1000] "GET / HTTP/1.1" 500 163824 "-" "Python/3.11 aiohttp/3.9.2"
74.7.175.165 - - [01/Apr/2026:07:49:40 +1000] "GET /robots.txt HTTP/1.1" 200 24 "-" "Mozilla/5.0 (Macintosh; Intel Mac OS X 10_15_7) AppleWebKit/537.36 (KHTML, like Gecko) Chrome/131.0.0.0 Safari/537.36; compatible; OAI-SearchBot/1.3; robots.txt; +https://openai.com/searchbot"
118.127.40.73 - - [01/Apr/2026:08:05:12 +1000] "GET / HTTP/1.1" 500 303072 "-" "Python/3.11 aiohttp/3.9.2"
118.127.40.73 - - [01/Apr/2026:08:35:15 +1000] "GET / HTTP/1.1" 500 172016 "-" "Python/3.11 aiohttp/3.9.2"
118.127.40.73 - - [01/Apr/2026:09:05:12 +1000] "GET / HTTP/1.1" 500 155632 "-" "Python/3.11 aiohttp/3.9.2"
118.127.40.73 - - [01/Apr/2026:09:35:15 +1000] "GET / HTTP/1.1" 500 147440 "-" "Python/3.11 aiohttp/3.9.2"
118.127.40.73 - - [01/Apr/2026:10:05:12 +1000] "GET / HTTP/1.1" 500 241320 "-" "Python/3.11 aiohttp/3.9.2"
118.127.40.73 - - [01/Apr/2026:10:35:12 +1000] "GET / HTTP/1.1" 500 147440 "-" "Python/3.11 aiohttp/3.9.2"
118.127.40.73 - - [01/Apr/2026:11:05:14 +1000] "GET / HTTP/1.1" 500 73720 "-" "Python/3.11 aiohttp/3.9.2"
118.127.40.73 - - [01/Apr/2026:11:35:14 +1000] "GET / HTTP/1.1" 500 147440 "-" "Python/3.11 aiohttp/3.9.2"
118.127.40.73 - - [01/Apr/2026:12:05:13 +1000] "GET / HTTP/1.1" 500 114680 "-" "Python/3.11 aiohttp/3.9.2"
118.127.40.73 - - [01/Apr/2026:12:35:17 +1000] "GET / HTTP/1.1" 500 270304 "-" "Python/3.11 aiohttp/3.9.2"
198.235.24.99 - - [01/Apr/2026:13:04:27 +1000] "GET / HTTP/1.1" 500 1047105 "-" "Hello from Palo Alto Networks, find out more about our scans in https://docs-cortex.paloaltonetworks.com/r/1/Cortex-Xpanse/Scanning-activity"
118.127.40.73 - - [01/Apr/2026:13:05:15 +1000] "GET / HTTP/1.1" 500 172016 "-" "Python/3.11 aiohttp/3.9.2"
118.127.40.73 - - [01/Apr/2026:13:35:17 +1000] "GET / HTTP/1.1" 500 188400 "-" "Python/3.11 aiohttp/3.9.2"
118.127.40.73 - - [01/Apr/2026:14:05:14 +1000] "GET / HTTP/1.1" 500 278496 "-" "Python/3.11 aiohttp/3.9.2"
118.127.40.73 - - [01/Apr/2026:14:35:16 +1000] "GET / HTTP/1.1" 500 114680 "-" "Python/3.11 aiohttp/3.9.2"
118.127.40.73 - - [01/Apr/2026:15:05:16 +1000] "GET / HTTP/1.1" 500 241320 "-" "Python/3.11 aiohttp/3.9.2"
118.127.40.73 - - [01/Apr/2026:15:35:15 +1000] "GET / HTTP/1.1" 500 249512 "-" "Python/3.11 aiohttp/3.9.2"
118.127.40.73 - - [01/Apr/2026:16:05:15 +1000] "GET / HTTP/1.1" 500 270304 "-" "Python/3.11 aiohttp/3.9.2"
118.127.40.73 - - [01/Apr/2026:16:35:17 +1000] "GET / HTTP/1.1" 500 257704 "-" "Python/3.11 aiohttp/3.9.2"
118.127.40.73 - - [01/Apr/2026:17:05:16 +1000] "GET / HTTP/1.1" 500 257704 "-" "Python/3.11 aiohttp/3.9.2"
118.127.40.73 - - [01/Apr/2026:17:35:16 +1000] "GET / HTTP/1.1" 500 241320 "-" "Python/3.11 aiohttp/3.9.2"
118.127.40.73 - - [01/Apr/2026:18:05:16 +1000] "GET / HTTP/1.1" 500 172016 "-" "Python/3.11 aiohttp/3.9.2"
118.127.40.73 - - [01/Apr/2026:18:35:18 +1000] "GET / HTTP/1.1" 500 172016 "-" "Python/3.11 aiohttp/3.9.2"
152.233.20.149 - - [01/Apr/2026:18:53:17 +1000] "GET / HTTP/1.1" 500 1047063 "-" "Mozilla/5.0 (Debian; Linux i686) AppleWebKit/537.36 (KHTML, like Gecko) Chrome/136.0.0.0 Safari/537.36"
118.127.40.73 - - [01/Apr/2026:19:05:19 +1000] "GET / HTTP/1.1" 500 172016 "-" "Python/3.11 aiohttp/3.9.2"
118.127.40.73 - - [01/Apr/2026:19:35:19 +1000] "GET / HTTP/1.1" 500 241320 "-" "Python/3.11 aiohttp/3.9.2"
118.127.40.73 - - [01/Apr/2026:20:05:24 +1000] "GET / HTTP/1.1" 500 319456 "-" "Python/3.11 aiohttp/3.9.2"
118.127.40.73 - - [01/Apr/2026:20:35:19 +1000] "GET / HTTP/1.1" 500 221160 "-" "Python/3.11 aiohttp/3.9.2"
118.127.40.73 - - [01/Apr/2026:21:05:17 +1000] "GET / HTTP/1.1" 500 257704 "-" "Python/3.11 aiohttp/3.9.2"
118.127.40.73 - - [01/Apr/2026:21:35:18 +1000] "GET / HTTP/1.1" 500 180208 "-" "Python/3.11 aiohttp/3.9.2"
118.127.40.73 - - [01/Apr/2026:22:05:18 +1000] "GET / HTTP/1.1" 500 241320 "-" "Python/3.11 aiohttp/3.9.2"
118.127.40.73 - - [01/Apr/2026:22:35:36 +1000] "GET / HTTP/1.1" 500 114680 "-" "Python/3.11 aiohttp/3.9.2"
74.7.244.54 - - [01/Apr/2026:22:39:49 +1000] "GET /robots.txt HTTP/1.1" 200 24 "-" "Mozilla/5.0 (Macintosh; Intel Mac OS X 10_15_7) AppleWebKit/537.36 (KHTML, like Gecko) Chrome/131.0.0.0 Safari/537.36; compatible; OAI-SearchBot/1.3; robots.txt; +https://openai.com/searchbot"
34.141.246.192 - - [01/Apr/2026:22:56:39 +1000] "GET /.git/config HTTP/1.1" 500 241320 "-" "-"
118.127.40.73 - - [01/Apr/2026:23:05:19 +1000] "GET / HTTP/1.1" 500 270304 "-" "Python/3.11 aiohttp/3.9.2"
118.127.40.73 - - [01/Apr/2026:23:35:19 +1000] "GET / HTTP/1.1" 500 172016 "-" "Python/3.11 aiohttp/3.9.2"
118.127.40.73 - - [02/Apr/2026:00:05:22 +1000] "GET / HTTP/1.1" 500 147440 "-" "Python/3.11 aiohttp/3.9.2"
118.127.40.73 - - [02/Apr/2026:00:35:21 +1000] "GET / HTTP/1.1" 500 286688 "-" "Python/3.11 aiohttp/3.9.2"
118.127.40.73 - - [02/Apr/2026:01:05:20 +1000] "GET / HTTP/1.1" 500 147440 "-" "Python/3.11 aiohttp/3.9.2"
118.127.40.73 - - [02/Apr/2026:01:35:21 +1000] "GET / HTTP/1.1" 500 172016 "-" "Python/3.11 aiohttp/3.9.2"
118.127.40.73 - - [02/Apr/2026:02:05:20 +1000] "GET / HTTP/1.1" 500 221160 "-" "Python/3.11 aiohttp/3.9.2"
74.7.241.25 - - [02/Apr/2026:02:26:54 +1000] "GET / HTTP/1.1" 500 147440 "-" "Mozilla/5.0 AppleWebKit/537.36 (KHTML, like Gecko; compatible; GPTBot/1.3; +https://openai.com/gptbot)"
74.7.175.165 - - [02/Apr/2026:02:26:54 +1000] "GET /robots.txt HTTP/1.1" 200 24 "-" "Mozilla/5.0 (Macintosh; Intel Mac OS X 10_15_7) AppleWebKit/537.36 (KHTML, like Gecko) Chrome/131.0.0.0 Safari/537.36; compatible; OAI-SearchBot/1.3; robots.txt; +https://openai.com/searchbot"
118.127.40.73 - - [02/Apr/2026:02:35:19 +1000] "GET / HTTP/1.1" 500 249512 "-" "Python/3.11 aiohttp/3.9.2"
118.127.40.73 - - [02/Apr/2026:03:05:21 +1000] "GET / HTTP/1.1" 500 278496 "-" "Python/3.11 aiohttp/3.9.2"
118.127.40.73 - - [02/Apr/2026:03:35:19 +1000] "GET / HTTP/1.1" 500 303072 "-" "Python/3.11 aiohttp/3.9.2"
118.127.40.73 - - [02/Apr/2026:04:05:27 +1000] "GET / HTTP/1.1" 500 241320 "-" "Python/3.11 aiohttp/3.9.2"
118.127.40.73 - - [02/Apr/2026:04:35:21 +1000] "GET / HTTP/1.1" 500 229352 "-" "Python/3.11 aiohttp/3.9.2"
118.127.40.73 - - [02/Apr/2026:05:05:21 +1000] "GET / HTTP/1.1" 500 286688 "-" "Python/3.11 aiohttp/3.9.2"
118.127.40.73 - - [02/Apr/2026:05:35:23 +1000] "GET / HTTP/1.1" 500 319456 "-" "Python/3.11 aiohttp/3.9.2"
118.127.40.73 - - [02/Apr/2026:06:05:22 +1000] "GET / HTTP/1.1" 500 147440 "-" "Python/3.11 aiohttp/3.9.2"
118.127.40.73 - - [02/Apr/2026:06:35:22 +1000] "GET / HTTP/1.1" 500 204776 "-" "Python/3.11 aiohttp/3.9.2"
118.127.40.73 - - [02/Apr/2026:07:05:21 +1000] "GET / HTTP/1.1" 500 241320 "-" "Python/3.11 aiohttp/3.9.2"
118.127.40.73 - - [02/Apr/2026:07:35:25 +1000] "GET / HTTP/1.1" 500 147440 "-" "Python/3.11 aiohttp/3.9.2"
118.127.40.73 - - [02/Apr/2026:08:05:22 +1000] "GET / HTTP/1.1" 500 188400 "-" "Python/3.11 aiohttp/3.9.2"
118.127.40.73 - - [02/Apr/2026:08:35:24 +1000] "GET / HTTP/1.1" 500 147440 "-" "Python/3.11 aiohttp/3.9.2"
118.127.40.73 - - [02/Apr/2026:09:05:22 +1000] "GET / HTTP/1.1" 500 319456 "-" "Python/3.11 aiohttp/3.9.2"
118.127.40.73 - - [02/Apr/2026:09:35:23 +1000] "GET / HTTP/1.1" 500 172016 "-" "Python/3.11 aiohttp/3.9.2"
118.127.40.73 - - [02/Apr/2026:10:05:22 +1000] "GET / HTTP/1.1" 500 147440 "-" "Python/3.11 aiohttp/3.9.2"
118.127.40.73 - - [02/Apr/2026:10:35:24 +1000] "GET / HTTP/1.1" 500 73720 "-" "Python/3.11 aiohttp/3.9.2"
118.127.40.73 - - [02/Apr/2026:11:05:23 +1000] "GET / HTTP/1.1" 500 335832 "-" "Python/3.11 aiohttp/3.9.2"
118.127.40.73 - - [02/Apr/2026:11:35:26 +1000] "GET / HTTP/1.1" 500 40960 "-" "Python/3.11 aiohttp/3.9.2"
118.127.40.73 - - [02/Apr/2026:12:05:24 +1000] "GET / HTTP/1.1" 500 614328 "-" "Python/3.11 aiohttp/3.9.2"
118.127.40.73 - - [02/Apr/2026:12:35:23 +1000] "GET / HTTP/1.1" 500 172016 "-" "Python/3.11 aiohttp/3.9.2"
118.127.40.73 - - [02/Apr/2026:13:05:23 +1000] "GET / HTTP/1.1" 500 597944 "-" "Python/3.11 aiohttp/3.9.2"
118.127.40.73 - - [02/Apr/2026:13:35:27 +1000] "GET / HTTP/1.1" 500 270304 "-" "Python/3.11 aiohttp/3.9.2"
118.127.40.73 - - [02/Apr/2026:14:05:26 +1000] "GET / HTTP/1.1" 500 212968 "-" "Python/3.11 aiohttp/3.9.2"
118.127.40.73 - - [02/Apr/2026:14:35:24 +1000] "GET / HTTP/1.1" 500 249512 "-" "Python/3.11 aiohttp/3.9.2"
118.127.40.73 - - [02/Apr/2026:15:05:24 +1000] "GET / HTTP/1.1" 500 73720 "-" "Python/3.11 aiohttp/3.9.2"
118.127.40.73 - - [02/Apr/2026:15:35:27 +1000] "GET / HTTP/1.1" 500 434128 "-" "Python/3.11 aiohttp/3.9.2"
118.127.40.73 - - [02/Apr/2026:16:05:26 +1000] "GET / HTTP/1.1" 500 147440 "-" "Python/3.11 aiohttp/3.9.2"
118.127.40.73 - - [02/Apr/2026:16:35:27 +1000] "GET / HTTP/1.1" 500 163824 "-" "Python/3.11 aiohttp/3.9.2"
118.127.40.73 - - [02/Apr/2026:17:05:25 +1000] "GET / HTTP/1.1" 500 147440 "-" "Python/3.11 aiohttp/3.9.2"
152.233.20.149 - - [02/Apr/2026:17:21:06 +1000] "GET / HTTP/1.1" 500 1047199 "-" "Mozilla/5.0 (Windows NT 10.0; Win64; x64) AppleWebKit/537.36 (KHTML, like Gecko) Chrome/42.0.2311.135 Safari/537.36 Edge/12.10240"
91.234.6.21 - - [02/Apr/2026:17:33:37 +1000] "GET /.env.local HTTP/1.1" 500 778152 "-" "Mozilla/5.0 (Windows NT 10.0; Win64; x64) AppleWebKit/537.36"
91.234.6.21 - - [02/Apr/2026:17:33:42 +1000] "GET /.env.production HTTP/1.1" 500 1047063 "-" "Mozilla/5.0 (Windows NT 10.0; Win64; x64) AppleWebKit/537.36"
91.234.6.21 - - [02/Apr/2026:17:33:46 +1000] "GET /.env.development HTTP/1.1" 500 1047067 "-" "Mozilla/5.0 (Windows NT 10.0; Win64; x64) AppleWebKit/537.36"
91.234.6.21 - - [02/Apr/2026:17:33:51 +1000] "GET /.env.staging HTTP/1.1" 500 1047051 "-" "Mozilla/5.0 (Windows NT 10.0; Win64; x64) AppleWebKit/537.36"
91.234.6.21 - - [02/Apr/2026:17:33:57 +1000] "GET /.env.backup HTTP/1.1" 500 1047047 "-" "Mozilla/5.0 (Windows NT 10.0; Win64; x64) AppleWebKit/537.36"
91.234.6.21 - - [02/Apr/2026:17:34:01 +1000] "GET /.env.bak HTTP/1.1" 500 1047035 "-" "Mozilla/5.0 (Windows NT 10.0; Win64; x64) AppleWebKit/537.36"
91.234.6.21 - - [02/Apr/2026:17:34:07 +1000] "GET /.env.old HTTP/1.1" 500 1047035 "-" "Mozilla/5.0 (Windows NT 10.0; Win64; x64) AppleWebKit/537.36"
91.234.6.21 - - [02/Apr/2026:17:34:13 +1000] "GET /.env.example HTTP/1.1" 500 1047051 "-" "Mozilla/5.0 (Windows NT 10.0; Win64; x64) AppleWebKit/537.36"
91.234.6.21 - - [02/Apr/2026:17:34:19 +1000] "GET /.env.save HTTP/1.1" 500 1047039 "-" "Mozilla/5.0 (Windows NT 10.0; Win64; x64) AppleWebKit/537.36"
91.234.6.21 - - [02/Apr/2026:17:34:25 +1000] "GET /core/.env HTTP/1.1" 500 1047043 "-" "Mozilla/5.0 (Windows NT 10.0; Win64; x64) AppleWebKit/537.36"
91.234.6.21 - - [02/Apr/2026:17:34:30 +1000] "GET /api/.env HTTP/1.1" 500 1047039 "-" "Mozilla/5.0 (Windows NT 10.0; Win64; x64) AppleWebKit/537.36"
91.234.6.21 - - [02/Apr/2026:17:34:34 +1000] "GET /backend/.env HTTP/1.1" 500 1047055 "-" "Mozilla/5.0 (Windows NT 10.0; Win64; x64) AppleWebKit/537.36"
91.234.6.21 - - [02/Apr/2026:17:34:40 +1000] "GET /laravel/.env HTTP/1.1" 500 1047055 "-" "Mozilla/5.0 (Windows NT 10.0; Win64; x64) AppleWebKit/537.36"
91.234.6.21 - - [02/Apr/2026:17:34:46 +1000] "GET /app/.env HTTP/1.1" 500 1047039 "-" "Mozilla/5.0 (Windows NT 10.0; Win64; x64) AppleWebKit/537.36"
91.234.6.21 - - [02/Apr/2026:17:34:51 +1000] "GET /web/.env HTTP/1.1" 500 958352 "-" "Mozilla/5.0 (Windows NT 10.0; Win64; x64) AppleWebKit/537.36"
91.234.6.21 - - [02/Apr/2026:17:34:57 +1000] "GET /src/.env HTTP/1.1" 500 1047039 "-" "Mozilla/5.0 (Windows NT 10.0; Win64; x64) AppleWebKit/537.36"
91.234.6.21 - - [02/Apr/2026:17:35:01 +1000] "GET /server/.env HTTP/1.1" 500 1047051 "-" "Mozilla/5.0 (Windows NT 10.0; Win64; x64) AppleWebKit/537.36"
91.234.6.21 - - [02/Apr/2026:17:35:07 +1000] "GET /config/.env HTTP/1.1" 500 1047051 "-" "Mozilla/5.0 (Windows NT 10.0; Win64; x64) AppleWebKit/537.36"
91.234.6.21 - - [02/Apr/2026:17:35:13 +1000] "GET /shared/.env HTTP/1.1" 500 1047051 "-" "Mozilla/5.0 (Windows NT 10.0; Win64; x64) AppleWebKit/537.36"
91.234.6.21 - - [02/Apr/2026:17:35:20 +1000] "GET /public/.env HTTP/1.1" 500 1047051 "-" "Mozilla/5.0 (Windows NT 10.0; Win64; x64) AppleWebKit/537.36"
118.127.40.73 - - [02/Apr/2026:17:35:28 +1000] "GET / HTTP/1.1" 500 139248 "-" "Python/3.11 aiohttp/3.9.2"
91.234.6.21 - - [02/Apr/2026:17:35:27 +1000] "GET /_next/static/env.js HTTP/1.1" 500 729000 "-" "Mozilla/5.0 (Windows NT 10.0; Win64; x64) AppleWebKit/537.36"
91.234.6.21 - - [02/Apr/2026:17:35:33 +1000] "GET /.vercel/.env.production.local HTTP/1.1" 500 958352 "-" "Mozilla/5.0 (Windows NT 10.0; Win64; x64) AppleWebKit/537.36"
91.234.6.21 - - [02/Apr/2026:17:35:39 +1000] "GET /.git/config HTTP/1.1" 500 737192 "-" "Mozilla/5.0 (Windows NT 10.0; Win64; x64) AppleWebKit/537.36"
91.234.6.21 - - [02/Apr/2026:17:35:46 +1000] "GET /actuator/env HTTP/1.1" 500 1047055 "-" "Mozilla/5.0 (Windows NT 10.0; Win64; x64) AppleWebKit/537.36"
91.234.6.21 - - [02/Apr/2026:17:35:50 +1000] "GET /debug/default/view HTTP/1.1" 500 1047083 "-" "Mozilla/5.0 (Windows NT 10.0; Win64; x64) AppleWebKit/537.36"
118.127.40.73 - - [02/Apr/2026:18:05:27 +1000] "GET / HTTP/1.1" 500 155632 "-" "Python/3.11 aiohttp/3.9.2"
118.127.40.73 - - [02/Apr/2026:18:35:26 +1000] "GET / HTTP/1.1" 500 409552 "-" "Python/3.11 aiohttp/3.9.2"
118.127.40.73 - - [02/Apr/2026:19:05:28 +1000] "GET / HTTP/1.1" 500 241320 "-" "Python/3.11 aiohttp/3.9.2"
118.127.40.73 - - [02/Apr/2026:19:35:26 +1000] "GET / HTTP/1.1" 500 229352 "-" "Python/3.11 aiohttp/3.9.2"
118.127.40.73 - - [02/Apr/2026:20:05:27 +1000] "GET / HTTP/1.1" 500 335832 "-" "Python/3.11 aiohttp/3.9.2"
118.127.40.73 - - [02/Apr/2026:20:35:30 +1000] "GET / HTTP/1.1" 500 241320 "-" "Python/3.11 aiohttp/3.9.2"
118.127.40.73 - - [02/Apr/2026:21:05:27 +1000] "GET / HTTP/1.1" 500 212968 "-" "Python/3.11 aiohttp/3.9.2"
118.127.40.73 - - [02/Apr/2026:21:35:27 +1000] "GET / HTTP/1.1" 500 294880 "-" "Python/3.11 aiohttp/3.9.2"
118.127.40.73 - - [02/Apr/2026:22:05:29 +1000] "GET / HTTP/1.1" 500 221160 "-" "Python/3.11 aiohttp/3.9.2"
118.127.40.73 - - [02/Apr/2026:22:35:28 +1000] "GET / HTTP/1.1" 500 344024 "-" "Python/3.11 aiohttp/3.9.2"
118.127.40.73 - - [02/Apr/2026:23:05:28 +1000] "GET / HTTP/1.1" 500 147440 "-" "Python/3.11 aiohttp/3.9.2"
118.127.40.73 - - [02/Apr/2026:23:35:28 +1000] "GET / HTTP/1.1" 500 249512 "-" "Python/3.11 aiohttp/3.9.2"
118.127.40.73 - - [03/Apr/2026:00:05:30 +1000] "GET / HTTP/1.1" 500 679856 "-" "Python/3.11 aiohttp/3.9.2"
118.127.40.73 - - [03/Apr/2026:00:35:30 +1000] "GET / HTTP/1.1" 500 147440 "-" "Python/3.11 aiohttp/3.9.2"
34.16.201.141 - - [03/Apr/2026:00:57:18 +1000] "GET /.git/config HTTP/1.1" 500 827296 "-" "-"
118.127.40.73 - - [03/Apr/2026:01:05:29 +1000] "GET / HTTP/1.1" 500 172016 "-" "Python/3.11 aiohttp/3.9.2"
118.127.40.73 - - [03/Apr/2026:01:35:30 +1000] "GET / HTTP/1.1" 500 40960 "-" "Python/3.11 aiohttp/3.9.2"
74.7.175.165 - - [03/Apr/2026:01:59:58 +1000] "GET /robots.txt HTTP/1.1" 200 24 "-" "Mozilla/5.0 (Macintosh; Intel Mac OS X 10_15_7) AppleWebKit/537.36 (KHTML, like Gecko) Chrome/131.0.0.0 Safari/537.36; compatible; OAI-SearchBot/1.3; robots.txt; +https://openai.com/searchbot"
118.127.40.73 - - [03/Apr/2026:02:05:30 +1000] "GET / HTTP/1.1" 500 860056 "-" "Python/3.11 aiohttp/3.9.2"
118.127.40.73 - - [03/Apr/2026:02:35:30 +1000] "GET / HTTP/1.1" 500 241320 "-" "Python/3.11 aiohttp/3.9.2"
118.127.40.73 - - [03/Apr/2026:03:05:33 +1000] "GET / HTTP/1.1" 500 188400 "-" "Python/3.11 aiohttp/3.9.2"
118.127.40.73 - - [03/Apr/2026:03:35:31 +1000] "GET / HTTP/1.1" 500 335832 "-" "Python/3.11 aiohttp/3.9.2"
118.127.40.73 - - [03/Apr/2026:04:05:50 +1000] "GET / HTTP/1.1" 500 49152 "-" "Python/3.11 aiohttp/3.9.2"
118.127.40.73 - - [03/Apr/2026:04:35:31 +1000] "GET / HTTP/1.1" 500 172016 "-" "Python/3.11 aiohttp/3.9.2"
118.127.40.73 - - [03/Apr/2026:05:05:32 +1000] "GET / HTTP/1.1" 500 221160 "-" "Python/3.11 aiohttp/3.9.2"
87.236.176.209 - - [03/Apr/2026:05:05:39 +1000] "GET / HTTP/1.1" 500 1046981 "-" "Mozilla/5.0 (compatible; InternetMeasurement/1.0; +https://internet-measurement.com/)"
118.127.40.73 - - [03/Apr/2026:05:35:34 +1000] "GET / HTTP/1.1" 500 147440 "-" "Python/3.11 aiohttp/3.9.2"
118.127.40.73 - - [03/Apr/2026:06:05:31 +1000] "GET / HTTP/1.1" 500 249512 "-" "Python/3.11 aiohttp/3.9.2"
204.76.203.25 - - [03/Apr/2026:06:09:46 +1000] "GET / HTTP/1.1" 500 1047085 "-" "Mozilla/5.0 (Windows NT 10.0; Win64; x64) AppleWebKit/537.36 (KHTML, like Gecko) Chrome/134.0.0.0 Safari/537.3"
118.127.40.73 - - [03/Apr/2026:06:35:32 +1000] "GET / HTTP/1.1" 500 278496 "-" "Python/3.11 aiohttp/3.9.2"
118.127.40.73 - - [03/Apr/2026:07:05:31 +1000] "GET / HTTP/1.1" 500 73720 "-" "Python/3.11 aiohttp/3.9.2"
118.127.40.73 - - [03/Apr/2026:07:35:34 +1000] "GET / HTTP/1.1" 500 204776 "-" "Python/3.11 aiohttp/3.9.2"
118.127.40.73 - - [03/Apr/2026:08:05:32 +1000] "GET / HTTP/1.1" 500 114680 "-" "Python/3.11 aiohttp/3.9.2"
118.127.40.73 - - [03/Apr/2026:08:35:37 +1000] "GET / HTTP/1.1" 500 941968 "-" "Python/3.11 aiohttp/3.9.2"
118.127.40.73 - - [03/Apr/2026:09:05:33 +1000] "GET / HTTP/1.1" 500 249512 "-" "Python/3.11 aiohttp/3.9.2"
118.127.40.73 - - [03/Apr/2026:09:35:36 +1000] "GET / HTTP/1.1" 500 344024 "-" "Python/3.11 aiohttp/3.9.2"
118.127.40.73 - - [03/Apr/2026:10:05:36 +1000] "GET / HTTP/1.1" 500 147440 "-" "Python/3.11 aiohttp/3.9.2"
118.127.40.73 - - [03/Apr/2026:10:35:33 +1000] "GET / HTTP/1.1" 500 368600 "-" "Python/3.11 aiohttp/3.9.2"
118.127.40.73 - - [03/Apr/2026:11:05:34 +1000] "GET / HTTP/1.1" 500 401360 "-" "Python/3.11 aiohttp/3.9.2"
118.127.40.73 - - [03/Apr/2026:11:35:37 +1000] "GET / HTTP/1.1" 500 49152 "-" "Python/3.11 aiohttp/3.9.2"
118.127.40.73 - - [03/Apr/2026:12:05:33 +1000] "GET / HTTP/1.1" 500 384984 "-" "Python/3.11 aiohttp/3.9.2"
118.127.40.73 - - [03/Apr/2026:12:35:34 +1000] "GET / HTTP/1.1" 500 466888 "-" "Python/3.11 aiohttp/3.9.2"
118.127.40.73 - - [03/Apr/2026:13:05:34 +1000] "GET / HTTP/1.1" 500 241320 "-" "Python/3.11 aiohttp/3.9.2"
118.127.40.73 - - [03/Apr/2026:13:35:37 +1000] "GET / HTTP/1.1" 500 466888 "-" "Python/3.11 aiohttp/3.9.2"
118.127.40.73 - - [03/Apr/2026:14:05:35 +1000] "GET / HTTP/1.1" 500 172016 "-" "Python/3.11 aiohttp/3.9.2"
74.7.244.54 - - [03/Apr/2026:14:09:50 +1000] "GET /robots.txt HTTP/1.1" 200 24 "-" "Mozilla/5.0 (Macintosh; Intel Mac OS X 10_15_7) AppleWebKit/537.36 (KHTML, like Gecko) Chrome/131.0.0.0 Safari/537.36; compatible; OAI-SearchBot/1.3; robots.txt; +https://openai.com/searchbot"
74.7.227.43 - - [03/Apr/2026:14:09:50 +1000] "GET / HTTP/1.1" 500 188400 "-" "Mozilla/5.0 AppleWebKit/537.36 (KHTML, like Gecko; compatible; GPTBot/1.3; +https://openai.com/gptbot)"
91.234.7.9 - - [03/Apr/2026:14:28:13 +1000] "GET /.env.staging HTTP/1.1" 500 237544 "-" "Mozilla/5.0 (Windows NT 10.0; Win64; x64) AppleWebKit/537.36"
91.234.7.9 - - [03/Apr/2026:14:28:17 +1000] "GET /.env.backup HTTP/1.1" 500 483272 "-" "Mozilla/5.0 (Windows NT 10.0; Win64; x64) AppleWebKit/537.36"
91.234.7.9 - - [03/Apr/2026:14:28:19 +1000] "GET /.env.bak HTTP/1.1" 500 237544 "-" "Mozilla/5.0 (Windows NT 10.0; Win64; x64) AppleWebKit/537.36"
91.234.7.9 - - [03/Apr/2026:14:28:19 +1000] "GET /.env.old HTTP/1.1" 500 376792 "-" "Mozilla/5.0 (Windows NT 10.0; Win64; x64) AppleWebKit/537.36"
91.234.7.9 - - [03/Apr/2026:14:28:21 +1000] "GET /.env.example HTTP/1.1" 500 409552 "-" "Mozilla/5.0 (Windows NT 10.0; Win64; x64) AppleWebKit/537.36"
91.234.7.9 - - [03/Apr/2026:14:28:22 +1000] "GET /.env.save HTTP/1.1" 500 425936 "-" "Mozilla/5.0 (Windows NT 10.0; Win64; x64) AppleWebKit/537.36"
91.234.7.9 - - [03/Apr/2026:14:28:23 +1000] "GET /core/.env HTTP/1.1" 500 241320 "-" "Mozilla/5.0 (Windows NT 10.0; Win64; x64) AppleWebKit/537.36"
91.234.7.9 - - [03/Apr/2026:14:28:24 +1000] "GET /api/.env HTTP/1.1" 500 237544 "-" "Mozilla/5.0 (Windows NT 10.0; Win64; x64) AppleWebKit/537.36"
91.234.7.9 - - [03/Apr/2026:14:28:28 +1000] "GET /backend/.env HTTP/1.1" 500 241320 "-" "Mozilla/5.0 (Windows NT 10.0; Win64; x64) AppleWebKit/537.36"
91.234.7.9 - - [03/Apr/2026:14:28:30 +1000] "GET /laravel/.env HTTP/1.1" 500 237544 "-" "Mozilla/5.0 (Windows NT 10.0; Win64; x64) AppleWebKit/537.36"
91.234.7.9 - - [03/Apr/2026:14:28:31 +1000] "GET /app/.env HTTP/1.1" 500 237544 "-" "Mozilla/5.0 (Windows NT 10.0; Win64; x64) AppleWebKit/537.36"
91.234.7.9 - - [03/Apr/2026:14:28:32 +1000] "GET /web/.env HTTP/1.1" 500 237544 "-" "Mozilla/5.0 (Windows NT 10.0; Win64; x64) AppleWebKit/537.36"
91.234.7.9 - - [03/Apr/2026:14:28:33 +1000] "GET /src/.env HTTP/1.1" 500 360408 "-" "Mozilla/5.0 (Windows NT 10.0; Win64; x64) AppleWebKit/537.36"
91.234.7.9 - - [03/Apr/2026:14:28:34 +1000] "GET /server/.env HTTP/1.1" 500 237544 "-" "Mozilla/5.0 (Windows NT 10.0; Win64; x64) AppleWebKit/537.36"
91.234.7.9 - - [03/Apr/2026:14:28:35 +1000] "GET /config/.env HTTP/1.1" 500 425936 "-" "Mozilla/5.0 (Windows NT 10.0; Win64; x64) AppleWebKit/537.36"
91.234.7.9 - - [03/Apr/2026:14:28:36 +1000] "GET /shared/.env HTTP/1.1" 500 360408 "-" "Mozilla/5.0 (Windows NT 10.0; Win64; x64) AppleWebKit/537.36"
91.234.7.9 - - [03/Apr/2026:14:28:38 +1000] "GET /public/.env HTTP/1.1" 500 483272 "-" "Mozilla/5.0 (Windows NT 10.0; Win64; x64) AppleWebKit/537.36"
91.234.7.9 - - [03/Apr/2026:14:28:41 +1000] "GET /_next/static/env.js HTTP/1.1" 500 241320 "-" "Mozilla/5.0 (Windows NT 10.0; Win64; x64) AppleWebKit/537.36"
91.234.7.9 - - [03/Apr/2026:14:28:42 +1000] "GET /.vercel/.env.production.local HTTP/1.1" 500 425936 "-" "Mozilla/5.0 (Windows NT 10.0; Win64; x64) AppleWebKit/537.36"
91.234.7.9 - - [03/Apr/2026:14:28:43 +1000] "GET /.git/config HTTP/1.1" 500 450512 "-" "Mozilla/5.0 (Windows NT 10.0; Win64; x64) AppleWebKit/537.36"
91.234.7.9 - - [03/Apr/2026:14:28:44 +1000] "GET /actuator/env HTTP/1.1" 500 241320 "-" "Mozilla/5.0 (Windows NT 10.0; Win64; x64) AppleWebKit/537.36"
91.234.7.9 - - [03/Apr/2026:14:28:45 +1000] "GET /debug/default/view HTTP/1.1" 500 532416 "-" "Mozilla/5.0 (Windows NT 10.0; Win64; x64) AppleWebKit/537.36"
118.127.40.73 - - [03/Apr/2026:14:35:34 +1000] "GET / HTTP/1.1" 500 335832 "-" "Python/3.11 aiohttp/3.9.2"
118.127.40.73 - - [03/Apr/2026:15:05:35 +1000] "GET / HTTP/1.1" 500 270304 "-" "Python/3.11 aiohttp/3.9.2"
118.127.40.73 - - [03/Apr/2026:15:35:37 +1000] "GET / HTTP/1.1" 500 303072 "-" "Python/3.11 aiohttp/3.9.2"
118.127.40.73 - - [03/Apr/2026:16:05:36 +1000] "GET / HTTP/1.1" 500 257704 "-" "Python/3.11 aiohttp/3.9.2"
118.127.40.73 - - [03/Apr/2026:17:00:56 +1000] "GET / HTTP/1.1" 500 49152 "-" "Python/3.11 aiohttp/3.9.2"
118.127.40.73 - - [03/Apr/2026:17:31:03 +1000] "GET / HTTP/1.1" 500 221160 "-" "Python/3.11 aiohttp/3.9.2"
168.144.77.251 - - [03/Apr/2026:17:37:30 +1000] "GET / HTTP/1.1" 500 1048041 "-" "Mozilla/5.0 (X11; Linux x86_64) AppleWebKit/537.36 (KHTML, like Gecko) Chrome/142.0.0.0 Safari/537.36"
168.144.77.251 - - [03/Apr/2026:17:37:34 +1000] "GET /favicon.ico HTTP/1.1" 200 - "https://newsitenew.posscales.com.au/" "Mozilla/5.0 (X11; Linux x86_64) AppleWebKit/537.36 (KHTML, like Gecko) Chrome/142.0.0.0 Safari/537.36"
118.127.40.73 - - [03/Apr/2026:18:00:58 +1000] "GET / HTTP/1.1" 500 81912 "-" "Python/3.11 aiohttp/3.9.2"
118.127.40.73 - - [03/Apr/2026:18:30:58 +1000] "GET / HTTP/1.1" 500 270304 "-" "Python/3.11 aiohttp/3.9.2"
118.127.40.73 - - [03/Apr/2026:19:00:59 +1000] "GET / HTTP/1.1" 500 241320 "-" "Python/3.11 aiohttp/3.9.2"
118.127.40.73 - - [03/Apr/2026:19:31:00 +1000] "GET / HTTP/1.1" 500 147440 "-" "Python/3.11 aiohttp/3.9.2"
118.127.40.73 - - [03/Apr/2026:20:01:05 +1000] "GET / HTTP/1.1" 500 294880 "-" "Python/3.11 aiohttp/3.9.2"
118.127.40.73 - - [03/Apr/2026:20:31:04 +1000] "GET / HTTP/1.1" 500 241320 "-" "Python/3.11 aiohttp/3.9.2"
118.127.40.73 - - [03/Apr/2026:21:00:58 +1000] "GET / HTTP/1.1" 500 303072 "-" "Python/3.11 aiohttp/3.9.2"
118.127.40.73 - - [03/Apr/2026:21:30:55 +1000] "GET / HTTP/1.1" 500 172016 "-" "Python/3.11 aiohttp/3.9.2"
118.127.40.73 - - [03/Apr/2026:22:00:57 +1000] "GET / HTTP/1.1" 500 241320 "-" "Python/3.11 aiohttp/3.9.2"
118.127.40.73 - - [03/Apr/2026:22:30:58 +1000] "GET / HTTP/1.1" 500 172016 "-" "Python/3.11 aiohttp/3.9.2"
118.127.40.73 - - [03/Apr/2026:23:01:04 +1000] "GET / HTTP/1.1" 500 241320 "-" "Python/3.11 aiohttp/3.9.2"
118.127.40.73 - - [03/Apr/2026:23:31:01 +1000] "GET / HTTP/1.1" 500 270304 "-" "Python/3.11 aiohttp/3.9.2"
118.127.40.73 - - [04/Apr/2026:00:01:01 +1000] "GET / HTTP/1.1" 500 172016 "-" "Python/3.11 aiohttp/3.9.2"
118.127.40.73 - - [04/Apr/2026:00:41:49 +1000] "GET / HTTP/1.1" 500 204776 "-" "Python/3.11 aiohttp/3.9.2"
118.127.40.73 - - [04/Apr/2026:01:11:50 +1000] "GET / HTTP/1.1" 500 319456 "-" "Python/3.11 aiohttp/3.9.2"
118.127.40.73 - - [04/Apr/2026:01:41:53 +1000] "GET / HTTP/1.1" 500 147440 "-" "Python/3.11 aiohttp/3.9.2"
118.127.40.73 - - [04/Apr/2026:02:11:50 +1000] "GET / HTTP/1.1" 500 163824 "-" "Python/3.11 aiohttp/3.9.2"
118.127.40.73 - - [04/Apr/2026:02:41:50 +1000] "GET / HTTP/1.1" 500 249512 "-" "Python/3.11 aiohttp/3.9.2"
118.127.40.73 - - [04/Apr/2026:03:11:55 +1000] "GET / HTTP/1.1" 500 311264 "-" "Python/3.11 aiohttp/3.9.2"
74.7.241.25 - - [04/Apr/2026:03:32:33 +1000] "GET / HTTP/1.1" 500 147440 "-" "Mozilla/5.0 AppleWebKit/537.36 (KHTML, like Gecko; compatible; GPTBot/1.3; +https://openai.com/gptbot)"
74.7.175.165 - - [04/Apr/2026:03:32:44 +1000] "GET /robots.txt HTTP/1.1" 200 24 "-" "Mozilla/5.0 (Macintosh; Intel Mac OS X 10_15_7) AppleWebKit/537.36 (KHTML, like Gecko) Chrome/131.0.0.0 Safari/537.36; compatible; OAI-SearchBot/1.3; robots.txt; +https://openai.com/searchbot"
118.127.40.73 - - [04/Apr/2026:03:41:53 +1000] "GET / HTTP/1.1" 500 139248 "-" "Python/3.11 aiohttp/3.9.2"
118.127.40.73 - - [04/Apr/2026:04:11:52 +1000] "GET / HTTP/1.1" 500 278496 "-" "Python/3.11 aiohttp/3.9.2"
118.127.40.73 - - [04/Apr/2026:04:41:52 +1000] "GET / HTTP/1.1" 500 204776 "-" "Python/3.11 aiohttp/3.9.2"
118.127.40.73 - - [04/Apr/2026:05:11:51 +1000] "GET / HTTP/1.1" 500 278496 "-" "Python/3.11 aiohttp/3.9.2"
118.127.40.73 - - [04/Apr/2026:05:41:52 +1000] "GET / HTTP/1.1" 500 241320 "-" "Python/3.11 aiohttp/3.9.2"
118.127.40.73 - - [04/Apr/2026:06:11:52 +1000] "GET / HTTP/1.1" 500 241320 "-" "Python/3.11 aiohttp/3.9.2"
118.127.40.73 - - [04/Apr/2026:06:41:53 +1000] "GET / HTTP/1.1" 500 147440 "-" "Python/3.11 aiohttp/3.9.2"
118.127.40.73 - - [04/Apr/2026:07:11:53 +1000] "GET / HTTP/1.1" 500 270304 "-" "Python/3.11 aiohttp/3.9.2"
118.127.40.73 - - [04/Apr/2026:07:41:53 +1000] "GET / HTTP/1.1" 500 466888 "-" "Python/3.11 aiohttp/3.9.2"
118.127.40.73 - - [04/Apr/2026:08:11:52 +1000] "GET / HTTP/1.1" 500 163824 "-" "Python/3.11 aiohttp/3.9.2"
74.7.244.54 - - [04/Apr/2026:08:21:18 +1000] "GET /robots.txt HTTP/1.1" 200 24 "-" "Mozilla/5.0 (Macintosh; Intel Mac OS X 10_15_7) AppleWebKit/537.36 (KHTML, like Gecko) Chrome/131.0.0.0 Safari/537.36; compatible; OAI-SearchBot/1.3; robots.txt; +https://openai.com/searchbot"
118.127.40.73 - - [04/Apr/2026:08:41:54 +1000] "GET / HTTP/1.1" 500 241320 "-" "Python/3.11 aiohttp/3.9.2"
118.127.40.73 - - [04/Apr/2026:09:11:53 +1000] "GET / HTTP/1.1" 500 335832 "-" "Python/3.11 aiohttp/3.9.2"
118.127.40.73 - - [04/Apr/2026:09:41:55 +1000] "GET / HTTP/1.1" 500 241320 "-" "Python/3.11 aiohttp/3.9.2"
118.127.40.73 - - [04/Apr/2026:10:11:53 +1000] "GET / HTTP/1.1" 500 241320 "-" "Python/3.11 aiohttp/3.9.2"
118.127.40.73 - - [04/Apr/2026:10:41:54 +1000] "GET / HTTP/1.1" 500 188400 "-" "Python/3.11 aiohttp/3.9.2"
118.127.40.73 - - [04/Apr/2026:11:11:54 +1000] "GET / HTTP/1.1" 500 241320 "-" "Python/3.11 aiohttp/3.9.2"
118.127.40.73 - - [04/Apr/2026:11:41:55 +1000] "GET / HTTP/1.1" 500 270304 "-" "Python/3.11 aiohttp/3.9.2"
104.194.198.41 - - [04/Apr/2026:11:47:47 +1000] "HEAD / HTTP/1.1" 500 - "-" "Mozilla/5.0 (iPhone; CPU iPhone OS 17_0 like Mac OS X) AppleWebKit/605.1.15 (KHTML, like Gecko) Version/17.0 Mobile/15E148 Safari/604.1"
172.121.220.230 - - [04/Apr/2026:11:47:47 +1000] "HEAD / HTTP/1.1" 500 - "-" "Mozilla/5.0 (Windows NT 10.0; Win64; x64) AppleWebKit/537.36 (KHTML, like Gecko) Chrome/121.0.0.0 Safari/537.36 Edg/121.0.0.0 Unique/97.7.7286.70"
104.194.198.41 - - [04/Apr/2026:11:47:48 +1000] "GET / HTTP/1.1" 500 1047627 "-" "Mozilla/5.0 (iPhone; CPU iPhone OS 17_0 like Mac OS X) AppleWebKit/605.1.15 (KHTML, like Gecko) Version/17.0 Mobile/15E148 Safari/604.1"
172.121.220.230 - - [04/Apr/2026:11:47:48 +1000] "GET / HTTP/1.1" 500 1047695 "-" "Mozilla/5.0 (Windows NT 10.0; Win64; x64) AppleWebKit/537.36 (KHTML, like Gecko) Chrome/121.0.0.0 Safari/537.36 Edg/121.0.0.0 Unique/97.7.7286.70"
104.200.76.158 - - [04/Apr/2026:11:47:53 +1000] "GET / HTTP/1.1" 500 1047659 "-" "Mozilla/5.0 (Windows NT 10.0; Win64; x64) AppleWebKit/537.36 (KHTML, like Gecko) Chrome/120.0.0.0 Safari/537.36"
104.200.76.158 - - [04/Apr/2026:11:47:56 +1000] "GET /robots.txt HTTP/1.1" 200 24 "-" "Mozilla/5.0 (Windows NT 10.0; Win64; x64) AppleWebKit/537.36 (KHTML, like Gecko) Chrome/120.0.0.0 Safari/537.36"
104.200.76.158 - - [04/Apr/2026:11:47:57 +1000] "GET / HTTP/1.1" 500 1047659 "-" "Mozilla/5.0 (Windows NT 10.0; Win64; x64) AppleWebKit/537.36 (KHTML, like Gecko) Chrome/120.0.0.0 Safari/537.36"
104.200.76.158 - - [04/Apr/2026:11:47:59 +1000] "GET / HTTP/1.1" 500 1047659 "-" "Mozilla/5.0 (Windows NT 10.0; Win64; x64) AppleWebKit/537.36 (KHTML, like Gecko) Chrome/120.0.0.0 Safari/537.36"
104.194.192.60 - - [04/Apr/2026:11:48:44 +1000] "GET / HTTP/1.1" 500 241320 "-" "Mozilla/5.0 (X11; U; Linux i686; en-US; rv:1.4) Gecko/20030624"
104.194.192.60 - - [04/Apr/2026:11:48:47 +1000] "HEAD / HTTP/1.1" 500 - "-" "Mozilla/5.0 (X11; U; Linux i686; en-US; rv:1.4) Gecko/20030624"
104.194.192.60 - - [04/Apr/2026:11:48:49 +1000] "GET / HTTP/1.1" 500 556992 "-" "Mozilla/5.0 (X11; U; Linux i686; en-US; rv:1.4) Gecko/20030624"
104.194.192.60 - - [04/Apr/2026:11:48:53 +1000] "HEAD / HTTP/1.1" 500 - "-" "Mozilla/5.0 (X11; U; Linux i686; en-US; rv:1.4) Gecko/20030624"
104.194.192.60 - - [04/Apr/2026:11:48:57 +1000] "GET / HTTP/1.1" 500 1047479 "-" "Mozilla/5.0 (X11; U; Linux i686; en-US; rv:1.4) Gecko/20030624"
104.194.192.60 - - [04/Apr/2026:11:49:01 +1000] "GET /robots.txt HTTP/1.1" 200 24 "-" "Mozilla/5.0 (X11; U; Linux i686; en-US; rv:1.4) Gecko/20030624"
104.194.192.60 - - [04/Apr/2026:11:49:03 +1000] "GET / HTTP/1.1" 500 1047479 "-" "Mozilla/5.0 (X11; U; Linux i686; en-US; rv:1.4) Gecko/20030624"
104.194.192.60 - - [04/Apr/2026:11:49:07 +1000] "HEAD / HTTP/1.1" 500 - "-" "Mozilla/5.0 (X11; U; Linux i686; en-US; rv:1.4) Gecko/20030624"
104.194.192.60 - - [04/Apr/2026:11:49:08 +1000] "GET / HTTP/1.1" 500 1047479 "-" "Mozilla/5.0 (X11; U; Linux i686; en-US; rv:1.4) Gecko/20030624"
104.194.192.60 - - [04/Apr/2026:11:49:13 +1000] "GET / HTTP/1.1" 500 1047479 "-" "Mozilla/5.0 (X11; U; Linux i686; en-US; rv:1.4) Gecko/20030624"
118.127.40.73 - - [04/Apr/2026:12:11:54 +1000] "GET / HTTP/1.1" 500 319456 "-" "Python/3.11 aiohttp/3.9.2"
118.127.40.73 - - [04/Apr/2026:12:41:54 +1000] "GET / HTTP/1.1" 500 172016 "-" "Python/3.11 aiohttp/3.9.2"
118.127.40.73 - - [04/Apr/2026:13:11:55 +1000] "GET / HTTP/1.1" 500 212968 "-" "Python/3.11 aiohttp/3.9.2"
118.127.40.73 - - [04/Apr/2026:13:41:55 +1000] "GET / HTTP/1.1" 500 241320 "-" "Python/3.11 aiohttp/3.9.2"
147.185.132.109 - - [04/Apr/2026:13:56:06 +1000] "GET / HTTP/1.1" 500 1047105 "-" "Hello from Palo Alto Networks, find out more about our scans in https://docs-cortex.paloaltonetworks.com/r/1/Cortex-Xpanse/Scanning-activity"
118.127.40.73 - - [04/Apr/2026:14:11:55 +1000] "GET / HTTP/1.1" 500 344024 "-" "Python/3.11 aiohttp/3.9.2"
118.127.40.73 - - [04/Apr/2026:14:41:56 +1000] "GET / HTTP/1.1" 500 221160 "-" "Python/3.11 aiohttp/3.9.2"
118.127.40.73 - - [04/Apr/2026:15:11:55 +1000] "GET / HTTP/1.1" 500 147440 "-" "Python/3.11 aiohttp/3.9.2"
118.127.40.73 - - [04/Apr/2026:15:41:56 +1000] "GET / HTTP/1.1" 500 172016 "-" "Python/3.11 aiohttp/3.9.2"
118.127.40.73 - - [04/Apr/2026:16:11:56 +1000] "GET / HTTP/1.1" 500 212968 "-" "Python/3.11 aiohttp/3.9.2"
118.127.40.73 - - [04/Apr/2026:16:41:56 +1000] "GET / HTTP/1.1" 500 409552 "-" "Python/3.11 aiohttp/3.9.2"
118.127.40.73 - - [04/Apr/2026:17:11:57 +1000] "GET / HTTP/1.1" 500 417744 "-" "Python/3.11 aiohttp/3.9.2"
118.127.40.73 - - [04/Apr/2026:17:41:56 +1000] "GET / HTTP/1.1" 500 90104 "-" "Python/3.11 aiohttp/3.9.2"
118.127.40.73 - - [04/Apr/2026:18:11:57 +1000] "GET / HTTP/1.1" 500 303072 "-" "Python/3.11 aiohttp/3.9.2"
118.127.40.73 - - [04/Apr/2026:18:41:57 +1000] "GET / HTTP/1.1" 500 278496 "-" "Python/3.11 aiohttp/3.9.2"
118.127.40.73 - - [04/Apr/2026:19:11:57 +1000] "GET / HTTP/1.1" 500 278496 "-" "Python/3.11 aiohttp/3.9.2"
118.127.40.73 - - [04/Apr/2026:19:41:58 +1000] "GET / HTTP/1.1" 500 434128 "-" "Python/3.11 aiohttp/3.9.2"
118.127.40.73 - - [04/Apr/2026:20:11:58 +1000] "GET / HTTP/1.1" 500 172016 "-" "Python/3.11 aiohttp/3.9.2"
118.127.40.73 - - [04/Apr/2026:20:41:59 +1000] "GET / HTTP/1.1" 500 221160 "-" "Python/3.11 aiohttp/3.9.2"
118.127.40.73 - - [04/Apr/2026:21:11:59 +1000] "GET / HTTP/1.1" 500 335832 "-" "Python/3.11 aiohttp/3.9.2"
118.127.40.73 - - [04/Apr/2026:21:42:00 +1000] "GET / HTTP/1.1" 500 147440 "-" "Python/3.11 aiohttp/3.9.2"
118.127.40.73 - - [04/Apr/2026:22:11:58 +1000] "GET / HTTP/1.1" 500 40960 "-" "Python/3.11 aiohttp/3.9.2"
118.127.40.73 - - [04/Apr/2026:22:41:59 +1000] "GET / HTTP/1.1" 500 229352 "-" "Python/3.11 aiohttp/3.9.2"
74.7.175.165 - - [04/Apr/2026:23:03:46 +1000] "GET /robots.txt HTTP/1.1" 200 24 "-" "Mozilla/5.0 (Macintosh; Intel Mac OS X 10_15_7) AppleWebKit/537.36 (KHTML, like Gecko) Chrome/131.0.0.0 Safari/537.36; compatible; OAI-SearchBot/1.3; robots.txt; +https://openai.com/searchbot"
118.127.40.73 - - [04/Apr/2026:23:11:59 +1000] "GET / HTTP/1.1" 500 270304 "-" "Python/3.11 aiohttp/3.9.2"
118.127.40.73 - - [04/Apr/2026:23:42:00 +1000] "GET / HTTP/1.1" 500 241320 "-" "Python/3.11 aiohttp/3.9.2"
118.127.40.73 - - [05/Apr/2026:00:11:59 +1000] "GET / HTTP/1.1" 500 24576 "-" "Python/3.11 aiohttp/3.9.2"
118.127.40.73 - - [05/Apr/2026:00:41:59 +1000] "GET / HTTP/1.1" 500 172016 "-" "Python/3.11 aiohttp/3.9.2"
118.127.40.73 - - [05/Apr/2026:01:11:59 +1000] "GET / HTTP/1.1" 500 229352 "-" "Python/3.11 aiohttp/3.9.2"
118.127.40.73 - - [05/Apr/2026:01:42:02 +1000] "GET / HTTP/1.1" 500 257704 "-" "Python/3.11 aiohttp/3.9.2"
118.127.40.73 - - [05/Apr/2026:02:11:59 +1000] "GET / HTTP/1.1" 500 147440 "-" "Python/3.11 aiohttp/3.9.2"
118.127.40.73 - - [05/Apr/2026:02:42:00 +1000] "GET / HTTP/1.1" 500 241320 "-" "Python/3.11 aiohttp/3.9.2"
118.127.40.73 - - [05/Apr/2026:03:12:00 +1000] "GET / HTTP/1.1" 500 434128 "-" "Python/3.11 aiohttp/3.9.2"
118.127.40.73 - - [05/Apr/2026:03:42:00 +1000] "GET / HTTP/1.1" 500 147440 "-" "Python/3.11 aiohttp/3.9.2"
118.127.40.73 - - [05/Apr/2026:04:12:01 +1000] "GET / HTTP/1.1" 500 352216 "-" "Python/3.11 aiohttp/3.9.2"
118.127.40.73 - - [05/Apr/2026:04:42:01 +1000] "GET / HTTP/1.1" 500 172016 "-" "Python/3.11 aiohttp/3.9.2"
118.127.40.73 - - [05/Apr/2026:05:12:01 +1000] "GET / HTTP/1.1" 500 401360 "-" "Python/3.11 aiohttp/3.9.2"
118.127.40.73 - - [05/Apr/2026:05:42:03 +1000] "GET / HTTP/1.1" 500 241320 "-" "Python/3.11 aiohttp/3.9.2"
74.7.244.54 - - [05/Apr/2026:06:04:08 +1000] "GET /robots.txt HTTP/1.1" 200 24 "-" "Mozilla/5.0 (Macintosh; Intel Mac OS X 10_15_7) AppleWebKit/537.36 (KHTML, like Gecko) Chrome/131.0.0.0 Safari/537.36; compatible; OAI-SearchBot/1.3; robots.txt; +https://openai.com/searchbot"
118.127.40.73 - - [05/Apr/2026:06:12:01 +1000] "GET / HTTP/1.1" 500 384984 "-" "Python/3.11 aiohttp/3.9.2"
118.127.40.73 - - [05/Apr/2026:06:42:02 +1000] "GET / HTTP/1.1" 500 335832 "-" "Python/3.11 aiohttp/3.9.2"
118.127.40.73 - - [05/Apr/2026:07:12:02 +1000] "GET / HTTP/1.1" 500 147440 "-" "Python/3.11 aiohttp/3.9.2"
118.127.40.73 - - [05/Apr/2026:07:42:03 +1000] "GET / HTTP/1.1" 500 241320 "-" "Python/3.11 aiohttp/3.9.2"
118.127.40.73 - - [05/Apr/2026:08:12:02 +1000] "GET / HTTP/1.1" 500 106488 "-" "Python/3.11 aiohttp/3.9.2"
118.127.40.73 - - [05/Apr/2026:08:42:04 +1000] "GET / HTTP/1.1" 500 241320 "-" "Python/3.11 aiohttp/3.9.2"
118.127.40.73 - - [05/Apr/2026:09:12:02 +1000] "GET / HTTP/1.1" 500 311264 "-" "Python/3.11 aiohttp/3.9.2"
118.127.40.73 - - [05/Apr/2026:09:42:05 +1000] "GET / HTTP/1.1" 500 303072 "-" "Python/3.11 aiohttp/3.9.2"
118.127.40.73 - - [05/Apr/2026:10:12:03 +1000] "GET / HTTP/1.1" 500 241320 "-" "Python/3.11 aiohttp/3.9.2"
118.127.40.73 - - [05/Apr/2026:10:42:03 +1000] "GET / HTTP/1.1" 500 303072 "-" "Python/3.11 aiohttp/3.9.2"
118.127.40.73 - - [05/Apr/2026:11:12:03 +1000] "GET / HTTP/1.1" 500 303072 "-" "Python/3.11 aiohttp/3.9.2"
118.127.40.73 - - [05/Apr/2026:11:42:05 +1000] "GET / HTTP/1.1" 500 434128 "-" "Python/3.11 aiohttp/3.9.2"
118.127.40.73 - - [05/Apr/2026:12:12:04 +1000] "GET / HTTP/1.1" 500 204776 "-" "Python/3.11 aiohttp/3.9.2"
118.127.40.73 - - [05/Apr/2026:12:42:04 +1000] "GET / HTTP/1.1" 500 344024 "-" "Python/3.11 aiohttp/3.9.2"
118.127.40.73 - - [05/Apr/2026:13:12:04 +1000] "GET / HTTP/1.1" 500 249512 "-" "Python/3.11 aiohttp/3.9.2"
118.127.40.73 - - [05/Apr/2026:13:42:06 +1000] "GET / HTTP/1.1" 500 303072 "-" "Python/3.11 aiohttp/3.9.2"
118.127.40.73 - - [05/Apr/2026:14:12:05 +1000] "GET / HTTP/1.1" 500 147440 "-" "Python/3.11 aiohttp/3.9.2"
118.127.40.73 - - [05/Apr/2026:14:42:05 +1000] "GET / HTTP/1.1" 500 335832 "-" "Python/3.11 aiohttp/3.9.2"
118.127.40.73 - - [05/Apr/2026:15:12:05 +1000] "GET / HTTP/1.1" 500 278496 "-" "Python/3.11 aiohttp/3.9.2"
118.127.40.73 - - [05/Apr/2026:15:42:05 +1000] "GET / HTTP/1.1" 500 241320 "-" "Python/3.11 aiohttp/3.9.2"
118.127.40.73 - - [05/Apr/2026:16:12:06 +1000] "GET / HTTP/1.1" 500 98296 "-" "Python/3.11 aiohttp/3.9.2"
66.132.195.102 - - [05/Apr/2026:16:34:33 +1000] "GET / HTTP/1.1" 500 729000 "-" "Mozilla/5.0 (compatible; CensysInspect/1.1; +https://about.censys.io/)"
66.132.195.102 - - [05/Apr/2026:16:34:56 +1000] "GET / HTTP/1.1" 421 362 "-" "Mozilla/5.0 (compatible; CensysInspect/1.1; +https://about.censys.io/)"
118.127.40.73 - - [05/Apr/2026:16:42:06 +1000] "GET / HTTP/1.1" 500 311264 "-" "Python/3.11 aiohttp/3.9.2"
118.127.40.73 - - [05/Apr/2026:17:12:06 +1000] "GET / HTTP/1.1" 500 241320 "-" "Python/3.11 aiohttp/3.9.2"
118.127.40.73 - - [05/Apr/2026:17:42:07 +1000] "GET / HTTP/1.1" 500 49152 "-" "Python/3.11 aiohttp/3.9.2"
118.127.40.73 - - [05/Apr/2026:18:12:06 +1000] "GET / HTTP/1.1" 500 221160 "-" "Python/3.11 aiohttp/3.9.2"
118.127.40.73 - - [05/Apr/2026:18:42:06 +1000] "GET / HTTP/1.1" 500 376792 "-" "Python/3.11 aiohttp/3.9.2"
118.127.40.73 - - [05/Apr/2026:19:12:07 +1000] "GET / HTTP/1.1" 500 270304 "-" "Python/3.11 aiohttp/3.9.2"
118.127.40.73 - - [05/Apr/2026:19:42:07 +1000] "GET / HTTP/1.1" 500 286688 "-" "Python/3.11 aiohttp/3.9.2"
118.127.40.73 - - [05/Apr/2026:20:12:08 +1000] "GET / HTTP/1.1" 500 241320 "-" "Python/3.11 aiohttp/3.9.2"
118.127.40.73 - - [05/Apr/2026:20:42:07 +1000] "GET / HTTP/1.1" 500 241320 "-" "Python/3.11 aiohttp/3.9.2"
74.7.175.165 - - [05/Apr/2026:20:52:55 +1000] "GET /robots.txt HTTP/1.1" 200 24 "-" "Mozilla/5.0 (Macintosh; Intel Mac OS X 10_15_7) AppleWebKit/537.36 (KHTML, like Gecko) Chrome/131.0.0.0 Safari/537.36; compatible; OAI-SearchBot/1.3; robots.txt; +https://openai.com/searchbot"
118.127.40.73 - - [05/Apr/2026:21:12:07 +1000] "GET / HTTP/1.1" 500 335832 "-" "Python/3.11 aiohttp/3.9.2"
118.127.40.73 - - [05/Apr/2026:21:42:08 +1000] "GET / HTTP/1.1" 500 212968 "-" "Python/3.11 aiohttp/3.9.2"
118.127.40.73 - - [05/Apr/2026:22:12:08 +1000] "GET / HTTP/1.1" 500 241320 "-" "Python/3.11 aiohttp/3.9.2"
118.127.40.73 - - [05/Apr/2026:22:42:09 +1000] "GET / HTTP/1.1" 500 221160 "-" "Python/3.11 aiohttp/3.9.2"
118.127.40.73 - - [05/Apr/2026:23:12:08 +1000] "GET / HTTP/1.1" 500 147440 "-" "Python/3.11 aiohttp/3.9.2"
118.127.40.73 - - [05/Apr/2026:23:42:08 +1000] "GET / HTTP/1.1" 500 221160 "-" "Python/3.11 aiohttp/3.9.2"
118.127.40.73 - - [06/Apr/2026:00:12:09 +1000] "GET / HTTP/1.1" 500 229352 "-" "Python/3.11 aiohttp/3.9.2"
118.127.40.73 - - [06/Apr/2026:00:42:09 +1000] "GET / HTTP/1.1" 500 212968 "-" "Python/3.11 aiohttp/3.9.2"
118.127.40.73 - - [06/Apr/2026:01:12:10 +1000] "GET / HTTP/1.1" 500 311264 "-" "Python/3.11 aiohttp/3.9.2"
118.127.40.73 - - [06/Apr/2026:01:42:15 +1000] "GET / HTTP/1.1" 500 294880 "-" "Python/3.11 aiohttp/3.9.2"
118.127.40.73 - - [06/Apr/2026:02:12:10 +1000] "GET / HTTP/1.1" 500 147440 "-" "Python/3.11 aiohttp/3.9.2"
118.127.40.73 - - [06/Apr/2026:02:42:10 +1000] "GET / HTTP/1.1" 500 303072 "-" "Python/3.11 aiohttp/3.9.2"
118.127.40.73 - - [06/Apr/2026:03:12:10 +1000] "GET / HTTP/1.1" 500 57344 "-" "Python/3.11 aiohttp/3.9.2"
118.127.40.73 - - [06/Apr/2026:03:42:12 +1000] "GET / HTTP/1.1" 500 352216 "-" "Python/3.11 aiohttp/3.9.2"
118.127.40.73 - - [06/Apr/2026:04:12:11 +1000] "GET / HTTP/1.1" 500 257704 "-" "Python/3.11 aiohttp/3.9.2"
118.127.40.73 - - [06/Apr/2026:04:42:13 +1000] "GET / HTTP/1.1" 500 73720 "-" "Python/3.11 aiohttp/3.9.2"
118.127.40.73 - - [06/Apr/2026:05:12:12 +1000] "GET / HTTP/1.1" 500 204776 "-" "Python/3.11 aiohttp/3.9.2"
118.127.40.73 - - [06/Apr/2026:05:42:11 +1000] "GET / HTTP/1.1" 500 241320 "-" "Python/3.11 aiohttp/3.9.2"
118.127.40.73 - - [06/Apr/2026:06:12:12 +1000] "GET / HTTP/1.1" 500 241320 "-" "Python/3.11 aiohttp/3.9.2"
118.127.40.73 - - [06/Apr/2026:06:42:12 +1000] "GET / HTTP/1.1" 500 278496 "-" "Python/3.11 aiohttp/3.9.2"
118.127.40.73 - - [06/Apr/2026:07:12:14 +1000] "GET / HTTP/1.1" 500 311264 "-" "Python/3.11 aiohttp/3.9.2"
118.127.40.73 - - [06/Apr/2026:07:42:12 +1000] "GET / HTTP/1.1" 500 147440 "-" "Python/3.11 aiohttp/3.9.2"
118.127.40.73 - - [06/Apr/2026:08:12:13 +1000] "GET / HTTP/1.1" 500 40960 "-" "Python/3.11 aiohttp/3.9.2"
118.127.40.73 - - [06/Apr/2026:08:42:12 +1000] "GET / HTTP/1.1" 500 409552 "-" "Python/3.11 aiohttp/3.9.2"
118.127.40.73 - - [06/Apr/2026:09:12:13 +1000] "GET / HTTP/1.1" 500 147440 "-" "Python/3.11 aiohttp/3.9.2"
118.127.40.73 - - [06/Apr/2026:09:42:13 +1000] "GET / HTTP/1.1" 500 172016 "-" "Python/3.11 aiohttp/3.9.2"
74.7.244.54 - - [06/Apr/2026:09:47:08 +1000] "GET /robots.txt HTTP/1.1" 200 24 "-" "Mozilla/5.0 (Macintosh; Intel Mac OS X 10_15_7) AppleWebKit/537.36 (KHTML, like Gecko) Chrome/131.0.0.0 Safari/537.36; compatible; OAI-SearchBot/1.3; robots.txt; +https://openai.com/searchbot"
118.127.40.73 - - [06/Apr/2026:10:12:14 +1000] "GET / HTTP/1.1" 500 73720 "-" "Python/3.11 aiohttp/3.9.2"
118.127.40.73 - - [06/Apr/2026:10:42:14 +1000] "GET / HTTP/1.1" 500 257704 "-" "Python/3.11 aiohttp/3.9.2"
74.7.227.145 - - [06/Apr/2026:10:52:37 +1000] "GET / HTTP/1.1" 500 188400 "-" "Mozilla/5.0 AppleWebKit/537.36 (KHTML, like Gecko; compatible; GPTBot/1.3; +https://openai.com/gptbot)"
118.127.40.73 - - [06/Apr/2026:11:12:14 +1000] "GET / HTTP/1.1" 500 172016 "-" "Python/3.11 aiohttp/3.9.2"
118.127.40.73 - - [06/Apr/2026:11:42:14 +1000] "GET / HTTP/1.1" 500 212968 "-" "Python/3.11 aiohttp/3.9.2"
118.127.40.73 - - [06/Apr/2026:12:12:14 +1000] "GET / HTTP/1.1" 500 180208 "-" "Python/3.11 aiohttp/3.9.2"
118.127.40.73 - - [06/Apr/2026:12:42:15 +1000] "GET / HTTP/1.1" 500 270304 "-" "Python/3.11 aiohttp/3.9.2"
118.127.40.73 - - [06/Apr/2026:13:12:15 +1000] "GET / HTTP/1.1" 500 172016 "-" "Python/3.11 aiohttp/3.9.2"
118.127.40.73 - - [06/Apr/2026:13:42:15 +1000] "GET / HTTP/1.1" 500 147440 "-" "Python/3.11 aiohttp/3.9.2"
118.127.40.73 - - [06/Apr/2026:14:12:15 +1000] "GET / HTTP/1.1" 500 73720 "-" "Python/3.11 aiohttp/3.9.2"
118.127.40.73 - - [06/Apr/2026:14:42:15 +1000] "GET / HTTP/1.1" 500 212968 "-" "Python/3.11 aiohttp/3.9.2"
118.127.40.73 - - [06/Apr/2026:15:12:16 +1000] "GET / HTTP/1.1" 500 335832 "-" "Python/3.11 aiohttp/3.9.2"
118.127.40.73 - - [06/Apr/2026:15:42:16 +1000] "GET / HTTP/1.1" 500 147440 "-" "Python/3.11 aiohttp/3.9.2"
118.127.40.73 - - [06/Apr/2026:16:12:16 +1000] "GET / HTTP/1.1" 500 257704 "-" "Python/3.11 aiohttp/3.9.2"
118.127.40.73 - - [06/Apr/2026:16:42:16 +1000] "GET / HTTP/1.1" 500 249512 "-" "Python/3.11 aiohttp/3.9.2"
118.127.40.73 - - [06/Apr/2026:17:12:17 +1000] "GET / HTTP/1.1" 500 241320 "-" "Python/3.11 aiohttp/3.9.2"
118.127.40.73 - - [06/Apr/2026:17:42:16 +1000] "GET / HTTP/1.1" 500 286688 "-" "Python/3.11 aiohttp/3.9.2"
118.127.40.73 - - [06/Apr/2026:18:12:16 +1000] "GET / HTTP/1.1" 500 241320 "-" "Python/3.11 aiohttp/3.9.2"
118.127.40.73 - - [06/Apr/2026:18:42:16 +1000] "GET / HTTP/1.1" 500 229352 "-" "Python/3.11 aiohttp/3.9.2"
118.127.40.73 - - [06/Apr/2026:19:12:20 +1000] "GET / HTTP/1.1" 500 147440 "-" "Python/3.11 aiohttp/3.9.2"
118.127.40.73 - - [06/Apr/2026:19:42:19 +1000] "GET / HTTP/1.1" 500 249512 "-" "Python/3.11 aiohttp/3.9.2"
118.127.40.73 - - [06/Apr/2026:20:12:18 +1000] "GET / HTTP/1.1" 500 221160 "-" "Python/3.11 aiohttp/3.9.2"
118.127.40.73 - - [06/Apr/2026:20:42:24 +1000] "GET / HTTP/1.1" 500 212968 "-" "Python/3.11 aiohttp/3.9.2"
118.127.40.73 - - [06/Apr/2026:21:12:18 +1000] "GET / HTTP/1.1" 500 180208 "-" "Python/3.11 aiohttp/3.9.2"
74.7.230.16 - - [06/Apr/2026:21:25:36 +1000] "GET /robots.txt HTTP/1.1" 200 24 "-" "Mozilla/5.0 (Macintosh; Intel Mac OS X 10_15_7) AppleWebKit/537.36 (KHTML, like Gecko) Chrome/131.0.0.0 Safari/537.36; compatible; OAI-SearchBot/1.3; robots.txt; +https://openai.com/searchbot"
74.7.227.13 - - [06/Apr/2026:21:25:36 +1000] "GET / HTTP/1.1" 500 147440 "-" "Mozilla/5.0 AppleWebKit/537.36 (KHTML, like Gecko; compatible; GPTBot/1.3; +https://openai.com/gptbot)"
118.127.40.73 - - [06/Apr/2026:21:42:19 +1000] "GET / HTTP/1.1" 500 147440 "-" "Python/3.11 aiohttp/3.9.2"
118.127.40.73 - - [06/Apr/2026:22:12:19 +1000] "GET / HTTP/1.1" 500 311264 "-" "Python/3.11 aiohttp/3.9.2"
118.127.40.73 - - [06/Apr/2026:22:42:20 +1000] "GET / HTTP/1.1" 500 278496 "-" "Python/3.11 aiohttp/3.9.2"
118.127.40.73 - - [06/Apr/2026:23:12:19 +1000] "GET / HTTP/1.1" 500 98296 "-" "Python/3.11 aiohttp/3.9.2"
118.127.40.73 - - [06/Apr/2026:23:42:20 +1000] "GET / HTTP/1.1" 500 249512 "-" "Python/3.11 aiohttp/3.9.2"
118.127.40.73 - - [07/Apr/2026:00:12:25 +1000] "GET / HTTP/1.1" 500 73720 "-" "Python/3.11 aiohttp/3.9.2"
118.127.40.73 - - [07/Apr/2026:00:45:37 +1000] "GET / HTTP/1.1" 500 147440 "-" "Python/3.11 aiohttp/3.9.2"
118.127.40.73 - - [07/Apr/2026:01:15:41 +1000] "GET / HTTP/1.1" 500 241320 "-" "Python/3.11 aiohttp/3.9.2"
204.76.203.25 - - [07/Apr/2026:01:21:14 +1000] "GET /.env HTTP/1.1" 500 241320 "-" "Mozilla/5.0 (Windows NT 10.0; Win64; x64) AppleWebKit/537.36 (KHTML, like Gecko) Chrome/134.0.0.0 Safari/537.3"
118.127.40.73 - - [07/Apr/2026:01:45:36 +1000] "GET / HTTP/1.1" 500 368600 "-" "Python/3.11 aiohttp/3.9.2"
66.163.112.229 - - [07/Apr/2026:02:04:36 +1000] "HEAD / HTTP/1.1" 500 - "-" "ct2ips/1.0"
66.163.112.229 - - [07/Apr/2026:02:05:38 +1000] "HEAD / HTTP/1.1" 500 - "-" "ct2ips/1.0"
118.127.40.73 - - [07/Apr/2026:02:15:36 +1000] "GET / HTTP/1.1" 500 49152 "-" "Python/3.11 aiohttp/3.9.2"
118.127.40.73 - - [07/Apr/2026:02:45:35 +1000] "GET / HTTP/1.1" 500 270304 "-" "Python/3.11 aiohttp/3.9.2"
65.87.7.61 - - [07/Apr/2026:02:48:32 +1000] "GET / HTTP/1.1" 500 147440 "-" "Mozilla/5.0 (Macintosh; Intel Mac OS X 10_15_7) AppleWebKit/537.36 (KHTML, like Gecko) Chrome/124.0.0.0 Safari/537.36"
118.127.40.73 - - [07/Apr/2026:03:15:41 +1000] "GET / HTTP/1.1" 500 614328 "-" "Python/3.11 aiohttp/3.9.2"
118.127.40.73 - - [07/Apr/2026:03:45:41 +1000] "GET / HTTP/1.1" 500 212968 "-" "Python/3.11 aiohttp/3.9.2"
