93.123.109.232 - - [10/Apr/2026:03:37:24 +1000] "GET //posscales.com.au/WP-POS/wp-includes/js/comment-reply.min.js HTTP/1.1" 404 - "-" "Mozilla/4.8 [en] (Windows NT 5.1; U)"
93.123.109.232 - - [10/Apr/2026:03:37:24 +1000] "GET //posscales.com.au/WP-POS/wp-includes/js/jquery/jquery-migrate.min.js HTTP/1.1" 404 - "-" "Mozilla/5.0 (Windows NT 10.0; WOW64) AppleWebKit/537.36 (KHTML, like Gecko) coc_coc_browser/80.0.180 Chrome/74.0.3729.180 Safari/537.36"
93.123.109.232 - - [10/Apr/2026:03:37:24 +1000] "GET //posscales.com.au/WP-POS/wp-content/plugins/contact-form-7/includes/js/index.js HTTP/1.1" 404 - "-" "Mozilla/5.0 (Linux; Android 8.1.0; Redmi 6) AppleWebKit/537.36 (KHTML, like Gecko) Chrome/76.0.3809.111 Mobile Safari/537.36"
93.123.109.232 - - [10/Apr/2026:03:37:24 +1000] "GET //posscales.com.au/WP-POS/wp-includes/js/dist/i18n.min.js HTTP/1.1" 404 - "-" "Mozilla/5.0 (Macintosh; Intel Mac OS X 10_14_5) AppleWebKit/537.36 (KHTML, like Gecko) Chrome/75.0.3770.142 Safari/537.36"
93.123.109.232 - - [10/Apr/2026:03:37:24 +1000] "GET //posscales.com.au/WP-POS/wp-content/themes/angle/js/functions.js HTTP/1.1" 404 - "-" "Mozilla/5.0 (X11; U; Linux i686; en-gb) AppleWebKit/534.35 (KHTML, like Gecko) Chrome/11.0.696.65 Safari/534.35 Puffin/2.0.5603M"
93.123.109.232 - - [10/Apr/2026:03:37:24 +1000] "GET //posscales.com.au/WP-POS/wp-content/plugins/contact-form-7/modules/recaptcha/index.js HTTP/1.1" 404 - "-" "Mozilla/5.0 (Windows NT 10.0; Win64; x64) AppleWebKit/537.36 (KHTML, like Gecko) Chrome/65.0.3325.181 Safari/537.36"
93.123.109.232 - - [10/Apr/2026:03:37:24 +1000] "GET //posscales.com.au/WP-POS/wp-content/plugins/contact-form-7/includes/swv/js/index.js HTTP/1.1" 404 - "-" "Mozilla/5.0 (Windows NT 6.1; WOW64) AppleWebKit/537.36 (KHTML, like Gecko) Chrome/33.0.1750.154 Safari/537.36 OPR/20.0.1387.91"
93.123.109.232 - - [10/Apr/2026:03:37:24 +1000] "GET //posscales.com.au/WP-POS/wp-includes/js/dist/vendor/wp-polyfill.min.js HTTP/1.1" 404 - "-" "Mozilla/5.0 (Windows NT 6.1; Win64; x64) AppleWebKit/537.36 (KHTML, like Gecko) Chrome/72.0.3626.121 Safari/537.36"
93.123.109.232 - - [10/Apr/2026:03:37:24 +1000] "GET //posscales.com.au/WP-POS/wp-content/plugins/social-icons-widget-by-wpzoom/assets/js/social-icons-widget-frontend.js HTTP/1.1" 404 - "-" "Mozilla/5.0 (compatible; Konqueror/4.3; Linux) KHTML/4.3.1 (like Gecko) Fedora/4.3.1-3.fc11"
93.123.109.232 - - [10/Apr/2026:03:37:24 +1000] "GET //posscales.com.au/WP-POS/wp-content/themes/angle/js/jquery.mmenu.min.all.js HTTP/1.1" 404 - "-" "Mozilla/5.0 (X11; Linux x86_64; en-US; rv:2.0b2pre) Gecko/20100712 Minefield/4.0b2pre"
93.123.109.232 - - [10/Apr/2026:03:37:24 +1000] "GET //www.google.com/recaptcha/api.js HTTP/1.1" 404 - "-" "Mozilla/4.0 (compatible; MSIE 7.0; Windows NT 6.1; Trident/6.0)"
118.127.40.73 - - [10/Apr/2026:03:45:44 +1000] "GET / HTTP/1.1" 200 39274 "-" "Python/3.11 aiohttp/3.9.2"
118.127.40.73 - - [10/Apr/2026:04:15:43 +1000] "GET / HTTP/1.1" 200 39274 "-" "Python/3.11 aiohttp/3.9.2"
216.73.216.35 - - [10/Apr/2026:04:37:06 +1000] "GET /robots.txt HTTP/1.1" 200 286 "-" "Mozilla/5.0 AppleWebKit/537.36 (KHTML, like Gecko; compatible; ClaudeBot/1.0; +claudebot@anthropic.com)"
216.73.216.35 - - [10/Apr/2026:04:37:06 +1000] "GET /sitemap.xml HTTP/1.1" 404 - "-" "Mozilla/5.0 AppleWebKit/537.36 (KHTML, like Gecko; compatible; ClaudeBot/1.0; +claudebot@anthropic.com)"
118.127.40.73 - - [10/Apr/2026:04:45:43 +1000] "GET / HTTP/1.1" 200 39274 "-" "Python/3.11 aiohttp/3.9.2"
118.127.40.73 - - [10/Apr/2026:05:15:47 +1000] "GET / HTTP/1.1" 200 39274 "-" "Python/3.11 aiohttp/3.9.2"
118.127.40.73 - - [10/Apr/2026:05:45:47 +1000] "GET / HTTP/1.1" 200 39274 "-" "Python/3.11 aiohttp/3.9.2"
118.127.40.73 - - [10/Apr/2026:06:15:46 +1000] "GET / HTTP/1.1" 200 39274 "-" "Python/3.11 aiohttp/3.9.2"
179.43.186.231 - - [10/Apr/2026:06:39:30 +1000] "GET / HTTP/1.1" 200 39274 "-" "Mozilla/5.0 (Windows NT 10.0; Win64; x64) AppleWebKit/537.36 (KHTML, like Gecko) Chrome/122.0.0.0 Safari/537.36"
179.43.186.231 - - [10/Apr/2026:06:39:31 +1000] "GET /?_task=login HTTP/1.1" 200 39274 "-" "Mozilla/5.0 (Windows NT 10.0; Win64; x64) AppleWebKit/537.36 (KHTML, like Gecko) Chrome/122.0.0.0 Safari/537.36"
118.127.40.73 - - [10/Apr/2026:06:45:46 +1000] "GET / HTTP/1.1" 200 39274 "-" "Python/3.11 aiohttp/3.9.2"
103.215.74.185 - - [10/Apr/2026:06:57:57 +1000] "POST / HTTP/1.1" 200 39274 "-" "Mozilla/5.0 (X11; Linux x86_64) AppleWebKit/537.36 (KHTML, like Gecko) Chrome/131.0.0.0 Safari/537.36"
103.215.74.185 - - [10/Apr/2026:06:58:00 +1000] "GET / HTTP/1.1" 200 39274 "-" "Mozilla/5.0 (Macintosh; Intel Mac OS X 10_15_7) AppleWebKit/537.36 (KHTML, like Gecko) Chrome/131.0.0.0 Safari/537.36"
103.215.74.185 - - [10/Apr/2026:06:58:05 +1000] "GET / HTTP/1.1" 200 39274 "-" "Mozilla/5.0 (Windows NT 10.0; Win64; x64) AppleWebKit/537.36 (KHTML, like Gecko) Chrome/120.0.0.0 Safari/537.36"
118.127.40.73 - - [10/Apr/2026:07:15:52 +1000] "GET / HTTP/1.1" 200 39274 "-" "Python/3.11 aiohttp/3.9.2"
216.73.216.35 - - [10/Apr/2026:07:33:24 +1000] "GET /robots.txt HTTP/1.1" 200 286 "-" "Mozilla/5.0 AppleWebKit/537.36 (KHTML, like Gecko; compatible; ClaudeBot/1.0; +claudebot@anthropic.com)"
216.73.216.35 - - [10/Apr/2026:07:33:24 +1000] "GET /sitemap.xml HTTP/1.1" 404 - "-" "Mozilla/5.0 AppleWebKit/537.36 (KHTML, like Gecko; compatible; ClaudeBot/1.0; +claudebot@anthropic.com)"
118.127.40.73 - - [10/Apr/2026:07:45:58 +1000] "GET / HTTP/1.1" 200 39274 "-" "Python/3.11 aiohttp/3.9.2"
118.127.40.73 - - [10/Apr/2026:08:16:09 +1000] "GET / HTTP/1.1" 200 39274 "-" "Python/3.11 aiohttp/3.9.2"
118.127.40.73 - - [10/Apr/2026:08:45:53 +1000] "GET / HTTP/1.1" 200 39274 "-" "Python/3.11 aiohttp/3.9.2"
164.92.253.225 - - [10/Apr/2026:09:03:44 +1000] "GET /.env HTTP/1.1" 404 - "-" "Mozilla/5.0 (Macintosh; Intel Mac OS X 10_15_7) AppleWebKit/605.1.15 (KHTML, like Gecko) Version/26.0 Safari/605.1.15"
118.127.40.73 - - [10/Apr/2026:09:15:46 +1000] "GET / HTTP/1.1" 200 39274 "-" "Python/3.11 aiohttp/3.9.2"
118.127.40.73 - - [10/Apr/2026:09:45:48 +1000] "GET / HTTP/1.1" 200 39274 "-" "Python/3.11 aiohttp/3.9.2"
118.127.40.73 - - [10/Apr/2026:10:15:46 +1000] "GET / HTTP/1.1" 200 39274 "-" "Python/3.11 aiohttp/3.9.2"
216.73.216.35 - - [10/Apr/2026:10:28:34 +1000] "GET /robots.txt HTTP/1.1" 200 286 "-" "Mozilla/5.0 AppleWebKit/537.36 (KHTML, like Gecko; compatible; ClaudeBot/1.0; +claudebot@anthropic.com)"
216.73.216.35 - - [10/Apr/2026:10:28:34 +1000] "GET /sitemap.xml HTTP/1.1" 404 - "-" "Mozilla/5.0 AppleWebKit/537.36 (KHTML, like Gecko; compatible; ClaudeBot/1.0; +claudebot@anthropic.com)"
118.127.40.73 - - [10/Apr/2026:10:45:52 +1000] "GET / HTTP/1.1" 200 32768 "-" "Python/3.11 aiohttp/3.9.2"
118.127.40.73 - - [10/Apr/2026:11:15:55 +1000] "GET / HTTP/1.1" 200 39274 "-" "Python/3.11 aiohttp/3.9.2"
118.127.40.73 - - [10/Apr/2026:11:45:49 +1000] "GET / HTTP/1.1" 200 39274 "-" "Python/3.11 aiohttp/3.9.2"
118.127.40.73 - - [10/Apr/2026:12:15:47 +1000] "GET / HTTP/1.1" 200 39274 "-" "Python/3.11 aiohttp/3.9.2"
118.127.40.73 - - [10/Apr/2026:12:45:50 +1000] "GET / HTTP/1.1" 200 39274 "-" "Python/3.11 aiohttp/3.9.2"
118.127.40.73 - - [10/Apr/2026:13:15:47 +1000] "GET / HTTP/1.1" 200 39274 "-" "Python/3.11 aiohttp/3.9.2"
118.127.40.73 - - [10/Apr/2026:13:46:01 +1000] "GET / HTTP/1.1" 200 39274 "-" "Python/3.11 aiohttp/3.9.2"
216.73.216.35 - - [10/Apr/2026:14:07:14 +1000] "GET /robots.txt HTTP/1.1" 200 286 "-" "Mozilla/5.0 AppleWebKit/537.36 (KHTML, like Gecko; compatible; ClaudeBot/1.0; +claudebot@anthropic.com)"
216.73.216.35 - - [10/Apr/2026:14:07:14 +1000] "GET /sitemap.xml HTTP/1.1" 404 - "-" "Mozilla/5.0 AppleWebKit/537.36 (KHTML, like Gecko; compatible; ClaudeBot/1.0; +claudebot@anthropic.com)"
118.127.40.73 - - [10/Apr/2026:14:15:47 +1000] "GET / HTTP/1.1" 200 39274 "-" "Python/3.11 aiohttp/3.9.2"
118.127.40.73 - - [10/Apr/2026:14:45:49 +1000] "GET / HTTP/1.1" 200 39274 "-" "Python/3.11 aiohttp/3.9.2"
118.127.40.73 - - [10/Apr/2026:15:15:54 +1000] "GET / HTTP/1.1" 200 39274 "-" "Python/3.11 aiohttp/3.9.2"
118.127.40.73 - - [10/Apr/2026:15:45:49 +1000] "GET / HTTP/1.1" 200 39274 "-" "Python/3.11 aiohttp/3.9.2"
3.249.68.109 - - [10/Apr/2026:16:12:54 +1000] "GET / HTTP/1.0" 200 39274 "-" "Mozilla/5.0 (compatible; NetcraftSurveyAgent/1.0; +info@netcraft.com)"
118.127.40.73 - - [10/Apr/2026:16:15:50 +1000] "GET / HTTP/1.1" 200 39274 "-" "Python/3.11 aiohttp/3.9.2"
118.127.40.73 - - [10/Apr/2026:16:45:55 +1000] "GET / HTTP/1.1" 200 39274 "-" "Python/3.11 aiohttp/3.9.2"
118.127.40.73 - - [10/Apr/2026:17:15:48 +1000] "GET / HTTP/1.1" 200 39274 "-" "Python/3.11 aiohttp/3.9.2"
216.73.216.35 - - [10/Apr/2026:17:43:47 +1000] "GET /robots.txt HTTP/1.1" 200 286 "-" "Mozilla/5.0 AppleWebKit/537.36 (KHTML, like Gecko; compatible; ClaudeBot/1.0; +claudebot@anthropic.com)"
216.73.216.35 - - [10/Apr/2026:17:43:47 +1000] "GET /sitemap.xml HTTP/1.1" 404 - "-" "Mozilla/5.0 AppleWebKit/537.36 (KHTML, like Gecko; compatible; ClaudeBot/1.0; +claudebot@anthropic.com)"
118.127.40.73 - - [10/Apr/2026:17:45:55 +1000] "GET / HTTP/1.1" 200 39274 "-" "Python/3.11 aiohttp/3.9.2"
118.127.40.73 - - [10/Apr/2026:18:15:49 +1000] "GET / HTTP/1.1" 200 39274 "-" "Python/3.11 aiohttp/3.9.2"
118.127.40.73 - - [10/Apr/2026:18:45:51 +1000] "GET / HTTP/1.1" 200 39274 "-" "Python/3.11 aiohttp/3.9.2"
118.127.40.73 - - [10/Apr/2026:19:15:50 +1000] "GET / HTTP/1.1" 200 39274 "-" "Python/3.11 aiohttp/3.9.2"
118.127.40.73 - - [10/Apr/2026:19:45:55 +1000] "GET / HTTP/1.1" 200 39274 "-" "Python/3.11 aiohttp/3.9.2"
118.127.40.73 - - [10/Apr/2026:20:15:51 +1000] "GET / HTTP/1.1" 200 39274 "-" "Python/3.11 aiohttp/3.9.2"
216.73.216.35 - - [10/Apr/2026:20:20:42 +1000] "GET /robots.txt HTTP/1.1" 200 286 "-" "Mozilla/5.0 AppleWebKit/537.36 (KHTML, like Gecko; compatible; ClaudeBot/1.0; +claudebot@anthropic.com)"
216.73.216.35 - - [10/Apr/2026:20:20:43 +1000] "GET /sitemap.xml HTTP/1.1" 404 - "-" "Mozilla/5.0 AppleWebKit/537.36 (KHTML, like Gecko; compatible; ClaudeBot/1.0; +claudebot@anthropic.com)"
118.127.40.73 - - [10/Apr/2026:20:45:49 +1000] "GET / HTTP/1.1" 200 39274 "-" "Python/3.11 aiohttp/3.9.2"
118.127.40.73 - - [10/Apr/2026:21:15:50 +1000] "GET / HTTP/1.1" 200 39274 "-" "Python/3.11 aiohttp/3.9.2"
118.127.40.73 - - [10/Apr/2026:21:45:55 +1000] "GET / HTTP/1.1" 200 39274 "-" "Python/3.11 aiohttp/3.9.2"
118.127.40.73 - - [10/Apr/2026:22:15:51 +1000] "GET / HTTP/1.1" 200 39274 "-" "Python/3.11 aiohttp/3.9.2"
118.127.40.73 - - [10/Apr/2026:22:45:56 +1000] "GET / HTTP/1.1" 200 39274 "-" "Python/3.11 aiohttp/3.9.2"
216.73.216.35 - - [10/Apr/2026:23:04:02 +1000] "GET /robots.txt HTTP/1.1" 200 286 "-" "Mozilla/5.0 AppleWebKit/537.36 (KHTML, like Gecko; compatible; ClaudeBot/1.0; +claudebot@anthropic.com)"
216.73.216.35 - - [10/Apr/2026:23:04:02 +1000] "GET /sitemap.xml HTTP/1.1" 404 - "-" "Mozilla/5.0 AppleWebKit/537.36 (KHTML, like Gecko; compatible; ClaudeBot/1.0; +claudebot@anthropic.com)"
118.127.40.73 - - [10/Apr/2026:23:15:52 +1000] "GET / HTTP/1.1" 200 39274 "-" "Python/3.11 aiohttp/3.9.2"
142.93.162.143 - - [10/Apr/2026:23:38:59 +1000] "GET / HTTP/1.1" 200 39274 "-" "Mozilla/5.0 (X11; Linux x86_64; rv:142.0) Gecko/20100101 Firefox/142.0"
142.93.162.143 - - [10/Apr/2026:23:39:06 +1000] "GET /favicon.ico HTTP/1.1" 404 - "https://mail.posscales.com.au/" "Mozilla/5.0 (X11; Linux x86_64; rv:142.0) Gecko/20100101 Firefox/142.0"
118.127.40.73 - - [10/Apr/2026:23:45:55 +1000] "GET / HTTP/1.1" 200 39274 "-" "Python/3.11 aiohttp/3.9.2"
118.127.40.73 - - [11/Apr/2026:00:16:01 +1000] "GET / HTTP/1.1" 200 39274 "-" "Python/3.11 aiohttp/3.9.2"
118.127.40.73 - - [11/Apr/2026:00:45:52 +1000] "GET / HTTP/1.1" 200 39274 "-" "Python/3.11 aiohttp/3.9.2"
118.127.40.73 - - [11/Apr/2026:01:15:53 +1000] "GET / HTTP/1.1" 200 39274 "-" "Python/3.11 aiohttp/3.9.2"
118.127.40.73 - - [11/Apr/2026:01:45:56 +1000] "GET / HTTP/1.1" 200 39274 "-" "Python/3.11 aiohttp/3.9.2"
216.73.216.35 - - [11/Apr/2026:02:11:11 +1000] "GET /robots.txt HTTP/1.1" 200 286 "-" "Mozilla/5.0 AppleWebKit/537.36 (KHTML, like Gecko; compatible; ClaudeBot/1.0; +claudebot@anthropic.com)"
216.73.216.35 - - [11/Apr/2026:02:11:12 +1000] "GET /sitemap.xml HTTP/1.1" 404 - "-" "Mozilla/5.0 AppleWebKit/537.36 (KHTML, like Gecko; compatible; ClaudeBot/1.0; +claudebot@anthropic.com)"
118.127.40.73 - - [11/Apr/2026:02:15:55 +1000] "GET / HTTP/1.1" 200 39274 "-" "Python/3.11 aiohttp/3.9.2"
118.127.40.73 - - [11/Apr/2026:02:45:54 +1000] "GET / HTTP/1.1" 200 39274 "-" "Python/3.11 aiohttp/3.9.2"
118.127.40.73 - - [11/Apr/2026:03:15:52 +1000] "GET / HTTP/1.1" 200 39274 "-" "Python/3.11 aiohttp/3.9.2"
118.127.40.73 - - [11/Apr/2026:03:45:54 +1000] "GET / HTTP/1.1" 200 39274 "-" "Python/3.11 aiohttp/3.9.2"
118.127.40.73 - - [11/Apr/2026:04:15:54 +1000] "GET / HTTP/1.1" 200 39274 "-" "Python/3.11 aiohttp/3.9.2"
118.127.40.73 - - [11/Apr/2026:04:45:55 +1000] "GET / HTTP/1.1" 200 39274 "-" "Python/3.11 aiohttp/3.9.2"
118.127.40.73 - - [11/Apr/2026:05:15:54 +1000] "GET / HTTP/1.1" 200 32768 "-" "Python/3.11 aiohttp/3.9.2"
216.73.216.35 - - [11/Apr/2026:05:31:16 +1000] "GET /robots.txt HTTP/1.1" 200 286 "-" "Mozilla/5.0 AppleWebKit/537.36 (KHTML, like Gecko; compatible; ClaudeBot/1.0; +claudebot@anthropic.com)"
216.73.216.35 - - [11/Apr/2026:05:31:16 +1000] "GET /sitemap.xml HTTP/1.1" 404 - "-" "Mozilla/5.0 AppleWebKit/537.36 (KHTML, like Gecko; compatible; ClaudeBot/1.0; +claudebot@anthropic.com)"
118.127.40.73 - - [11/Apr/2026:05:46:04 +1000] "GET / HTTP/1.1" 200 39274 "-" "Python/3.11 aiohttp/3.9.2"
118.127.40.73 - - [11/Apr/2026:06:16:31 +1000] "GET / HTTP/1.1" 200 39274 "-" "Python/3.11 aiohttp/3.9.2"
118.127.40.73 - - [11/Apr/2026:06:45:56 +1000] "GET / HTTP/1.1" 200 39274 "-" "Python/3.11 aiohttp/3.9.2"
118.127.40.73 - - [11/Apr/2026:07:15:53 +1000] "GET / HTTP/1.1" 200 39274 "-" "Python/3.11 aiohttp/3.9.2"
118.127.40.73 - - [11/Apr/2026:07:45:59 +1000] "GET / HTTP/1.1" 200 39274 "-" "Python/3.11 aiohttp/3.9.2"
118.127.40.73 - - [11/Apr/2026:08:15:59 +1000] "GET / HTTP/1.1" 200 39274 "-" "Python/3.11 aiohttp/3.9.2"
216.73.216.35 - - [11/Apr/2026:08:39:35 +1000] "GET /robots.txt HTTP/1.1" 200 286 "-" "Mozilla/5.0 AppleWebKit/537.36 (KHTML, like Gecko; compatible; ClaudeBot/1.0; +claudebot@anthropic.com)"
216.73.216.35 - - [11/Apr/2026:08:39:35 +1000] "GET /sitemap.xml HTTP/1.1" 404 - "-" "Mozilla/5.0 AppleWebKit/537.36 (KHTML, like Gecko; compatible; ClaudeBot/1.0; +claudebot@anthropic.com)"
118.127.40.73 - - [11/Apr/2026:08:45:58 +1000] "GET / HTTP/1.1" 200 39274 "-" "Python/3.11 aiohttp/3.9.2"
118.127.40.73 - - [11/Apr/2026:09:15:55 +1000] "GET / HTTP/1.1" 200 39274 "-" "Python/3.11 aiohttp/3.9.2"
118.127.40.73 - - [11/Apr/2026:09:45:59 +1000] "GET / HTTP/1.1" 200 39274 "-" "Python/3.11 aiohttp/3.9.2"
118.127.40.73 - - [11/Apr/2026:10:16:04 +1000] "GET / HTTP/1.1" 200 39274 "-" "Python/3.11 aiohttp/3.9.2"
118.127.40.73 - - [11/Apr/2026:10:45:58 +1000] "GET / HTTP/1.1" 200 39274 "-" "Python/3.11 aiohttp/3.9.2"
118.127.40.73 - - [11/Apr/2026:11:15:58 +1000] "GET / HTTP/1.1" 200 39274 "-" "Python/3.11 aiohttp/3.9.2"
216.73.216.35 - - [11/Apr/2026:11:23:06 +1000] "GET /robots.txt HTTP/1.1" 200 286 "-" "Mozilla/5.0 AppleWebKit/537.36 (KHTML, like Gecko; compatible; ClaudeBot/1.0; +claudebot@anthropic.com)"
216.73.216.35 - - [11/Apr/2026:11:23:06 +1000] "GET /sitemap.xml HTTP/1.1" 404 - "-" "Mozilla/5.0 AppleWebKit/537.36 (KHTML, like Gecko; compatible; ClaudeBot/1.0; +claudebot@anthropic.com)"
118.127.40.73 - - [11/Apr/2026:11:46:00 +1000] "GET / HTTP/1.1" 200 39274 "-" "Python/3.11 aiohttp/3.9.2"
118.127.40.73 - - [11/Apr/2026:12:15:57 +1000] "GET / HTTP/1.1" 200 39274 "-" "Python/3.11 aiohttp/3.9.2"
195.178.110.159 - - [11/Apr/2026:12:25:34 +1000] "GET /.git/config HTTP/1.1" 404 - "-" "Mozilla/5.0 (Macintosh; Intel Mac OS X 10_15_7) AppleWebKit/537.36 (KHTML, like Gecko) Chrome/103.0.0.0 Safari/537.36"
118.127.40.73 - - [11/Apr/2026:12:45:57 +1000] "GET / HTTP/1.1" 200 39274 "-" "Python/3.11 aiohttp/3.9.2"
118.127.40.73 - - [11/Apr/2026:13:15:56 +1000] "GET / HTTP/1.1" 200 39274 "-" "Python/3.11 aiohttp/3.9.2"
118.127.40.73 - - [11/Apr/2026:13:45:58 +1000] "GET / HTTP/1.1" 200 39274 "-" "Python/3.11 aiohttp/3.9.2"
118.127.40.73 - - [11/Apr/2026:14:16:01 +1000] "GET / HTTP/1.1" 200 39274 "-" "Python/3.11 aiohttp/3.9.2"
216.73.216.35 - - [11/Apr/2026:14:16:54 +1000] "GET /robots.txt HTTP/1.1" 200 286 "-" "Mozilla/5.0 AppleWebKit/537.36 (KHTML, like Gecko; compatible; ClaudeBot/1.0; +claudebot@anthropic.com)"
216.73.216.35 - - [11/Apr/2026:14:16:54 +1000] "GET /sitemap.xml HTTP/1.1" 404 - "-" "Mozilla/5.0 AppleWebKit/537.36 (KHTML, like Gecko; compatible; ClaudeBot/1.0; +claudebot@anthropic.com)"
38.255.43.151 - - [11/Apr/2026:14:28:29 +1000] "GET / HTTP/1.1" 200 39274 "-" "fasthttp"
118.127.40.73 - - [11/Apr/2026:14:45:59 +1000] "GET / HTTP/1.1" 200 39274 "-" "Python/3.11 aiohttp/3.9.2"
118.127.40.73 - - [11/Apr/2026:15:15:57 +1000] "GET / HTTP/1.1" 200 39274 "-" "Python/3.11 aiohttp/3.9.2"
74.7.228.14 - - [11/Apr/2026:15:43:52 +1000] "GET /robots.txt HTTP/1.1" 200 286 "-" "Mozilla/5.0 (Macintosh; Intel Mac OS X 10_15_7) AppleWebKit/537.36 (KHTML, like Gecko) Chrome/131.0.0.0 Safari/537.36; compatible; OAI-SearchBot/1.3; robots.txt; +https://openai.com/searchbot"
74.7.241.42 - - [11/Apr/2026:15:43:53 +1000] "GET / HTTP/1.1" 200 39274 "-" "Mozilla/5.0 AppleWebKit/537.36 (KHTML, like Gecko; compatible; GPTBot/1.3; +https://openai.com/gptbot)"
118.127.40.73 - - [11/Apr/2026:15:45:58 +1000] "GET / HTTP/1.1" 200 39274 "-" "Python/3.11 aiohttp/3.9.2"
118.127.40.73 - - [11/Apr/2026:16:16:00 +1000] "GET / HTTP/1.1" 200 39274 "-" "Python/3.11 aiohttp/3.9.2"
118.127.40.73 - - [11/Apr/2026:16:45:58 +1000] "GET / HTTP/1.1" 200 39274 "-" "Python/3.11 aiohttp/3.9.2"
118.127.40.73 - - [11/Apr/2026:17:15:59 +1000] "GET / HTTP/1.1" 200 39274 "-" "Python/3.11 aiohttp/3.9.2"
216.73.216.35 - - [11/Apr/2026:17:23:22 +1000] "GET /robots.txt HTTP/1.1" 200 286 "-" "Mozilla/5.0 AppleWebKit/537.36 (KHTML, like Gecko; compatible; ClaudeBot/1.0; +claudebot@anthropic.com)"
216.73.216.35 - - [11/Apr/2026:17:23:22 +1000] "GET /sitemap.xml HTTP/1.1" 404 - "-" "Mozilla/5.0 AppleWebKit/537.36 (KHTML, like Gecko; compatible; ClaudeBot/1.0; +claudebot@anthropic.com)"
118.127.40.73 - - [11/Apr/2026:17:45:59 +1000] "GET / HTTP/1.1" 200 39274 "-" "Python/3.11 aiohttp/3.9.2"
118.127.40.73 - - [11/Apr/2026:18:16:01 +1000] "GET / HTTP/1.1" 200 39274 "-" "Python/3.11 aiohttp/3.9.2"
118.127.40.73 - - [11/Apr/2026:18:46:00 +1000] "GET / HTTP/1.1" 200 39274 "-" "Python/3.11 aiohttp/3.9.2"
118.127.40.73 - - [11/Apr/2026:19:15:58 +1000] "GET / HTTP/1.1" 200 39274 "-" "Python/3.11 aiohttp/3.9.2"
118.127.40.73 - - [11/Apr/2026:19:46:09 +1000] "GET / HTTP/1.1" 200 39274 "-" "Python/3.11 aiohttp/3.9.2"
118.127.40.73 - - [11/Apr/2026:20:16:00 +1000] "GET / HTTP/1.1" 200 39274 "-" "Python/3.11 aiohttp/3.9.2"
216.73.216.35 - - [11/Apr/2026:20:18:52 +1000] "GET /robots.txt HTTP/1.1" 200 286 "-" "Mozilla/5.0 AppleWebKit/537.36 (KHTML, like Gecko; compatible; ClaudeBot/1.0; +claudebot@anthropic.com)"
216.73.216.35 - - [11/Apr/2026:20:18:52 +1000] "GET /sitemap.xml HTTP/1.1" 404 - "-" "Mozilla/5.0 AppleWebKit/537.36 (KHTML, like Gecko; compatible; ClaudeBot/1.0; +claudebot@anthropic.com)"
118.127.40.73 - - [11/Apr/2026:20:45:59 +1000] "GET / HTTP/1.1" 200 39274 "-" "Python/3.11 aiohttp/3.9.2"
118.127.40.73 - - [11/Apr/2026:21:15:59 +1000] "GET / HTTP/1.1" 200 39274 "-" "Python/3.11 aiohttp/3.9.2"
118.127.40.73 - - [11/Apr/2026:21:46:01 +1000] "GET / HTTP/1.1" 200 39274 "-" "Python/3.11 aiohttp/3.9.2"
118.127.40.73 - - [11/Apr/2026:22:16:01 +1000] "GET / HTTP/1.1" 200 39274 "-" "Python/3.11 aiohttp/3.9.2"
118.127.40.73 - - [11/Apr/2026:22:46:11 +1000] "GET / HTTP/1.1" 200 39274 "-" "Python/3.11 aiohttp/3.9.2"
118.127.40.73 - - [11/Apr/2026:23:16:06 +1000] "GET / HTTP/1.1" 200 39274 "-" "Python/3.11 aiohttp/3.9.2"
216.73.216.35 - - [11/Apr/2026:23:36:26 +1000] "GET /robots.txt HTTP/1.1" 200 286 "-" "Mozilla/5.0 AppleWebKit/537.36 (KHTML, like Gecko; compatible; ClaudeBot/1.0; +claudebot@anthropic.com)"
216.73.216.35 - - [11/Apr/2026:23:36:26 +1000] "GET /sitemap.xml HTTP/1.1" 404 - "-" "Mozilla/5.0 AppleWebKit/537.36 (KHTML, like Gecko; compatible; ClaudeBot/1.0; +claudebot@anthropic.com)"
118.127.40.73 - - [11/Apr/2026:23:46:04 +1000] "GET / HTTP/1.1" 200 39274 "-" "Python/3.11 aiohttp/3.9.2"
66.163.116.109 - - [12/Apr/2026:00:15:06 +1000] "GET /rdweb/pages/en-us/login.aspx HTTP/1.1" 404 - "-" "Go-http-client/1.1"
118.127.40.73 - - [12/Apr/2026:00:16:02 +1000] "GET / HTTP/1.1" 200 39274 "-" "Python/3.11 aiohttp/3.9.2"
138.246.253.24 - - [12/Apr/2026:00:28:33 +1000] "GET /robots.txt HTTP/1.1" 200 286 "-" "Mozilla/5.0 (Windows NT 10.0; Win64; x64) AppleWebKit/537.36 (KHTML, like Gecko) Chrome/103.0.5060.134 Safari/537.36"
118.127.40.73 - - [12/Apr/2026:00:46:02 +1000] "GET / HTTP/1.1" 200 39274 "-" "Python/3.11 aiohttp/3.9.2"
66.163.116.109 - - [12/Apr/2026:01:08:53 +1000] "GET /rdweb/pages/nl-nl/login.aspx HTTP/1.1" 404 - "-" "Go-http-client/1.1"
118.127.40.73 - - [12/Apr/2026:01:16:07 +1000] "GET / HTTP/1.1" 200 39274 "-" "Python/3.11 aiohttp/3.9.2"
118.127.40.73 - - [12/Apr/2026:01:46:04 +1000] "GET / HTTP/1.1" 200 39274 "-" "Python/3.11 aiohttp/3.9.2"
216.73.216.211 - - [12/Apr/2026:02:15:32 +1000] "GET /robots.txt HTTP/1.1" 200 286 "-" "Mozilla/5.0 AppleWebKit/537.36 (KHTML, like Gecko; compatible; ClaudeBot/1.0; +claudebot@anthropic.com)"
216.73.216.211 - - [12/Apr/2026:02:15:32 +1000] "GET /sitemap.xml HTTP/1.1" 404 - "-" "Mozilla/5.0 AppleWebKit/537.36 (KHTML, like Gecko; compatible; ClaudeBot/1.0; +claudebot@anthropic.com)"
118.127.40.73 - - [12/Apr/2026:02:16:07 +1000] "GET / HTTP/1.1" 200 39274 "-" "Python/3.11 aiohttp/3.9.2"
66.163.116.109 - - [12/Apr/2026:02:29:06 +1000] "GET /rdweb/pages/de-de/login.aspx HTTP/1.1" 404 - "-" "Go-http-client/1.1"
118.127.40.73 - - [12/Apr/2026:02:46:02 +1000] "GET / HTTP/1.1" 200 39274 "-" "Python/3.11 aiohttp/3.9.2"
66.163.116.109 - - [12/Apr/2026:03:10:46 +1000] "GET /rdweb/pages/pt-br/login.aspx HTTP/1.1" 404 - "-" "Go-http-client/1.1"
118.127.40.73 - - [12/Apr/2026:03:16:03 +1000] "GET / HTTP/1.1" 200 39274 "-" "Python/3.11 aiohttp/3.9.2"
118.127.40.73 - - [12/Apr/2026:03:46:10 +1000] "GET / HTTP/1.1" 200 39274 "-" "Python/3.11 aiohttp/3.9.2"
118.127.40.73 - - [12/Apr/2026:04:16:07 +1000] "GET / HTTP/1.1" 200 39274 "-" "Python/3.11 aiohttp/3.9.2"
66.163.116.109 - - [12/Apr/2026:04:44:40 +1000] "GET /rdweb/pages/it-it/login.aspx HTTP/1.1" 404 - "-" "Go-http-client/1.1"
118.127.40.73 - - [12/Apr/2026:04:46:07 +1000] "GET / HTTP/1.1" 200 39274 "-" "Python/3.11 aiohttp/3.9.2"
118.127.40.73 - - [12/Apr/2026:05:16:11 +1000] "GET / HTTP/1.1" 200 39274 "-" "Python/3.11 aiohttp/3.9.2"
216.73.216.211 - - [12/Apr/2026:05:28:41 +1000] "GET /robots.txt HTTP/1.1" 200 286 "-" "Mozilla/5.0 AppleWebKit/537.36 (KHTML, like Gecko; compatible; ClaudeBot/1.0; +claudebot@anthropic.com)"
216.73.216.211 - - [12/Apr/2026:05:28:41 +1000] "GET /sitemap.xml HTTP/1.1" 404 - "-" "Mozilla/5.0 AppleWebKit/537.36 (KHTML, like Gecko; compatible; ClaudeBot/1.0; +claudebot@anthropic.com)"
118.127.40.73 - - [12/Apr/2026:05:46:09 +1000] "GET / HTTP/1.1" 200 39274 "-" "Python/3.11 aiohttp/3.9.2"
118.127.40.73 - - [12/Apr/2026:06:16:13 +1000] "GET / HTTP/1.1" 200 39274 "-" "Python/3.11 aiohttp/3.9.2"
118.127.40.73 - - [12/Apr/2026:06:46:12 +1000] "GET / HTTP/1.1" 200 39274 "-" "Python/3.11 aiohttp/3.9.2"
118.127.40.73 - - [12/Apr/2026:07:16:11 +1000] "GET / HTTP/1.1" 200 39274 "-" "Python/3.11 aiohttp/3.9.2"
160.153.190.94 - - [12/Apr/2026:07:33:11 +1000] "GET / HTTP/1.1" 200 39274 "-" "Mozilla/5.0 (Windows NT 10.0; Win64; x64) AppleWebKit/537.36 (KHTML, like Gecko) Chrome/97.0.4692.71 Safari/537.36"
118.127.40.73 - - [12/Apr/2026:07:46:29 +1000] "GET / HTTP/1.1" 200 39274 "-" "Python/3.11 aiohttp/3.9.2"
216.73.216.211 - - [12/Apr/2026:08:06:34 +1000] "GET /robots.txt HTTP/1.1" 200 286 "-" "Mozilla/5.0 AppleWebKit/537.36 (KHTML, like Gecko; compatible; ClaudeBot/1.0; +claudebot@anthropic.com)"
216.73.216.211 - - [12/Apr/2026:08:06:35 +1000] "GET /sitemap.xml HTTP/1.1" 404 - "-" "Mozilla/5.0 AppleWebKit/537.36 (KHTML, like Gecko; compatible; ClaudeBot/1.0; +claudebot@anthropic.com)"
118.127.40.73 - - [12/Apr/2026:08:16:24 +1000] "GET / HTTP/1.1" 200 39274 "-" "Python/3.11 aiohttp/3.9.2"
66.163.116.109 - - [12/Apr/2026:08:22:33 +1000] "GET /rdweb/pages/es-es/login.aspx HTTP/1.1" 404 - "-" "Go-http-client/1.1"
118.127.40.73 - - [12/Apr/2026:08:46:17 +1000] "GET / HTTP/1.1" 200 39274 "-" "Python/3.11 aiohttp/3.9.2"
118.127.40.73 - - [12/Apr/2026:09:16:14 +1000] "GET / HTTP/1.1" 200 39274 "-" "Python/3.11 aiohttp/3.9.2"
66.163.116.109 - - [12/Apr/2026:09:27:38 +1000] "GET /rdweb/pages/fr-fr/login.aspx HTTP/1.1" 404 - "-" "Go-http-client/1.1"
118.127.40.73 - - [12/Apr/2026:09:46:16 +1000] "GET / HTTP/1.1" 200 39274 "-" "Python/3.11 aiohttp/3.9.2"
118.127.40.73 - - [12/Apr/2026:10:16:20 +1000] "GET / HTTP/1.1" 200 39274 "-" "Python/3.11 aiohttp/3.9.2"
66.163.116.109 - - [12/Apr/2026:10:29:10 +1000] "GET /rdweb/pages/ja-jp/login.aspx HTTP/1.1" 404 - "-" "Go-http-client/1.1"
118.127.40.73 - - [12/Apr/2026:10:46:06 +1000] "GET / HTTP/1.1" 200 39274 "-" "Python/3.11 aiohttp/3.9.2"
118.127.40.73 - - [12/Apr/2026:11:16:07 +1000] "GET / HTTP/1.1" 200 39274 "-" "Python/3.11 aiohttp/3.9.2"
216.73.216.211 - - [12/Apr/2026:11:35:29 +1000] "GET /robots.txt HTTP/1.1" 200 286 "-" "Mozilla/5.0 AppleWebKit/537.36 (KHTML, like Gecko; compatible; ClaudeBot/1.0; +claudebot@anthropic.com)"
216.73.216.211 - - [12/Apr/2026:11:35:29 +1000] "GET /sitemap.xml HTTP/1.1" 404 - "-" "Mozilla/5.0 AppleWebKit/537.36 (KHTML, like Gecko; compatible; ClaudeBot/1.0; +claudebot@anthropic.com)"
118.127.40.73 - - [12/Apr/2026:11:46:13 +1000] "GET / HTTP/1.1" 200 39274 "-" "Python/3.11 aiohttp/3.9.2"
118.127.40.73 - - [12/Apr/2026:12:16:09 +1000] "GET / HTTP/1.1" 200 39274 "-" "Python/3.11 aiohttp/3.9.2"
160.153.190.94 - - [12/Apr/2026:12:31:32 +1000] "GET / HTTP/1.1" 200 39274 "-" "Mozilla/5.0 (Windows NT 10.0; Win64; x64) AppleWebKit/537.36 (KHTML, like Gecko) Chrome/97.0.4692.71 Safari/537.36"
66.163.116.109 - - [12/Apr/2026:12:31:44 +1000] "GET /rdweb/pages/zh-cn/login.aspx HTTP/1.1" 404 - "-" "Go-http-client/1.1"
118.127.40.73 - - [12/Apr/2026:12:46:18 +1000] "GET / HTTP/1.1" 200 39274 "-" "Python/3.11 aiohttp/3.9.2"
118.127.40.73 - - [12/Apr/2026:13:16:07 +1000] "GET / HTTP/1.1" 200 39274 "-" "Python/3.11 aiohttp/3.9.2"
118.127.40.73 - - [12/Apr/2026:13:46:09 +1000] "GET / HTTP/1.1" 200 39274 "-" "Python/3.11 aiohttp/3.9.2"
118.127.40.73 - - [12/Apr/2026:14:16:07 +1000] "GET / HTTP/1.1" 200 39274 "-" "Python/3.11 aiohttp/3.9.2"
216.73.216.211 - - [12/Apr/2026:14:31:21 +1000] "GET /robots.txt HTTP/1.1" 200 286 "-" "Mozilla/5.0 AppleWebKit/537.36 (KHTML, like Gecko; compatible; ClaudeBot/1.0; +claudebot@anthropic.com)"
216.73.216.211 - - [12/Apr/2026:14:31:21 +1000] "GET /sitemap.xml HTTP/1.1" 404 - "-" "Mozilla/5.0 AppleWebKit/537.36 (KHTML, like Gecko; compatible; ClaudeBot/1.0; +claudebot@anthropic.com)"
118.127.40.73 - - [12/Apr/2026:14:46:08 +1000] "GET / HTTP/1.1" 200 39274 "-" "Python/3.11 aiohttp/3.9.2"
146.70.196.131 - - [12/Apr/2026:15:01:33 +1000] "GET / HTTP/1.1" 200 39274 "-" "Mozilla/5.0 (Windows NT 10.0; Win64; x64) AppleWebKit/537.36 (KHTML, like Gecko) Chrome/135.0.0.0 Safari/537.36"
118.127.40.73 - - [12/Apr/2026:15:16:10 +1000] "GET / HTTP/1.1" 200 39274 "-" "Python/3.11 aiohttp/3.9.2"
118.127.40.73 - - [12/Apr/2026:15:46:09 +1000] "GET / HTTP/1.1" 200 39274 "-" "Python/3.11 aiohttp/3.9.2"
118.127.40.73 - - [12/Apr/2026:16:16:07 +1000] "GET / HTTP/1.1" 200 39274 "-" "Python/3.11 aiohttp/3.9.2"
118.127.40.73 - - [12/Apr/2026:16:46:09 +1000] "GET / HTTP/1.1" 200 39274 "-" "Python/3.11 aiohttp/3.9.2"
160.153.190.94 - - [12/Apr/2026:16:48:39 +1000] "GET / HTTP/1.1" 200 39274 "-" "Mozilla/5.0 (Windows NT 10.0; Win64; x64) AppleWebKit/537.36 (KHTML, like Gecko) Chrome/97.0.4692.71 Safari/537.36"
118.127.40.73 - - [12/Apr/2026:17:16:09 +1000] "GET / HTTP/1.1" 200 39274 "-" "Python/3.11 aiohttp/3.9.2"
216.73.216.211 - - [12/Apr/2026:17:35:57 +1000] "GET /robots.txt HTTP/1.1" 200 286 "-" "Mozilla/5.0 AppleWebKit/537.36 (KHTML, like Gecko; compatible; ClaudeBot/1.0; +claudebot@anthropic.com)"
216.73.216.211 - - [12/Apr/2026:17:35:57 +1000] "GET /sitemap.xml HTTP/1.1" 404 - "-" "Mozilla/5.0 AppleWebKit/537.36 (KHTML, like Gecko; compatible; ClaudeBot/1.0; +claudebot@anthropic.com)"
118.127.40.73 - - [12/Apr/2026:17:46:13 +1000] "GET / HTTP/1.1" 200 39274 "-" "Python/3.11 aiohttp/3.9.2"
118.127.40.73 - - [12/Apr/2026:18:16:11 +1000] "GET / HTTP/1.1" 200 39274 "-" "Python/3.11 aiohttp/3.9.2"
118.127.40.73 - - [12/Apr/2026:18:46:15 +1000] "GET / HTTP/1.1" 200 39274 "-" "Python/3.11 aiohttp/3.9.2"
118.127.40.73 - - [12/Apr/2026:19:16:12 +1000] "GET / HTTP/1.1" 200 39274 "-" "Python/3.11 aiohttp/3.9.2"
118.127.40.73 - - [12/Apr/2026:19:46:14 +1000] "GET / HTTP/1.1" 200 39274 "-" "Python/3.11 aiohttp/3.9.2"
118.127.40.73 - - [12/Apr/2026:20:16:09 +1000] "GET / HTTP/1.1" 200 39274 "-" "Python/3.11 aiohttp/3.9.2"
216.73.216.211 - - [12/Apr/2026:20:28:09 +1000] "GET /robots.txt HTTP/1.1" 200 286 "-" "Mozilla/5.0 AppleWebKit/537.36 (KHTML, like Gecko; compatible; ClaudeBot/1.0; +claudebot@anthropic.com)"
216.73.216.211 - - [12/Apr/2026:20:28:09 +1000] "GET /sitemap.xml HTTP/1.1" 404 - "-" "Mozilla/5.0 AppleWebKit/537.36 (KHTML, like Gecko; compatible; ClaudeBot/1.0; +claudebot@anthropic.com)"
74.7.228.14 - - [12/Apr/2026:20:42:58 +1000] "GET /robots.txt HTTP/1.1" 200 286 "-" "Mozilla/5.0 (Macintosh; Intel Mac OS X 10_15_7) AppleWebKit/537.36 (KHTML, like Gecko) Chrome/131.0.0.0 Safari/537.36; compatible; OAI-SearchBot/1.3; robots.txt; +https://openai.com/searchbot"
118.127.40.73 - - [12/Apr/2026:20:46:14 +1000] "GET / HTTP/1.1" 200 39274 "-" "Python/3.11 aiohttp/3.9.2"
118.127.40.73 - - [12/Apr/2026:21:16:10 +1000] "GET / HTTP/1.1" 200 39274 "-" "Python/3.11 aiohttp/3.9.2"
118.127.40.73 - - [12/Apr/2026:21:46:14 +1000] "GET / HTTP/1.1" 200 39274 "-" "Python/3.11 aiohttp/3.9.2"
118.127.40.73 - - [12/Apr/2026:22:16:12 +1000] "GET / HTTP/1.1" 200 39274 "-" "Python/3.11 aiohttp/3.9.2"
118.127.40.73 - - [12/Apr/2026:22:46:16 +1000] "GET / HTTP/1.1" 200 39274 "-" "Python/3.11 aiohttp/3.9.2"
118.127.40.73 - - [12/Apr/2026:23:16:18 +1000] "GET / HTTP/1.1" 200 39274 "-" "Python/3.11 aiohttp/3.9.2"
216.73.216.211 - - [12/Apr/2026:23:27:06 +1000] "GET /robots.txt HTTP/1.1" 200 286 "-" "Mozilla/5.0 AppleWebKit/537.36 (KHTML, like Gecko; compatible; ClaudeBot/1.0; +claudebot@anthropic.com)"
216.73.216.211 - - [12/Apr/2026:23:27:06 +1000] "GET /sitemap.xml HTTP/1.1" 404 - "-" "Mozilla/5.0 AppleWebKit/537.36 (KHTML, like Gecko; compatible; ClaudeBot/1.0; +claudebot@anthropic.com)"
118.127.40.73 - - [12/Apr/2026:23:46:17 +1000] "GET / HTTP/1.1" 200 39274 "-" "Python/3.11 aiohttp/3.9.2"
167.172.160.28 - - [12/Apr/2026:23:49:20 +1000] "GET / HTTP/1.1" 200 39274 "-" "Mozilla/5.0 (X11; Linux x86_64; rv:142.0) Gecko/20100101 Firefox/142.0"
167.172.160.28 - - [12/Apr/2026:23:49:31 +1000] "GET /favicon.ico HTTP/1.1" 404 - "https://mail.posscales.com.au/" "Mozilla/5.0 (X11; Linux x86_64; rv:142.0) Gecko/20100101 Firefox/142.0"
198.235.24.131 - - [13/Apr/2026:00:12:18 +1000] "GET / HTTP/1.1" 200 39274 "-" "Hello from Palo Alto Networks, find out more about our scans in https://docs-cortex.paloaltonetworks.com/r/1/Cortex-Xpanse/Scanning-activity"
118.127.40.73 - - [13/Apr/2026:00:16:23 +1000] "GET / HTTP/1.1" 200 39274 "-" "Python/3.11 aiohttp/3.9.2"
118.127.40.73 - - [13/Apr/2026:00:46:20 +1000] "GET / HTTP/1.1" 200 39274 "-" "Python/3.11 aiohttp/3.9.2"
118.127.40.73 - - [13/Apr/2026:01:16:11 +1000] "GET / HTTP/1.1" 200 39274 "-" "Python/3.11 aiohttp/3.9.2"
118.127.40.73 - - [13/Apr/2026:01:46:14 +1000] "GET / HTTP/1.1" 200 39274 "-" "Python/3.11 aiohttp/3.9.2"
118.127.40.73 - - [13/Apr/2026:02:16:16 +1000] "GET / HTTP/1.1" 200 39274 "-" "Python/3.11 aiohttp/3.9.2"
216.73.216.211 - - [13/Apr/2026:02:41:18 +1000] "GET /robots.txt HTTP/1.1" 200 286 "-" "Mozilla/5.0 AppleWebKit/537.36 (KHTML, like Gecko; compatible; ClaudeBot/1.0; +claudebot@anthropic.com)"
216.73.216.211 - - [13/Apr/2026:02:41:18 +1000] "GET /sitemap.xml HTTP/1.1" 404 - "-" "Mozilla/5.0 AppleWebKit/537.36 (KHTML, like Gecko; compatible; ClaudeBot/1.0; +claudebot@anthropic.com)"
118.127.40.73 - - [13/Apr/2026:02:46:13 +1000] "GET / HTTP/1.1" 200 39274 "-" "Python/3.11 aiohttp/3.9.2"
118.127.40.73 - - [13/Apr/2026:03:16:17 +1000] "GET / HTTP/1.1" 200 39274 "-" "Python/3.11 aiohttp/3.9.2"
118.127.40.73 - - [13/Apr/2026:03:46:29 +1000] "GET / HTTP/1.1" 200 39274 "-" "Python/3.11 aiohttp/3.9.2"
118.127.40.73 - - [13/Apr/2026:04:16:22 +1000] "GET / HTTP/1.1" 200 39274 "-" "Python/3.11 aiohttp/3.9.2"
118.127.40.73 - - [13/Apr/2026:04:46:22 +1000] "GET / HTTP/1.1" 200 39274 "-" "Python/3.11 aiohttp/3.9.2"
118.127.40.73 - - [13/Apr/2026:05:16:14 +1000] "GET / HTTP/1.1" 200 39274 "-" "Python/3.11 aiohttp/3.9.2"
216.73.216.211 - - [13/Apr/2026:05:25:23 +1000] "GET /robots.txt HTTP/1.1" 200 286 "-" "Mozilla/5.0 AppleWebKit/537.36 (KHTML, like Gecko; compatible; ClaudeBot/1.0; +claudebot@anthropic.com)"
216.73.216.211 - - [13/Apr/2026:05:25:23 +1000] "GET /sitemap.xml HTTP/1.1" 404 - "-" "Mozilla/5.0 AppleWebKit/537.36 (KHTML, like Gecko; compatible; ClaudeBot/1.0; +claudebot@anthropic.com)"
118.127.40.73 - - [13/Apr/2026:05:46:15 +1000] "GET / HTTP/1.1" 200 39274 "-" "Python/3.11 aiohttp/3.9.2"
118.127.40.73 - - [13/Apr/2026:06:16:18 +1000] "GET / HTTP/1.1" 200 39274 "-" "Python/3.11 aiohttp/3.9.2"
81.161.59.17 - - [13/Apr/2026:06:33:57 +1000] "GET / HTTP/1.1" 200 39274 "-" "-"
3.18.186.238 - - [13/Apr/2026:06:36:04 +1000] "GET / HTTP/1.1" 200 39274 "-" "visionheight.com/scan Mozilla/5.0 (Macintosh; Intel Mac OS X 10_15_7) Chrome/126.0.0.0 Safari/537.36"
118.127.40.73 - - [13/Apr/2026:06:46:21 +1000] "GET / HTTP/1.1" 200 39274 "-" "Python/3.11 aiohttp/3.9.2"
138.199.33.181 - - [13/Apr/2026:07:13:04 +1000] "GET / HTTP/1.1" 200 39274 "-" "Mozilla/5.0 (X11; Linux x86_64) AppleWebKit/537.36 (KHTML, like Gecko) Chrome/147.0.0.0 Safari/537.36"
138.199.33.181 - - [13/Apr/2026:07:13:06 +1000] "GET /favicon.ico HTTP/1.1" 404 - "https://mail.posscales.com.au/" "Mozilla/5.0 (X11; Linux x86_64) AppleWebKit/537.36 (KHTML, like Gecko) Chrome/147.0.0.0 Safari/537.36"
98.159.233.118 - - [13/Apr/2026:07:14:17 +1000] "GET / HTTP/1.1" 200 39274 "-" "Mozilla/5.0 (Windows NT 10.0; Win64; x64) AppleWebKit/537.36 (KHTML, like Gecko) Chrome/98.0.4758.82 Safari/537.36"
98.159.233.118 - - [13/Apr/2026:07:14:18 +1000] "GET / HTTP/1.1" 200 39274 "-" "Mozilla/5.0 (Windows NT 10.0; Win64; x64) AppleWebKit/537.36 (KHTML, like Gecko) Chrome/98.0.4758.102 Safari/537.36"
217.194.144.50 - - [13/Apr/2026:07:14:18 +1000] "GET / HTTP/1.1" 200 39274 "-" "Mozilla/5.0 (iPhone; CPU iPhone OS 26_3 like Mac OS X) AppleWebKit/605.1.15 (KHTML, like Gecko) CriOS/144.0.7559.95 Mobile/15E148 Safari/604.1"
104.234.140.34 - - [13/Apr/2026:07:14:22 +1000] "GET / HTTP/1.1" 200 39274 "-" "Mozilla/5.0 (Windows NT 10.0; Win64; x64) AppleWebKit/537.36 (KHTML, like Gecko) Chrome/98.0.4758.82 Safari/537.36"
185.198.240.119 - - [13/Apr/2026:07:14:23 +1000] "GET / HTTP/1.1" 200 39274 "-" "Mozilla/5.0 (Windows NT 10.0; Win64; x64) AppleWebKit/537.36 (KHTML, like Gecko) Chrome/98.0.4758.102 Safari/537.36"
217.194.144.50 - - [13/Apr/2026:07:14:23 +1000] "GET /favicon.ico HTTP/1.1" 404 - "https://mail.posscales.com.au/" "Mozilla/5.0 (iPhone; CPU iPhone OS 26_3 like Mac OS X) AppleWebKit/605.1.15 (KHTML, like Gecko) CriOS/144.0.7559.95 Mobile/15E148 Safari/604.1"
118.127.40.73 - - [13/Apr/2026:07:16:14 +1000] "GET / HTTP/1.1" 200 39274 "-" "Python/3.11 aiohttp/3.9.2"
83.142.55.73 - - [13/Apr/2026:07:17:00 +1000] "GET /robots.txt HTTP/1.1" 200 286 "-" "Mozilla/5.0 (X11; Ubuntu; Linux x86_64; rv:109.0) Gecko/20100101 Firefox/117.0"
45.132.184.224 - - [13/Apr/2026:07:17:00 +1000] "GET / HTTP/1.1" 200 39274 "-" "Mozilla/5.0 (X11; Ubuntu; Linux x86_64; rv:109.0) Gecko/20100101 Firefox/117.0"
44.208.32.21 - - [13/Apr/2026:07:20:34 +1000] "GET / HTTP/1.1" 200 39274 "-" "Mozilla/5.0 (Windows NT 10.0; Win64; x64) AppleWebKit/537.36 (KHTML, like Gecko) Chrome/135.0.0.0 Safari/537.36"
44.208.32.21 - - [13/Apr/2026:07:20:46 +1000] "GET /favicon.ico HTTP/1.1" 404 - "https://mail.posscales.com.au/" "Mozilla/5.0 (Windows NT 10.0; Win64; x64) AppleWebKit/537.36 (KHTML, like Gecko) Chrome/135.0.0.0 Safari/537.36"
44.208.32.21 - - [13/Apr/2026:07:20:54 +1000] "GET /favicon.ico HTTP/1.1" 404 - "-" "Mozilla/5.0 (Windows NT 10.0; Win64; x64) AppleWebKit/537.36 (KHTML, like Gecko) Chrome/135.0.0.0 Safari/537.36"
3.83.135.148 - - [13/Apr/2026:07:26:03 +1000] "GET /favicon.ico HTTP/1.1" 404 - "-" "Mozilla/5.0 (Windows NT 6.3; WOW64; rv:38.0) Gecko/20100101 Firefox/38.0"
89.244.95.132 - - [13/Apr/2026:07:33:48 +1000] "GET / HTTP/1.0" 200 39274 "-" "Mozilla/5.0 (Windows NT 10.0; Win64; x64) AppleWebKit/537.36 (KHTML, like Gecko) Chrome/143.0.0.0 Safari/537.36"
89.244.95.132 - - [13/Apr/2026:07:33:50 +1000] "GET /favicon.ico HTTP/1.0" 404 - "https://mail.posscales.com.au/" "Mozilla/5.0 (Windows NT 10.0; Win64; x64) AppleWebKit/537.36 (KHTML, like Gecko) Chrome/143.0.0.0 Safari/537.36"
89.244.95.132 - - [13/Apr/2026:07:33:51 +1000] "GET /contact-form-7/v1 HTTP/1.0" 404 - "https://mail.posscales.com.au/" "Mozilla/5.0 (Windows NT 10.0; Win64; x64) AppleWebKit/537.36 (KHTML, like Gecko) Chrome/143.0.0.0 Safari/537.36"
118.127.40.73 - - [13/Apr/2026:07:46:15 +1000] "GET / HTTP/1.1" 200 39274 "-" "Python/3.11 aiohttp/3.9.2"
98.84.19.95 - - [13/Apr/2026:08:16:00 +1000] "GET / HTTP/1.1" 200 39274 "-" "okhttp/5.3.0"
98.84.19.95 - - [13/Apr/2026:08:16:01 +1000] "GET /favicon.ico HTTP/1.1" 404 - "-" "okhttp/5.3.0"
98.84.19.95 - - [13/Apr/2026:08:16:01 +1000] "GET /favicon.png HTTP/1.1" 404 - "-" "okhttp/5.3.0"
118.127.40.73 - - [13/Apr/2026:08:16:29 +1000] "GET / HTTP/1.1" 200 39274 "-" "Python/3.11 aiohttp/3.9.2"
98.84.19.95 - - [13/Apr/2026:08:16:57 +1000] "GET / HTTP/1.1" 200 39274 "-" "Mozilla/5.0 (X11; Linux x86_64) AppleWebKit/537.36 (KHTML, like Gecko) HeadlessChrome/138.0.7204.23 Safari/537.36"
98.84.19.95 - - [13/Apr/2026:08:17:02 +1000] "GET /favicon.ico HTTP/1.1" 404 - "https://mail.posscales.com.au/" "Mozilla/5.0 (X11; Linux x86_64) AppleWebKit/537.36 (KHTML, like Gecko) HeadlessChrome/138.0.7204.23 Safari/537.36"
216.73.216.211 - - [13/Apr/2026:08:32:56 +1000] "GET /robots.txt HTTP/1.1" 200 286 "-" "Mozilla/5.0 AppleWebKit/537.36 (KHTML, like Gecko; compatible; ClaudeBot/1.0; +claudebot@anthropic.com)"
216.73.216.211 - - [13/Apr/2026:08:32:57 +1000] "GET /sitemap.xml HTTP/1.1" 404 - "-" "Mozilla/5.0 AppleWebKit/537.36 (KHTML, like Gecko; compatible; ClaudeBot/1.0; +claudebot@anthropic.com)"
118.127.40.73 - - [13/Apr/2026:08:46:19 +1000] "GET / HTTP/1.1" 200 39274 "-" "Python/3.11 aiohttp/3.9.2"
118.127.40.73 - - [13/Apr/2026:09:16:15 +1000] "GET / HTTP/1.1" 200 39274 "-" "Python/3.11 aiohttp/3.9.2"
158.94.209.109 - - [13/Apr/2026:09:38:13 +1000] "GET /.git/HEAD HTTP/1.1" 404 - "-" "Mozilla/5.0 (Windows NT 10.0; Win64; x64) AppleWebKit/537.36"
158.94.209.109 - - [13/Apr/2026:09:38:14 +1000] "GET /.git/config HTTP/1.1" 404 - "-" "Mozilla/5.0 (Windows NT 10.0; Win64; x64) AppleWebKit/537.36"
118.127.40.73 - - [13/Apr/2026:09:46:16 +1000] "GET / HTTP/1.1" 200 39274 "-" "Python/3.11 aiohttp/3.9.2"
118.127.40.73 - - [13/Apr/2026:10:16:17 +1000] "GET / HTTP/1.1" 200 39274 "-" "Python/3.11 aiohttp/3.9.2"
118.127.40.73 - - [13/Apr/2026:10:46:23 +1000] "GET / HTTP/1.1" 200 39274 "-" "Python/3.11 aiohttp/3.9.2"
98.90.210.252 - - [13/Apr/2026:10:59:54 +1000] "GET / HTTP/1.1" 200 39274 "-" "Mozilla/5.0 (Windows NT 6.1; WOW64; Trident/7.0; rv:11.0) like Gecko"
118.127.40.73 - - [13/Apr/2026:11:16:17 +1000] "GET / HTTP/1.1" 200 39274 "-" "Python/3.11 aiohttp/3.9.2"
216.73.216.211 - - [13/Apr/2026:11:21:43 +1000] "GET /robots.txt HTTP/1.1" 200 286 "-" "Mozilla/5.0 AppleWebKit/537.36 (KHTML, like Gecko; compatible; ClaudeBot/1.0; +claudebot@anthropic.com)"
216.73.216.211 - - [13/Apr/2026:11:21:43 +1000] "GET /sitemap.xml HTTP/1.1" 404 - "-" "Mozilla/5.0 AppleWebKit/537.36 (KHTML, like Gecko; compatible; ClaudeBot/1.0; +claudebot@anthropic.com)"
118.127.40.73 - - [13/Apr/2026:11:46:20 +1000] "GET / HTTP/1.1" 200 39274 "-" "Python/3.11 aiohttp/3.9.2"
118.127.40.73 - - [13/Apr/2026:12:16:18 +1000] "GET / HTTP/1.1" 200 39274 "-" "Python/3.11 aiohttp/3.9.2"
118.127.40.73 - - [13/Apr/2026:12:46:17 +1000] "GET / HTTP/1.1" 200 39274 "-" "Python/3.11 aiohttp/3.9.2"
118.127.40.73 - - [13/Apr/2026:13:16:17 +1000] "GET / HTTP/1.1" 200 39274 "-" "Python/3.11 aiohttp/3.9.2"
118.127.40.73 - - [13/Apr/2026:13:46:20 +1000] "GET / HTTP/1.1" 200 39274 "-" "Python/3.11 aiohttp/3.9.2"
216.73.216.211 - - [13/Apr/2026:14:13:52 +1000] "GET /robots.txt HTTP/1.1" 200 286 "-" "Mozilla/5.0 AppleWebKit/537.36 (KHTML, like Gecko; compatible; ClaudeBot/1.0; +claudebot@anthropic.com)"
216.73.216.211 - - [13/Apr/2026:14:13:52 +1000] "GET /sitemap.xml HTTP/1.1" 404 - "-" "Mozilla/5.0 AppleWebKit/537.36 (KHTML, like Gecko; compatible; ClaudeBot/1.0; +claudebot@anthropic.com)"
118.127.40.73 - - [13/Apr/2026:14:16:28 +1000] "GET / HTTP/1.1" 200 39274 "-" "Python/3.11 aiohttp/3.9.2"
165.227.77.219 - - [13/Apr/2026:14:34:03 +1000] "GET / HTTP/1.1" 200 39274 "-" "Mozilla/5.0 (X11; Linux x86_64; rv:142.0) Gecko/20100101 Firefox/142.0"
165.227.77.219 - - [13/Apr/2026:14:34:08 +1000] "GET /favicon.ico HTTP/1.1" 404 - "https://mail.posscales.com.au/" "Mozilla/5.0 (X11; Linux x86_64; rv:142.0) Gecko/20100101 Firefox/142.0"
118.127.40.73 - - [13/Apr/2026:14:46:19 +1000] "GET / HTTP/1.1" 200 39274 "-" "Python/3.11 aiohttp/3.9.2"
118.127.40.73 - - [13/Apr/2026:15:16:21 +1000] "GET / HTTP/1.1" 200 39274 "-" "Python/3.11 aiohttp/3.9.2"
118.127.40.73 - - [13/Apr/2026:15:46:29 +1000] "GET / HTTP/1.1" 200 39274 "-" "Python/3.11 aiohttp/3.9.2"
118.127.40.73 - - [13/Apr/2026:16:16:20 +1000] "GET / HTTP/1.1" 200 39274 "-" "Python/3.11 aiohttp/3.9.2"
118.127.40.73 - - [13/Apr/2026:16:46:22 +1000] "GET / HTTP/1.1" 200 39274 "-" "Python/3.11 aiohttp/3.9.2"
118.127.40.73 - - [13/Apr/2026:17:16:21 +1000] "GET / HTTP/1.1" 200 39274 "-" "Python/3.11 aiohttp/3.9.2"
216.73.216.211 - - [13/Apr/2026:17:44:49 +1000] "GET /robots.txt HTTP/1.1" 200 286 "-" "Mozilla/5.0 AppleWebKit/537.36 (KHTML, like Gecko; compatible; ClaudeBot/1.0; +claudebot@anthropic.com)"
216.73.216.211 - - [13/Apr/2026:17:44:49 +1000] "GET /sitemap.xml HTTP/1.1" 404 - "-" "Mozilla/5.0 AppleWebKit/537.36 (KHTML, like Gecko; compatible; ClaudeBot/1.0; +claudebot@anthropic.com)"
118.127.40.73 - - [13/Apr/2026:17:46:24 +1000] "GET / HTTP/1.1" 200 39274 "-" "Python/3.11 aiohttp/3.9.2"
118.127.40.73 - - [13/Apr/2026:18:16:20 +1000] "GET / HTTP/1.1" 200 39274 "-" "Python/3.11 aiohttp/3.9.2"
118.127.40.73 - - [13/Apr/2026:18:46:25 +1000] "GET / HTTP/1.1" 200 39274 "-" "Python/3.11 aiohttp/3.9.2"
93.123.109.232 - - [13/Apr/2026:18:55:30 +1000] "GET / HTTP/1.1" 200 39274 "-" "Mozilla/5.0 (Linux; Android 9; Pixel 2) AppleWebKit/537.36 (KHTML, like Gecko) Chrome/76.0.3809.89 Mobile Safari/537.36"
93.123.109.232 - - [13/Apr/2026:18:55:47 +1000] "GET //posscales.com.au/WP-POS/wp-includes/js/dist/vendor/wp-polyfill.min.js HTTP/1.1" 404 - "-" "Mozilla/5.0 (Linux; Android 9; Mi A2 Lite) AppleWebKit/537.36 (KHTML, like Gecko) Chrome/75.0.3770.101 Mobile Safari/537.36"
93.123.109.232 - - [13/Apr/2026:18:55:48 +1000] "GET //posscales.com.au/WP-POS/wp-includes/js/dist/i18n.min.js HTTP/1.1" 404 - "-" "Mozilla/5.0 (Windows NT 10.0; WOW64) AppleWebKit/537.36 (KHTML, like Gecko) Chrome/74.0.3729.157 Safari/537.36"
93.123.109.232 - - [13/Apr/2026:18:55:48 +1000] "GET //posscales.com.au/WP-POS/wp-content/plugins/contact-form-7/modules/recaptcha/index.js HTTP/1.1" 404 - "-" "Mozilla/5.0 (Linux; Android 9; GM1913) AppleWebKit/537.36 (KHTML, like Gecko) Chrome/76.0.3809.111 Mobile Safari/537.36"
93.123.109.232 - - [13/Apr/2026:18:55:48 +1000] "GET //posscales.com.au/WP-POS/wp-content/plugins/contact-form-7/includes/js/index.js HTTP/1.1" 404 - "-" "Mozilla/5.0 (Linux; Android 8.1.0; GM 6 d) AppleWebKit/537.36 (KHTML, like Gecko) Chrome/76.0.3809.111 Mobile Safari/537.36"
93.123.109.232 - - [13/Apr/2026:18:55:48 +1000] "GET //posscales.com.au/WP-POS/wp-content/themes/angle/js/fitvids.min.js HTTP/1.1" 404 - "-" "LG-GC900/V10a Obigo/WAP2.0 Profile/MIDP-2.1 Configuration/CLDC-1.1"
93.123.109.232 - - [13/Apr/2026:18:55:48 +1000] "GET //www.google.com/recaptcha/api.js HTTP/1.1" 404 - "-" "Mozilla/5.0 (Macintosh; Intel Mac OS X 10_13_6) AppleWebKit/537.36 (KHTML, like Gecko) Chrome/61.0.3163.79 Safari/537.36"
93.123.109.232 - - [13/Apr/2026:18:55:48 +1000] "GET //posscales.com.au/WP-POS/wp-content/themes/angle/js/flexslider.min.js HTTP/1.1" 404 - "-" "Mozilla/5.0 (Linux; U; Android 4.0.3; de-de; Galaxy S II Build/GRJ22) AppleWebKit/534.30 (KHTML, like Gecko) Version/4.0 Mobile Safari/534.30"
93.123.109.232 - - [13/Apr/2026:18:55:48 +1000] "GET //posscales.com.au/WP-POS/wp-content/themes/angle/js/superfish.min.js HTTP/1.1" 404 - "-" "Mozilla/5.0 (Linux; U; Android 9; zh-cn; PCCM00 Build/PKQ1.190223.001) AppleWebKit/537.36 (KHTML, like Gecko) Version/4.0 Chrome/70.0.3538.80 Mobile Safari/537.36 OppoBrowser/20.6.0.0.2beta"
93.123.109.232 - - [13/Apr/2026:18:55:48 +1000] "GET //posscales.com.au/WP-POS/wp-includes/js/comment-reply.min.js HTTP/1.1" 404 - "-" "Mozilla/5.0 (Linux; Android 9; VTR-L09) AppleWebKit/537.36 (KHTML, like Gecko) Chrome/76.0.3809.111 Mobile Safari/537.36"
93.123.109.232 - - [13/Apr/2026:18:55:48 +1000] "GET //posscales.com.au/WP-POS/wp-includes/js/wp-emoji-loader.min.js HTTP/1.1" 404 - "-" "Mozilla/5.0 (Windows NT 6.3; Win64; x64) AppleWebKit/537.36 (KHTML, like Gecko) Chrome/78.0.3875.0 Safari/537.36"
93.123.109.232 - - [13/Apr/2026:18:55:48 +1000] "GET //posscales.com.au/WP-POS/wp-includes/js/wp-emoji-release.min.js HTTP/1.1" 404 - "-" "Mozilla/4.0 (compatible; MSIE 4.01; Windows CE; PPC; MDA Pro/1.0 Profile/MIDP-2.0 Configuration/CLDC-1.1)"
93.123.109.232 - - [13/Apr/2026:18:55:48 +1000] "GET //posscales.com.au/WP-POS/wp-content/plugins/social-icons-widget-by-wpzoom/assets/js/social-icons-widget-frontend.js HTTP/1.1" 404 - "-" "Mozilla/5.0 (Linux U; en-US) AppleWebKit/528.5 (KHTML, like Gecko, Safari/528.5 ) Version/4.0 Kindle/3.0 (screen 600x800; rotate)"
93.123.109.232 - - [13/Apr/2026:18:55:48 +1000] "GET //posscales.com.au/WP-POS/wp-includes/js/jquery/jquery.min.js HTTP/1.1" 404 - "-" "Mozilla/5.0 (Windows NT 6.1; Win64; x64) AppleWebKit/537.36 (KHTML, like Gecko) Chrome/70.0.3538.110 Safari/537.36"
93.123.109.232 - - [13/Apr/2026:18:55:48 +1000] "GET //posscales.com.au/WP-POS/wp-includes/js/jquery/jquery-migrate.min.js HTTP/1.1" 404 - "-" "Mozilla/5.0 (Windows NT 6.1) AppleWebKit/537.36 (KHTML, like Gecko) Chrome/75.0.3770.142 Safari/537.36"
93.123.109.232 - - [13/Apr/2026:18:55:48 +1000] "GET //posscales.com.au/WP-POS/wp-content/themes/angle/js/functions.js HTTP/1.1" 404 - "-" "Mozilla/5.0 (X11; Ubuntu; Linux x86_64; rv:35.0) Gecko/20100101 Firefox/35.0"
93.123.109.232 - - [13/Apr/2026:18:55:48 +1000] "GET //posscales.com.au/WP-POS/wp-content/themes/angle/js/jquery.mmenu.min.all.js HTTP/1.1" 404 - "-" "Mozilla/5.0 (Linux; U; Android 8.1.0; zh-CN; Mi Note 3 Build/OPM1.171019.019) AppleWebKit/537.36 (KHTML, like Gecko) Version/4.0 Chrome/57.0.2987.108 UCBrowser/12.5.9.1039 Mobile Safari/537.36"
93.123.109.232 - - [13/Apr/2026:18:55:48 +1000] "GET //posscales.com.au/WP-POS/wp-content/plugins/contact-form-7/includes/swv/js/index.js HTTP/1.1" 404 - "-" "FAST-WebCrawler/3.8 (crawler at trd dot overture dot com; http://www.alltheweb.com/help/webmaster/crawler)"
93.123.109.232 - - [13/Apr/2026:18:55:48 +1000] "GET //posscales.com.au/WP-POS/wp-includes/js/dist/hooks.min.js HTTP/1.1" 404 - "-" "Mozilla/5.0 (Windows NT 10.0; WOW64) AppleWebKit/537.36 (KHTML, like Gecko) Chrome/73.0.3683.105 Safari/537.36 Vivaldi/2.4.1488.38"
118.127.40.73 - - [13/Apr/2026:19:16:21 +1000] "GET / HTTP/1.1" 200 39274 "-" "Python/3.11 aiohttp/3.9.2"
204.76.203.25 - - [13/Apr/2026:19:30:04 +1000] "GET /.env HTTP/1.1" 404 - "-" "Mozilla/5.0 (Windows NT 10.0; Win64; x64) AppleWebKit/537.36 (KHTML, like Gecko) Chrome/134.0.0.0 Safari/537.3"
118.127.40.73 - - [13/Apr/2026:19:46:23 +1000] "GET / HTTP/1.1" 200 39274 "-" "Python/3.11 aiohttp/3.9.2"
118.127.40.73 - - [13/Apr/2026:20:16:20 +1000] "GET / HTTP/1.1" 200 39274 "-" "Python/3.11 aiohttp/3.9.2"
216.73.216.211 - - [13/Apr/2026:20:20:39 +1000] "GET /robots.txt HTTP/1.1" 200 286 "-" "Mozilla/5.0 AppleWebKit/537.36 (KHTML, like Gecko; compatible; ClaudeBot/1.0; +claudebot@anthropic.com)"
216.73.216.211 - - [13/Apr/2026:20:20:39 +1000] "GET /sitemap.xml HTTP/1.1" 404 - "-" "Mozilla/5.0 AppleWebKit/537.36 (KHTML, like Gecko; compatible; ClaudeBot/1.0; +claudebot@anthropic.com)"
118.127.40.73 - - [13/Apr/2026:20:46:24 +1000] "GET / HTTP/1.1" 200 39274 "-" "Python/3.11 aiohttp/3.9.2"
118.127.40.73 - - [13/Apr/2026:21:16:25 +1000] "GET / HTTP/1.1" 200 39274 "-" "Python/3.11 aiohttp/3.9.2"
118.127.40.73 - - [13/Apr/2026:21:46:22 +1000] "GET / HTTP/1.1" 200 39274 "-" "Python/3.11 aiohttp/3.9.2"
63.178.165.21 - - [13/Apr/2026:22:09:22 +1000] "GET / HTTP/1.1" 200 39274 "-" "Mozilla/5.0 (Macintosh; Intel Mac OS X 10_15_7) AppleWebKit/537.36 (KHTML, like Gecko) Chrome/131.0.0.0 Safari/537.36"
63.178.165.21 - - [13/Apr/2026:22:09:23 +1000] "POST / HTTP/1.1" 200 39274 "-" "Mozilla/5.0 (Macintosh; Intel Mac OS X 10_15_7) AppleWebKit/537.36 (KHTML, like Gecko) Chrome/131.0.0.0 Safari/537.36"
63.178.165.21 - - [13/Apr/2026:22:09:23 +1000] "POST / HTTP/1.1" 200 39274 "-" "Mozilla/5.0 (Macintosh; Intel Mac OS X 10_15_7) AppleWebKit/537.36 (KHTML, like Gecko) Chrome/131.0.0.0 Safari/537.36"
