3.144.166.142 - - [14/Apr/2026:15:33:07 +1000] "GET / HTTP/1.1" 200 39274 "-" "Mozilla/5.0 (X11; Linux x86_64) AppleWebKit/537.36 (KHTML, like Gecko) Chrome/131.0.0.0 Safari/537.36"
3.144.166.142 - - [14/Apr/2026:15:33:08 +1000] "POST / HTTP/1.1" 200 39274 "-" "Mozilla/5.0 (X11; Linux x86_64) AppleWebKit/537.36 (KHTML, like Gecko) Chrome/131.0.0.0 Safari/537.36"
3.144.166.142 - - [14/Apr/2026:15:33:08 +1000] "POST / HTTP/1.1" 200 39274 "-" "Mozilla/5.0 (X11; Linux x86_64) AppleWebKit/537.36 (KHTML, like Gecko) Chrome/131.0.0.0 Safari/537.36"
3.144.166.142 - - [14/Apr/2026:15:33:08 +1000] "POST / HTTP/1.1" 200 39274 "-" "Mozilla/5.0 (X11; Linux x86_64) AppleWebKit/537.36 (KHTML, like Gecko) Chrome/131.0.0.0 Safari/537.36"
3.144.166.142 - - [14/Apr/2026:15:33:08 +1000] "GET /.git/config HTTP/1.1" 404 - "-" "Mozilla/5.0 (X11; Linux x86_64) AppleWebKit/537.36 (KHTML, like Gecko) Chrome/131.0.0.0 Safari/537.36"
3.144.166.142 - - [14/Apr/2026:15:33:09 +1000] "POST / HTTP/1.1" 200 39274 "-" "Mozilla/5.0 (X11; Linux x86_64) AppleWebKit/537.36 (KHTML, like Gecko) Chrome/131.0.0.0 Safari/537.36"
3.144.166.142 - - [14/Apr/2026:15:33:09 +1000] "GET /.env HTTP/1.1" 404 - "-" "Mozilla/5.0 (X11; Linux x86_64) AppleWebKit/537.36 (KHTML, like Gecko) Chrome/131.0.0.0 Safari/537.36"
3.144.166.142 - - [14/Apr/2026:15:33:09 +1000] "GET /.env.local HTTP/1.1" 404 - "-" "Mozilla/5.0 (X11; Linux x86_64) AppleWebKit/537.36 (KHTML, like Gecko) Chrome/131.0.0.0 Safari/537.36"
3.144.166.142 - - [14/Apr/2026:15:33:09 +1000] "GET /.env.production HTTP/1.1" 404 - "-" "Mozilla/5.0 (X11; Linux x86_64) AppleWebKit/537.36 (KHTML, like Gecko) Chrome/131.0.0.0 Safari/537.36"
3.144.166.142 - - [14/Apr/2026:15:33:09 +1000] "GET /.env.staging HTTP/1.1" 404 - "-" "Mozilla/5.0 (X11; Linux x86_64) AppleWebKit/537.36 (KHTML, like Gecko) Chrome/131.0.0.0 Safari/537.36"
3.144.166.142 - - [14/Apr/2026:15:33:10 +1000] "GET /.env.development HTTP/1.1" 404 - "-" "Mozilla/5.0 (X11; Linux x86_64) AppleWebKit/537.36 (KHTML, like Gecko) Chrome/131.0.0.0 Safari/537.36"
3.144.166.142 - - [14/Apr/2026:15:33:10 +1000] "GET /.env.test HTTP/1.1" 404 - "-" "Mozilla/5.0 (X11; Linux x86_64) AppleWebKit/537.36 (KHTML, like Gecko) Chrome/131.0.0.0 Safari/537.36"
3.144.166.142 - - [14/Apr/2026:15:33:10 +1000] "GET /.env.remote HTTP/1.1" 404 - "-" "Mozilla/5.0 (X11; Linux x86_64) AppleWebKit/537.36 (KHTML, like Gecko) Chrome/131.0.0.0 Safari/537.36"
3.144.166.142 - - [14/Apr/2026:15:33:10 +1000] "GET /.env.bak HTTP/1.1" 404 - "-" "Mozilla/5.0 (X11; Linux x86_64) AppleWebKit/537.36 (KHTML, like Gecko) Chrome/131.0.0.0 Safari/537.36"
3.144.166.142 - - [14/Apr/2026:15:33:10 +1000] "GET /.env.backup HTTP/1.1" 404 - "-" "Mozilla/5.0 (X11; Linux x86_64) AppleWebKit/537.36 (KHTML, like Gecko) Chrome/131.0.0.0 Safari/537.36"
3.144.166.142 - - [14/Apr/2026:15:33:11 +1000] "GET /.env.save HTTP/1.1" 404 - "-" "Mozilla/5.0 (X11; Linux x86_64) AppleWebKit/537.36 (KHTML, like Gecko) Chrome/131.0.0.0 Safari/537.36"
3.144.166.142 - - [14/Apr/2026:15:33:11 +1000] "GET /.env.old HTTP/1.1" 404 - "-" "Mozilla/5.0 (X11; Linux x86_64) AppleWebKit/537.36 (KHTML, like Gecko) Chrome/131.0.0.0 Safari/537.36"
3.144.166.142 - - [14/Apr/2026:15:33:11 +1000] "GET /.env.sample HTTP/1.1" 404 - "-" "Mozilla/5.0 (X11; Linux x86_64) AppleWebKit/537.36 (KHTML, like Gecko) Chrome/131.0.0.0 Safari/537.36"
3.144.166.142 - - [14/Apr/2026:15:33:11 +1000] "GET /.env.example HTTP/1.1" 404 - "-" "Mozilla/5.0 (X11; Linux x86_64) AppleWebKit/537.36 (KHTML, like Gecko) Chrome/131.0.0.0 Safari/537.36"
3.144.166.142 - - [14/Apr/2026:15:33:11 +1000] "GET /.env.dev HTTP/1.1" 404 - "-" "Mozilla/5.0 (X11; Linux x86_64) AppleWebKit/537.36 (KHTML, like Gecko) Chrome/131.0.0.0 Safari/537.36"
3.144.166.142 - - [14/Apr/2026:15:33:12 +1000] "GET /.env.prod HTTP/1.1" 404 - "-" "Mozilla/5.0 (X11; Linux x86_64) AppleWebKit/537.36 (KHTML, like Gecko) Chrome/131.0.0.0 Safari/537.36"
3.144.166.142 - - [14/Apr/2026:15:33:12 +1000] "GET /.env.stage HTTP/1.1" 404 - "-" "Mozilla/5.0 (X11; Linux x86_64) AppleWebKit/537.36 (KHTML, like Gecko) Chrome/131.0.0.0 Safari/537.36"
3.144.166.142 - - [14/Apr/2026:15:33:12 +1000] "GET /.env.ci HTTP/1.1" 404 - "-" "Mozilla/5.0 (X11; Linux x86_64) AppleWebKit/537.36 (KHTML, like Gecko) Chrome/131.0.0.0 Safari/537.36"
3.144.166.142 - - [14/Apr/2026:15:33:12 +1000] "GET /.env.docker HTTP/1.1" 404 - "-" "Mozilla/5.0 (X11; Linux x86_64) AppleWebKit/537.36 (KHTML, like Gecko) Chrome/131.0.0.0 Safari/537.36"
3.144.166.142 - - [14/Apr/2026:15:33:12 +1000] "GET /.env.live HTTP/1.1" 404 - "-" "Mozilla/5.0 (X11; Linux x86_64) AppleWebKit/537.36 (KHTML, like Gecko) Chrome/131.0.0.0 Safari/537.36"
3.144.166.142 - - [14/Apr/2026:15:33:13 +1000] "GET /.env.preprod HTTP/1.1" 404 - "-" "Mozilla/5.0 (X11; Linux x86_64) AppleWebKit/537.36 (KHTML, like Gecko) Chrome/131.0.0.0 Safari/537.36"
3.144.166.142 - - [14/Apr/2026:15:33:13 +1000] "GET /.env.uat HTTP/1.1" 404 - "-" "Mozilla/5.0 (X11; Linux x86_64) AppleWebKit/537.36 (KHTML, like Gecko) Chrome/131.0.0.0 Safari/537.36"
3.144.166.142 - - [14/Apr/2026:15:33:13 +1000] "GET /.env.dist HTTP/1.1" 404 - "-" "Mozilla/5.0 (X11; Linux x86_64) AppleWebKit/537.36 (KHTML, like Gecko) Chrome/131.0.0.0 Safari/537.36"
3.144.166.142 - - [14/Apr/2026:15:33:13 +1000] "GET /.env.swp HTTP/1.1" 404 - "-" "Mozilla/5.0 (X11; Linux x86_64) AppleWebKit/537.36 (KHTML, like Gecko) Chrome/131.0.0.0 Safari/537.36"
3.144.166.142 - - [14/Apr/2026:15:33:13 +1000] "GET /.env~ HTTP/1.1" 404 - "-" "Mozilla/5.0 (X11; Linux x86_64) AppleWebKit/537.36 (KHTML, like Gecko) Chrome/131.0.0.0 Safari/537.36"
3.144.166.142 - - [14/Apr/2026:15:33:14 +1000] "GET /app/.env HTTP/1.1" 404 - "-" "Mozilla/5.0 (X11; Linux x86_64) AppleWebKit/537.36 (KHTML, like Gecko) Chrome/131.0.0.0 Safari/537.36"
3.144.166.142 - - [14/Apr/2026:15:33:14 +1000] "GET /apps/.env HTTP/1.1" 404 - "-" "Mozilla/5.0 (X11; Linux x86_64) AppleWebKit/537.36 (KHTML, like Gecko) Chrome/131.0.0.0 Safari/537.36"
3.144.166.142 - - [14/Apr/2026:15:33:14 +1000] "GET /api/.env HTTP/1.1" 404 - "-" "Mozilla/5.0 (X11; Linux x86_64) AppleWebKit/537.36 (KHTML, like Gecko) Chrome/131.0.0.0 Safari/537.36"
3.144.166.142 - - [14/Apr/2026:15:33:14 +1000] "GET /web/.env HTTP/1.1" 404 - "-" "Mozilla/5.0 (X11; Linux x86_64) AppleWebKit/537.36 (KHTML, like Gecko) Chrome/131.0.0.0 Safari/537.36"
3.144.166.142 - - [14/Apr/2026:15:33:14 +1000] "GET /site/.env HTTP/1.1" 404 - "-" "Mozilla/5.0 (X11; Linux x86_64) AppleWebKit/537.36 (KHTML, like Gecko) Chrome/131.0.0.0 Safari/537.36"
3.144.166.142 - - [14/Apr/2026:15:33:15 +1000] "GET /public/.env HTTP/1.1" 404 - "-" "Mozilla/5.0 (X11; Linux x86_64) AppleWebKit/537.36 (KHTML, like Gecko) Chrome/131.0.0.0 Safari/537.36"
3.144.166.142 - - [14/Apr/2026:15:33:15 +1000] "GET /admin/.env HTTP/1.1" 404 - "-" "Mozilla/5.0 (X11; Linux x86_64) AppleWebKit/537.36 (KHTML, like Gecko) Chrome/131.0.0.0 Safari/537.36"
3.144.166.142 - - [14/Apr/2026:15:33:15 +1000] "GET /backend/.env HTTP/1.1" 404 - "-" "Mozilla/5.0 (X11; Linux x86_64) AppleWebKit/537.36 (KHTML, like Gecko) Chrome/131.0.0.0 Safari/537.36"
3.144.166.142 - - [14/Apr/2026:15:33:15 +1000] "GET /server/.env HTTP/1.1" 404 - "-" "Mozilla/5.0 (X11; Linux x86_64) AppleWebKit/537.36 (KHTML, like Gecko) Chrome/131.0.0.0 Safari/537.36"
3.144.166.142 - - [14/Apr/2026:15:33:15 +1000] "GET /frontend/.env HTTP/1.1" 404 - "-" "Mozilla/5.0 (X11; Linux x86_64) AppleWebKit/537.36 (KHTML, like Gecko) Chrome/131.0.0.0 Safari/537.36"
3.144.166.142 - - [14/Apr/2026:15:33:15 +1000] "GET /src/.env HTTP/1.1" 404 - "-" "Mozilla/5.0 (X11; Linux x86_64) AppleWebKit/537.36 (KHTML, like Gecko) Chrome/131.0.0.0 Safari/537.36"
3.144.166.142 - - [14/Apr/2026:15:33:16 +1000] "GET /core/.env HTTP/1.1" 404 - "-" "Mozilla/5.0 (X11; Linux x86_64) AppleWebKit/537.36 (KHTML, like Gecko) Chrome/131.0.0.0 Safari/537.36"
3.144.166.142 - - [14/Apr/2026:15:33:16 +1000] "GET /core/app/.env HTTP/1.1" 404 - "-" "Mozilla/5.0 (X11; Linux x86_64) AppleWebKit/537.36 (KHTML, like Gecko) Chrome/131.0.0.0 Safari/537.36"
3.144.166.142 - - [14/Apr/2026:15:33:16 +1000] "GET /core/Database/.env HTTP/1.1" 404 - "-" "Mozilla/5.0 (X11; Linux x86_64) AppleWebKit/537.36 (KHTML, like Gecko) Chrome/131.0.0.0 Safari/537.36"
3.144.166.142 - - [14/Apr/2026:15:33:16 +1000] "GET /config/.env HTTP/1.1" 404 - "-" "Mozilla/5.0 (X11; Linux x86_64) AppleWebKit/537.36 (KHTML, like Gecko) Chrome/131.0.0.0 Safari/537.36"
3.144.166.142 - - [14/Apr/2026:15:33:16 +1000] "GET /private/.env HTTP/1.1" 404 - "-" "Mozilla/5.0 (X11; Linux x86_64) AppleWebKit/537.36 (KHTML, like Gecko) Chrome/131.0.0.0 Safari/537.36"
3.144.166.142 - - [14/Apr/2026:15:33:17 +1000] "GET /current/.env HTTP/1.1" 404 - "-" "Mozilla/5.0 (X11; Linux x86_64) AppleWebKit/537.36 (KHTML, like Gecko) Chrome/131.0.0.0 Safari/537.36"
3.144.166.142 - - [14/Apr/2026:15:33:17 +1000] "GET /release/.env HTTP/1.1" 404 - "-" "Mozilla/5.0 (X11; Linux x86_64) AppleWebKit/537.36 (KHTML, like Gecko) Chrome/131.0.0.0 Safari/537.36"
3.144.166.142 - - [14/Apr/2026:15:33:17 +1000] "GET /releases/.env HTTP/1.1" 404 - "-" "Mozilla/5.0 (X11; Linux x86_64) AppleWebKit/537.36 (KHTML, like Gecko) Chrome/131.0.0.0 Safari/537.36"
3.144.166.142 - - [14/Apr/2026:15:33:17 +1000] "GET /shared/.env HTTP/1.1" 404 - "-" "Mozilla/5.0 (X11; Linux x86_64) AppleWebKit/537.36 (KHTML, like Gecko) Chrome/131.0.0.0 Safari/537.36"
3.144.166.142 - - [14/Apr/2026:15:33:17 +1000] "GET /deploy/.env HTTP/1.1" 404 - "-" "Mozilla/5.0 (X11; Linux x86_64) AppleWebKit/537.36 (KHTML, like Gecko) Chrome/131.0.0.0 Safari/537.36"
3.144.166.142 - - [14/Apr/2026:15:33:18 +1000] "GET /build/.env HTTP/1.1" 404 - "-" "Mozilla/5.0 (X11; Linux x86_64) AppleWebKit/537.36 (KHTML, like Gecko) Chrome/131.0.0.0 Safari/537.36"
3.144.166.142 - - [14/Apr/2026:15:33:18 +1000] "GET /dist/.env HTTP/1.1" 404 - "-" "Mozilla/5.0 (X11; Linux x86_64) AppleWebKit/537.36 (KHTML, like Gecko) Chrome/131.0.0.0 Safari/537.36"
3.144.166.142 - - [14/Apr/2026:15:33:18 +1000] "GET /public_html/.env HTTP/1.1" 404 - "-" "Mozilla/5.0 (X11; Linux x86_64) AppleWebKit/537.36 (KHTML, like Gecko) Chrome/131.0.0.0 Safari/537.36"
3.144.166.142 - - [14/Apr/2026:15:33:18 +1000] "GET /htdocs/.env HTTP/1.1" 404 - "-" "Mozilla/5.0 (X11; Linux x86_64) AppleWebKit/537.36 (KHTML, like Gecko) Chrome/131.0.0.0 Safari/537.36"
3.144.166.142 - - [14/Apr/2026:15:33:18 +1000] "GET /www/.env HTTP/1.1" 404 - "-" "Mozilla/5.0 (X11; Linux x86_64) AppleWebKit/537.36 (KHTML, like Gecko) Chrome/131.0.0.0 Safari/537.36"
3.144.166.142 - - [14/Apr/2026:15:33:19 +1000] "GET /html/.env HTTP/1.1" 404 - "-" "Mozilla/5.0 (X11; Linux x86_64) AppleWebKit/537.36 (KHTML, like Gecko) Chrome/131.0.0.0 Safari/537.36"
3.144.166.142 - - [14/Apr/2026:15:33:19 +1000] "GET /live/.env HTTP/1.1" 404 - "-" "Mozilla/5.0 (X11; Linux x86_64) AppleWebKit/537.36 (KHTML, like Gecko) Chrome/131.0.0.0 Safari/537.36"
3.144.166.142 - - [14/Apr/2026:15:33:19 +1000] "GET /prod/.env HTTP/1.1" 404 - "-" "Mozilla/5.0 (X11; Linux x86_64) AppleWebKit/537.36 (KHTML, like Gecko) Chrome/131.0.0.0 Safari/537.36"
3.144.166.142 - - [14/Apr/2026:15:33:19 +1000] "GET /dev/.env HTTP/1.1" 404 - "-" "Mozilla/5.0 (X11; Linux x86_64) AppleWebKit/537.36 (KHTML, like Gecko) Chrome/131.0.0.0 Safari/537.36"
3.144.166.142 - - [14/Apr/2026:15:33:19 +1000] "GET /staging/.env HTTP/1.1" 404 - "-" "Mozilla/5.0 (X11; Linux x86_64) AppleWebKit/537.36 (KHTML, like Gecko) Chrome/131.0.0.0 Safari/537.36"
3.144.166.142 - - [14/Apr/2026:15:33:20 +1000] "GET /laravel/.env HTTP/1.1" 404 - "-" "Mozilla/5.0 (X11; Linux x86_64) AppleWebKit/537.36 (KHTML, like Gecko) Chrome/131.0.0.0 Safari/537.36"
3.144.166.142 - - [14/Apr/2026:15:33:20 +1000] "GET /symfony/.env HTTP/1.1" 404 - "-" "Mozilla/5.0 (X11; Linux x86_64) AppleWebKit/537.36 (KHTML, like Gecko) Chrome/131.0.0.0 Safari/537.36"
3.144.166.142 - - [14/Apr/2026:15:33:20 +1000] "GET /wordpress/.env HTTP/1.1" 404 - "-" "Mozilla/5.0 (X11; Linux x86_64) AppleWebKit/537.36 (KHTML, like Gecko) Chrome/131.0.0.0 Safari/537.36"
3.144.166.142 - - [14/Apr/2026:15:33:20 +1000] "GET /wp/.env HTTP/1.1" 404 - "-" "Mozilla/5.0 (X11; Linux x86_64) AppleWebKit/537.36 (KHTML, like Gecko) Chrome/131.0.0.0 Safari/537.36"
3.144.166.142 - - [14/Apr/2026:15:33:20 +1000] "GET /cms/.env HTTP/1.1" 404 - "-" "Mozilla/5.0 (X11; Linux x86_64) AppleWebKit/537.36 (KHTML, like Gecko) Chrome/131.0.0.0 Safari/537.36"
3.144.166.142 - - [14/Apr/2026:15:33:21 +1000] "GET /drupal/.env HTTP/1.1" 404 - "-" "Mozilla/5.0 (X11; Linux x86_64) AppleWebKit/537.36 (KHTML, like Gecko) Chrome/131.0.0.0 Safari/537.36"
3.144.166.142 - - [14/Apr/2026:15:33:21 +1000] "GET /joomla/.env HTTP/1.1" 404 - "-" "Mozilla/5.0 (X11; Linux x86_64) AppleWebKit/537.36 (KHTML, like Gecko) Chrome/131.0.0.0 Safari/537.36"
3.144.166.142 - - [14/Apr/2026:15:33:21 +1000] "GET /magento/.env HTTP/1.1" 404 - "-" "Mozilla/5.0 (X11; Linux x86_64) AppleWebKit/537.36 (KHTML, like Gecko) Chrome/131.0.0.0 Safari/537.36"
3.144.166.142 - - [14/Apr/2026:15:33:21 +1000] "GET /shopify/.env HTTP/1.1" 404 - "-" "Mozilla/5.0 (X11; Linux x86_64) AppleWebKit/537.36 (KHTML, like Gecko) Chrome/131.0.0.0 Safari/537.36"
3.144.166.142 - - [14/Apr/2026:15:33:21 +1000] "GET /prestashop/.env HTTP/1.1" 404 - "-" "Mozilla/5.0 (X11; Linux x86_64) AppleWebKit/537.36 (KHTML, like Gecko) Chrome/131.0.0.0 Safari/537.36"
3.144.166.142 - - [14/Apr/2026:15:33:22 +1000] "GET /v1/.env HTTP/1.1" 404 - "-" "Mozilla/5.0 (X11; Linux x86_64) AppleWebKit/537.36 (KHTML, like Gecko) Chrome/131.0.0.0 Safari/537.36"
3.144.166.142 - - [14/Apr/2026:15:33:22 +1000] "GET /v2/.env HTTP/1.1" 404 - "-" "Mozilla/5.0 (X11; Linux x86_64) AppleWebKit/537.36 (KHTML, like Gecko) Chrome/131.0.0.0 Safari/537.36"
3.144.166.142 - - [14/Apr/2026:15:33:22 +1000] "GET /v3/.env HTTP/1.1" 404 - "-" "Mozilla/5.0 (X11; Linux x86_64) AppleWebKit/537.36 (KHTML, like Gecko) Chrome/131.0.0.0 Safari/537.36"
3.144.166.142 - - [14/Apr/2026:15:33:22 +1000] "GET /api/v1/.env HTTP/1.1" 404 - "-" "Mozilla/5.0 (X11; Linux x86_64) AppleWebKit/537.36 (KHTML, like Gecko) Chrome/131.0.0.0 Safari/537.36"
3.144.166.142 - - [14/Apr/2026:15:33:22 +1000] "GET /api/v2/.env HTTP/1.1" 404 - "-" "Mozilla/5.0 (X11; Linux x86_64) AppleWebKit/537.36 (KHTML, like Gecko) Chrome/131.0.0.0 Safari/537.36"
3.144.166.142 - - [14/Apr/2026:15:33:22 +1000] "GET /rest/.env HTTP/1.1" 404 - "-" "Mozilla/5.0 (X11; Linux x86_64) AppleWebKit/537.36 (KHTML, like Gecko) Chrome/131.0.0.0 Safari/537.36"
3.144.166.142 - - [14/Apr/2026:15:33:23 +1000] "GET /graphql/.env HTTP/1.1" 404 - "-" "Mozilla/5.0 (X11; Linux x86_64) AppleWebKit/537.36 (KHTML, like Gecko) Chrome/131.0.0.0 Safari/537.36"
3.144.166.142 - - [14/Apr/2026:15:33:23 +1000] "GET /gateway/.env HTTP/1.1" 404 - "-" "Mozilla/5.0 (X11; Linux x86_64) AppleWebKit/537.36 (KHTML, like Gecko) Chrome/131.0.0.0 Safari/537.36"
3.144.166.142 - - [14/Apr/2026:15:33:23 +1000] "GET /microservice/.env HTTP/1.1" 404 - "-" "Mozilla/5.0 (X11; Linux x86_64) AppleWebKit/537.36 (KHTML, like Gecko) Chrome/131.0.0.0 Safari/537.36"
3.144.166.142 - - [14/Apr/2026:15:33:23 +1000] "GET /service/.env HTTP/1.1" 404 - "-" "Mozilla/5.0 (X11; Linux x86_64) AppleWebKit/537.36 (KHTML, like Gecko) Chrome/131.0.0.0 Safari/537.36"
3.144.166.142 - - [14/Apr/2026:15:33:23 +1000] "GET /vendor/.env HTTP/1.1" 404 - "-" "Mozilla/5.0 (X11; Linux x86_64) AppleWebKit/537.36 (KHTML, like Gecko) Chrome/131.0.0.0 Safari/537.36"
3.144.166.142 - - [14/Apr/2026:15:33:24 +1000] "GET /lib/.env HTTP/1.1" 404 - "-" "Mozilla/5.0 (X11; Linux x86_64) AppleWebKit/537.36 (KHTML, like Gecko) Chrome/131.0.0.0 Safari/537.36"
3.144.166.142 - - [14/Apr/2026:15:33:24 +1000] "GET /database/.env HTTP/1.1" 404 - "-" "Mozilla/5.0 (X11; Linux x86_64) AppleWebKit/537.36 (KHTML, like Gecko) Chrome/131.0.0.0 Safari/537.36"
3.144.166.142 - - [14/Apr/2026:15:33:24 +1000] "GET /resources/.env HTTP/1.1" 404 - "-" "Mozilla/5.0 (X11; Linux x86_64) AppleWebKit/537.36 (KHTML, like Gecko) Chrome/131.0.0.0 Safari/537.36"
3.144.166.142 - - [14/Apr/2026:15:33:24 +1000] "GET /storage/.env HTTP/1.1" 404 - "-" "Mozilla/5.0 (X11; Linux x86_64) AppleWebKit/537.36 (KHTML, like Gecko) Chrome/131.0.0.0 Safari/537.36"
3.144.166.142 - - [14/Apr/2026:15:33:24 +1000] "GET /assets/.env HTTP/1.1" 404 - "-" "Mozilla/5.0 (X11; Linux x86_64) AppleWebKit/537.36 (KHTML, like Gecko) Chrome/131.0.0.0 Safari/537.36"
3.144.166.142 - - [14/Apr/2026:15:33:25 +1000] "GET /uploads/.env HTTP/1.1" 404 - "-" "Mozilla/5.0 (X11; Linux x86_64) AppleWebKit/537.36 (KHTML, like Gecko) Chrome/131.0.0.0 Safari/537.36"
3.144.166.142 - - [14/Apr/2026:15:33:25 +1000] "GET /internal/.env HTTP/1.1" 404 - "-" "Mozilla/5.0 (X11; Linux x86_64) AppleWebKit/537.36 (KHTML, like Gecko) Chrome/131.0.0.0 Safari/537.36"
3.144.166.142 - - [14/Apr/2026:15:33:25 +1000] "GET /tools/.env HTTP/1.1" 404 - "-" "Mozilla/5.0 (X11; Linux x86_64) AppleWebKit/537.36 (KHTML, like Gecko) Chrome/131.0.0.0 Safari/537.36"
3.144.166.142 - - [14/Apr/2026:15:33:25 +1000] "GET /scripts/.env HTTP/1.1" 404 - "-" "Mozilla/5.0 (X11; Linux x86_64) AppleWebKit/537.36 (KHTML, like Gecko) Chrome/131.0.0.0 Safari/537.36"
3.144.166.142 - - [14/Apr/2026:15:33:25 +1000] "GET /portal/.env HTTP/1.1" 404 - "-" "Mozilla/5.0 (X11; Linux x86_64) AppleWebKit/537.36 (KHTML, like Gecko) Chrome/131.0.0.0 Safari/537.36"
3.144.166.142 - - [14/Apr/2026:15:33:26 +1000] "GET /dashboard/.env HTTP/1.1" 404 - "-" "Mozilla/5.0 (X11; Linux x86_64) AppleWebKit/537.36 (KHTML, like Gecko) Chrome/131.0.0.0 Safari/537.36"
3.144.166.142 - - [14/Apr/2026:15:33:26 +1000] "GET /panel/.env HTTP/1.1" 404 - "-" "Mozilla/5.0 (X11; Linux x86_64) AppleWebKit/537.36 (KHTML, like Gecko) Chrome/131.0.0.0 Safari/537.36"
3.144.166.142 - - [14/Apr/2026:15:33:26 +1000] "GET /crm/.env HTTP/1.1" 404 - "-" "Mozilla/5.0 (X11; Linux x86_64) AppleWebKit/537.36 (KHTML, like Gecko) Chrome/131.0.0.0 Safari/537.36"
3.144.166.142 - - [14/Apr/2026:15:33:26 +1000] "GET /erp/.env HTTP/1.1" 404 - "-" "Mozilla/5.0 (X11; Linux x86_64) AppleWebKit/537.36 (KHTML, like Gecko) Chrome/131.0.0.0 Safari/537.36"
3.144.166.142 - - [14/Apr/2026:15:33:26 +1000] "GET /shop/.env HTTP/1.1" 404 - "-" "Mozilla/5.0 (X11; Linux x86_64) AppleWebKit/537.36 (KHTML, like Gecko) Chrome/131.0.0.0 Safari/537.36"
3.144.166.142 - - [14/Apr/2026:15:33:27 +1000] "GET /store/.env HTTP/1.1" 404 - "-" "Mozilla/5.0 (X11; Linux x86_64) AppleWebKit/537.36 (KHTML, like Gecko) Chrome/131.0.0.0 Safari/537.36"
3.144.166.142 - - [14/Apr/2026:15:33:27 +1000] "GET /saas/.env HTTP/1.1" 404 - "-" "Mozilla/5.0 (X11; Linux x86_64) AppleWebKit/537.36 (KHTML, like Gecko) Chrome/131.0.0.0 Safari/537.36"
3.144.166.142 - - [14/Apr/2026:15:33:27 +1000] "GET /client/.env HTTP/1.1" 404 - "-" "Mozilla/5.0 (X11; Linux x86_64) AppleWebKit/537.36 (KHTML, like Gecko) Chrome/131.0.0.0 Safari/537.36"
3.144.166.142 - - [14/Apr/2026:15:33:27 +1000] "GET /project/.env HTTP/1.1" 404 - "-" "Mozilla/5.0 (X11; Linux x86_64) AppleWebKit/537.36 (KHTML, like Gecko) Chrome/131.0.0.0 Safari/537.36"
3.144.166.142 - - [14/Apr/2026:15:33:28 +1000] "GET /node/.env HTTP/1.1" 404 - "-" "Mozilla/5.0 (X11; Linux x86_64) AppleWebKit/537.36 (KHTML, like Gecko) Chrome/131.0.0.0 Safari/537.36"
3.144.166.142 - - [14/Apr/2026:15:33:28 +1000] "GET /express/.env HTTP/1.1" 404 - "-" "Mozilla/5.0 (X11; Linux x86_64) AppleWebKit/537.36 (KHTML, like Gecko) Chrome/131.0.0.0 Safari/537.36"
3.144.166.142 - - [14/Apr/2026:15:33:28 +1000] "GET /next/.env HTTP/1.1" 404 - "-" "Mozilla/5.0 (X11; Linux x86_64) AppleWebKit/537.36 (KHTML, like Gecko) Chrome/131.0.0.0 Safari/537.36"
3.144.166.142 - - [14/Apr/2026:15:33:28 +1000] "GET /nuxt/.env HTTP/1.1" 404 - "-" "Mozilla/5.0 (X11; Linux x86_64) AppleWebKit/537.36 (KHTML, like Gecko) Chrome/131.0.0.0 Safari/537.36"
3.144.166.142 - - [14/Apr/2026:15:33:29 +1000] "GET /nest/.env HTTP/1.1" 404 - "-" "Mozilla/5.0 (X11; Linux x86_64) AppleWebKit/537.36 (KHTML, like Gecko) Chrome/131.0.0.0 Safari/537.36"
3.144.166.142 - - [14/Apr/2026:15:33:29 +1000] "GET /backup/.env HTTP/1.1" 404 - "-" "Mozilla/5.0 (X11; Linux x86_64) AppleWebKit/537.36 (KHTML, like Gecko) Chrome/131.0.0.0 Safari/537.36"
3.144.166.142 - - [14/Apr/2026:15:33:29 +1000] "GET /backups/.env HTTP/1.1" 404 - "-" "Mozilla/5.0 (X11; Linux x86_64) AppleWebKit/537.36 (KHTML, like Gecko) Chrome/131.0.0.0 Safari/537.36"
3.144.166.142 - - [14/Apr/2026:15:33:29 +1000] "GET /old/.env HTTP/1.1" 404 - "-" "Mozilla/5.0 (X11; Linux x86_64) AppleWebKit/537.36 (KHTML, like Gecko) Chrome/131.0.0.0 Safari/537.36"
3.144.166.142 - - [14/Apr/2026:15:33:29 +1000] "GET /tmp/.env HTTP/1.1" 404 - "-" "Mozilla/5.0 (X11; Linux x86_64) AppleWebKit/537.36 (KHTML, like Gecko) Chrome/131.0.0.0 Safari/537.36"
3.144.166.142 - - [14/Apr/2026:15:33:30 +1000] "GET /temp/.env HTTP/1.1" 404 - "-" "Mozilla/5.0 (X11; Linux x86_64) AppleWebKit/537.36 (KHTML, like Gecko) Chrome/131.0.0.0 Safari/537.36"
3.144.166.142 - - [14/Apr/2026:15:33:30 +1000] "GET /lab/.env HTTP/1.1" 404 - "-" "Mozilla/5.0 (X11; Linux x86_64) AppleWebKit/537.36 (KHTML, like Gecko) Chrome/131.0.0.0 Safari/537.36"
3.144.166.142 - - [14/Apr/2026:15:33:30 +1000] "GET /cronlab/.env HTTP/1.1" 404 - "-" "Mozilla/5.0 (X11; Linux x86_64) AppleWebKit/537.36 (KHTML, like Gecko) Chrome/131.0.0.0 Safari/537.36"
3.144.166.142 - - [14/Apr/2026:15:33:30 +1000] "GET /cron/.env HTTP/1.1" 404 - "-" "Mozilla/5.0 (X11; Linux x86_64) AppleWebKit/537.36 (KHTML, like Gecko) Chrome/131.0.0.0 Safari/537.36"
3.144.166.142 - - [14/Apr/2026:15:33:30 +1000] "GET /en/.env HTTP/1.1" 404 - "-" "Mozilla/5.0 (X11; Linux x86_64) AppleWebKit/537.36 (KHTML, like Gecko) Chrome/131.0.0.0 Safari/537.36"
3.144.166.142 - - [14/Apr/2026:15:33:30 +1000] "GET /administrator/.env HTTP/1.1" 404 - "-" "Mozilla/5.0 (X11; Linux x86_64) AppleWebKit/537.36 (KHTML, like Gecko) Chrome/131.0.0.0 Safari/537.36"
3.144.166.142 - - [14/Apr/2026:15:33:31 +1000] "GET /psnlink/.env HTTP/1.1" 404 - "-" "Mozilla/5.0 (X11; Linux x86_64) AppleWebKit/537.36 (KHTML, like Gecko) Chrome/131.0.0.0 Safari/537.36"
3.144.166.142 - - [14/Apr/2026:15:33:31 +1000] "GET /exapi/.env HTTP/1.1" 404 - "-" "Mozilla/5.0 (X11; Linux x86_64) AppleWebKit/537.36 (KHTML, like Gecko) Chrome/131.0.0.0 Safari/537.36"
3.144.166.142 - - [14/Apr/2026:15:33:31 +1000] "GET /sitemaps/.env HTTP/1.1" 404 - "-" "Mozilla/5.0 (X11; Linux x86_64) AppleWebKit/537.36 (KHTML, like Gecko) Chrome/131.0.0.0 Safari/537.36"
3.144.166.142 - - [14/Apr/2026:15:33:31 +1000] "GET /mailer/.env HTTP/1.1" 404 - "-" "Mozilla/5.0 (X11; Linux x86_64) AppleWebKit/537.36 (KHTML, like Gecko) Chrome/131.0.0.0 Safari/537.36"
3.144.166.142 - - [14/Apr/2026:15:33:32 +1000] "GET /mail/.env HTTP/1.1" 404 - "-" "Mozilla/5.0 (X11; Linux x86_64) AppleWebKit/537.36 (KHTML, like Gecko) Chrome/131.0.0.0 Safari/537.36"
3.144.166.142 - - [14/Apr/2026:15:33:32 +1000] "GET /email/.env HTTP/1.1" 404 - "-" "Mozilla/5.0 (X11; Linux x86_64) AppleWebKit/537.36 (KHTML, like Gecko) Chrome/131.0.0.0 Safari/537.36"
3.144.166.142 - - [14/Apr/2026:15:33:32 +1000] "GET /smtp/.env HTTP/1.1" 404 - "-" "Mozilla/5.0 (X11; Linux x86_64) AppleWebKit/537.36 (KHTML, like Gecko) Chrome/131.0.0.0 Safari/537.36"
3.144.166.142 - - [14/Apr/2026:15:33:32 +1000] "GET /mailing/.env HTTP/1.1" 404 - "-" "Mozilla/5.0 (X11; Linux x86_64) AppleWebKit/537.36 (KHTML, like Gecko) Chrome/131.0.0.0 Safari/537.36"
3.144.166.142 - - [14/Apr/2026:15:33:32 +1000] "GET /notifications/.env HTTP/1.1" 404 - "-" "Mozilla/5.0 (X11; Linux x86_64) AppleWebKit/537.36 (KHTML, like Gecko) Chrome/131.0.0.0 Safari/537.36"
3.144.166.142 - - [14/Apr/2026:15:33:32 +1000] "GET /notify/.env HTTP/1.1" 404 - "-" "Mozilla/5.0 (X11; Linux x86_64) AppleWebKit/537.36 (KHTML, like Gecko) Chrome/131.0.0.0 Safari/537.36"
3.144.166.142 - - [14/Apr/2026:15:33:33 +1000] "GET /sender/.env HTTP/1.1" 404 - "-" "Mozilla/5.0 (X11; Linux x86_64) AppleWebKit/537.36 (KHTML, like Gecko) Chrome/131.0.0.0 Safari/537.36"
3.144.166.142 - - [14/Apr/2026:15:33:33 +1000] "GET /campaign/.env HTTP/1.1" 404 - "-" "Mozilla/5.0 (X11; Linux x86_64) AppleWebKit/537.36 (KHTML, like Gecko) Chrome/131.0.0.0 Safari/537.36"
3.144.166.142 - - [14/Apr/2026:15:33:33 +1000] "GET /newsletter/.env HTTP/1.1" 404 - "-" "Mozilla/5.0 (X11; Linux x86_64) AppleWebKit/537.36 (KHTML, like Gecko) Chrome/131.0.0.0 Safari/537.36"
3.144.166.142 - - [14/Apr/2026:15:33:33 +1000] "GET /ses/.env HTTP/1.1" 404 - "-" "Mozilla/5.0 (X11; Linux x86_64) AppleWebKit/537.36 (KHTML, like Gecko) Chrome/131.0.0.0 Safari/537.36"
3.144.166.142 - - [14/Apr/2026:15:33:33 +1000] "GET /sendgrid/.env HTTP/1.1" 404 - "-" "Mozilla/5.0 (X11; Linux x86_64) AppleWebKit/537.36 (KHTML, like Gecko) Chrome/131.0.0.0 Safari/537.36"
3.144.166.142 - - [14/Apr/2026:15:33:34 +1000] "GET /sparkpost/.env HTTP/1.1" 404 - "-" "Mozilla/5.0 (X11; Linux x86_64) AppleWebKit/537.36 (KHTML, like Gecko) Chrome/131.0.0.0 Safari/537.36"
3.144.166.142 - - [14/Apr/2026:15:33:34 +1000] "GET /postmark/.env HTTP/1.1" 404 - "-" "Mozilla/5.0 (X11; Linux x86_64) AppleWebKit/537.36 (KHTML, like Gecko) Chrome/131.0.0.0 Safari/537.36"
3.144.166.142 - - [14/Apr/2026:15:33:34 +1000] "GET /mailgun/.env HTTP/1.1" 404 - "-" "Mozilla/5.0 (X11; Linux x86_64) AppleWebKit/537.36 (KHTML, like Gecko) Chrome/131.0.0.0 Safari/537.36"
3.144.166.142 - - [14/Apr/2026:15:33:34 +1000] "GET /mandrill/.env HTTP/1.1" 404 - "-" "Mozilla/5.0 (X11; Linux x86_64) AppleWebKit/537.36 (KHTML, like Gecko) Chrome/131.0.0.0 Safari/537.36"
3.144.166.142 - - [14/Apr/2026:15:33:34 +1000] "GET /mailjet/.env HTTP/1.1" 404 - "-" "Mozilla/5.0 (X11; Linux x86_64) AppleWebKit/537.36 (KHTML, like Gecko) Chrome/131.0.0.0 Safari/537.36"
3.144.166.142 - - [14/Apr/2026:15:33:35 +1000] "GET /brevo/.env HTTP/1.1" 404 - "-" "Mozilla/5.0 (X11; Linux x86_64) AppleWebKit/537.36 (KHTML, like Gecko) Chrome/131.0.0.0 Safari/537.36"
3.144.166.142 - - [14/Apr/2026:15:33:35 +1000] "GET /transactional/.env HTTP/1.1" 404 - "-" "Mozilla/5.0 (X11; Linux x86_64) AppleWebKit/537.36 (KHTML, like Gecko) Chrome/131.0.0.0 Safari/537.36"
3.144.166.142 - - [14/Apr/2026:15:33:35 +1000] "GET /bulk/.env HTTP/1.1" 404 - "-" "Mozilla/5.0 (X11; Linux x86_64) AppleWebKit/537.36 (KHTML, like Gecko) Chrome/131.0.0.0 Safari/537.36"
3.144.166.142 - - [14/Apr/2026:15:33:35 +1000] "GET /phpinfo.php HTTP/1.1" 404 16 "-" "Mozilla/5.0 (X11; Linux x86_64) AppleWebKit/537.36 (KHTML, like Gecko) Chrome/131.0.0.0 Safari/537.36"
3.144.166.142 - - [14/Apr/2026:15:33:35 +1000] "GET /info.php HTTP/1.1" 404 16 "-" "Mozilla/5.0 (X11; Linux x86_64) AppleWebKit/537.36 (KHTML, like Gecko) Chrome/131.0.0.0 Safari/537.36"
3.144.166.142 - - [14/Apr/2026:15:33:36 +1000] "GET /php.php HTTP/1.1" 404 16 "-" "Mozilla/5.0 (X11; Linux x86_64) AppleWebKit/537.36 (KHTML, like Gecko) Chrome/131.0.0.0 Safari/537.36"
3.144.166.142 - - [14/Apr/2026:15:33:36 +1000] "GET /i.php HTTP/1.1" 404 16 "-" "Mozilla/5.0 (X11; Linux x86_64) AppleWebKit/537.36 (KHTML, like Gecko) Chrome/131.0.0.0 Safari/537.36"
3.144.166.142 - - [14/Apr/2026:15:33:36 +1000] "GET /pi.php HTTP/1.1" 404 16 "-" "Mozilla/5.0 (X11; Linux x86_64) AppleWebKit/537.36 (KHTML, like Gecko) Chrome/131.0.0.0 Safari/537.36"
3.144.166.142 - - [14/Apr/2026:15:33:36 +1000] "GET /pinfo.php HTTP/1.1" 404 16 "-" "Mozilla/5.0 (X11; Linux x86_64) AppleWebKit/537.36 (KHTML, like Gecko) Chrome/131.0.0.0 Safari/537.36"
3.144.166.142 - - [14/Apr/2026:15:33:36 +1000] "GET /test.php HTTP/1.1" 404 16 "-" "Mozilla/5.0 (X11; Linux x86_64) AppleWebKit/537.36 (KHTML, like Gecko) Chrome/131.0.0.0 Safari/537.36"
3.144.166.142 - - [14/Apr/2026:15:33:37 +1000] "GET /phpinfo HTTP/1.1" 404 - "-" "Mozilla/5.0 (X11; Linux x86_64) AppleWebKit/537.36 (KHTML, like Gecko) Chrome/131.0.0.0 Safari/537.36"
3.144.166.142 - - [14/Apr/2026:15:33:37 +1000] "GET /p.php HTTP/1.1" 404 16 "-" "Mozilla/5.0 (X11; Linux x86_64) AppleWebKit/537.36 (KHTML, like Gecko) Chrome/131.0.0.0 Safari/537.36"
3.144.166.142 - - [14/Apr/2026:15:33:37 +1000] "GET /debug.php HTTP/1.1" 404 16 "-" "Mozilla/5.0 (X11; Linux x86_64) AppleWebKit/537.36 (KHTML, like Gecko) Chrome/131.0.0.0 Safari/537.36"
3.144.166.142 - - [14/Apr/2026:15:33:37 +1000] "GET /admin/phpinfo.php HTTP/1.1" 404 - "-" "Mozilla/5.0 (X11; Linux x86_64) AppleWebKit/537.36 (KHTML, like Gecko) Chrome/131.0.0.0 Safari/537.36"
3.144.166.142 - - [14/Apr/2026:15:33:37 +1000] "GET /test/phpinfo.php HTTP/1.1" 404 - "-" "Mozilla/5.0 (X11; Linux x86_64) AppleWebKit/537.36 (KHTML, like Gecko) Chrome/131.0.0.0 Safari/537.36"
3.144.166.142 - - [14/Apr/2026:15:33:38 +1000] "GET /dev/phpinfo.php HTTP/1.1" 404 - "-" "Mozilla/5.0 (X11; Linux x86_64) AppleWebKit/537.36 (KHTML, like Gecko) Chrome/131.0.0.0 Safari/537.36"
3.144.166.142 - - [14/Apr/2026:15:33:38 +1000] "GET /old/phpinfo.php HTTP/1.1" 404 - "-" "Mozilla/5.0 (X11; Linux x86_64) AppleWebKit/537.36 (KHTML, like Gecko) Chrome/131.0.0.0 Safari/537.36"
3.144.166.142 - - [14/Apr/2026:15:33:38 +1000] "GET /tmp/phpinfo.php HTTP/1.1" 404 - "-" "Mozilla/5.0 (X11; Linux x86_64) AppleWebKit/537.36 (KHTML, like Gecko) Chrome/131.0.0.0 Safari/537.36"
3.144.166.142 - - [14/Apr/2026:15:33:38 +1000] "GET /public/phpinfo.php HTTP/1.1" 404 - "-" "Mozilla/5.0 (X11; Linux x86_64) AppleWebKit/537.36 (KHTML, like Gecko) Chrome/131.0.0.0 Safari/537.36"
3.144.166.142 - - [14/Apr/2026:15:33:38 +1000] "GET /info HTTP/1.1" 404 - "-" "Mozilla/5.0 (X11; Linux x86_64) AppleWebKit/537.36 (KHTML, like Gecko) Chrome/131.0.0.0 Safari/537.36"
3.144.166.142 - - [14/Apr/2026:15:33:39 +1000] "GET /php-info.php HTTP/1.1" 404 16 "-" "Mozilla/5.0 (X11; Linux x86_64) AppleWebKit/537.36 (KHTML, like Gecko) Chrome/131.0.0.0 Safari/537.36"
3.144.166.142 - - [14/Apr/2026:15:33:39 +1000] "GET /phpversion.php HTTP/1.1" 404 16 "-" "Mozilla/5.0 (X11; Linux x86_64) AppleWebKit/537.36 (KHTML, like Gecko) Chrome/131.0.0.0 Safari/537.36"
3.144.166.142 - - [14/Apr/2026:15:33:39 +1000] "GET /_phpinfo.php HTTP/1.1" 404 16 "-" "Mozilla/5.0 (X11; Linux x86_64) AppleWebKit/537.36 (KHTML, like Gecko) Chrome/131.0.0.0 Safari/537.36"
3.144.166.142 - - [14/Apr/2026:15:33:39 +1000] "GET /old_phpinfo.php HTTP/1.1" 404 16 "-" "Mozilla/5.0 (X11; Linux x86_64) AppleWebKit/537.36 (KHTML, like Gecko) Chrome/131.0.0.0 Safari/537.36"
3.144.166.142 - - [14/Apr/2026:15:33:39 +1000] "GET /server-info.php HTTP/1.1" 404 16 "-" "Mozilla/5.0 (X11; Linux x86_64) AppleWebKit/537.36 (KHTML, like Gecko) Chrome/131.0.0.0 Safari/537.36"
3.144.166.142 - - [14/Apr/2026:15:33:40 +1000] "GET /server-status.php HTTP/1.1" 404 16 "-" "Mozilla/5.0 (X11; Linux x86_64) AppleWebKit/537.36 (KHTML, like Gecko) Chrome/131.0.0.0 Safari/537.36"
3.144.166.142 - - [14/Apr/2026:15:33:40 +1000] "GET /_profiler/phpinfo HTTP/1.1" 404 - "-" "Mozilla/5.0 (X11; Linux x86_64) AppleWebKit/537.36 (KHTML, like Gecko) Chrome/131.0.0.0 Safari/537.36"
3.144.166.142 - - [14/Apr/2026:15:33:40 +1000] "GET /_environment HTTP/1.1" 404 - "-" "Mozilla/5.0 (X11; Linux x86_64) AppleWebKit/537.36 (KHTML, like Gecko) Chrome/131.0.0.0 Safari/537.36"
3.144.166.142 - - [14/Apr/2026:15:33:40 +1000] "GET /webroot/index.php/_environment HTTP/1.1" 404 - "-" "Mozilla/5.0 (X11; Linux x86_64) AppleWebKit/537.36 (KHTML, like Gecko) Chrome/131.0.0.0 Safari/537.36"
3.144.166.142 - - [14/Apr/2026:15:33:40 +1000] "GET /mail/phpinfo.php HTTP/1.1" 404 - "-" "Mozilla/5.0 (X11; Linux x86_64) AppleWebKit/537.36 (KHTML, like Gecko) Chrome/131.0.0.0 Safari/537.36"
3.144.166.142 - - [14/Apr/2026:15:33:40 +1000] "GET /cpanel/phpinfo.php HTTP/1.1" 404 - "-" "Mozilla/5.0 (X11; Linux x86_64) AppleWebKit/537.36 (KHTML, like Gecko) Chrome/131.0.0.0 Safari/537.36"
3.144.166.142 - - [14/Apr/2026:15:33:41 +1000] "GET /hosting/phpinfo.php HTTP/1.1" 404 - "-" "Mozilla/5.0 (X11; Linux x86_64) AppleWebKit/537.36 (KHTML, like Gecko) Chrome/131.0.0.0 Safari/537.36"
3.144.166.142 - - [14/Apr/2026:15:33:41 +1000] "GET /webmail/phpinfo.php HTTP/1.1" 200 34844 "-" "Mozilla/5.0 (X11; Linux x86_64) AppleWebKit/537.36 (KHTML, like Gecko) Chrome/131.0.0.0 Safari/537.36"
3.144.166.142 - - [14/Apr/2026:15:33:41 +1000] "GET /smtp/phpinfo.php HTTP/1.1" 404 - "-" "Mozilla/5.0 (X11; Linux x86_64) AppleWebKit/537.36 (KHTML, like Gecko) Chrome/131.0.0.0 Safari/537.36"
118.127.40.73 - - [14/Apr/2026:15:46:30 +1000] "GET / HTTP/1.1" 200 39274 "-" "Python/3.11 aiohttp/3.9.2"
118.127.40.73 - - [14/Apr/2026:16:16:32 +1000] "GET / HTTP/1.1" 200 39274 "-" "Python/3.11 aiohttp/3.9.2"
118.127.40.73 - - [14/Apr/2026:16:46:30 +1000] "GET / HTTP/1.1" 200 39274 "-" "Python/3.11 aiohttp/3.9.2"
118.127.40.73 - - [14/Apr/2026:17:16:31 +1000] "GET / HTTP/1.1" 200 39274 "-" "Python/3.11 aiohttp/3.9.2"
118.127.40.73 - - [14/Apr/2026:17:46:29 +1000] "GET / HTTP/1.1" 200 39274 "-" "Python/3.11 aiohttp/3.9.2"
66.163.116.109 - - [14/Apr/2026:17:47:48 +1000] "GET /rdweb/pages/nl-nl/login.aspx HTTP/1.1" 404 - "-" "Go-http-client/1.1"
118.127.40.73 - - [14/Apr/2026:18:16:32 +1000] "GET / HTTP/1.1" 200 39274 "-" "Python/3.11 aiohttp/3.9.2"
118.127.40.73 - - [14/Apr/2026:18:46:31 +1000] "GET / HTTP/1.1" 200 39274 "-" "Python/3.11 aiohttp/3.9.2"
66.163.116.109 - - [14/Apr/2026:18:52:25 +1000] "GET /rdweb/pages/it-it/login.aspx HTTP/1.1" 404 - "-" "Go-http-client/1.1"
118.127.40.73 - - [14/Apr/2026:19:16:31 +1000] "GET / HTTP/1.1" 200 39274 "-" "Python/3.11 aiohttp/3.9.2"
118.127.40.73 - - [14/Apr/2026:19:46:30 +1000] "GET / HTTP/1.1" 200 39274 "-" "Python/3.11 aiohttp/3.9.2"
66.163.116.109 - - [14/Apr/2026:20:08:23 +1000] "GET /rdweb/pages/de-de/login.aspx HTTP/1.1" 404 - "-" "Go-http-client/1.1"
118.127.40.73 - - [14/Apr/2026:20:16:30 +1000] "GET / HTTP/1.1" 200 39274 "-" "Python/3.11 aiohttp/3.9.2"
118.127.40.73 - - [14/Apr/2026:20:46:36 +1000] "GET / HTTP/1.1" 200 39274 "-" "Python/3.11 aiohttp/3.9.2"
66.163.116.109 - - [14/Apr/2026:21:12:29 +1000] "GET /rdweb/pages/es-es/login.aspx HTTP/1.1" 404 - "-" "Go-http-client/1.1"
66.163.116.109 - - [14/Apr/2026:21:13:00 +1000] "GET /rdweb/pages/fr-fr/login.aspx HTTP/1.1" 404 - "-" "Go-http-client/1.1"
118.127.40.73 - - [14/Apr/2026:21:16:32 +1000] "GET / HTTP/1.1" 200 39274 "-" "Python/3.11 aiohttp/3.9.2"
118.127.40.73 - - [14/Apr/2026:21:46:34 +1000] "GET / HTTP/1.1" 200 39274 "-" "Python/3.11 aiohttp/3.9.2"
118.127.40.73 - - [14/Apr/2026:22:16:32 +1000] "GET / HTTP/1.1" 200 39274 "-" "Python/3.11 aiohttp/3.9.2"
66.163.116.109 - - [14/Apr/2026:22:43:34 +1000] "GET /rdweb/pages/pt-br/login.aspx HTTP/1.1" 404 - "-" "Go-http-client/1.1"
66.163.116.109 - - [14/Apr/2026:22:45:03 +1000] "GET /rdweb/pages/ja-jp/login.aspx HTTP/1.1" 404 - "-" "Go-http-client/1.1"
118.127.40.73 - - [14/Apr/2026:22:46:39 +1000] "GET / HTTP/1.1" 200 39274 "-" "Python/3.11 aiohttp/3.9.2"
118.127.40.73 - - [14/Apr/2026:23:16:40 +1000] "GET / HTTP/1.1" 200 39274 "-" "Python/3.11 aiohttp/3.9.2"
118.127.40.73 - - [14/Apr/2026:23:46:34 +1000] "GET / HTTP/1.1" 200 39274 "-" "Python/3.11 aiohttp/3.9.2"
66.163.116.109 - - [15/Apr/2026:00:02:29 +1000] "GET /rdweb/pages/zh-cn/login.aspx HTTP/1.1" 404 - "-" "Go-http-client/1.1"
118.127.40.73 - - [15/Apr/2026:00:16:33 +1000] "GET / HTTP/1.1" 200 39274 "-" "Python/3.11 aiohttp/3.9.2"
172.234.200.228 - - [15/Apr/2026:00:36:21 +1000] "HEAD /core/misc/drupal.js HTTP/1.1" 404 - "-" "Mozilla/5.0 (iPhone; CPU iPhone OS 12_4_8 like Mac OS X) AppleWebKit/607.3.9 (KHTML, like Gecko) Version/12.1.2 Mobile/16G201 Safari/604.1"
172.234.200.228 - - [15/Apr/2026:00:36:21 +1000] "HEAD /misc/drupal.js HTTP/1.1" 404 - "-" "Mozilla/5.0 (iPhone; CPU iPhone OS 12_4_8 like Mac OS X) AppleWebKit/607.3.9 (KHTML, like Gecko) Version/12.1.2 Mobile/16G201 Safari/604.1"
118.127.40.73 - - [15/Apr/2026:00:46:34 +1000] "GET / HTTP/1.1" 200 39274 "-" "Python/3.11 aiohttp/3.9.2"
118.127.40.73 - - [15/Apr/2026:01:16:36 +1000] "GET / HTTP/1.1" 200 39274 "-" "Python/3.11 aiohttp/3.9.2"
66.163.116.109 - - [15/Apr/2026:01:23:00 +1000] "GET /rdweb/pages/zh-cn/login.aspx HTTP/1.1" 404 - "-" "Go-http-client/1.1"
66.163.116.109 - - [15/Apr/2026:01:25:49 +1000] "GET /rdweb/pages/nl-nl/login.aspx HTTP/1.1" 404 - "-" "Go-http-client/1.1"
66.163.116.109 - - [15/Apr/2026:01:33:15 +1000] "GET /rdweb/pages/de-de/login.aspx HTTP/1.1" 404 - "-" "Go-http-client/1.1"
118.127.40.73 - - [15/Apr/2026:01:46:38 +1000] "GET / HTTP/1.1" 200 39274 "-" "Python/3.11 aiohttp/3.9.2"
118.127.40.73 - - [15/Apr/2026:02:16:39 +1000] "GET / HTTP/1.1" 200 39274 "-" "Python/3.11 aiohttp/3.9.2"
66.163.116.109 - - [15/Apr/2026:02:31:33 +1000] "GET /rdweb/pages/es-es/login.aspx HTTP/1.1" 404 - "-" "Go-http-client/1.1"
118.127.40.73 - - [15/Apr/2026:02:46:41 +1000] "GET / HTTP/1.1" 200 39274 "-" "Python/3.11 aiohttp/3.9.2"
118.127.40.73 - - [15/Apr/2026:03:16:46 +1000] "GET / HTTP/1.1" 200 39274 "-" "Python/3.11 aiohttp/3.9.2"
66.163.116.109 - - [15/Apr/2026:03:27:54 +1000] "GET /rdweb/pages/fr-fr/login.aspx HTTP/1.1" 404 - "-" "Go-http-client/1.1"
118.127.40.73 - - [15/Apr/2026:03:46:44 +1000] "GET / HTTP/1.1" 200 39274 "-" "Python/3.11 aiohttp/3.9.2"
118.127.40.73 - - [15/Apr/2026:04:16:50 +1000] "GET / HTTP/1.1" 200 32768 "-" "Python/3.11 aiohttp/3.9.2"
118.127.40.73 - - [15/Apr/2026:04:46:37 +1000] "GET / HTTP/1.1" 200 39274 "-" "Python/3.11 aiohttp/3.9.2"
118.127.40.73 - - [15/Apr/2026:05:16:39 +1000] "GET / HTTP/1.1" 200 39274 "-" "Python/3.11 aiohttp/3.9.2"
118.127.40.73 - - [15/Apr/2026:05:46:36 +1000] "GET / HTTP/1.1" 200 39274 "-" "Python/3.11 aiohttp/3.9.2"
66.163.116.109 - - [15/Apr/2026:06:13:10 +1000] "GET /rdweb/pages/ja-jp/login.aspx HTTP/1.1" 404 - "-" "Go-http-client/1.1"
118.127.40.73 - - [15/Apr/2026:06:16:35 +1000] "GET / HTTP/1.1" 200 39274 "-" "Python/3.11 aiohttp/3.9.2"
66.163.116.109 - - [15/Apr/2026:06:31:31 +1000] "GET /rdweb/pages/pt-br/login.aspx HTTP/1.1" 404 - "-" "Go-http-client/1.1"
66.163.116.109 - - [15/Apr/2026:06:37:15 +1000] "GET /rdweb/pages/en-us/login.aspx HTTP/1.1" 404 - "-" "Go-http-client/1.1"
66.163.116.109 - - [15/Apr/2026:06:45:22 +1000] "GET /rdweb/pages/it-it/login.aspx HTTP/1.1" 404 - "-" "Go-http-client/1.1"
118.127.40.73 - - [15/Apr/2026:06:46:41 +1000] "GET / HTTP/1.1" 200 39274 "-" "Python/3.11 aiohttp/3.9.2"
118.127.40.73 - - [15/Apr/2026:07:16:35 +1000] "GET / HTTP/1.1" 200 39274 "-" "Python/3.11 aiohttp/3.9.2"
66.163.116.109 - - [15/Apr/2026:07:38:25 +1000] "GET /rdweb/pages/en-us/login.aspx HTTP/1.1" 404 - "-" "Go-http-client/1.1"
118.127.40.73 - - [15/Apr/2026:07:46:38 +1000] "GET / HTTP/1.1" 200 39274 "-" "Python/3.11 aiohttp/3.9.2"
118.127.40.73 - - [15/Apr/2026:08:16:44 +1000] "GET / HTTP/1.1" 200 39274 "-" "Python/3.11 aiohttp/3.9.2"
66.163.116.109 - - [15/Apr/2026:08:31:10 +1000] "GET /rdweb/pages/es-es/login.aspx HTTP/1.1" 404 - "-" "Go-http-client/1.1"
118.127.40.73 - - [15/Apr/2026:08:46:46 +1000] "GET / HTTP/1.1" 200 39274 "-" "Python/3.11 aiohttp/3.9.2"
118.127.40.73 - - [15/Apr/2026:09:16:41 +1000] "GET / HTTP/1.1" 200 39274 "-" "Python/3.11 aiohttp/3.9.2"
118.127.40.73 - - [15/Apr/2026:09:46:41 +1000] "GET / HTTP/1.1" 200 39274 "-" "Python/3.11 aiohttp/3.9.2"
160.153.190.94 - - [15/Apr/2026:10:15:44 +1000] "POST /owa/auth.owa HTTP/1.1" 404 - "https://mail.posscales.com.au/owa/auth/logon.aspx?replaceCurrent=1&url=https%3a%2f%2fmail.posscales.com.au%2fowa%2f" "Mozilla/5.0 (Windows NT 10.0; Win64; x64) AppleWebKit/537.36 (KHTML, like Gecko) Chrome/96.0.4664.110 Safari/537.36"
118.127.40.73 - - [15/Apr/2026:10:16:37 +1000] "GET / HTTP/1.1" 200 39274 "-" "Python/3.11 aiohttp/3.9.2"
66.163.116.109 - - [15/Apr/2026:10:32:10 +1000] "GET /rdweb/pages/pt-br/login.aspx HTTP/1.1" 404 - "-" "Go-http-client/1.1"
118.127.40.73 - - [15/Apr/2026:10:46:45 +1000] "GET / HTTP/1.1" 200 39274 "-" "Python/3.11 aiohttp/3.9.2"
118.127.40.73 - - [15/Apr/2026:11:16:39 +1000] "GET / HTTP/1.1" 200 39274 "-" "Python/3.11 aiohttp/3.9.2"
118.127.40.73 - - [15/Apr/2026:11:46:38 +1000] "GET / HTTP/1.1" 200 39274 "-" "Python/3.11 aiohttp/3.9.2"
66.163.116.109 - - [15/Apr/2026:12:09:15 +1000] "GET /rdweb/pages/de-de/login.aspx HTTP/1.1" 404 - "-" "Go-http-client/1.1"
118.127.40.73 - - [15/Apr/2026:12:16:39 +1000] "GET / HTTP/1.1" 200 39274 "-" "Python/3.11 aiohttp/3.9.2"
118.127.40.73 - - [15/Apr/2026:12:46:43 +1000] "GET / HTTP/1.1" 200 39274 "-" "Python/3.11 aiohttp/3.9.2"
66.163.116.109 - - [15/Apr/2026:12:53:21 +1000] "GET /rdweb/pages/nl-nl/login.aspx HTTP/1.1" 404 - "-" "Go-http-client/1.1"
118.127.40.73 - - [15/Apr/2026:13:16:40 +1000] "GET / HTTP/1.1" 200 39274 "-" "Python/3.11 aiohttp/3.9.2"
118.127.40.73 - - [15/Apr/2026:13:46:39 +1000] "GET / HTTP/1.1" 200 39274 "-" "Python/3.11 aiohttp/3.9.2"
180.149.228.67 - - [15/Apr/2026:14:04:22 +1000] "GET / HTTP/1.1" 200 39274 "-" "Mozilla/5.0 (X11; Linux x86_64) AppleWebKit/537.36 (KHTML, like Gecko) Chrome/147.0.0.0 Safari/537.36"
180.149.228.67 - - [15/Apr/2026:14:04:23 +1000] "GET /favicon.ico HTTP/1.1" 404 - "https://mail.posscales.com.au/" "Mozilla/5.0 (X11; Linux x86_64) AppleWebKit/537.36 (KHTML, like Gecko) Chrome/147.0.0.0 Safari/537.36"
155.2.226.162 - - [15/Apr/2026:14:04:48 +1000] "GET / HTTP/1.1" 200 39274 "-" "Mozilla/5.0 (Linux; Android 6.0; Nexus 5 Build/MRA58N) AppleWebKit/537.36 (KHTML, like Gecko) Chrome/130.0.0.0 Mobile Safari/537.36"
155.2.226.162 - - [15/Apr/2026:14:04:50 +1000] "GET /css/support_parent.css HTTP/1.1" 404 - "-" "Mozilla/5.0 (Linux; Android 6.0; Nexus 5 Build/MRA58N) AppleWebKit/537.36 (KHTML, like Gecko) Chrome/130.0.0.0 Mobile Safari/537.36"
155.2.226.162 - - [15/Apr/2026:14:04:50 +1000] "GET /assets/js/auth.js HTTP/1.1" 404 - "-" "Mozilla/5.0 (Linux; Android 6.0; Nexus 5 Build/MRA58N) AppleWebKit/537.36 (KHTML, like Gecko) Chrome/130.0.0.0 Mobile Safari/537.36"
82.24.23.169 - - [15/Apr/2026:14:04:53 +1000] "GET / HTTP/1.1" 200 39274 "-" "Mozilla/5.0 (Windows NT 10.0; Win64; x64) AppleWebKit/537.36 (KHTML, like Gecko) Chrome/139.0.0.0 Safari/537.36"
142.147.203.205 - - [15/Apr/2026:14:04:53 +1000] "GET / HTTP/1.1" 200 39274 "-" "Mozilla/5.0 (Windows NT 10.0; Win64; x64) AppleWebKit/537.36 (KHTML, like Gecko) Chrome/139.0.0.0 Safari/537.36"
155.2.226.162 - - [15/Apr/2026:14:04:56 +1000] "GET /static/style/protect/index.js HTTP/1.1" 404 - "-" "Mozilla/5.0 (Linux; Android 6.0; Nexus 5 Build/MRA58N) AppleWebKit/537.36 (KHTML, like Gecko) Chrome/130.0.0.0 Mobile Safari/537.36"
82.24.23.169 - - [15/Apr/2026:14:04:58 +1000] "GET /favicon.ico HTTP/1.1" 404 - "https://mail.posscales.com.au/" "Mozilla/5.0 (Windows NT 10.0; Win64; x64) AppleWebKit/537.36 (KHTML, like Gecko) Chrome/139.0.0.0 Safari/537.36"
155.2.226.162 - - [15/Apr/2026:14:04:59 +1000] "GET /js/lkk_ch.js HTTP/1.1" 404 - "-" "Mozilla/5.0 (Linux; Android 6.0; Nexus 5 Build/MRA58N) AppleWebKit/537.36 (KHTML, like Gecko) Chrome/130.0.0.0 Mobile Safari/537.36"
142.147.203.205 - - [15/Apr/2026:14:05:00 +1000] "GET /favicon.ico HTTP/1.1" 404 - "https://mail.posscales.com.au/" "Mozilla/5.0 (Windows NT 10.0; Win64; x64) AppleWebKit/537.36 (KHTML, like Gecko) Chrome/139.0.0.0 Safari/537.36"
155.2.226.162 - - [15/Apr/2026:14:05:01 +1000] "GET /assets/js/qr_modal.js HTTP/1.1" 404 - "-" "Mozilla/5.0 (Linux; Android 6.0; Nexus 5 Build/MRA58N) AppleWebKit/537.36 (KHTML, like Gecko) Chrome/130.0.0.0 Mobile Safari/537.36"
155.2.226.162 - - [15/Apr/2026:14:05:06 +1000] "GET /bot-connect.js HTTP/1.1" 404 - "-" "Mozilla/5.0 (Linux; Android 6.0; Nexus 5 Build/MRA58N) AppleWebKit/537.36 (KHTML, like Gecko) Chrome/130.0.0.0 Mobile Safari/537.36"
155.2.226.162 - - [15/Apr/2026:14:05:06 +1000] "GET /assets/js/message.js HTTP/1.1" 404 - "-" "Mozilla/5.0 (Linux; Android 6.0; Nexus 5 Build/MRA58N) AppleWebKit/537.36 (KHTML, like Gecko) Chrome/130.0.0.0 Mobile Safari/537.36"
155.2.226.162 - - [15/Apr/2026:14:05:09 +1000] "GET /robots.txt HTTP/1.1" 200 286 "-" "Mozilla/5.0 (Linux; Android 6.0; Nexus 5 Build/MRA58N) AppleWebKit/537.36 (KHTML, like Gecko) Chrome/130.0.0.0 Mobile Safari/537.36"
155.2.226.162 - - [15/Apr/2026:14:05:15 +1000] "GET /static/style/sys_files/index.js HTTP/1.1" 404 - "-" "Mozilla/5.0 (Linux; Android 6.0; Nexus 5 Build/MRA58N) AppleWebKit/537.36 (KHTML, like Gecko) Chrome/130.0.0.0 Mobile Safari/537.36"
155.2.226.162 - - [15/Apr/2026:14:05:17 +1000] "GET /js/twint_ch.js HTTP/1.1" 404 - "-" "Mozilla/5.0 (Linux; Android 6.0; Nexus 5 Build/MRA58N) AppleWebKit/537.36 (KHTML, like Gecko) Chrome/130.0.0.0 Mobile Safari/537.36"
5.180.180.114 - - [15/Apr/2026:14:05:55 +1000] "GET /favicon.ico HTTP/1.1" 404 - "-" "Mozilla/5.0 (Windows NT 6.3; WOW64; rv:38.0) Gecko/20100101 Firefox/38.0"
118.127.40.73 - - [15/Apr/2026:14:16:39 +1000] "GET / HTTP/1.1" 200 39274 "-" "Python/3.11 aiohttp/3.9.2"
66.163.116.109 - - [15/Apr/2026:14:20:46 +1000] "GET /rdweb/pages/it-it/login.aspx HTTP/1.1" 404 - "-" "Go-http-client/1.1"
118.127.40.73 - - [15/Apr/2026:14:46:40 +1000] "GET / HTTP/1.1" 200 39274 "-" "Python/3.11 aiohttp/3.9.2"
66.163.116.109 - - [15/Apr/2026:14:49:12 +1000] "GET /rdweb/pages/zh-cn/login.aspx HTTP/1.1" 404 - "-" "Go-http-client/1.1"
66.163.116.109 - - [15/Apr/2026:15:07:07 +1000] "GET /rdweb/pages/ja-jp/login.aspx HTTP/1.1" 404 - "-" "Go-http-client/1.1"
89.244.95.103 - - [15/Apr/2026:15:09:26 +1000] "GET / HTTP/1.0" 200 39274 "-" "Mozilla/5.0 (Windows NT 10.0; Win64; x64) AppleWebKit/537.36 (KHTML, like Gecko) Chrome/143.0.0.0 Safari/537.36"
89.244.95.103 - - [15/Apr/2026:15:09:27 +1000] "GET /favicon.ico HTTP/1.0" 404 - "https://mail.posscales.com.au/" "Mozilla/5.0 (Windows NT 10.0; Win64; x64) AppleWebKit/537.36 (KHTML, like Gecko) Chrome/143.0.0.0 Safari/537.36"
89.244.95.103 - - [15/Apr/2026:15:09:28 +1000] "GET /contact-form-7/v1 HTTP/1.0" 404 - "https://mail.posscales.com.au/" "Mozilla/5.0 (Windows NT 10.0; Win64; x64) AppleWebKit/537.36 (KHTML, like Gecko) Chrome/143.0.0.0 Safari/537.36"
118.127.40.73 - - [15/Apr/2026:15:16:40 +1000] "GET / HTTP/1.1" 200 39274 "-" "Python/3.11 aiohttp/3.9.2"
66.163.116.109 - - [15/Apr/2026:15:25:07 +1000] "GET /rdweb/pages/fr-fr/login.aspx HTTP/1.1" 404 - "-" "Go-http-client/1.1"
118.127.40.73 - - [15/Apr/2026:15:46:41 +1000] "GET / HTTP/1.1" 200 39274 "-" "Python/3.11 aiohttp/3.9.2"
100.54.94.93 - - [15/Apr/2026:16:04:27 +1000] "GET / HTTP/1.1" 200 39274 "-" "okhttp/5.3.0"
100.54.94.93 - - [15/Apr/2026:16:04:28 +1000] "GET /favicon.ico HTTP/1.1" 404 - "-" "okhttp/5.3.0"
100.54.94.93 - - [15/Apr/2026:16:04:28 +1000] "GET /favicon.png HTTP/1.1" 404 - "-" "okhttp/5.3.0"
100.54.94.93 - - [15/Apr/2026:16:05:26 +1000] "GET / HTTP/1.1" 200 39274 "-" "Mozilla/5.0 (X11; Linux x86_64) AppleWebKit/537.36 (KHTML, like Gecko) HeadlessChrome/138.0.7204.23 Safari/537.36"
100.54.94.93 - - [15/Apr/2026:16:05:34 +1000] "GET /favicon.ico HTTP/1.1" 404 - "https://mail.posscales.com.au/" "Mozilla/5.0 (X11; Linux x86_64) AppleWebKit/537.36 (KHTML, like Gecko) HeadlessChrome/138.0.7204.23 Safari/537.36"
118.127.40.73 - - [15/Apr/2026:16:16:46 +1000] "GET / HTTP/1.1" 200 39274 "-" "Python/3.11 aiohttp/3.9.2"
118.127.40.73 - - [15/Apr/2026:16:46:39 +1000] "GET / HTTP/1.1" 200 39274 "-" "Python/3.11 aiohttp/3.9.2"
139.99.170.109 - - [15/Apr/2026:17:08:24 +1000] "GET / HTTP/1.1" 200 39274 "-" "Mozilla/5.0 (Windows NT 10.0; Win64; x64) AppleWebKit/537.36 (KHTML, like Gecko) Chrome/146.0.0.0 Safari/537.36 Edg/146.0.0.0"
170.64.252.169 - - [15/Apr/2026:17:08:44 +1000] "GET / HTTP/1.1" 200 39274 "-" "Mozilla/5.0 (Windows NT 10.0; Win64; x64; rv:148.0) Gecko/20100101 Firefox/148.0"
118.127.40.73 - - [15/Apr/2026:17:16:40 +1000] "GET / HTTP/1.1" 200 39274 "-" "Python/3.11 aiohttp/3.9.2"
118.127.40.73 - - [15/Apr/2026:17:46:39 +1000] "GET / HTTP/1.1" 200 39274 "-" "Python/3.11 aiohttp/3.9.2"
216.73.216.215 - - [15/Apr/2026:18:12:19 +1000] "GET /robots.txt HTTP/1.1" 200 286 "-" ""
118.127.40.73 - - [15/Apr/2026:18:16:40 +1000] "GET / HTTP/1.1" 200 39274 "-" "Python/3.11 aiohttp/3.9.2"
13.221.106.138 - - [15/Apr/2026:18:25:15 +1000] "GET / HTTP/1.1" 200 39274 "-" "Mozilla/5.0 (Windows NT 10.0; Win64; x64) AppleWebKit/537.36 (KHTML, like Gecko) Chrome/135.0.0.0 Safari/537.36"
13.221.106.138 - - [15/Apr/2026:18:25:32 +1000] "GET /favicon.ico HTTP/1.1" 404 - "https://mail.posscales.com.au/" "Mozilla/5.0 (Windows NT 10.0; Win64; x64) AppleWebKit/537.36 (KHTML, like Gecko) Chrome/135.0.0.0 Safari/537.36"
13.221.106.138 - - [15/Apr/2026:18:25:41 +1000] "GET /favicon.ico HTTP/1.1" 404 - "-" "Mozilla/5.0 (Windows NT 10.0; Win64; x64) AppleWebKit/537.36 (KHTML, like Gecko) Chrome/135.0.0.0 Safari/537.36"
118.127.40.73 - - [15/Apr/2026:18:46:46 +1000] "GET / HTTP/1.1" 200 39274 "-" "Python/3.11 aiohttp/3.9.2"
136.117.13.190 - - [15/Apr/2026:19:07:37 +1000] "GET /.env.staging HTTP/1.1" 404 - "-" "Mozilla/5.0 (Windows NT 10.0; Win64; x64) AppleWebKit/537.36"
136.117.13.190 - - [15/Apr/2026:19:07:38 +1000] "GET /.env.backup HTTP/1.1" 404 - "-" "Mozilla/5.0 (Windows NT 10.0; Win64; x64) AppleWebKit/537.36"
136.117.13.190 - - [15/Apr/2026:19:07:38 +1000] "GET /.env.bak HTTP/1.1" 404 - "-" "Mozilla/5.0 (Windows NT 10.0; Win64; x64) AppleWebKit/537.36"
136.117.13.190 - - [15/Apr/2026:19:07:42 +1000] "GET /.env.old HTTP/1.1" 404 - "-" "Mozilla/5.0 (Windows NT 10.0; Win64; x64) AppleWebKit/537.36"
136.117.13.190 - - [15/Apr/2026:19:07:43 +1000] "GET /.env.example HTTP/1.1" 404 - "-" "Mozilla/5.0 (Windows NT 10.0; Win64; x64) AppleWebKit/537.36"
136.117.13.190 - - [15/Apr/2026:19:07:44 +1000] "GET /.env.save HTTP/1.1" 404 - "-" "Mozilla/5.0 (Windows NT 10.0; Win64; x64) AppleWebKit/537.36"
136.117.13.190 - - [15/Apr/2026:19:07:45 +1000] "GET /core/.env HTTP/1.1" 404 - "-" "Mozilla/5.0 (Windows NT 10.0; Win64; x64) AppleWebKit/537.36"
136.117.13.190 - - [15/Apr/2026:19:07:46 +1000] "GET /api/.env HTTP/1.1" 404 - "-" "Mozilla/5.0 (Windows NT 10.0; Win64; x64) AppleWebKit/537.36"
136.117.13.190 - - [15/Apr/2026:19:07:46 +1000] "GET /backend/.env HTTP/1.1" 404 - "-" "Mozilla/5.0 (Windows NT 10.0; Win64; x64) AppleWebKit/537.36"
136.117.13.190 - - [15/Apr/2026:19:07:47 +1000] "GET /laravel/.env HTTP/1.1" 404 - "-" "Mozilla/5.0 (Windows NT 10.0; Win64; x64) AppleWebKit/537.36"
136.117.13.190 - - [15/Apr/2026:19:07:47 +1000] "GET /app/.env HTTP/1.1" 404 - "-" "Mozilla/5.0 (Windows NT 10.0; Win64; x64) AppleWebKit/537.36"
