136.117.13.190 - - [15/Apr/2026:19:07:51 +1000] "GET /web/.env HTTP/1.1" 404 - "-" "Mozilla/5.0 (Windows NT 10.0; Win64; x64) AppleWebKit/537.36"
136.117.13.190 - - [15/Apr/2026:19:07:52 +1000] "GET /src/.env HTTP/1.1" 404 - "-" "Mozilla/5.0 (Windows NT 10.0; Win64; x64) AppleWebKit/537.36"
136.117.13.190 - - [15/Apr/2026:19:07:53 +1000] "GET /server/.env HTTP/1.1" 404 - "-" "Mozilla/5.0 (Windows NT 10.0; Win64; x64) AppleWebKit/537.36"
136.117.13.190 - - [15/Apr/2026:19:07:54 +1000] "GET /config/.env HTTP/1.1" 404 - "-" "Mozilla/5.0 (Windows NT 10.0; Win64; x64) AppleWebKit/537.36"
136.117.13.190 - - [15/Apr/2026:19:07:55 +1000] "GET /shared/.env HTTP/1.1" 404 - "-" "Mozilla/5.0 (Windows NT 10.0; Win64; x64) AppleWebKit/537.36"
136.117.13.190 - - [15/Apr/2026:19:07:55 +1000] "GET /public/.env HTTP/1.1" 404 - "-" "Mozilla/5.0 (Windows NT 10.0; Win64; x64) AppleWebKit/537.36"
136.117.13.190 - - [15/Apr/2026:19:08:00 +1000] "GET /_next/static/env.js HTTP/1.1" 404 - "-" "Mozilla/5.0 (Windows NT 10.0; Win64; x64) AppleWebKit/537.36"
136.117.13.190 - - [15/Apr/2026:19:08:00 +1000] "GET /.vercel/.env.production.local HTTP/1.1" 404 - "-" "Mozilla/5.0 (Windows NT 10.0; Win64; x64) AppleWebKit/537.36"
136.117.13.190 - - [15/Apr/2026:19:08:01 +1000] "GET /.git/config HTTP/1.1" 404 - "-" "Mozilla/5.0 (Windows NT 10.0; Win64; x64) AppleWebKit/537.36"
136.117.13.190 - - [15/Apr/2026:19:08:01 +1000] "GET /actuator/env HTTP/1.1" 404 - "-" "Mozilla/5.0 (Windows NT 10.0; Win64; x64) AppleWebKit/537.36"
136.117.13.190 - - [15/Apr/2026:19:08:02 +1000] "GET /debug/default/view HTTP/1.1" 404 - "-" "Mozilla/5.0 (Windows NT 10.0; Win64; x64) AppleWebKit/537.36"
118.127.40.73 - - [15/Apr/2026:19:16:41 +1000] "GET / HTTP/1.1" 200 39274 "-" "Python/3.11 aiohttp/3.9.2"
66.163.116.109 - - [15/Apr/2026:19:25:31 +1000] "GET /rdweb/pages/pt-br/login.aspx HTTP/1.1" 404 - "-" "Go-http-client/1.1"
118.127.40.73 - - [15/Apr/2026:19:46:43 +1000] "GET / HTTP/1.1" 200 39274 "-" "Python/3.11 aiohttp/3.9.2"
118.127.40.73 - - [15/Apr/2026:20:16:42 +1000] "GET / HTTP/1.1" 200 39274 "-" "Python/3.11 aiohttp/3.9.2"
66.163.116.109 - - [15/Apr/2026:20:24:15 +1000] "GET /rdweb/pages/it-it/login.aspx HTTP/1.1" 404 - "-" "Go-http-client/1.1"
66.163.116.109 - - [15/Apr/2026:20:37:37 +1000] "GET /rdweb/pages/zh-cn/login.aspx HTTP/1.1" 404 - "-" "Go-http-client/1.1"
118.127.40.73 - - [15/Apr/2026:20:46:48 +1000] "GET / HTTP/1.1" 200 39274 "-" "Python/3.11 aiohttp/3.9.2"
66.163.116.109 - - [15/Apr/2026:21:11:11 +1000] "GET /rdweb/pages/en-us/login.aspx HTTP/1.1" 404 - "-" "Go-http-client/1.1"
118.127.40.73 - - [15/Apr/2026:21:16:44 +1000] "GET / HTTP/1.1" 200 39274 "-" "Python/3.11 aiohttp/3.9.2"
118.127.40.73 - - [15/Apr/2026:21:46:44 +1000] "GET / HTTP/1.1" 200 39274 "-" "Python/3.11 aiohttp/3.9.2"
216.73.216.215 - - [15/Apr/2026:22:10:04 +1000] "GET /robots.txt HTTP/1.1" 200 286 "-" "Mozilla/5.0 AppleWebKit/537.36 (KHTML, like Gecko; compatible; ClaudeBot/1.0; +claudebot@anthropic.com)"
216.73.216.215 - - [15/Apr/2026:22:10:04 +1000] "GET /robots.txt HTTP/1.1" 200 286 "-" ""
216.73.216.215 - - [15/Apr/2026:22:10:05 +1000] "GET /sitemap.xml HTTP/1.1" 404 - "-" "Mozilla/5.0 AppleWebKit/537.36 (KHTML, like Gecko; compatible; ClaudeBot/1.0; +claudebot@anthropic.com)"
118.127.40.73 - - [15/Apr/2026:22:16:53 +1000] "GET / HTTP/1.1" 200 39274 "-" "Python/3.11 aiohttp/3.9.2"
66.163.116.109 - - [15/Apr/2026:22:40:56 +1000] "GET /rdweb/pages/nl-nl/login.aspx HTTP/1.1" 404 - "-" "Go-http-client/1.1"
118.127.40.73 - - [15/Apr/2026:22:46:56 +1000] "GET / HTTP/1.1" 200 39274 "-" "Python/3.11 aiohttp/3.9.2"
118.127.40.73 - - [15/Apr/2026:23:16:49 +1000] "GET / HTTP/1.1" 200 39274 "-" "Python/3.11 aiohttp/3.9.2"
204.76.203.25 - - [15/Apr/2026:23:30:35 +1000] "GET / HTTP/1.1" 200 39274 "-" "Mozilla/5.0 (Windows NT 10.0; Win64; x64) AppleWebKit/537.36 (KHTML, like Gecko) Chrome/134.0.0.0 Safari/537.3"
172.234.219.84 - - [15/Apr/2026:23:33:09 +1000] "GET / HTTP/1.1" 200 39274 "-" "Mozilla/5.0 (Windows NT 10.0; WOW64) AppleWebKit/537.36 (KHTML, like Gecko) Chrome/84.0.4131.4 Safari/537.36"
118.127.40.73 - - [15/Apr/2026:23:47:00 +1000] "GET / HTTP/1.1" 200 39274 "-" "Python/3.11 aiohttp/3.9.2"
118.127.40.73 - - [16/Apr/2026:00:17:17 +1000] "GET / HTTP/1.1" 200 39274 "-" "Python/3.11 aiohttp/3.9.2"
118.127.40.73 - - [16/Apr/2026:00:46:59 +1000] "GET / HTTP/1.1" 200 39274 "-" "Python/3.11 aiohttp/3.9.2"
66.163.116.109 - - [16/Apr/2026:00:47:25 +1000] "GET /rdweb/pages/en-us/login.aspx HTTP/1.1" 404 - "-" "Go-http-client/1.1"
66.163.116.109 - - [16/Apr/2026:00:52:42 +1000] "GET /rdweb/pages/de-de/login.aspx HTTP/1.1" 404 - "-" "Go-http-client/1.1"
118.127.40.73 - - [16/Apr/2026:01:16:55 +1000] "GET / HTTP/1.1" 200 39274 "-" "Python/3.11 aiohttp/3.9.2"
118.127.40.73 - - [16/Apr/2026:01:46:55 +1000] "GET / HTTP/1.1" 200 39274 "-" "Python/3.11 aiohttp/3.9.2"
216.73.216.215 - - [16/Apr/2026:01:56:18 +1000] "GET /robots.txt HTTP/1.1" 200 286 "-" "Mozilla/5.0 AppleWebKit/537.36 (KHTML, like Gecko; compatible; ClaudeBot/1.0; +claudebot@anthropic.com)"
216.73.216.215 - - [16/Apr/2026:01:56:18 +1000] "GET /robots.txt HTTP/1.1" 200 286 "-" ""
216.73.216.215 - - [16/Apr/2026:01:56:18 +1000] "GET /sitemap.xml HTTP/1.1" 404 - "-" "Mozilla/5.0 AppleWebKit/537.36 (KHTML, like Gecko; compatible; ClaudeBot/1.0; +claudebot@anthropic.com)"
118.127.40.73 - - [16/Apr/2026:02:16:47 +1000] "GET / HTTP/1.1" 200 39274 "-" "Python/3.11 aiohttp/3.9.2"
160.153.190.94 - - [16/Apr/2026:02:18:21 +1000] "POST /owa/auth.owa HTTP/1.1" 404 - "https://mail.posscales.com.au/owa/auth/logon.aspx?replaceCurrent=1&url=https%3a%2f%2fmail.posscales.com.au%2fowa%2f" "Mozilla/5.0 (Windows NT 10.0; Win64; x64) AppleWebKit/537.36 (KHTML, like Gecko) Chrome/96.0.4664.110 Safari/537.36"
159.65.217.122 - - [16/Apr/2026:02:45:41 +1000] "POST / HTTP/1.1" 200 39274 "-" "Mozilla/5.0 (Windows NT 10.0; Win64; x64) AppleWebKit/537.36 (KHTML, like Gecko) Chrome/60.0.3112.113 Safari/537.36 Assetnote/1.0.0"
159.65.217.122 - - [16/Apr/2026:02:45:46 +1000] "HEAD / HTTP/1.1" 200 - "-" "python-requests/2.31.0"
118.127.40.73 - - [16/Apr/2026:02:46:50 +1000] "GET / HTTP/1.1" 200 39274 "-" "Python/3.11 aiohttp/3.9.2"
118.127.40.73 - - [16/Apr/2026:03:16:51 +1000] "GET / HTTP/1.1" 200 39274 "-" "Python/3.11 aiohttp/3.9.2"
66.163.116.109 - - [16/Apr/2026:03:19:22 +1000] "GET /rdweb/pages/fr-fr/login.aspx HTTP/1.1" 404 - "-" "Go-http-client/1.1"
66.163.116.109 - - [16/Apr/2026:03:33:24 +1000] "GET /rdweb/pages/ja-jp/login.aspx HTTP/1.1" 404 - "-" "Go-http-client/1.1"
66.163.116.109 - - [16/Apr/2026:03:42:59 +1000] "GET /rdweb/pages/es-es/login.aspx HTTP/1.1" 404 - "-" "Go-http-client/1.1"
118.127.40.73 - - [16/Apr/2026:03:46:49 +1000] "GET / HTTP/1.1" 200 39274 "-" "Python/3.11 aiohttp/3.9.2"
118.127.40.73 - - [16/Apr/2026:04:16:52 +1000] "GET / HTTP/1.1" 200 32768 "-" "Python/3.11 aiohttp/3.9.2"
103.215.74.213 - - [16/Apr/2026:04:26:36 +1000] "GET /test/phpinfo.php HTTP/1.1" 404 - "-" "Mozilla/5.0 (compatible; SecurityScanner/1.0)"
103.215.74.213 - - [16/Apr/2026:04:26:36 +1000] "GET /.env HTTP/1.1" 404 - "-" "Mozilla/5.0 (X11; Linux x86_64) AppleWebKit/537.36 (KHTML, like Gecko) Chrome/120.0.0.0 Safari/537.36"
103.215.74.213 - - [16/Apr/2026:04:26:36 +1000] "GET /.env.prod HTTP/1.1" 404 - "-" "Mozilla/5.0 (Macintosh; Intel Mac OS X 10_15_7) AppleWebKit/537.36 (KHTML, like Gecko) Chrome/120.0.0.0 Safari/537.36"
103.215.74.213 - - [16/Apr/2026:04:26:36 +1000] "GET /.git/config HTTP/1.1" 404 - "-" "Mozilla/5.0 (X11; Linux x86_64) AppleWebKit/537.36 (KHTML, like Gecko) Chrome/120.0.0.0 Safari/537.36"
103.215.74.213 - - [16/Apr/2026:04:26:36 +1000] "GET /wp-config.php.bak HTTP/1.1" 404 - "-" "Mozilla/5.0 (Windows NT 10.0; Win64; x64) AppleWebKit/537.36 (KHTML, like Gecko) Chrome/120.0.0.0 Safari/537.36"
103.215.74.213 - - [16/Apr/2026:04:26:36 +1000] "GET /.aws/credentials HTTP/1.1" 404 - "-" "Mozilla/5.0 (Macintosh; Intel Mac OS X 10_15_7) AppleWebKit/537.36 (KHTML, like Gecko) Chrome/120.0.0.0 Safari/537.36"
103.215.74.213 - - [16/Apr/2026:04:26:36 +1000] "GET /.env.production HTTP/1.1" 404 - "-" "Mozilla/5.0 (Windows NT 10.0; Win64; x64) AppleWebKit/537.36 (KHTML, like Gecko) Chrome/120.0.0.0 Safari/537.36"
103.215.74.213 - - [16/Apr/2026:04:26:36 +1000] "GET /phpinfo.php HTTP/1.1" 404 16 "-" "Mozilla/5.0 (Windows NT 10.0; Win64; x64) AppleWebKit/537.36 (KHTML, like Gecko) Chrome/120.0.0.0 Safari/537.36"
103.215.74.213 - - [16/Apr/2026:04:26:36 +1000] "GET /info.php HTTP/1.1" 404 16 "-" "Mozilla/5.0 (Windows NT 10.0; Win64; x64; rv:121.0) Gecko/20100101 Firefox/121.0"
103.215.74.213 - - [16/Apr/2026:04:26:37 +1000] "GET /test.php HTTP/1.1" 404 16 "-" "Mozilla/5.0 (Macintosh; Intel Mac OS X 10_15_7) AppleWebKit/537.36 (KHTML, like Gecko) Chrome/120.0.0.0 Safari/537.36"
103.215.74.213 - - [16/Apr/2026:04:26:37 +1000] "GET /.env.local HTTP/1.1" 404 - "-" "Mozilla/5.0 (Windows NT 10.0; Win64; x64; rv:121.0) Gecko/20100101 Firefox/121.0"
103.215.74.213 - - [16/Apr/2026:04:26:37 +1000] "GET /.env.backup HTTP/1.1" 404 - "-" "Mozilla/5.0 (Windows NT 10.0; Win64; x64; rv:121.0) Gecko/20100101 Firefox/121.0"
103.215.74.213 - - [16/Apr/2026:04:26:37 +1000] "GET /.env.bak HTTP/1.1" 404 - "-" "Mozilla/5.0 (compatible; SecurityScanner/1.0)"
103.215.74.213 - - [16/Apr/2026:04:26:37 +1000] "GET /i.php HTTP/1.1" 404 16 "-" "Mozilla/5.0 (Macintosh; Intel Mac OS X 10_15_7) AppleWebKit/537.36 (KHTML, like Gecko) Chrome/120.0.0.0 Safari/537.36"
103.215.74.213 - - [16/Apr/2026:04:26:37 +1000] "GET /wp-config.php.sample HTTP/1.1" 404 - "-" "Mozilla/5.0 (compatible; SecurityScanner/1.0)"
103.215.74.213 - - [16/Apr/2026:04:26:37 +1000] "GET /wp-config.php.save HTTP/1.1" 404 - "-" "Mozilla/5.0 (Macintosh; Intel Mac OS X 10_15_7) AppleWebKit/537.36 (KHTML, like Gecko) Chrome/120.0.0.0 Safari/537.36"
103.215.74.213 - - [16/Apr/2026:04:26:37 +1000] "GET /wp-config.php.old HTTP/1.1" 404 - "-" "Mozilla/5.0 (Windows NT 10.0; Win64; x64; rv:121.0) Gecko/20100101 Firefox/121.0"
103.215.74.213 - - [16/Apr/2026:04:26:37 +1000] "GET /_profiler/phpinfo HTTP/1.1" 404 - "-" "Mozilla/5.0 (X11; Linux x86_64) AppleWebKit/537.36 (KHTML, like Gecko) Chrome/120.0.0.0 Safari/537.36"
103.215.74.213 - - [16/Apr/2026:04:26:36 +1000] "GET / HTTP/1.1" 200 39274 "-" "Mozilla/5.0 (X11; Linux x86_64) AppleWebKit/537.36 (KHTML, like Gecko) Chrome/120.0.0.0 Safari/537.36"
103.215.74.213 - - [16/Apr/2026:04:26:37 +1000] "GET /debug.php HTTP/1.1" 404 16 "-" "Mozilla/5.0 (Macintosh; Intel Mac OS X 10_15_7) AppleWebKit/537.36 (KHTML, like Gecko) Chrome/120.0.0.0 Safari/537.36"
103.215.74.213 - - [16/Apr/2026:04:26:37 +1000] "GET /.env.dev HTTP/1.1" 404 - "-" "Mozilla/5.0 (Windows NT 10.0; Win64; x64; rv:121.0) Gecko/20100101 Firefox/121.0"
103.215.74.213 - - [16/Apr/2026:04:26:37 +1000] "GET /wp-config.php.txt HTTP/1.1" 404 - "-" "Mozilla/5.0 (Macintosh; Intel Mac OS X 10_15_7) AppleWebKit/537.36 (KHTML, like Gecko) Chrome/120.0.0.0 Safari/537.36"
103.215.74.213 - - [16/Apr/2026:04:26:37 +1000] "GET /wp-config.php~ HTTP/1.1" 404 - "-" "Mozilla/5.0 (Macintosh; Intel Mac OS X 10_15_7) AppleWebKit/537.36 (KHTML, like Gecko) Chrome/120.0.0.0 Safari/537.36"
103.215.74.213 - - [16/Apr/2026:04:26:37 +1000] "GET /.env.development HTTP/1.1" 404 - "-" "Mozilla/5.0 (X11; Linux x86_64) AppleWebKit/537.36 (KHTML, like Gecko) Chrome/120.0.0.0 Safari/537.36"
103.215.74.213 - - [16/Apr/2026:04:26:37 +1000] "GET /admin/phpinfo.php HTTP/1.1" 404 - "-" "Mozilla/5.0 (Windows NT 10.0; Win64; x64; rv:121.0) Gecko/20100101 Firefox/121.0"
103.215.74.213 - - [16/Apr/2026:04:26:37 +1000] "GET /.env.old HTTP/1.1" 404 - "-" "Mozilla/5.0 (Windows NT 10.0; Win64; x64; rv:121.0) Gecko/20100101 Firefox/121.0"
103.215.74.213 - - [16/Apr/2026:04:26:37 +1000] "GET /wp-content/phpinfo.php HTTP/1.1" 404 - "-" "Mozilla/5.0 (Windows NT 10.0; Win64; x64; rv:121.0) Gecko/20100101 Firefox/121.0"
103.215.74.213 - - [16/Apr/2026:04:26:37 +1000] "GET /config.json HTTP/1.1" 404 - "-" "Mozilla/5.0 (Windows NT 10.0; Win64; x64) AppleWebKit/537.36 (KHTML, like Gecko) Chrome/120.0.0.0 Safari/537.36"
103.215.74.213 - - [16/Apr/2026:04:26:37 +1000] "GET /server.js HTTP/1.1" 404 - "-" "Mozilla/5.0 (Windows NT 10.0; Win64; x64) AppleWebKit/537.36 (KHTML, like Gecko) Chrome/120.0.0.0 Safari/537.36"
103.215.74.213 - - [16/Apr/2026:04:26:37 +1000] "GET /.env.staging HTTP/1.1" 404 - "-" "Mozilla/5.0 (Windows NT 10.0; Win64; x64) AppleWebKit/537.36 (KHTML, like Gecko) Chrome/120.0.0.0 Safari/537.36"
103.215.74.213 - - [16/Apr/2026:04:26:37 +1000] "GET /php_info.php HTTP/1.1" 404 16 "-" "Mozilla/5.0 (Windows NT 10.0; Win64; x64) AppleWebKit/537.36 (KHTML, like Gecko) Chrome/120.0.0.0 Safari/537.36"
103.215.74.213 - - [16/Apr/2026:04:26:37 +1000] "GET /.env.example HTTP/1.1" 404 - "-" "Mozilla/5.0 (Windows NT 10.0; Win64; x64) AppleWebKit/537.36 (KHTML, like Gecko) Chrome/120.0.0.0 Safari/537.36"
103.215.74.213 - - [16/Apr/2026:04:26:37 +1000] "GET /pinfo.php HTTP/1.1" 404 16 "-" "Mozilla/5.0 (Windows NT 10.0; Win64; x64; rv:121.0) Gecko/20100101 Firefox/121.0"
103.215.74.213 - - [16/Apr/2026:04:26:37 +1000] "GET /db.php.bak HTTP/1.1" 404 - "-" "Mozilla/5.0 (X11; Linux x86_64) AppleWebKit/537.36 (KHTML, like Gecko) Chrome/120.0.0.0 Safari/537.36"
103.215.74.213 - - [16/Apr/2026:04:26:37 +1000] "GET /api/.env HTTP/1.1" 404 - "-" "Mozilla/5.0 (Windows NT 10.0; Win64; x64; rv:121.0) Gecko/20100101 Firefox/121.0"
103.215.74.213 - - [16/Apr/2026:04:26:37 +1000] "GET /pi.php HTTP/1.1" 404 16 "-" "Mozilla/5.0 (Windows NT 10.0; Win64; x64; rv:121.0) Gecko/20100101 Firefox/121.0"
103.215.74.213 - - [16/Apr/2026:04:26:37 +1000] "GET /config/default.json HTTP/1.1" 404 - "-" "Mozilla/5.0 (X11; Linux x86_64) AppleWebKit/537.36 (KHTML, like Gecko) Chrome/120.0.0.0 Safari/537.36"
103.215.74.213 - - [16/Apr/2026:04:26:38 +1000] "GET /configuration.php.bak HTTP/1.1" 404 - "-" "Mozilla/5.0 (Macintosh; Intel Mac OS X 10_15_7) AppleWebKit/537.36 (KHTML, like Gecko) Chrome/120.0.0.0 Safari/537.36"
103.215.74.213 - - [16/Apr/2026:04:26:38 +1000] "GET /backend/.env HTTP/1.1" 404 - "-" "Mozilla/5.0 (compatible; SecurityScanner/1.0)"
103.215.74.213 - - [16/Apr/2026:04:26:38 +1000] "GET /php.php HTTP/1.1" 404 16 "-" "Mozilla/5.0 (Macintosh; Intel Mac OS X 10_15_7) AppleWebKit/537.36 (KHTML, like Gecko) Chrome/120.0.0.0 Safari/537.36"
103.215.74.213 - - [16/Apr/2026:04:26:38 +1000] "GET /secrets.json HTTP/1.1" 404 - "-" "Mozilla/5.0 (X11; Linux x86_64) AppleWebKit/537.36 (KHTML, like Gecko) Chrome/120.0.0.0 Safari/537.36"
103.215.74.213 - - [16/Apr/2026:04:26:38 +1000] "GET /app/.env HTTP/1.1" 404 - "-" "Mozilla/5.0 (Windows NT 10.0; Win64; x64) AppleWebKit/537.36 (KHTML, like Gecko) Chrome/120.0.0.0 Safari/537.36"
103.215.74.213 - - [16/Apr/2026:04:26:38 +1000] "GET /temp.php HTTP/1.1" 404 16 "-" "Mozilla/5.0 (X11; Linux x86_64) AppleWebKit/537.36 (KHTML, like Gecko) Chrome/120.0.0.0 Safari/537.36"
103.215.74.213 - - [16/Apr/2026:04:26:38 +1000] "GET /public/.env HTTP/1.1" 404 - "-" "Mozilla/5.0 (X11; Linux x86_64) AppleWebKit/537.36 (KHTML, like Gecko) Chrome/120.0.0.0 Safari/537.36"
103.215.74.213 - - [16/Apr/2026:04:26:38 +1000] "GET /old_phpinfo.php HTTP/1.1" 404 16 "-" "Mozilla/5.0 (compatible; SecurityScanner/1.0)"
103.215.74.213 - - [16/Apr/2026:04:26:38 +1000] "GET /config.php.bak HTTP/1.1" 404 - "-" "Mozilla/5.0 (X11; Linux x86_64) AppleWebKit/537.36 (KHTML, like Gecko) Chrome/120.0.0.0 Safari/537.36"
103.215.74.213 - - [16/Apr/2026:04:26:38 +1000] "GET /laravel/.env HTTP/1.1" 404 - "-" "Mozilla/5.0 (X11; Linux x86_64) AppleWebKit/537.36 (KHTML, like Gecko) Chrome/120.0.0.0 Safari/537.36"
103.215.74.213 - - [16/Apr/2026:04:26:38 +1000] "GET /infos.php HTTP/1.1" 404 16 "-" "Mozilla/5.0 (compatible; SecurityScanner/1.0)"
103.215.74.213 - - [16/Apr/2026:04:26:38 +1000] "GET /include/db.php.bak HTTP/1.1" 404 - "-" "Mozilla/5.0 (compatible; SecurityScanner/1.0)"
103.215.74.213 - - [16/Apr/2026:04:26:38 +1000] "GET /actuator/env HTTP/1.1" 404 - "-" "Mozilla/5.0 (Windows NT 10.0; Win64; x64) AppleWebKit/537.36 (KHTML, like Gecko) Chrome/120.0.0.0 Safari/537.36"
103.215.74.213 - - [16/Apr/2026:04:26:38 +1000] "GET /config/.env HTTP/1.1" 404 - "-" "Mozilla/5.0 (Windows NT 10.0; Win64; x64) AppleWebKit/537.36 (KHTML, like Gecko) Chrome/120.0.0.0 Safari/537.36"
103.215.74.213 - - [16/Apr/2026:04:26:38 +1000] "GET /docker/.env HTTP/1.1" 404 - "-" "Mozilla/5.0 (Macintosh; Intel Mac OS X 10_15_7) AppleWebKit/537.36 (KHTML, like Gecko) Chrome/120.0.0.0 Safari/537.36"
118.127.40.73 - - [16/Apr/2026:04:46:54 +1000] "GET / HTTP/1.1" 200 39274 "-" "Python/3.11 aiohttp/3.9.2"
66.163.116.109 - - [16/Apr/2026:05:13:37 +1000] "GET /rdweb/pages/fr-fr/login.aspx HTTP/1.1" 404 - "-" "Go-http-client/1.1"
118.127.40.73 - - [16/Apr/2026:05:17:08 +1000] "GET / HTTP/1.1" 200 39274 "-" "Python/3.11 aiohttp/3.9.2"
118.127.40.73 - - [16/Apr/2026:05:46:56 +1000] "GET / HTTP/1.1" 200 39274 "-" "Python/3.11 aiohttp/3.9.2"
118.127.40.73 - - [16/Apr/2026:06:17:05 +1000] "GET / HTTP/1.1" 200 39274 "-" "Python/3.11 aiohttp/3.9.2"
118.127.40.73 - - [16/Apr/2026:06:47:01 +1000] "GET / HTTP/1.1" 200 39274 "-" "Python/3.11 aiohttp/3.9.2"
118.127.40.73 - - [16/Apr/2026:07:16:57 +1000] "GET / HTTP/1.1" 200 39274 "-" "Python/3.11 aiohttp/3.9.2"
130.12.180.144 - - [16/Apr/2026:07:38:38 +1000] "GET /.git/HEAD HTTP/1.1" 404 - "-" "Mozilla/5.0 (Windows NT 10.0; Win64; x64) AppleWebKit/537.36"
130.12.180.144 - - [16/Apr/2026:07:38:39 +1000] "GET /.git/config HTTP/1.1" 404 - "-" "Mozilla/5.0 (Windows NT 10.0; Win64; x64) AppleWebKit/537.36"
118.127.40.73 - - [16/Apr/2026:07:46:59 +1000] "GET / HTTP/1.1" 200 39274 "-" "Python/3.11 aiohttp/3.9.2"
118.127.40.73 - - [16/Apr/2026:08:17:07 +1000] "GET / HTTP/1.1" 200 39274 "-" "Python/3.11 aiohttp/3.9.2"
118.127.40.73 - - [16/Apr/2026:08:46:52 +1000] "GET / HTTP/1.1" 200 39274 "-" "Python/3.11 aiohttp/3.9.2"
138.246.253.24 - - [16/Apr/2026:09:01:29 +1000] "GET /robots.txt HTTP/1.1" 200 286 "-" "Mozilla/5.0 (Windows NT 10.0; Win64; x64) AppleWebKit/537.36 (KHTML, like Gecko) Chrome/103.0.5060.134 Safari/537.36"
118.127.40.73 - - [16/Apr/2026:09:17:00 +1000] "GET / HTTP/1.1" 200 39274 "-" "Python/3.11 aiohttp/3.9.2"
118.127.40.73 - - [16/Apr/2026:09:47:02 +1000] "GET / HTTP/1.1" 200 39274 "-" "Python/3.11 aiohttp/3.9.2"
118.127.40.73 - - [16/Apr/2026:10:16:59 +1000] "GET / HTTP/1.1" 200 39274 "-" "Python/3.11 aiohttp/3.9.2"
45.148.10.51 - - [16/Apr/2026:10:30:40 +1000] "GET /api/.env HTTP/1.1" 404 - "-" "Mozilla/5.0 (X11; Linux x86_64; rv:1.9.6.20) Gecko/ Firefox/3.6.19"
45.148.10.51 - - [16/Apr/2026:10:30:40 +1000] "GET /.env HTTP/1.1" 404 - "-" "Mozilla/5.0 (Windows NT 10.0; Win64; x64; rv:78.0) Gecko/20100101 Firefox/78.0"
45.148.10.51 - - [16/Apr/2026:10:30:40 +1000] "GET /.env.local HTTP/1.1" 404 - "-" "Mozilla/5.0 (X11; Linux i686) AppleWebKit/537.36 (KHTML, like Gecko) Chrome/129.0.0.0 Safari/537.36"
45.148.10.51 - - [16/Apr/2026:10:30:40 +1000] "GET /admin/.env HTTP/1.1" 404 - "-" "Mozilla/5.0 (X11; Linux i686; rv:1.9.6.20) Gecko/ Firefox/3.6.8"
45.148.10.51 - - [16/Apr/2026:10:30:40 +1000] "GET /app/.env HTTP/1.1" 404 - "-" "Mozilla/5.0 (Windows; U; Windows NT 6.1; ko-KR) AppleWebKit/533.20.25 (KHTML, like Gecko) Version/5.0.4 Safari/533.20.27"
118.127.40.73 - - [16/Apr/2026:10:46:59 +1000] "GET / HTTP/1.1" 200 39274 "-" "Python/3.11 aiohttp/3.9.2"
118.127.40.73 - - [16/Apr/2026:11:16:51 +1000] "GET / HTTP/1.1" 200 39274 "-" "Python/3.11 aiohttp/3.9.2"
66.163.116.109 - - [16/Apr/2026:11:33:06 +1000] "GET /rdweb/pages/nl-nl/login.aspx HTTP/1.1" 404 - "-" "Go-http-client/1.1"
66.163.116.109 - - [16/Apr/2026:11:45:41 +1000] "GET /rdweb/pages/en-us/login.aspx HTTP/1.1" 404 - "-" "Go-http-client/1.1"
118.127.40.73 - - [16/Apr/2026:11:46:51 +1000] "GET / HTTP/1.1" 200 39274 "-" "Python/3.11 aiohttp/3.9.2"
118.127.40.73 - - [16/Apr/2026:12:16:52 +1000] "GET / HTTP/1.1" 200 39274 "-" "Python/3.11 aiohttp/3.9.2"
118.127.40.73 - - [16/Apr/2026:12:46:55 +1000] "GET / HTTP/1.1" 200 39274 "-" "Python/3.11 aiohttp/3.9.2"
118.127.40.73 - - [16/Apr/2026:13:16:55 +1000] "GET / HTTP/1.1" 200 39274 "-" "Python/3.11 aiohttp/3.9.2"
118.127.40.73 - - [16/Apr/2026:13:46:51 +1000] "GET / HTTP/1.1" 200 39274 "-" "Python/3.11 aiohttp/3.9.2"
118.127.40.73 - - [16/Apr/2026:14:16:57 +1000] "GET / HTTP/1.1" 200 39274 "-" "Python/3.11 aiohttp/3.9.2"
118.127.40.73 - - [16/Apr/2026:14:46:54 +1000] "GET / HTTP/1.1" 200 39274 "-" "Python/3.11 aiohttp/3.9.2"
66.163.116.109 - - [16/Apr/2026:15:15:00 +1000] "GET /rdweb/pages/pt-br/login.aspx HTTP/1.1" 404 - "-" "Go-http-client/1.1"
118.127.40.73 - - [16/Apr/2026:15:16:53 +1000] "GET / HTTP/1.1" 200 39274 "-" "Python/3.11 aiohttp/3.9.2"
118.127.40.73 - - [16/Apr/2026:15:46:52 +1000] "GET / HTTP/1.1" 200 39274 "-" "Python/3.11 aiohttp/3.9.2"
160.153.190.94 - - [16/Apr/2026:16:06:47 +1000] "POST /owa/auth.owa HTTP/1.1" 404 - "https://mail.posscales.com.au/owa/auth/logon.aspx?replaceCurrent=1&url=https%3a%2f%2fmail.posscales.com.au%2fowa%2f" "Mozilla/5.0 (Windows NT 10.0; Win64; x64) AppleWebKit/537.36 (KHTML, like Gecko) Chrome/96.0.4664.110 Safari/537.36"
118.127.40.73 - - [16/Apr/2026:16:16:53 +1000] "GET / HTTP/1.1" 200 39274 "-" "Python/3.11 aiohttp/3.9.2"
118.127.40.73 - - [16/Apr/2026:16:46:55 +1000] "GET / HTTP/1.1" 200 39274 "-" "Python/3.11 aiohttp/3.9.2"
118.127.40.73 - - [16/Apr/2026:17:17:07 +1000] "GET / HTTP/1.1" 200 39274 "-" "Python/3.11 aiohttp/3.9.2"
118.127.40.73 - - [16/Apr/2026:17:46:53 +1000] "GET / HTTP/1.1" 200 39274 "-" "Python/3.11 aiohttp/3.9.2"
118.127.40.73 - - [16/Apr/2026:18:16:53 +1000] "GET / HTTP/1.1" 200 39274 "-" "Python/3.11 aiohttp/3.9.2"
118.127.40.73 - - [16/Apr/2026:18:46:53 +1000] "GET / HTTP/1.1" 200 39274 "-" "Python/3.11 aiohttp/3.9.2"
66.163.116.109 - - [16/Apr/2026:19:03:43 +1000] "GET /rdweb/pages/it-it/login.aspx HTTP/1.1" 404 - "-" "Go-http-client/1.1"
66.163.116.109 - - [16/Apr/2026:19:11:38 +1000] "GET /rdweb/pages/zh-cn/login.aspx HTTP/1.1" 404 - "-" "Go-http-client/1.1"
118.127.40.73 - - [16/Apr/2026:19:16:55 +1000] "GET / HTTP/1.1" 200 39274 "-" "Python/3.11 aiohttp/3.9.2"
118.127.40.73 - - [16/Apr/2026:19:46:53 +1000] "GET / HTTP/1.1" 200 39274 "-" "Python/3.11 aiohttp/3.9.2"
118.127.40.73 - - [16/Apr/2026:20:17:00 +1000] "GET / HTTP/1.1" 200 39274 "-" "Python/3.11 aiohttp/3.9.2"
118.127.40.73 - - [16/Apr/2026:20:46:55 +1000] "GET / HTTP/1.1" 200 39274 "-" "Python/3.11 aiohttp/3.9.2"
118.127.40.73 - - [16/Apr/2026:21:17:00 +1000] "GET / HTTP/1.1" 200 39274 "-" "Python/3.11 aiohttp/3.9.2"
66.163.116.109 - - [16/Apr/2026:21:24:33 +1000] "GET /rdweb/pages/ja-jp/login.aspx HTTP/1.1" 404 - "-" "Go-http-client/1.1"
118.127.40.73 - - [16/Apr/2026:21:47:00 +1000] "GET / HTTP/1.1" 200 39274 "-" "Python/3.11 aiohttp/3.9.2"
118.127.40.73 - - [16/Apr/2026:22:16:55 +1000] "GET / HTTP/1.1" 200 39274 "-" "Python/3.11 aiohttp/3.9.2"
118.127.40.73 - - [16/Apr/2026:22:46:59 +1000] "GET / HTTP/1.1" 200 39274 "-" "Python/3.11 aiohttp/3.9.2"
118.127.40.73 - - [16/Apr/2026:23:16:57 +1000] "GET / HTTP/1.1" 200 39274 "-" "Python/3.11 aiohttp/3.9.2"
118.127.40.73 - - [16/Apr/2026:23:47:15 +1000] "GET / HTTP/1.1" 200 39274 "-" "Python/3.11 aiohttp/3.9.2"
66.163.116.109 - - [16/Apr/2026:23:47:29 +1000] "GET /rdweb/pages/de-de/login.aspx HTTP/1.1" 404 - "-" "Go-http-client/1.1"
118.127.40.73 - - [17/Apr/2026:00:30:53 +1000] "GET / HTTP/1.1" 200 39274 "-" "Python/3.11 aiohttp/3.9.2"
118.127.40.73 - - [17/Apr/2026:01:00:59 +1000] "GET / HTTP/1.1" 200 39274 "-" "Python/3.11 aiohttp/3.9.2"
118.127.40.73 - - [17/Apr/2026:01:30:52 +1000] "GET / HTTP/1.1" 200 39274 "-" "Python/3.11 aiohttp/3.9.2"
66.163.116.109 - - [17/Apr/2026:01:45:34 +1000] "GET /rdweb/pages/es-es/login.aspx HTTP/1.1" 404 - "-" "Go-http-client/1.1"
118.127.40.73 - - [17/Apr/2026:02:00:52 +1000] "GET / HTTP/1.1" 200 39274 "-" "Python/3.11 aiohttp/3.9.2"
118.127.40.73 - - [17/Apr/2026:02:31:03 +1000] "GET / HTTP/1.1" 200 39274 "-" "Python/3.11 aiohttp/3.9.2"
118.127.40.73 - - [17/Apr/2026:03:00:54 +1000] "GET / HTTP/1.1" 200 39274 "-" "Python/3.11 aiohttp/3.9.2"
195.178.110.159 - - [17/Apr/2026:03:19:03 +1000] "GET /.git/config HTTP/1.1" 404 - "-" "Mozilla/5.0 (Windows NT 10.0; Win64; x64; rv:80.0) Gecko/20100101 Firefox/80.0"
118.127.40.73 - - [17/Apr/2026:03:30:58 +1000] "GET / HTTP/1.1" 200 39274 "-" "Python/3.11 aiohttp/3.9.2"
118.127.40.73 - - [17/Apr/2026:04:00:55 +1000] "GET / HTTP/1.1" 200 39274 "-" "Python/3.11 aiohttp/3.9.2"
118.127.40.73 - - [17/Apr/2026:04:30:53 +1000] "GET / HTTP/1.1" 200 39274 "-" "Python/3.11 aiohttp/3.9.2"
118.127.40.73 - - [17/Apr/2026:05:00:57 +1000] "GET / HTTP/1.1" 200 39274 "-" "Python/3.11 aiohttp/3.9.2"
118.127.40.73 - - [17/Apr/2026:05:30:51 +1000] "GET / HTTP/1.1" 200 39274 "-" "Python/3.11 aiohttp/3.9.2"
118.127.40.73 - - [17/Apr/2026:06:00:52 +1000] "GET / HTTP/1.1" 200 39274 "-" "Python/3.11 aiohttp/3.9.2"
68.155.146.132 - - [17/Apr/2026:06:09:19 +1000] "GET / HTTP/1.1" 200 39274 "-" "Mozilla/5.0 (Windows NT 5.1; rv:52.0) Gecko/20100101 Firefox/52.0"
118.127.40.73 - - [17/Apr/2026:06:30:56 +1000] "GET / HTTP/1.1" 200 39274 "-" "Python/3.11 aiohttp/3.9.2"
118.127.40.73 - - [17/Apr/2026:07:00:58 +1000] "GET / HTTP/1.1" 200 39274 "-" "Python/3.11 aiohttp/3.9.2"
118.127.40.73 - - [17/Apr/2026:07:30:54 +1000] "GET / HTTP/1.1" 200 39274 "-" "Python/3.11 aiohttp/3.9.2"
118.127.40.73 - - [17/Apr/2026:08:00:53 +1000] "GET / HTTP/1.1" 200 39274 "-" "Python/3.11 aiohttp/3.9.2"
118.127.40.73 - - [17/Apr/2026:08:31:02 +1000] "GET / HTTP/1.1" 200 39274 "-" "Python/3.11 aiohttp/3.9.2"
118.127.40.73 - - [17/Apr/2026:09:00:57 +1000] "GET / HTTP/1.1" 200 39274 "-" "Python/3.11 aiohttp/3.9.2"
118.127.40.73 - - [17/Apr/2026:09:30:52 +1000] "GET / HTTP/1.1" 200 39274 "-" "Python/3.11 aiohttp/3.9.2"
118.127.40.73 - - [17/Apr/2026:10:00:57 +1000] "GET / HTTP/1.1" 200 39274 "-" "Python/3.11 aiohttp/3.9.2"
118.127.40.73 - - [17/Apr/2026:10:30:55 +1000] "GET / HTTP/1.1" 200 39274 "-" "Python/3.11 aiohttp/3.9.2"
118.127.40.73 - - [17/Apr/2026:11:00:54 +1000] "GET / HTTP/1.1" 200 39274 "-" "Python/3.11 aiohttp/3.9.2"
118.127.40.73 - - [17/Apr/2026:11:30:53 +1000] "GET / HTTP/1.1" 200 39274 "-" "Python/3.11 aiohttp/3.9.2"
118.127.40.73 - - [17/Apr/2026:12:00:57 +1000] "GET / HTTP/1.1" 200 39274 "-" "Python/3.11 aiohttp/3.9.2"
118.127.40.73 - - [17/Apr/2026:12:30:55 +1000] "GET / HTTP/1.1" 200 39274 "-" "Python/3.11 aiohttp/3.9.2"
118.127.40.73 - - [17/Apr/2026:13:00:53 +1000] "GET / HTTP/1.1" 200 39274 "-" "Python/3.11 aiohttp/3.9.2"
118.127.40.73 - - [17/Apr/2026:13:30:54 +1000] "GET / HTTP/1.1" 200 39274 "-" "Python/3.11 aiohttp/3.9.2"
118.127.40.73 - - [17/Apr/2026:14:00:59 +1000] "GET / HTTP/1.1" 200 39274 "-" "Python/3.11 aiohttp/3.9.2"
118.127.40.73 - - [17/Apr/2026:14:30:55 +1000] "GET / HTTP/1.1" 200 39274 "-" "Python/3.11 aiohttp/3.9.2"
118.127.40.73 - - [17/Apr/2026:15:00:57 +1000] "GET / HTTP/1.1" 200 39274 "-" "Python/3.11 aiohttp/3.9.2"
118.127.40.73 - - [17/Apr/2026:15:30:55 +1000] "GET / HTTP/1.1" 200 39274 "-" "Python/3.11 aiohttp/3.9.2"
118.127.40.73 - - [17/Apr/2026:16:01:00 +1000] "GET / HTTP/1.1" 200 39274 "-" "Python/3.11 aiohttp/3.9.2"
118.127.40.73 - - [17/Apr/2026:16:30:57 +1000] "GET / HTTP/1.1" 200 39274 "-" "Python/3.11 aiohttp/3.9.2"
118.127.40.73 - - [17/Apr/2026:17:00:55 +1000] "GET / HTTP/1.1" 200 39274 "-" "Python/3.11 aiohttp/3.9.2"
118.127.40.73 - - [17/Apr/2026:17:30:56 +1000] "GET / HTTP/1.1" 200 39274 "-" "Python/3.11 aiohttp/3.9.2"
118.127.40.73 - - [17/Apr/2026:18:01:00 +1000] "GET / HTTP/1.1" 200 39274 "-" "Python/3.11 aiohttp/3.9.2"
118.127.40.73 - - [17/Apr/2026:18:30:56 +1000] "GET / HTTP/1.1" 200 39274 "-" "Python/3.11 aiohttp/3.9.2"
216.73.216.184 - - [17/Apr/2026:18:36:15 +1000] "GET /robots.txt HTTP/1.1" 200 286 "-" "Mozilla/5.0 AppleWebKit/537.36 (KHTML, like Gecko; compatible; ClaudeBot/1.0; +claudebot@anthropic.com)"
216.73.216.184 - - [17/Apr/2026:18:36:16 +1000] "GET /sitemap.xml HTTP/1.1" 404 - "-" "Mozilla/5.0 AppleWebKit/537.36 (KHTML, like Gecko; compatible; ClaudeBot/1.0; +claudebot@anthropic.com)"
93.123.109.214 - - [17/Apr/2026:18:44:46 +1000] "GET / HTTP/1.1" 200 39274 "-" "Mozilla/5.0 (Macintosh; Intel Mac OS X 10_15_7) AppleWebKit/537.36 (KHTML, like Gecko) Chrome/131.0.0.0 Safari/537.36"
93.123.109.214 - - [17/Apr/2026:18:44:48 +1000] "GET /.env HTTP/1.1" 404 - "-" "Mozilla/5.0 (X11; Linux x86_64) AppleWebKit/537.36 (KHTML, like Gecko) Chrome/131.0.0.0 Safari/537.36"
93.123.109.214 - - [17/Apr/2026:18:44:48 +1000] "GET /.env.bak HTTP/1.1" 404 - "-" "Mozilla/5.0 (Windows NT 10.0; Win64; x64; rv:133.0) Gecko/20100101 Firefox/133.0"
93.123.109.214 - - [17/Apr/2026:18:44:48 +1000] "GET / HTTP/1.1" 200 39274 "-" "Mozilla/5.0 (X11; Linux x86_64) AppleWebKit/537.36 (KHTML, like Gecko) Chrome/131.0.0.0 Safari/537.36"
93.123.109.214 - - [17/Apr/2026:18:44:48 +1000] "GET /.env.save HTTP/1.1" 404 - "-" "Mozilla/5.0 (Macintosh; Intel Mac OS X 10_15_7) AppleWebKit/537.36 (KHTML, like Gecko) Chrome/131.0.0.0 Safari/537.36"
93.123.109.214 - - [17/Apr/2026:18:44:49 +1000] "GET /.env.local HTTP/1.1" 404 - "-" "Mozilla/5.0 (X11; Linux x86_64) AppleWebKit/537.36 (KHTML, like Gecko) Chrome/131.0.0.0 Safari/537.36"
93.123.109.214 - - [17/Apr/2026:18:44:49 +1000] "GET /backend/.env HTTP/1.1" 404 - "-" "Mozilla/5.0 (Macintosh; Intel Mac OS X 10_15_7) AppleWebKit/537.36 (KHTML, like Gecko) Chrome/131.0.0.0 Safari/537.36"
93.123.109.214 - - [17/Apr/2026:18:44:49 +1000] "GET /admin/.env HTTP/1.1" 404 - "-" "Mozilla/5.0 (Windows NT 10.0; Win64; x64) AppleWebKit/537.36 (KHTML, like Gecko) Chrome/131.0.0.0 Safari/537.36"
93.123.109.214 - - [17/Apr/2026:18:44:49 +1000] "GET /.git/config HTTP/1.1" 404 - "-" "Mozilla/5.0 (Macintosh; Intel Mac OS X 10_15_7) AppleWebKit/537.36 (KHTML, like Gecko) Chrome/131.0.0.0 Safari/537.36"
93.123.109.214 - - [17/Apr/2026:18:44:50 +1000] "GET /wp-config.php HTTP/1.1" 404 - "-" "Mozilla/5.0 (X11; Linux x86_64) AppleWebKit/537.36 (KHTML, like Gecko) Chrome/131.0.0.0 Safari/537.36"
93.123.109.214 - - [17/Apr/2026:18:44:50 +1000] "GET /wp-config.php.old HTTP/1.1" 404 - "-" "Mozilla/5.0 (Macintosh; Intel Mac OS X 10_15_7) AppleWebKit/537.36 (KHTML, like Gecko) Chrome/131.0.0.0 Safari/537.36"
93.123.109.214 - - [17/Apr/2026:18:44:50 +1000] "GET /config.php HTTP/1.1" 404 16 "-" "Mozilla/5.0 (X11; Linux x86_64) AppleWebKit/537.36 (KHTML, like Gecko) Chrome/131.0.0.0 Safari/537.36"
93.123.109.214 - - [17/Apr/2026:18:44:50 +1000] "GET /config.php.bak HTTP/1.1" 404 - "-" "Mozilla/5.0 (Macintosh; Intel Mac OS X 10_15_7) AppleWebKit/537.36 (KHTML, like Gecko) Chrome/131.0.0.0 Safari/537.36"
93.123.109.214 - - [17/Apr/2026:18:44:51 +1000] "GET /config.js HTTP/1.1" 404 - "-" "Mozilla/5.0 (Macintosh; Intel Mac OS X 10_15_7) AppleWebKit/537.36 (KHTML, like Gecko) Chrome/131.0.0.0 Safari/537.36"
93.123.109.214 - - [17/Apr/2026:18:44:51 +1000] "GET /aws-config.js HTTP/1.1" 404 - "-" "Mozilla/5.0 (Macintosh; Intel Mac OS X 10_15_7) AppleWebKit/537.36 (KHTML, like Gecko) Chrome/131.0.0.0 Safari/537.36"
93.123.109.214 - - [17/Apr/2026:18:44:51 +1000] "GET /aws.config.js HTTP/1.1" 404 - "-" "Mozilla/5.0 (Windows NT 10.0; Win64; x64) AppleWebKit/537.36 (KHTML, like Gecko) Chrome/131.0.0.0 Safari/537.36"
93.123.109.214 - - [17/Apr/2026:18:44:52 +1000] "GET /phpinfo.php HTTP/1.1" 404 16 "-" "Mozilla/5.0 (Windows NT 10.0; Win64; x64; rv:133.0) Gecko/20100101 Firefox/133.0"
93.123.109.214 - - [17/Apr/2026:18:44:52 +1000] "GET /.git/HEAD HTTP/1.1" 404 - "-" "Mozilla/5.0 (Windows NT 10.0; Win64; x64; rv:133.0) Gecko/20100101 Firefox/133.0"
93.123.109.214 - - [17/Apr/2026:18:44:52 +1000] "GET /.git/config HTTP/1.1" 404 - "-" "Mozilla/5.0 (Macintosh; Intel Mac OS X 10_15_7) AppleWebKit/537.36 (KHTML, like Gecko) Chrome/131.0.0.0 Safari/537.36"
118.127.40.73 - - [17/Apr/2026:19:00:57 +1000] "GET / HTTP/1.1" 200 39274 "-" "Python/3.11 aiohttp/3.9.2"
118.127.40.73 - - [17/Apr/2026:19:30:57 +1000] "GET / HTTP/1.1" 200 39274 "-" "Python/3.11 aiohttp/3.9.2"
118.127.40.73 - - [17/Apr/2026:20:01:01 +1000] "GET / HTTP/1.1" 200 39274 "-" "Python/3.11 aiohttp/3.9.2"
118.127.40.73 - - [17/Apr/2026:20:31:15 +1000] "GET / HTTP/1.1" 200 39274 "-" "Python/3.11 aiohttp/3.9.2"
118.127.40.73 - - [17/Apr/2026:21:00:57 +1000] "GET / HTTP/1.1" 200 39274 "-" "Python/3.11 aiohttp/3.9.2"
216.73.216.184 - - [17/Apr/2026:21:05:02 +1000] "GET /robots.txt HTTP/1.1" 200 286 "-" "Mozilla/5.0 AppleWebKit/537.36 (KHTML, like Gecko; compatible; ClaudeBot/1.0; +claudebot@anthropic.com)"
216.73.216.184 - - [17/Apr/2026:21:05:02 +1000] "GET /sitemap.xml HTTP/1.1" 404 - "-" "Mozilla/5.0 AppleWebKit/537.36 (KHTML, like Gecko; compatible; ClaudeBot/1.0; +claudebot@anthropic.com)"
118.127.40.73 - - [17/Apr/2026:21:31:01 +1000] "GET / HTTP/1.1" 200 39274 "-" "Python/3.11 aiohttp/3.9.2"
118.127.40.73 - - [17/Apr/2026:22:01:24 +1000] "GET / HTTP/1.1" 200 39274 "-" "Python/3.11 aiohttp/3.9.2"
118.127.40.73 - - [17/Apr/2026:22:31:14 +1000] "GET / HTTP/1.1" 200 39274 "-" "Python/3.11 aiohttp/3.9.2"
118.127.40.73 - - [17/Apr/2026:23:01:14 +1000] "GET / HTTP/1.1" 200 39274 "-" "Python/3.11 aiohttp/3.9.2"
118.127.40.73 - - [17/Apr/2026:23:31:02 +1000] "GET / HTTP/1.1" 200 39274 "-" "Python/3.11 aiohttp/3.9.2"
118.127.40.73 - - [18/Apr/2026:00:01:18 +1000] "GET / HTTP/1.1" 200 39274 "-" "Python/3.11 aiohttp/3.9.2"
118.127.40.73 - - [18/Apr/2026:00:31:06 +1000] "GET / HTTP/1.1" 200 39274 "-" "Python/3.11 aiohttp/3.9.2"
118.127.40.73 - - [18/Apr/2026:01:01:20 +1000] "GET / HTTP/1.1" 200 39274 "-" "Python/3.11 aiohttp/3.9.2"
118.127.40.73 - - [18/Apr/2026:01:31:15 +1000] "GET / HTTP/1.1" 200 39274 "-" "Python/3.11 aiohttp/3.9.2"
118.127.40.73 - - [18/Apr/2026:02:01:19 +1000] "GET / HTTP/1.1" 200 39274 "-" "Python/3.11 aiohttp/3.9.2"
118.127.40.73 - - [18/Apr/2026:02:31:27 +1000] "GET / HTTP/1.1" 200 39274 "-" "Python/3.11 aiohttp/3.9.2"