65.49.27.185 - - [15/Apr/2026:12:52:18 +1000] "GET / HTTP/1.1" 500 1047395 "-" "Mozilla/5.0 (Macintosh; Intel Mac OS X 10_15_7) AppleWebKit/537.36 (KHTML, like Gecko) Chrome/121.0.0.0 Safari/537.36"
118.127.40.73 - - [15/Apr/2026:13:16:30 +1000] "GET / HTTP/1.1" 500 163824 "-" "Python/3.11 aiohttp/3.9.2"
118.127.40.73 - - [15/Apr/2026:13:46:30 +1000] "GET / HTTP/1.1" 500 147440 "-" "Python/3.11 aiohttp/3.9.2"
65.49.27.185 - - [15/Apr/2026:13:50:22 +1000] "GET / HTTP/1.1" 500 1047395 "-" "Mozilla/5.0 (Macintosh; Intel Mac OS X 10_15_7) AppleWebKit/537.36 (KHTML, like Gecko) Chrome/121.0.0.0 Safari/537.36"
118.127.40.73 - - [15/Apr/2026:14:16:30 +1000] "GET / HTTP/1.1" 500 147440 "-" "Python/3.11 aiohttp/3.9.2"
65.49.27.185 - - [15/Apr/2026:14:38:35 +1000] "GET / HTTP/1.1" 500 1047395 "-" "Mozilla/5.0 (Macintosh; Intel Mac OS X 10_15_7) AppleWebKit/537.36 (KHTML, like Gecko) Chrome/121.0.0.0 Safari/537.36"
118.127.40.73 - - [15/Apr/2026:14:46:30 +1000] "GET / HTTP/1.1" 500 73720 "-" "Python/3.11 aiohttp/3.9.2"
118.127.40.73 - - [15/Apr/2026:15:16:30 +1000] "GET / HTTP/1.1" 500 147440 "-" "Python/3.11 aiohttp/3.9.2"
106.63.26.13 - - [15/Apr/2026:15:33:20 +1000] "GET / HTTP/1.1" 500 638904 "-" "Mozilla/5.0 (Macintosh; Intel Mac OS X 10_15_7) AppleWebKit/537.36 (KHTML, like Gecko) Chrome/120.0.0.0 Safari/537.36 Edg/120.0.0.0"
106.63.26.156 - - [15/Apr/2026:15:33:47 +1000] "GET / HTTP/1.1" 500 794528 "-" "Mozilla/5.0 (Macintosh; Intel Mac OS X 10_15_7) AppleWebKit/537.36 (KHTML, like Gecko) Chrome/120.0.0.0 Safari/537.36 Edg/120.0.0.0"
106.63.26.149 - - [15/Apr/2026:15:34:48 +1000] "GET /favicon.ico HTTP/1.1" 200 - "-" "Mozilla/5.0 (Macintosh; Intel Mac OS X 10_15_7) AppleWebKit/537.36 (KHTML, like Gecko) Chrome/120.0.0.0 Safari/537.36 Edg/120.0.0.0"
106.63.26.21 - - [15/Apr/2026:15:34:59 +1000] "GET /robots.txt HTTP/1.1" 200 24 "-" "Mozilla/5.0 (Macintosh; Intel Mac OS X 10_15_7) AppleWebKit/537.36 (KHTML, like Gecko) Chrome/120.0.0.0 Safari/537.36 Edg/120.0.0.0"
106.63.26.132 - - [15/Apr/2026:15:35:05 +1000] "GET /sitemap.xml HTTP/1.1" 500 401360 "-" "Mozilla/5.0 (Macintosh; Intel Mac OS X 10_15_7) AppleWebKit/537.36 (KHTML, like Gecko) Chrome/120.0.0.0 Safari/537.36 Edg/120.0.0.0"
65.49.27.185 - - [15/Apr/2026:15:36:55 +1000] "GET / HTTP/1.1" 500 1047395 "-" "Mozilla/5.0 (Macintosh; Intel Mac OS X 10_15_7) AppleWebKit/537.36 (KHTML, like Gecko) Chrome/121.0.0.0 Safari/537.36"
118.127.40.73 - - [15/Apr/2026:15:46:30 +1000] "GET / HTTP/1.1" 500 147440 "-" "Python/3.11 aiohttp/3.9.2"
106.63.26.141 - - [15/Apr/2026:16:00:38 +1000] "GET / HTTP/1.1" 500 925584 "-" "Mozilla/5.0 (Macintosh; Intel Mac OS X 10_15_7) AppleWebKit/537.36 (KHTML, like Gecko) Chrome/120.0.0.0 Safari/537.36 Edg/120.0.0.0"
106.63.26.133 - - [15/Apr/2026:16:01:57 +1000] "GET /favicon.ico HTTP/1.1" 200 - "-" "Mozilla/5.0 (Macintosh; Intel Mac OS X 10_15_7) AppleWebKit/537.36 (KHTML, like Gecko) Chrome/120.0.0.0 Safari/537.36 Edg/120.0.0.0"
106.63.26.156 - - [15/Apr/2026:16:01:58 +1000] "GET /robots.txt HTTP/1.1" 200 24 "-" "Mozilla/5.0 (Macintosh; Intel Mac OS X 10_15_7) AppleWebKit/537.36 (KHTML, like Gecko) Chrome/120.0.0.0 Safari/537.36 Edg/120.0.0.0"
106.63.26.140 - - [15/Apr/2026:16:02:02 +1000] "GET /sitemap.xml HTTP/1.1" 500 368600 "-" "Mozilla/5.0 (Macintosh; Intel Mac OS X 10_15_7) AppleWebKit/537.36 (KHTML, like Gecko) Chrome/120.0.0.0 Safari/537.36 Edg/120.0.0.0"
118.127.40.73 - - [15/Apr/2026:16:16:31 +1000] "GET / HTTP/1.1" 500 172016 "-" "Python/3.11 aiohttp/3.9.2"
65.49.27.185 - - [15/Apr/2026:16:25:35 +1000] "GET / HTTP/1.1" 500 1047395 "-" "Mozilla/5.0 (Macintosh; Intel Mac OS X 10_15_7) AppleWebKit/537.36 (KHTML, like Gecko) Chrome/121.0.0.0 Safari/537.36"
34.66.168.154 - - [15/Apr/2026:16:26:40 +1000] "POST / HTTP/1.1" 500 1159707 "https://www.davetest2.posscales.com.au/" "Mozilla/5.0 (X11; Linux x86_64) AppleWebKit/537.36 (KHTML, like Gecko) Chrome/135.0.0.0 Safari/537.36"
118.127.40.73 - - [15/Apr/2026:16:46:31 +1000] "GET / HTTP/1.1" 500 204776 "-" "Python/3.11 aiohttp/3.9.2"
34.10.160.156 - - [15/Apr/2026:17:03:19 +1000] "POST / HTTP/1.1" 500 1159207 "https://www.davetest2.posscales.com.au/" "Mozilla/5.0 (Windows NT 10.0; Win64; x64; rv:143.0) Gecko/20100101 Firefox/143.0"
118.127.40.73 - - [15/Apr/2026:17:16:31 +1000] "GET / HTTP/1.1" 500 241320 "-" "Python/3.11 aiohttp/3.9.2"
65.49.27.185 - - [15/Apr/2026:17:23:50 +1000] "GET / HTTP/1.1" 500 1047395 "-" "Mozilla/5.0 (Macintosh; Intel Mac OS X 10_15_7) AppleWebKit/537.36 (KHTML, like Gecko) Chrome/121.0.0.0 Safari/537.36"
35.238.131.140 - - [15/Apr/2026:17:45:48 +1000] "POST / HTTP/1.1" 500 1160049 "https://www.davetest2.posscales.com.au/" "Mozilla/5.0 (X11; Linux x86_64) AppleWebKit/537.36 (KHTML, like Gecko) Chrome/135.0.0.0 Safari/537.36"
118.127.40.73 - - [15/Apr/2026:17:46:31 +1000] "GET / HTTP/1.1" 500 241320 "-" "Python/3.11 aiohttp/3.9.2"
45.148.10.238 - - [15/Apr/2026:17:49:56 +1000] "GET /test/phpinfo.php HTTP/1.1" 500 221160 "-" "Mozilla/5.0 (compatible; SecurityScanner/1.0)"
45.148.10.238 - - [15/Apr/2026:17:49:56 +1000] "GET /wp-config.php.bak HTTP/1.1" 500 229352 "-" "Mozilla/5.0 (compatible; SecurityScanner/1.0)"
45.148.10.238 - - [15/Apr/2026:17:49:56 +1000] "GET /.aws/credentials HTTP/1.1" 500 163824 "-" "Mozilla/5.0 (X11; Linux x86_64) AppleWebKit/537.36 (KHTML, like Gecko) Chrome/120.0.0.0 Safari/537.36"
45.148.10.238 - - [15/Apr/2026:17:49:56 +1000] "GET /phpinfo.php HTTP/1.1" 500 163824 "-" "Mozilla/5.0 (Macintosh; Intel Mac OS X 10_15_7) AppleWebKit/537.36 (KHTML, like Gecko) Chrome/120.0.0.0 Safari/537.36"
45.148.10.238 - - [15/Apr/2026:17:49:56 +1000] "GET /.env HTTP/1.1" 500 163824 "-" "Mozilla/5.0 (X11; Linux x86_64) AppleWebKit/537.36 (KHTML, like Gecko) Chrome/120.0.0.0 Safari/537.36"
45.148.10.238 - - [15/Apr/2026:17:49:56 +1000] "GET /.env.production HTTP/1.1" 500 163824 "-" "Mozilla/5.0 (Windows NT 10.0; Win64; x64) AppleWebKit/537.36 (KHTML, like Gecko) Chrome/120.0.0.0 Safari/537.36"
45.148.10.238 - - [15/Apr/2026:17:49:56 +1000] "GET /.env.prod HTTP/1.1" 500 163824 "-" "Mozilla/5.0 (compatible; SecurityScanner/1.0)"
45.148.10.238 - - [15/Apr/2026:17:49:56 +1000] "GET /.git/config HTTP/1.1" 500 163824 "-" "Mozilla/5.0 (X11; Linux x86_64) AppleWebKit/537.36 (KHTML, like Gecko) Chrome/120.0.0.0 Safari/537.36"
45.148.10.238 - - [15/Apr/2026:17:49:56 +1000] "GET /info.php HTTP/1.1" 500 163824 "-" "Mozilla/5.0 (X11; Linux x86_64) AppleWebKit/537.36 (KHTML, like Gecko) Chrome/120.0.0.0 Safari/537.36"
45.148.10.238 - - [15/Apr/2026:17:49:58 +1000] "GET /wp-config.php.save HTTP/1.1" 500 163824 "-" "Mozilla/5.0 (Macintosh; Intel Mac OS X 10_15_7) AppleWebKit/537.36 (KHTML, like Gecko) Chrome/120.0.0.0 Safari/537.36"
45.148.10.238 - - [15/Apr/2026:17:49:56 +1000] "GET / HTTP/1.1" 500 163824 "-" "Mozilla/5.0 (Windows NT 10.0; Win64; x64) AppleWebKit/537.36 (KHTML, like Gecko) Chrome/120.0.0.0 Safari/537.36"
45.148.10.238 - - [15/Apr/2026:17:49:58 +1000] "GET /test.php HTTP/1.1" 200 267 "-" "Mozilla/5.0 (Windows NT 10.0; Win64; x64) AppleWebKit/537.36 (KHTML, like Gecko) Chrome/120.0.0.0 Safari/537.36"
45.148.10.238 - - [15/Apr/2026:17:49:58 +1000] "GET /i.php HTTP/1.1" 500 163824 "-" "Mozilla/5.0 (X11; Linux x86_64) AppleWebKit/537.36 (KHTML, like Gecko) Chrome/120.0.0.0 Safari/537.36"
45.148.10.238 - - [15/Apr/2026:17:49:58 +1000] "GET /wp-config.php.old HTTP/1.1" 500 163824 "-" "Mozilla/5.0 (Macintosh; Intel Mac OS X 10_15_7) AppleWebKit/537.36 (KHTML, like Gecko) Chrome/120.0.0.0 Safari/537.36"
45.148.10.238 - - [15/Apr/2026:17:49:58 +1000] "GET /.env.local HTTP/1.1" 500 163824 "-" "Mozilla/5.0 (Macintosh; Intel Mac OS X 10_15_7) AppleWebKit/537.36 (KHTML, like Gecko) Chrome/120.0.0.0 Safari/537.36"
45.148.10.238 - - [15/Apr/2026:17:49:58 +1000] "GET /wp-config.php.sample HTTP/1.1" 500 163824 "-" "Mozilla/5.0 (Macintosh; Intel Mac OS X 10_15_7) AppleWebKit/537.36 (KHTML, like Gecko) Chrome/120.0.0.0 Safari/537.36"
45.148.10.238 - - [15/Apr/2026:17:49:58 +1000] "GET /_profiler/phpinfo HTTP/1.1" 500 163824 "-" "Mozilla/5.0 (Windows NT 10.0; Win64; x64; rv:121.0) Gecko/20100101 Firefox/121.0"
45.148.10.238 - - [15/Apr/2026:17:49:58 +1000] "GET /.env.bak HTTP/1.1" 500 163824 "-" "Mozilla/5.0 (X11; Linux x86_64) AppleWebKit/537.36 (KHTML, like Gecko) Chrome/120.0.0.0 Safari/537.36"
45.148.10.238 - - [15/Apr/2026:17:49:58 +1000] "GET /.env.backup HTTP/1.1" 500 163824 "-" "Mozilla/5.0 (Windows NT 10.0; Win64; x64) AppleWebKit/537.36 (KHTML, like Gecko) Chrome/120.0.0.0 Safari/537.36"
65.49.27.185 - - [15/Apr/2026:18:11:56 +1000] "GET / HTTP/1.1" 500 1047395 "-" "Mozilla/5.0 (Macintosh; Intel Mac OS X 10_15_7) AppleWebKit/537.36 (KHTML, like Gecko) Chrome/121.0.0.0 Safari/537.36"
118.127.40.73 - - [15/Apr/2026:18:16:31 +1000] "GET / HTTP/1.1" 500 241320 "-" "Python/3.11 aiohttp/3.9.2"
118.127.40.73 - - [15/Apr/2026:18:46:31 +1000] "GET / HTTP/1.1" 500 241320 "-" "Python/3.11 aiohttp/3.9.2"
65.49.27.185 - - [15/Apr/2026:18:48:28 +1000] "GET / HTTP/1.1" 500 1047395 "-" "Mozilla/5.0 (Macintosh; Intel Mac OS X 10_15_7) AppleWebKit/537.36 (KHTML, like Gecko) Chrome/121.0.0.0 Safari/537.36"
65.49.27.185 - - [15/Apr/2026:18:51:32 +1000] "GET / HTTP/1.1" 500 1047395 "-" "Mozilla/5.0 (Macintosh; Intel Mac OS X 10_15_7) AppleWebKit/537.36 (KHTML, like Gecko) Chrome/121.0.0.0 Safari/537.36"
118.127.40.73 - - [15/Apr/2026:19:16:32 +1000] "GET / HTTP/1.1" 500 57344 "-" "Python/3.11 aiohttp/3.9.2"
65.49.27.185 - - [15/Apr/2026:19:38:56 +1000] "GET / HTTP/1.1" 500 1047395 "-" "Mozilla/5.0 (Macintosh; Intel Mac OS X 10_15_7) AppleWebKit/537.36 (KHTML, like Gecko) Chrome/121.0.0.0 Safari/537.36"
118.127.40.73 - - [15/Apr/2026:19:46:32 +1000] "GET / HTTP/1.1" 500 270304 "-" "Python/3.11 aiohttp/3.9.2"
34.91.19.29 - - [15/Apr/2026:19:51:07 +1000] "GET / HTTP/1.1" 500 1046939 "-" "Scrapy/2.13.4 (+https://scrapy.org)"
118.127.40.73 - - [15/Apr/2026:20:16:32 +1000] "GET / HTTP/1.1" 500 270304 "-" "Python/3.11 aiohttp/3.9.2"
65.49.27.185 - - [15/Apr/2026:20:36:32 +1000] "GET / HTTP/1.1" 500 1047395 "-" "Mozilla/5.0 (Macintosh; Intel Mac OS X 10_15_7) AppleWebKit/537.36 (KHTML, like Gecko) Chrome/121.0.0.0 Safari/537.36"
118.127.40.73 - - [15/Apr/2026:20:46:32 +1000] "GET / HTTP/1.1" 500 212968 "-" "Python/3.11 aiohttp/3.9.2"
118.127.40.73 - - [15/Apr/2026:21:16:32 +1000] "GET / HTTP/1.1" 500 172016 "-" "Python/3.11 aiohttp/3.9.2"
65.49.27.185 - - [15/Apr/2026:21:24:50 +1000] "GET / HTTP/1.1" 500 1047395 "-" "Mozilla/5.0 (Macintosh; Intel Mac OS X 10_15_7) AppleWebKit/537.36 (KHTML, like Gecko) Chrome/121.0.0.0 Safari/537.36"
118.127.40.73 - - [15/Apr/2026:21:46:33 +1000] "GET / HTTP/1.1" 500 188400 "-" "Python/3.11 aiohttp/3.9.2"
118.127.40.73 - - [15/Apr/2026:22:16:33 +1000] "GET / HTTP/1.1" 500 204776 "-" "Python/3.11 aiohttp/3.9.2"
65.49.27.185 - - [15/Apr/2026:22:23:43 +1000] "GET / HTTP/1.1" 500 1047395 "-" "Mozilla/5.0 (Macintosh; Intel Mac OS X 10_15_7) AppleWebKit/537.36 (KHTML, like Gecko) Chrome/121.0.0.0 Safari/537.36"
118.127.40.73 - - [15/Apr/2026:22:46:34 +1000] "GET / HTTP/1.1" 500 180208 "-" "Python/3.11 aiohttp/3.9.2"
65.49.27.185 - - [15/Apr/2026:23:15:33 +1000] "GET / HTTP/1.1" 500 1047395 "-" "Mozilla/5.0 (Macintosh; Intel Mac OS X 10_15_7) AppleWebKit/537.36 (KHTML, like Gecko) Chrome/121.0.0.0 Safari/537.36"
118.127.40.73 - - [15/Apr/2026:23:16:34 +1000] "GET / HTTP/1.1" 500 172016 "-" "Python/3.11 aiohttp/3.9.2"
118.127.40.73 - - [15/Apr/2026:23:46:34 +1000] "GET / HTTP/1.1" 500 32768 "-" "Python/3.11 aiohttp/3.9.2"
65.49.27.185 - - [16/Apr/2026:00:14:26 +1000] "GET / HTTP/1.1" 500 1047395 "-" "Mozilla/5.0 (Macintosh; Intel Mac OS X 10_15_7) AppleWebKit/537.36 (KHTML, like Gecko) Chrome/121.0.0.0 Safari/537.36"
118.127.40.73 - - [16/Apr/2026:00:16:42 +1000] "GET / HTTP/1.1" 500 40960 "-" "Python/3.11 aiohttp/3.9.2"
118.127.40.73 - - [16/Apr/2026:00:46:35 +1000] "GET / HTTP/1.1" 500 204776 "-" "Python/3.11 aiohttp/3.9.2"
65.49.27.185 - - [16/Apr/2026:01:03:33 +1000] "GET / HTTP/1.1" 500 1047395 "-" "Mozilla/5.0 (Macintosh; Intel Mac OS X 10_15_7) AppleWebKit/537.36 (KHTML, like Gecko) Chrome/121.0.0.0 Safari/537.36"
118.127.40.73 - - [16/Apr/2026:01:16:36 +1000] "GET / HTTP/1.1" 500 204776 "-" "Python/3.11 aiohttp/3.9.2"
65.49.27.185 - - [16/Apr/2026:01:35:15 +1000] "GET / HTTP/1.1" 500 1047395 "-" "Mozilla/5.0 (Macintosh; Intel Mac OS X 10_15_7) AppleWebKit/537.36 (KHTML, like Gecko) Chrome/121.0.0.0 Safari/537.36"
65.49.27.185 - - [16/Apr/2026:01:38:21 +1000] "GET / HTTP/1.1" 500 1047395 "-" "Mozilla/5.0 (Macintosh; Intel Mac OS X 10_15_7) AppleWebKit/537.36 (KHTML, like Gecko) Chrome/121.0.0.0 Safari/537.36"
118.127.40.73 - - [16/Apr/2026:01:46:35 +1000] "GET / HTTP/1.1" 500 204776 "-" "Python/3.11 aiohttp/3.9.2"
118.127.40.73 - - [16/Apr/2026:02:16:36 +1000] "GET / HTTP/1.1" 500 147440 "-" "Python/3.11 aiohttp/3.9.2"
65.49.27.185 - - [16/Apr/2026:02:27:00 +1000] "GET / HTTP/1.1" 500 1047395 "-" "Mozilla/5.0 (Macintosh; Intel Mac OS X 10_15_7) AppleWebKit/537.36 (KHTML, like Gecko) Chrome/121.0.0.0 Safari/537.36"
118.127.40.73 - - [16/Apr/2026:02:46:36 +1000] "GET / HTTP/1.1" 500 172016 "-" "Python/3.11 aiohttp/3.9.2"
118.127.40.73 - - [16/Apr/2026:03:16:36 +1000] "GET / HTTP/1.1" 500 163824 "-" "Python/3.11 aiohttp/3.9.2"
65.49.27.185 - - [16/Apr/2026:03:26:04 +1000] "GET / HTTP/1.1" 500 1047395 "-" "Mozilla/5.0 (Macintosh; Intel Mac OS X 10_15_7) AppleWebKit/537.36 (KHTML, like Gecko) Chrome/121.0.0.0 Safari/537.36"
118.127.40.73 - - [16/Apr/2026:03:46:36 +1000] "GET / HTTP/1.1" 500 172016 "-" "Python/3.11 aiohttp/3.9.2"
65.49.27.185 - - [16/Apr/2026:04:14:21 +1000] "GET / HTTP/1.1" 500 1047395 "-" "Mozilla/5.0 (Macintosh; Intel Mac OS X 10_15_7) AppleWebKit/537.36 (KHTML, like Gecko) Chrome/121.0.0.0 Safari/537.36"
118.127.40.73 - - [16/Apr/2026:04:16:37 +1000] "GET / HTTP/1.1" 500 73720 "-" "Python/3.11 aiohttp/3.9.2"
118.127.40.73 - - [16/Apr/2026:04:46:36 +1000] "GET / HTTP/1.1" 500 172016 "-" "Python/3.11 aiohttp/3.9.2"
65.49.27.185 - - [16/Apr/2026:05:12:12 +1000] "GET / HTTP/1.1" 500 1047395 "-" "Mozilla/5.0 (Macintosh; Intel Mac OS X 10_15_7) AppleWebKit/537.36 (KHTML, like Gecko) Chrome/121.0.0.0 Safari/537.36"
118.127.40.73 - - [16/Apr/2026:05:16:37 +1000] "GET / HTTP/1.1" 500 204776 "-" "Python/3.11 aiohttp/3.9.2"
118.127.40.73 - - [16/Apr/2026:05:46:38 +1000] "GET / HTTP/1.1" 500 49152 "-" "Python/3.11 aiohttp/3.9.2"
65.49.27.185 - - [16/Apr/2026:05:59:53 +1000] "GET / HTTP/1.1" 500 1047395 "-" "Mozilla/5.0 (Macintosh; Intel Mac OS X 10_15_7) AppleWebKit/537.36 (KHTML, like Gecko) Chrome/121.0.0.0 Safari/537.36"
118.127.40.73 - - [16/Apr/2026:06:16:40 +1000] "GET / HTTP/1.1" 500 212968 "-" "Python/3.11 aiohttp/3.9.2"
118.127.40.73 - - [16/Apr/2026:06:46:39 +1000] "GET / HTTP/1.1" 500 172016 "-" "Python/3.11 aiohttp/3.9.2"
65.49.27.185 - - [16/Apr/2026:06:58:30 +1000] "GET / HTTP/1.1" 500 1047395 "-" "Mozilla/5.0 (Macintosh; Intel Mac OS X 10_15_7) AppleWebKit/537.36 (KHTML, like Gecko) Chrome/121.0.0.0 Safari/537.36"
118.127.40.73 - - [16/Apr/2026:07:16:38 +1000] "GET / HTTP/1.1" 500 204776 "-" "Python/3.11 aiohttp/3.9.2"
118.127.40.73 - - [16/Apr/2026:07:46:39 +1000] "GET / HTTP/1.1" 500 204776 "-" "Python/3.11 aiohttp/3.9.2"
65.49.27.185 - - [16/Apr/2026:07:47:38 +1000] "GET / HTTP/1.1" 500 1047395 "-" "Mozilla/5.0 (Macintosh; Intel Mac OS X 10_15_7) AppleWebKit/537.36 (KHTML, like Gecko) Chrome/121.0.0.0 Safari/537.36"
118.127.40.73 - - [16/Apr/2026:08:16:41 +1000] "GET / HTTP/1.1" 500 172016 "-" "Python/3.11 aiohttp/3.9.2"
65.49.27.185 - - [16/Apr/2026:08:21:52 +1000] "GET / HTTP/1.1" 500 1047395 "-" "Mozilla/5.0 (Macintosh; Intel Mac OS X 10_15_7) AppleWebKit/537.36 (KHTML, like Gecko) Chrome/121.0.0.0 Safari/537.36"
65.49.27.185 - - [16/Apr/2026:08:24:58 +1000] "GET / HTTP/1.1" 500 1047395 "-" "Mozilla/5.0 (Macintosh; Intel Mac OS X 10_15_7) AppleWebKit/537.36 (KHTML, like Gecko) Chrome/121.0.0.0 Safari/537.36"
118.127.40.73 - - [16/Apr/2026:08:46:39 +1000] "GET / HTTP/1.1" 500 241320 "-" "Python/3.11 aiohttp/3.9.2"
65.49.27.185 - - [16/Apr/2026:09:13:10 +1000] "GET / HTTP/1.1" 500 1047395 "-" "Mozilla/5.0 (Macintosh; Intel Mac OS X 10_15_7) AppleWebKit/537.36 (KHTML, like Gecko) Chrome/121.0.0.0 Safari/537.36"
118.127.40.73 - - [16/Apr/2026:09:16:40 +1000] "GET / HTTP/1.1" 500 204776 "-" "Python/3.11 aiohttp/3.9.2"
118.127.40.73 - - [16/Apr/2026:09:46:40 +1000] "GET / HTTP/1.1" 500 241320 "-" "Python/3.11 aiohttp/3.9.2"
65.49.27.185 - - [16/Apr/2026:10:11:49 +1000] "GET / HTTP/1.1" 500 1047395 "-" "Mozilla/5.0 (Macintosh; Intel Mac OS X 10_15_7) AppleWebKit/537.36 (KHTML, like Gecko) Chrome/121.0.0.0 Safari/537.36"
118.127.40.73 - - [16/Apr/2026:10:16:40 +1000] "GET / HTTP/1.1" 500 241320 "-" "Python/3.11 aiohttp/3.9.2"
118.127.40.73 - - [16/Apr/2026:10:46:40 +1000] "GET / HTTP/1.1" 500 172016 "-" "Python/3.11 aiohttp/3.9.2"
65.49.27.185 - - [16/Apr/2026:11:00:40 +1000] "GET / HTTP/1.1" 500 1047395 "-" "Mozilla/5.0 (Macintosh; Intel Mac OS X 10_15_7) AppleWebKit/537.36 (KHTML, like Gecko) Chrome/121.0.0.0 Safari/537.36"
118.127.40.73 - - [16/Apr/2026:11:16:40 +1000] "GET / HTTP/1.1" 500 172016 "-" "Python/3.11 aiohttp/3.9.2"
118.127.40.73 - - [16/Apr/2026:11:46:40 +1000] "GET / HTTP/1.1" 500 204776 "-" "Python/3.11 aiohttp/3.9.2"
65.49.27.185 - - [16/Apr/2026:11:58:39 +1000] "GET / HTTP/1.1" 500 1047395 "-" "Mozilla/5.0 (Macintosh; Intel Mac OS X 10_15_7) AppleWebKit/537.36 (KHTML, like Gecko) Chrome/121.0.0.0 Safari/537.36"
118.127.40.73 - - [16/Apr/2026:12:16:41 +1000] "GET / HTTP/1.1" 500 249512 "-" "Python/3.11 aiohttp/3.9.2"
118.127.40.73 - - [16/Apr/2026:12:46:41 +1000] "GET / HTTP/1.1" 500 147440 "-" "Python/3.11 aiohttp/3.9.2"
65.49.27.185 - - [16/Apr/2026:12:46:47 +1000] "GET / HTTP/1.1" 500 1047395 "-" "Mozilla/5.0 (Macintosh; Intel Mac OS X 10_15_7) AppleWebKit/537.36 (KHTML, like Gecko) Chrome/121.0.0.0 Safari/537.36"
118.127.40.73 - - [16/Apr/2026:13:16:41 +1000] "GET / HTTP/1.1" 500 212968 "-" "Python/3.11 aiohttp/3.9.2"
65.49.27.185 - - [16/Apr/2026:13:44:37 +1000] "GET / HTTP/1.1" 500 1047395 "-" "Mozilla/5.0 (Macintosh; Intel Mac OS X 10_15_7) AppleWebKit/537.36 (KHTML, like Gecko) Chrome/121.0.0.0 Safari/537.36"
118.127.40.73 - - [16/Apr/2026:13:46:41 +1000] "GET / HTTP/1.1" 500 241320 "-" "Python/3.11 aiohttp/3.9.2"
118.127.40.73 - - [16/Apr/2026:14:16:42 +1000] "GET / HTTP/1.1" 500 163824 "-" "Python/3.11 aiohttp/3.9.2"
65.49.27.185 - - [16/Apr/2026:14:32:25 +1000] "GET / HTTP/1.1" 500 1047395 "-" "Mozilla/5.0 (Macintosh; Intel Mac OS X 10_15_7) AppleWebKit/537.36 (KHTML, like Gecko) Chrome/121.0.0.0 Safari/537.36"
118.127.40.73 - - [16/Apr/2026:14:46:41 +1000] "GET / HTTP/1.1" 500 172016 "-" "Python/3.11 aiohttp/3.9.2"
65.49.27.185 - - [16/Apr/2026:15:08:36 +1000] "GET / HTTP/1.1" 500 1047395 "-" "Mozilla/5.0 (Macintosh; Intel Mac OS X 10_15_7) AppleWebKit/537.36 (KHTML, like Gecko) Chrome/121.0.0.0 Safari/537.36"
65.49.27.185 - - [16/Apr/2026:15:11:38 +1000] "GET / HTTP/1.1" 500 1047395 "-" "Mozilla/5.0 (Macintosh; Intel Mac OS X 10_15_7) AppleWebKit/537.36 (KHTML, like Gecko) Chrome/121.0.0.0 Safari/537.36"
118.127.40.73 - - [16/Apr/2026:15:16:42 +1000] "GET / HTTP/1.1" 500 172016 "-" "Python/3.11 aiohttp/3.9.2"
118.127.40.73 - - [16/Apr/2026:15:46:42 +1000] "GET / HTTP/1.1" 500 172016 "-" "Python/3.11 aiohttp/3.9.2"
65.49.27.185 - - [16/Apr/2026:15:59:16 +1000] "GET / HTTP/1.1" 500 1047395 "-" "Mozilla/5.0 (Macintosh; Intel Mac OS X 10_15_7) AppleWebKit/537.36 (KHTML, like Gecko) Chrome/121.0.0.0 Safari/537.36"
118.127.40.73 - - [16/Apr/2026:16:16:42 +1000] "GET / HTTP/1.1" 500 204776 "-" "Python/3.11 aiohttp/3.9.2"
118.127.40.73 - - [16/Apr/2026:16:46:42 +1000] "GET / HTTP/1.1" 500 257704 "-" "Python/3.11 aiohttp/3.9.2"
65.49.27.185 - - [16/Apr/2026:16:57:22 +1000] "GET / HTTP/1.1" 500 1047395 "-" "Mozilla/5.0 (Macintosh; Intel Mac OS X 10_15_7) AppleWebKit/537.36 (KHTML, like Gecko) Chrome/121.0.0.0 Safari/537.36"
118.127.40.73 - - [16/Apr/2026:17:16:43 +1000] "GET / HTTP/1.1" 500 147440 "-" "Python/3.11 aiohttp/3.9.2"
65.49.27.185 - - [16/Apr/2026:17:45:21 +1000] "GET / HTTP/1.1" 500 1047395 "-" "Mozilla/5.0 (Macintosh; Intel Mac OS X 10_15_7) AppleWebKit/537.36 (KHTML, like Gecko) Chrome/121.0.0.0 Safari/537.36"
118.127.40.73 - - [16/Apr/2026:17:46:42 +1000] "GET / HTTP/1.1" 500 147440 "-" "Python/3.11 aiohttp/3.9.2"
118.127.40.73 - - [16/Apr/2026:18:16:43 +1000] "GET / HTTP/1.1" 500 172016 "-" "Python/3.11 aiohttp/3.9.2"
65.49.27.185 - - [16/Apr/2026:18:43:28 +1000] "GET / HTTP/1.1" 500 1047395 "-" "Mozilla/5.0 (Macintosh; Intel Mac OS X 10_15_7) AppleWebKit/537.36 (KHTML, like Gecko) Chrome/121.0.0.0 Safari/537.36"
118.127.40.73 - - [16/Apr/2026:18:46:43 +1000] "GET / HTTP/1.1" 500 212968 "-" "Python/3.11 aiohttp/3.9.2"
118.127.40.73 - - [16/Apr/2026:19:16:43 +1000] "GET / HTTP/1.1" 500 163824 "-" "Python/3.11 aiohttp/3.9.2"
65.49.27.185 - - [16/Apr/2026:19:31:35 +1000] "GET / HTTP/1.1" 500 1047395 "-" "Mozilla/5.0 (Macintosh; Intel Mac OS X 10_15_7) AppleWebKit/537.36 (KHTML, like Gecko) Chrome/121.0.0.0 Safari/537.36"
118.127.40.73 - - [16/Apr/2026:19:46:43 +1000] "GET / HTTP/1.1" 500 229352 "-" "Python/3.11 aiohttp/3.9.2"
118.127.40.73 - - [16/Apr/2026:20:16:44 +1000] "GET / HTTP/1.1" 500 32768 "-" "Python/3.11 aiohttp/3.9.2"
65.49.27.185 - - [16/Apr/2026:20:29:26 +1000] "GET / HTTP/1.1" 500 1047395 "-" "Mozilla/5.0 (Macintosh; Intel Mac OS X 10_15_7) AppleWebKit/537.36 (KHTML, like Gecko) Chrome/121.0.0.0 Safari/537.36"
118.127.40.73 - - [16/Apr/2026:20:46:44 +1000] "GET / HTTP/1.1" 500 241320 "-" "Python/3.11 aiohttp/3.9.2"
118.127.40.73 - - [16/Apr/2026:21:16:44 +1000] "GET / HTTP/1.1" 500 172016 "-" "Python/3.11 aiohttp/3.9.2"
65.49.27.185 - - [16/Apr/2026:21:17:20 +1000] "GET / HTTP/1.1" 500 1047395 "-" "Mozilla/5.0 (Macintosh; Intel Mac OS X 10_15_7) AppleWebKit/537.36 (KHTML, like Gecko) Chrome/121.0.0.0 Safari/537.36"
118.127.40.73 - - [16/Apr/2026:21:46:44 +1000] "GET / HTTP/1.1" 500 73720 "-" "Python/3.11 aiohttp/3.9.2"
65.49.27.185 - - [16/Apr/2026:21:55:15 +1000] "GET / HTTP/1.1" 500 1047395 "-" "Mozilla/5.0 (Macintosh; Intel Mac OS X 10_15_7) AppleWebKit/537.36 (KHTML, like Gecko) Chrome/121.0.0.0 Safari/537.36"
65.49.27.185 - - [16/Apr/2026:21:58:18 +1000] "GET / HTTP/1.1" 500 1047395 "-" "Mozilla/5.0 (Macintosh; Intel Mac OS X 10_15_7) AppleWebKit/537.36 (KHTML, like Gecko) Chrome/121.0.0.0 Safari/537.36"
118.127.40.73 - - [16/Apr/2026:22:16:44 +1000] "GET / HTTP/1.1" 500 212968 "-" "Python/3.11 aiohttp/3.9.2"
106.63.26.155 - - [16/Apr/2026:22:40:00 +1000] "GET / HTTP/1.1" 500 352216 "-" "Mozilla/5.0 (Macintosh; Intel Mac OS X 10_15_7) AppleWebKit/537.36 (KHTML, like Gecko) Chrome/120.0.0.0 Safari/537.36 Edg/120.0.0.0"
106.63.26.139 - - [16/Apr/2026:22:40:23 +1000] "GET / HTTP/1.1" 500 401360 "-" "Mozilla/5.0 (Macintosh; Intel Mac OS X 10_15_7) AppleWebKit/537.36 (KHTML, like Gecko) Chrome/120.0.0.0 Safari/537.36 Edg/120.0.0.0"
106.63.26.22 - - [16/Apr/2026:22:41:04 +1000] "GET /favicon.ico HTTP/1.1" 200 - "-" "Mozilla/5.0 (Macintosh; Intel Mac OS X 10_15_7) AppleWebKit/537.36 (KHTML, like Gecko) Chrome/120.0.0.0 Safari/537.36 Edg/120.0.0.0"
106.63.26.141 - - [16/Apr/2026:22:41:12 +1000] "GET /robots.txt HTTP/1.1" 200 24 "-" "Mozilla/5.0 (Macintosh; Intel Mac OS X 10_15_7) AppleWebKit/537.36 (KHTML, like Gecko) Chrome/120.0.0.0 Safari/537.36 Edg/120.0.0.0"
106.63.26.28 - - [16/Apr/2026:22:41:17 +1000] "GET /sitemap.xml HTTP/1.1" 500 466888 "-" "Mozilla/5.0 (Macintosh; Intel Mac OS X 10_15_7) AppleWebKit/537.36 (KHTML, like Gecko) Chrome/120.0.0.0 Safari/537.36 Edg/120.0.0.0"
65.49.27.185 - - [16/Apr/2026:22:46:34 +1000] "GET / HTTP/1.1" 500 1047395 "-" "Mozilla/5.0 (Macintosh; Intel Mac OS X 10_15_7) AppleWebKit/537.36 (KHTML, like Gecko) Chrome/121.0.0.0 Safari/537.36"
118.127.40.73 - - [16/Apr/2026:22:46:45 +1000] "GET / HTTP/1.1" 500 188400 "-" "Python/3.11 aiohttp/3.9.2"
118.127.40.73 - - [16/Apr/2026:23:16:45 +1000] "GET / HTTP/1.1" 500 147440 "-" "Python/3.11 aiohttp/3.9.2"
106.63.26.140 - - [16/Apr/2026:23:20:27 +1000] "GET / HTTP/1.1" 500 278496 "-" "Mozilla/5.0 (Macintosh; Intel Mac OS X 10_15_7) AppleWebKit/537.36 (KHTML, like Gecko) Chrome/120.0.0.0 Safari/537.36 Edg/120.0.0.0"
106.63.26.20 - - [16/Apr/2026:23:20:48 +1000] "GET / HTTP/1.1" 500 556992 "-" "Mozilla/5.0 (Macintosh; Intel Mac OS X 10_15_7) AppleWebKit/537.36 (KHTML, like Gecko) Chrome/120.0.0.0 Safari/537.36 Edg/120.0.0.0"
106.63.26.13 - - [16/Apr/2026:23:21:25 +1000] "GET /favicon.ico HTTP/1.1" 200 - "-" "Mozilla/5.0 (Macintosh; Intel Mac OS X 10_15_7) AppleWebKit/537.36 (KHTML, like Gecko) Chrome/120.0.0.0 Safari/537.36 Edg/120.0.0.0"
106.63.26.131 - - [16/Apr/2026:23:21:28 +1000] "GET /robots.txt HTTP/1.1" 200 24 "-" "Mozilla/5.0 (Macintosh; Intel Mac OS X 10_15_7) AppleWebKit/537.36 (KHTML, like Gecko) Chrome/120.0.0.0 Safari/537.36 Edg/120.0.0.0"
106.63.26.27 - - [16/Apr/2026:23:21:30 +1000] "GET /sitemap.xml HTTP/1.1" 500 466888 "-" "Mozilla/5.0 (Macintosh; Intel Mac OS X 10_15_7) AppleWebKit/537.36 (KHTML, like Gecko) Chrome/120.0.0.0 Safari/537.36 Edg/120.0.0.0"
65.49.27.185 - - [16/Apr/2026:23:45:03 +1000] "GET / HTTP/1.1" 500 1047395 "-" "Mozilla/5.0 (Macintosh; Intel Mac OS X 10_15_7) AppleWebKit/537.36 (KHTML, like Gecko) Chrome/121.0.0.0 Safari/537.36"
118.127.40.73 - - [16/Apr/2026:23:46:46 +1000] "GET / HTTP/1.1" 500 172016 "-" "Python/3.11 aiohttp/3.9.2"
118.127.40.73 - - [17/Apr/2026:00:30:42 +1000] "GET / HTTP/1.1" 500 155632 "-" "Python/3.11 aiohttp/3.9.2"
65.49.27.185 - - [17/Apr/2026:00:33:54 +1000] "GET / HTTP/1.1" 500 1047395 "-" "Mozilla/5.0 (Macintosh; Intel Mac OS X 10_15_7) AppleWebKit/537.36 (KHTML, like Gecko) Chrome/121.0.0.0 Safari/537.36"
118.127.40.73 - - [17/Apr/2026:01:00:41 +1000] "GET / HTTP/1.1" 500 188400 "-" "Python/3.11 aiohttp/3.9.2"
118.127.40.73 - - [17/Apr/2026:01:30:43 +1000] "GET / HTTP/1.1" 500 172016 "-" "Python/3.11 aiohttp/3.9.2"
65.49.27.185 - - [17/Apr/2026:01:32:38 +1000] "GET / HTTP/1.1" 500 1047395 "-" "Mozilla/5.0 (Macintosh; Intel Mac OS X 10_15_7) AppleWebKit/537.36 (KHTML, like Gecko) Chrome/121.0.0.0 Safari/537.36"
118.127.40.73 - - [17/Apr/2026:02:00:41 +1000] "GET / HTTP/1.1" 500 241320 "-" "Python/3.11 aiohttp/3.9.2"
65.49.27.185 - - [17/Apr/2026:02:20:52 +1000] "GET / HTTP/1.1" 500 1047395 "-" "Mozilla/5.0 (Macintosh; Intel Mac OS X 10_15_7) AppleWebKit/537.36 (KHTML, like Gecko) Chrome/121.0.0.0 Safari/537.36"
118.127.40.73 - - [17/Apr/2026:02:30:42 +1000] "GET / HTTP/1.1" 500 172016 "-" "Python/3.11 aiohttp/3.9.2"
118.127.40.73 - - [17/Apr/2026:03:00:43 +1000] "GET / HTTP/1.1" 500 249512 "-" "Python/3.11 aiohttp/3.9.2"
65.49.27.185 - - [17/Apr/2026:03:19:06 +1000] "GET / HTTP/1.1" 500 1047395 "-" "Mozilla/5.0 (Macintosh; Intel Mac OS X 10_15_7) AppleWebKit/537.36 (KHTML, like Gecko) Chrome/121.0.0.0 Safari/537.36"
118.127.40.73 - - [17/Apr/2026:03:30:43 +1000] "GET / HTTP/1.1" 500 212968 "-" "Python/3.11 aiohttp/3.9.2"
118.127.40.73 - - [17/Apr/2026:04:00:43 +1000] "GET / HTTP/1.1" 500 401360 "-" "Python/3.11 aiohttp/3.9.2"
65.49.27.185 - - [17/Apr/2026:04:07:08 +1000] "GET / HTTP/1.1" 500 1047395 "-" "Mozilla/5.0 (Macintosh; Intel Mac OS X 10_15_7) AppleWebKit/537.36 (KHTML, like Gecko) Chrome/121.0.0.0 Safari/537.36"
118.127.40.73 - - [17/Apr/2026:04:30:43 +1000] "GET / HTTP/1.1" 500 241320 "-" "Python/3.11 aiohttp/3.9.2"
65.49.27.185 - - [17/Apr/2026:04:41:56 +1000] "GET / HTTP/1.1" 500 1047395 "-" "Mozilla/5.0 (Macintosh; Intel Mac OS X 10_15_7) AppleWebKit/537.36 (KHTML, like Gecko) Chrome/121.0.0.0 Safari/537.36"
65.49.27.185 - - [17/Apr/2026:04:44:59 +1000] "GET / HTTP/1.1" 500 1047395 "-" "Mozilla/5.0 (Macintosh; Intel Mac OS X 10_15_7) AppleWebKit/537.36 (KHTML, like Gecko) Chrome/121.0.0.0 Safari/537.36"
118.127.40.73 - - [17/Apr/2026:05:00:43 +1000] "GET / HTTP/1.1" 500 286688 "-" "Python/3.11 aiohttp/3.9.2"
118.127.40.73 - - [17/Apr/2026:05:30:43 +1000] "GET / HTTP/1.1" 500 335832 "-" "Python/3.11 aiohttp/3.9.2"
65.49.27.185 - - [17/Apr/2026:05:32:29 +1000] "GET / HTTP/1.1" 500 1047395 "-" "Mozilla/5.0 (Macintosh; Intel Mac OS X 10_15_7) AppleWebKit/537.36 (KHTML, like Gecko) Chrome/121.0.0.0 Safari/537.36"
118.127.40.73 - - [17/Apr/2026:06:00:43 +1000] "GET / HTTP/1.1" 500 90104 "-" "Python/3.11 aiohttp/3.9.2"
65.49.27.185 - - [17/Apr/2026:06:30:13 +1000] "GET / HTTP/1.1" 500 1047395 "-" "Mozilla/5.0 (Macintosh; Intel Mac OS X 10_15_7) AppleWebKit/537.36 (KHTML, like Gecko) Chrome/121.0.0.0 Safari/537.36"
118.127.40.73 - - [17/Apr/2026:06:30:45 +1000] "GET / HTTP/1.1" 500 172016 "-" "Python/3.11 aiohttp/3.9.2"
118.127.40.73 - - [17/Apr/2026:07:00:44 +1000] "GET / HTTP/1.1" 500 475080 "-" "Python/3.11 aiohttp/3.9.2"
65.49.27.185 - - [17/Apr/2026:07:17:54 +1000] "GET / HTTP/1.1" 500 1047395 "-" "Mozilla/5.0 (Macintosh; Intel Mac OS X 10_15_7) AppleWebKit/537.36 (KHTML, like Gecko) Chrome/121.0.0.0 Safari/537.36"
118.127.40.73 - - [17/Apr/2026:07:30:43 +1000] "GET / HTTP/1.1" 500 335832 "-" "Python/3.11 aiohttp/3.9.2"
118.127.40.73 - - [17/Apr/2026:08:00:43 +1000] "GET / HTTP/1.1" 500 270304 "-" "Python/3.11 aiohttp/3.9.2"
65.49.27.185 - - [17/Apr/2026:08:15:40 +1000] "GET / HTTP/1.1" 500 1047395 "-" "Mozilla/5.0 (Macintosh; Intel Mac OS X 10_15_7) AppleWebKit/537.36 (KHTML, like Gecko) Chrome/121.0.0.0 Safari/537.36"
118.127.40.73 - - [17/Apr/2026:08:30:47 +1000] "GET / HTTP/1.1" 500 335832 "-" "Python/3.11 aiohttp/3.9.2"
118.127.40.73 - - [17/Apr/2026:09:00:44 +1000] "GET / HTTP/1.1" 500 286688 "-" "Python/3.11 aiohttp/3.9.2"
65.49.27.185 - - [17/Apr/2026:09:03:26 +1000] "GET / HTTP/1.1" 500 1047395 "-" "Mozilla/5.0 (Macintosh; Intel Mac OS X 10_15_7) AppleWebKit/537.36 (KHTML, like Gecko) Chrome/121.0.0.0 Safari/537.36"
118.127.40.73 - - [17/Apr/2026:09:30:44 +1000] "GET / HTTP/1.1" 500 172016 "-" "Python/3.11 aiohttp/3.9.2"
118.127.40.73 - - [17/Apr/2026:10:00:46 +1000] "GET / HTTP/1.1" 500 221160 "-" "Python/3.11 aiohttp/3.9.2"
65.49.27.185 - - [17/Apr/2026:10:02:00 +1000] "GET / HTTP/1.1" 500 1047395 "-" "Mozilla/5.0 (Macintosh; Intel Mac OS X 10_15_7) AppleWebKit/537.36 (KHTML, like Gecko) Chrome/121.0.0.0 Safari/537.36"
118.127.40.73 - - [17/Apr/2026:10:30:45 +1000] "GET / HTTP/1.1" 500 139248 "-" "Python/3.11 aiohttp/3.9.2"
65.49.27.185 - - [17/Apr/2026:10:49:56 +1000] "GET / HTTP/1.1" 500 1047395 "-" "Mozilla/5.0 (Macintosh; Intel Mac OS X 10_15_7) AppleWebKit/537.36 (KHTML, like Gecko) Chrome/121.0.0.0 Safari/537.36"
118.127.40.73 - - [17/Apr/2026:11:00:45 +1000] "GET / HTTP/1.1" 500 163824 "-" "Python/3.11 aiohttp/3.9.2"
185.203.118.171 - - [17/Apr/2026:11:02:34 +1000] "POST /test HTTP/1.1" 500 1053569 "-" "Mozilla/5.0 (Windows NT 10.0; Win64; x64) AppleWebKit/537.36"
185.203.118.171 - - [17/Apr/2026:11:02:37 +1000] "POST /test HTTP/1.1" 500 1053705 "-" "Mozilla/5.0 (Windows NT 10.0; Win64; x64) AppleWebKit/537.36"
65.49.27.185 - - [17/Apr/2026:11:28:42 +1000] "GET / HTTP/1.1" 500 1047395 "-" "Mozilla/5.0 (Macintosh; Intel Mac OS X 10_15_7) AppleWebKit/537.36 (KHTML, like Gecko) Chrome/121.0.0.0 Safari/537.36"
118.127.40.73 - - [17/Apr/2026:11:30:45 +1000] "GET / HTTP/1.1" 500 212968 "-" "Python/3.11 aiohttp/3.9.2"
65.49.27.185 - - [17/Apr/2026:11:32:07 +1000] "GET / HTTP/1.1" 500 1047395 "-" "Mozilla/5.0 (Macintosh; Intel Mac OS X 10_15_7) AppleWebKit/537.36 (KHTML, like Gecko) Chrome/121.0.0.0 Safari/537.36"
118.127.40.73 - - [17/Apr/2026:12:00:45 +1000] "GET / HTTP/1.1" 500 147440 "-" "Python/3.11 aiohttp/3.9.2"
65.49.27.185 - - [17/Apr/2026:12:20:31 +1000] "GET / HTTP/1.1" 500 1047395 "-" "Mozilla/5.0 (Macintosh; Intel Mac OS X 10_15_7) AppleWebKit/537.36 (KHTML, like Gecko) Chrome/121.0.0.0 Safari/537.36"
118.127.40.73 - - [17/Apr/2026:12:30:45 +1000] "GET / HTTP/1.1" 500 241320 "-" "Python/3.11 aiohttp/3.9.2"
118.127.40.73 - - [17/Apr/2026:13:00:45 +1000] "GET / HTTP/1.1" 500 401360 "-" "Python/3.11 aiohttp/3.9.2"
65.49.27.185 - - [17/Apr/2026:13:18:35 +1000] "GET / HTTP/1.1" 500 1047395 "-" "Mozilla/5.0 (Macintosh; Intel Mac OS X 10_15_7) AppleWebKit/537.36 (KHTML, like Gecko) Chrome/121.0.0.0 Safari/537.36"
118.127.40.73 - - [17/Apr/2026:13:30:45 +1000] "GET / HTTP/1.1" 500 212968 "-" "Python/3.11 aiohttp/3.9.2"
118.127.40.73 - - [17/Apr/2026:14:00:46 +1000] "GET / HTTP/1.1" 500 188400 "-" "Python/3.11 aiohttp/3.9.2"
65.49.27.185 - - [17/Apr/2026:14:06:26 +1000] "GET / HTTP/1.1" 500 1047395 "-" "Mozilla/5.0 (Macintosh; Intel Mac OS X 10_15_7) AppleWebKit/537.36 (KHTML, like Gecko) Chrome/121.0.0.0 Safari/537.36"
118.127.40.73 - - [17/Apr/2026:14:30:46 +1000] "GET / HTTP/1.1" 500 241320 "-" "Python/3.11 aiohttp/3.9.2"
118.127.40.73 - - [17/Apr/2026:15:00:46 +1000] "GET / HTTP/1.1" 500 437904 "-" "Python/3.11 aiohttp/3.9.2"
65.49.27.185 - - [17/Apr/2026:15:04:14 +1000] "GET / HTTP/1.1" 500 1047395 "-" "Mozilla/5.0 (Macintosh; Intel Mac OS X 10_15_7) AppleWebKit/537.36 (KHTML, like Gecko) Chrome/121.0.0.0 Safari/537.36"
118.127.40.73 - - [17/Apr/2026:15:30:46 +1000] "GET / HTTP/1.1" 500 175792 "-" "Python/3.11 aiohttp/3.9.2"
65.49.27.185 - - [17/Apr/2026:15:52:07 +1000] "GET / HTTP/1.1" 500 1047395 "-" "Mozilla/5.0 (Macintosh; Intel Mac OS X 10_15_7) AppleWebKit/537.36 (KHTML, like Gecko) Chrome/121.0.0.0 Safari/537.36"
118.127.40.73 - - [17/Apr/2026:16:00:47 +1000] "GET / HTTP/1.1" 500 241320 "-" "Python/3.11 aiohttp/3.9.2"
118.127.40.73 - - [17/Apr/2026:16:30:47 +1000] "GET / HTTP/1.1" 500 303072 "-" "Python/3.11 aiohttp/3.9.2"
65.49.27.185 - - [17/Apr/2026:16:50:06 +1000] "GET / HTTP/1.1" 500 1047395 "-" "Mozilla/5.0 (Macintosh; Intel Mac OS X 10_15_7) AppleWebKit/537.36 (KHTML, like Gecko) Chrome/121.0.0.0 Safari/537.36"
118.127.40.73 - - [17/Apr/2026:17:00:48 +1000] "GET / HTTP/1.1" 500 319456 "-" "Python/3.11 aiohttp/3.9.2"
118.127.40.73 - - [17/Apr/2026:17:30:48 +1000] "GET / HTTP/1.1" 500 188400 "-" "Python/3.11 aiohttp/3.9.2"
65.49.27.185 - - [17/Apr/2026:17:38:07 +1000] "GET / HTTP/1.1" 500 1047395 "-" "Mozilla/5.0 (Macintosh; Intel Mac OS X 10_15_7) AppleWebKit/537.36 (KHTML, like Gecko) Chrome/121.0.0.0 Safari/537.36"
118.127.40.73 - - [17/Apr/2026:18:00:48 +1000] "GET / HTTP/1.1" 500 303072 "-" "Python/3.11 aiohttp/3.9.2"
65.49.27.185 - - [17/Apr/2026:18:15:17 +1000] "GET / HTTP/1.1" 500 1047395 "-" "Mozilla/5.0 (Macintosh; Intel Mac OS X 10_15_7) AppleWebKit/537.36 (KHTML, like Gecko) Chrome/121.0.0.0 Safari/537.36"
65.49.27.185 - - [17/Apr/2026:18:18:19 +1000] "GET / HTTP/1.1" 500 1047395 "-" "Mozilla/5.0 (Macintosh; Intel Mac OS X 10_15_7) AppleWebKit/537.36 (KHTML, like Gecko) Chrome/121.0.0.0 Safari/537.36"
118.127.40.73 - - [17/Apr/2026:18:30:49 +1000] "GET / HTTP/1.1" 500 212968 "-" "Python/3.11 aiohttp/3.9.2"
118.127.40.73 - - [17/Apr/2026:19:00:48 +1000] "GET / HTTP/1.1" 500 294880 "-" "Python/3.11 aiohttp/3.9.2"
65.49.27.185 - - [17/Apr/2026:19:05:46 +1000] "GET / HTTP/1.1" 500 1047395 "-" "Mozilla/5.0 (Macintosh; Intel Mac OS X 10_15_7) AppleWebKit/537.36 (KHTML, like Gecko) Chrome/121.0.0.0 Safari/537.36"
118.127.40.73 - - [17/Apr/2026:19:30:48 +1000] "GET / HTTP/1.1" 500 57344 "-" "Python/3.11 aiohttp/3.9.2"
118.127.40.73 - - [17/Apr/2026:20:00:49 +1000] "GET / HTTP/1.1" 500 294880 "-" "Python/3.11 aiohttp/3.9.2"
65.49.27.185 - - [17/Apr/2026:20:03:33 +1000] "GET / HTTP/1.1" 500 1047395 "-" "Mozilla/5.0 (Macintosh; Intel Mac OS X 10_15_7) AppleWebKit/537.36 (KHTML, like Gecko) Chrome/121.0.0.0 Safari/537.36"
118.127.40.73 - - [17/Apr/2026:20:30:52 +1000] "GET / HTTP/1.1" 500 241320 "-" "Python/3.11 aiohttp/3.9.2"
65.49.27.185 - - [17/Apr/2026:20:51:15 +1000] "GET / HTTP/1.1" 500 1047395 "-" "Mozilla/5.0 (Macintosh; Intel Mac OS X 10_15_7) AppleWebKit/537.36 (KHTML, like Gecko) Chrome/121.0.0.0 Safari/537.36"
118.127.40.73 - - [17/Apr/2026:21:00:49 +1000] "GET / HTTP/1.1" 500 241320 "-" "Python/3.11 aiohttp/3.9.2"
118.127.40.73 - - [17/Apr/2026:21:30:50 +1000] "GET / HTTP/1.1" 500 319456 "-" "Python/3.11 aiohttp/3.9.2"
65.49.27.185 - - [17/Apr/2026:21:48:54 +1000] "GET / HTTP/1.1" 500 1047395 "-" "Mozilla/5.0 (Macintosh; Intel Mac OS X 10_15_7) AppleWebKit/537.36 (KHTML, like Gecko) Chrome/121.0.0.0 Safari/537.36"
118.127.40.73 - - [17/Apr/2026:22:00:54 +1000] "GET / HTTP/1.1" 500 344024 "-" "Python/3.11 aiohttp/3.9.2"
118.127.40.73 - - [17/Apr/2026:22:30:53 +1000] "GET / HTTP/1.1" 500 294880 "-" "Python/3.11 aiohttp/3.9.2"
65.49.27.185 - - [17/Apr/2026:22:36:31 +1000] "GET / HTTP/1.1" 500 1047395 "-" "Mozilla/5.0 (Macintosh; Intel Mac OS X 10_15_7) AppleWebKit/537.36 (KHTML, like Gecko) Chrome/121.0.0.0 Safari/537.36"
134.122.14.6 - - [17/Apr/2026:22:56:40 +1000] "GET / HTTP/1.1" 500 1048035 "-" "Mozilla/5.0 (X11; Linux x86_64) AppleWebKit/537.36 (KHTML, like Gecko) Chrome/142.0.0.0 Safari/537.36"
134.122.14.6 - - [17/Apr/2026:22:56:47 +1000] "GET /favicon.ico HTTP/1.1" 200 - "https://davetest2.posscales.com.au/" "Mozilla/5.0 (X11; Linux x86_64) AppleWebKit/537.36 (KHTML, like Gecko) Chrome/142.0.0.0 Safari/537.36"
118.127.40.73 - - [17/Apr/2026:23:00:53 +1000] "GET / HTTP/1.1" 500 241320 "-" "Python/3.11 aiohttp/3.9.2"
118.127.40.73 - - [17/Apr/2026:23:30:51 +1000] "GET / HTTP/1.1" 500 249512 "-" "Python/3.11 aiohttp/3.9.2"
65.49.27.185 - - [17/Apr/2026:23:34:23 +1000] "GET / HTTP/1.1" 500 1047395 "-" "Mozilla/5.0 (Macintosh; Intel Mac OS X 10_15_7) AppleWebKit/537.36 (KHTML, like Gecko) Chrome/121.0.0.0 Safari/537.36"
118.127.40.73 - - [18/Apr/2026:00:00:54 +1000] "GET / HTTP/1.1" 500 270304 "-" "Python/3.11 aiohttp/3.9.2"