File: /home/posscale/access-logs/davetest2.posscales.com.au-ssl_log
118.127.40.73 - - [31/Mar/2026:22:05:14 +1000] "GET / HTTP/1.1" 508 288 "-" "Python/3.11 aiohttp/3.9.2"
65.49.27.185 - - [31/Mar/2026:22:27:41 +1000] "GET / HTTP/1.1" 508 288 "-" "Mozilla/5.0 (Macintosh; Intel Mac OS X 10_15_7) AppleWebKit/537.36 (KHTML, like Gecko) Chrome/121.0.0.0 Safari/537.36"
118.127.40.73 - - [31/Mar/2026:22:35:14 +1000] "GET / HTTP/1.1" 508 288 "-" "Python/3.11 aiohttp/3.9.2"
74.7.227.163 - - [31/Mar/2026:23:03:15 +1000] "GET / HTTP/1.1" 508 288 "-" "Mozilla/5.0 AppleWebKit/537.36 (KHTML, like Gecko; compatible; GPTBot/1.3; +https://openai.com/gptbot)"
74.7.230.54 - - [31/Mar/2026:23:03:17 +1000] "GET /robots.txt HTTP/1.1" 200 24 "-" "Mozilla/5.0 (Macintosh; Intel Mac OS X 10_15_7) AppleWebKit/537.36 (KHTML, like Gecko) Chrome/131.0.0.0 Safari/537.36; compatible; OAI-SearchBot/1.3; robots.txt; +https://openai.com/searchbot"
118.127.40.73 - - [31/Mar/2026:23:05:15 +1000] "GET / HTTP/1.1" 508 288 "-" "Python/3.11 aiohttp/3.9.2"
118.127.40.73 - - [31/Mar/2026:23:38:43 +1000] "GET / HTTP/1.1" 500 270304 "-" "Python/3.11 aiohttp/3.9.2"
118.127.40.73 - - [01/Apr/2026:00:05:15 +1000] "GET / HTTP/1.1" 500 257704 "-" "Python/3.11 aiohttp/3.9.2"
65.49.27.185 - - [01/Apr/2026:00:19:25 +1000] "GET / HTTP/1.1" 500 1047395 "-" "Mozilla/5.0 (Macintosh; Intel Mac OS X 10_15_7) AppleWebKit/537.36 (KHTML, like Gecko) Chrome/121.0.0.0 Safari/537.36"
118.127.40.73 - - [01/Apr/2026:00:35:15 +1000] "GET / HTTP/1.1" 500 204776 "-" "Python/3.11 aiohttp/3.9.2"
65.49.27.185 - - [01/Apr/2026:00:39:12 +1000] "GET / HTTP/1.1" 500 1047395 "-" "Mozilla/5.0 (Macintosh; Intel Mac OS X 10_15_7) AppleWebKit/537.36 (KHTML, like Gecko) Chrome/121.0.0.0 Safari/537.36"
65.49.27.185 - - [01/Apr/2026:00:42:25 +1000] "GET / HTTP/1.1" 500 1047395 "-" "Mozilla/5.0 (Macintosh; Intel Mac OS X 10_15_7) AppleWebKit/537.36 (KHTML, like Gecko) Chrome/121.0.0.0 Safari/537.36"
118.127.40.73 - - [01/Apr/2026:01:05:16 +1000] "GET / HTTP/1.1" 500 319456 "-" "Python/3.11 aiohttp/3.9.2"
65.49.27.185 - - [01/Apr/2026:01:32:57 +1000] "GET / HTTP/1.1" 500 1047395 "-" "Mozilla/5.0 (Macintosh; Intel Mac OS X 10_15_7) AppleWebKit/537.36 (KHTML, like Gecko) Chrome/121.0.0.0 Safari/537.36"
118.127.40.73 - - [01/Apr/2026:01:35:16 +1000] "GET / HTTP/1.1" 500 172016 "-" "Python/3.11 aiohttp/3.9.2"
118.127.40.73 - - [01/Apr/2026:02:05:19 +1000] "GET / HTTP/1.1" 500 221160 "-" "Python/3.11 aiohttp/3.9.2"
65.49.27.185 - - [01/Apr/2026:02:33:53 +1000] "GET / HTTP/1.1" 500 1047395 "-" "Mozilla/5.0 (Macintosh; Intel Mac OS X 10_15_7) AppleWebKit/537.36 (KHTML, like Gecko) Chrome/121.0.0.0 Safari/537.36"
118.127.40.73 - - [01/Apr/2026:02:35:20 +1000] "GET / HTTP/1.1" 500 180208 "-" "Python/3.11 aiohttp/3.9.2"
118.127.40.73 - - [01/Apr/2026:03:05:18 +1000] "GET / HTTP/1.1" 500 319456 "-" "Python/3.11 aiohttp/3.9.2"
65.49.27.185 - - [01/Apr/2026:03:24:09 +1000] "GET / HTTP/1.1" 500 1047395 "-" "Mozilla/5.0 (Macintosh; Intel Mac OS X 10_15_7) AppleWebKit/537.36 (KHTML, like Gecko) Chrome/121.0.0.0 Safari/537.36"
74.7.244.59 - - [01/Apr/2026:03:34:41 +1000] "GET /robots.txt HTTP/1.1" 200 24 "-" "Mozilla/5.0 (Macintosh; Intel Mac OS X 10_15_7) AppleWebKit/537.36 (KHTML, like Gecko) Chrome/131.0.0.0 Safari/537.36; compatible; OAI-SearchBot/1.3; robots.txt; +https://openai.com/searchbot"
74.7.227.160 - - [01/Apr/2026:03:34:41 +1000] "GET / HTTP/1.1" 500 147440 "-" "Mozilla/5.0 AppleWebKit/537.36 (KHTML, like Gecko; compatible; GPTBot/1.3; +https://openai.com/gptbot)"
118.127.40.73 - - [01/Apr/2026:03:35:23 +1000] "GET / HTTP/1.1" 500 303072 "-" "Python/3.11 aiohttp/3.9.2"
118.127.40.73 - - [01/Apr/2026:04:05:20 +1000] "GET / HTTP/1.1" 500 409552 "-" "Python/3.11 aiohttp/3.9.2"
198.235.24.159 - - [01/Apr/2026:04:15:11 +1000] "GET / HTTP/1.1" 500 1047075 "-" "Hello from Palo Alto Networks, find out more about our scans in https://docs-cortex.paloaltonetworks.com/r/1/Cortex-Xpanse/Scanning-activity"
65.49.27.185 - - [01/Apr/2026:04:24:05 +1000] "GET / HTTP/1.1" 500 1047395 "-" "Mozilla/5.0 (Macintosh; Intel Mac OS X 10_15_7) AppleWebKit/537.36 (KHTML, like Gecko) Chrome/121.0.0.0 Safari/537.36"
118.127.40.73 - - [01/Apr/2026:04:35:20 +1000] "GET / HTTP/1.1" 500 270304 "-" "Python/3.11 aiohttp/3.9.2"
118.127.40.73 - - [01/Apr/2026:05:05:24 +1000] "GET / HTTP/1.1" 500 270304 "-" "Python/3.11 aiohttp/3.9.2"
65.49.27.185 - - [01/Apr/2026:05:14:30 +1000] "GET / HTTP/1.1" 500 1047395 "-" "Mozilla/5.0 (Macintosh; Intel Mac OS X 10_15_7) AppleWebKit/537.36 (KHTML, like Gecko) Chrome/121.0.0.0 Safari/537.36"
118.127.40.73 - - [01/Apr/2026:05:35:19 +1000] "GET / HTTP/1.1" 500 221160 "-" "Python/3.11 aiohttp/3.9.2"
195.178.110.64 - - [01/Apr/2026:05:58:45 +1000] "GET / HTTP/1.1" 500 241320 "-" "Mozilla/5.0 (Windows NT 10.0; Win64; x64) AppleWebKit/537.36 (KHTML, like Gecko) Chrome/120.0.0.0 Safari/537.36"
195.178.110.64 - - [01/Apr/2026:05:58:45 +1000] "GET / HTTP/1.1" 500 237544 "-" "Mozilla/5.0 (Windows NT 10.0; Win64; x64) AppleWebKit/537.36 (KHTML, like Gecko) Chrome/120.0.0.0 Safari/537.36"
118.127.40.73 - - [01/Apr/2026:06:05:19 +1000] "GET / HTTP/1.1" 500 241320 "-" "Python/3.11 aiohttp/3.9.2"
65.49.27.185 - - [01/Apr/2026:06:15:08 +1000] "GET / HTTP/1.1" 500 1047395 "-" "Mozilla/5.0 (Macintosh; Intel Mac OS X 10_15_7) AppleWebKit/537.36 (KHTML, like Gecko) Chrome/121.0.0.0 Safari/537.36"
118.127.40.73 - - [01/Apr/2026:06:35:18 +1000] "GET / HTTP/1.1" 500 630712 "-" "Python/3.11 aiohttp/3.9.2"
118.127.40.73 - - [01/Apr/2026:07:05:16 +1000] "GET / HTTP/1.1" 500 249512 "-" "Python/3.11 aiohttp/3.9.2"
65.49.27.185 - - [01/Apr/2026:07:05:40 +1000] "GET / HTTP/1.1" 500 1047395 "-" "Mozilla/5.0 (Macintosh; Intel Mac OS X 10_15_7) AppleWebKit/537.36 (KHTML, like Gecko) Chrome/121.0.0.0 Safari/537.36"
65.49.27.185 - - [01/Apr/2026:07:25:52 +1000] "GET / HTTP/1.1" 500 1047395 "-" "Mozilla/5.0 (Macintosh; Intel Mac OS X 10_15_7) AppleWebKit/537.36 (KHTML, like Gecko) Chrome/121.0.0.0 Safari/537.36"
65.49.27.185 - - [01/Apr/2026:07:29:00 +1000] "GET / HTTP/1.1" 500 1047395 "-" "Mozilla/5.0 (Macintosh; Intel Mac OS X 10_15_7) AppleWebKit/537.36 (KHTML, like Gecko) Chrome/121.0.0.0 Safari/537.36"
118.127.40.73 - - [01/Apr/2026:07:35:21 +1000] "GET / HTTP/1.1" 500 303072 "-" "Python/3.11 aiohttp/3.9.2"
118.127.40.73 - - [01/Apr/2026:08:05:20 +1000] "GET / HTTP/1.1" 500 278496 "-" "Python/3.11 aiohttp/3.9.2"
65.49.27.185 - - [01/Apr/2026:08:18:55 +1000] "GET / HTTP/1.1" 500 1047395 "-" "Mozilla/5.0 (Macintosh; Intel Mac OS X 10_15_7) AppleWebKit/537.36 (KHTML, like Gecko) Chrome/121.0.0.0 Safari/537.36"
118.127.40.73 - - [01/Apr/2026:08:35:28 +1000] "GET / HTTP/1.1" 500 311264 "-" "Python/3.11 aiohttp/3.9.2"
4.205.39.97 - - [01/Apr/2026:08:46:28 +1000] "POST /ALFA_DATA/alfacgiapi/perl.alfa HTTP/1.1" 500 1048077 "www.google.com" "Mozlila/5.0 (Linux; Android 7.0; SM-G892A Bulid/NRD90M; wv) AppleWebKit/537.36 (KHTML, like Gecko) Version/4.0 Chrome/60.0.3112.107 Moblie Safari/537.36"
118.127.40.73 - - [01/Apr/2026:09:05:19 +1000] "GET / HTTP/1.1" 500 352216 "-" "Python/3.11 aiohttp/3.9.2"
65.49.27.185 - - [01/Apr/2026:09:19:01 +1000] "GET / HTTP/1.1" 500 1047395 "-" "Mozilla/5.0 (Macintosh; Intel Mac OS X 10_15_7) AppleWebKit/537.36 (KHTML, like Gecko) Chrome/121.0.0.0 Safari/537.36"
118.127.40.73 - - [01/Apr/2026:09:35:26 +1000] "GET / HTTP/1.1" 500 229352 "-" "Python/3.11 aiohttp/3.9.2"
118.127.40.73 - - [01/Apr/2026:10:05:18 +1000] "GET / HTTP/1.1" 500 401360 "-" "Python/3.11 aiohttp/3.9.2"
65.49.27.185 - - [01/Apr/2026:10:09:14 +1000] "GET / HTTP/1.1" 500 1047395 "-" "Mozilla/5.0 (Macintosh; Intel Mac OS X 10_15_7) AppleWebKit/537.36 (KHTML, like Gecko) Chrome/121.0.0.0 Safari/537.36"
118.127.40.73 - - [01/Apr/2026:10:35:18 +1000] "GET / HTTP/1.1" 500 335832 "-" "Python/3.11 aiohttp/3.9.2"
118.127.40.73 - - [01/Apr/2026:11:05:21 +1000] "GET / HTTP/1.1" 500 241320 "-" "Python/3.11 aiohttp/3.9.2"
65.49.27.185 - - [01/Apr/2026:11:09:22 +1000] "GET / HTTP/1.1" 500 1047395 "-" "Mozilla/5.0 (Macintosh; Intel Mac OS X 10_15_7) AppleWebKit/537.36 (KHTML, like Gecko) Chrome/121.0.0.0 Safari/537.36"
118.127.40.73 - - [01/Apr/2026:11:35:22 +1000] "GET / HTTP/1.1" 500 257704 "-" "Python/3.11 aiohttp/3.9.2"
65.49.27.185 - - [01/Apr/2026:11:59:55 +1000] "GET / HTTP/1.1" 500 1047395 "-" "Mozilla/5.0 (Macintosh; Intel Mac OS X 10_15_7) AppleWebKit/537.36 (KHTML, like Gecko) Chrome/121.0.0.0 Safari/537.36"
4.205.39.97 - - [01/Apr/2026:12:01:51 +1000] "POST /wp-plain.php HTTP/1.1" 500 1051191 "www.google.com" "Mozilla/5.0 (Linux; Android 7.0; SM-G892A Bulid/NRD90M; wv) AppleWebKit/537.36 (KHTML, like Gecko) Version/4.0 Chrome/60.0.3112.107 Moblie Safari/537.36"
4.205.39.97 - - [01/Apr/2026:12:01:51 +1000] "GET /wp-content/themes/seotheme/db.php?u HTTP/1.1" 500 1047823 "www.google.com" "Mozlila/5.0 (Linux; Android 7.0; SM-G892A Bulid/NRD90M; wv) AppleWebKit/537.36 (KHTML, like Gecko) Version/4.0 Chrome/60.0.3112.107 Moblie Safari/537.36"
118.127.40.73 - - [01/Apr/2026:12:05:20 +1000] "GET / HTTP/1.1" 500 311264 "-" "Python/3.11 aiohttp/3.9.2"
118.127.40.73 - - [01/Apr/2026:12:35:27 +1000] "GET / HTTP/1.1" 500 147440 "-" "Python/3.11 aiohttp/3.9.2"
65.49.27.185 - - [01/Apr/2026:13:00:20 +1000] "GET / HTTP/1.1" 500 1047395 "-" "Mozilla/5.0 (Macintosh; Intel Mac OS X 10_15_7) AppleWebKit/537.36 (KHTML, like Gecko) Chrome/121.0.0.0 Safari/537.36"
118.127.40.73 - - [01/Apr/2026:13:05:26 +1000] "GET / HTTP/1.1" 500 32768 "-" "Python/3.11 aiohttp/3.9.2"
118.127.40.73 - - [01/Apr/2026:13:35:28 +1000] "GET / HTTP/1.1" 500 335832 "-" "Python/3.11 aiohttp/3.9.2"
65.49.27.185 - - [01/Apr/2026:13:51:14 +1000] "GET / HTTP/1.1" 500 1047395 "-" "Mozilla/5.0 (Macintosh; Intel Mac OS X 10_15_7) AppleWebKit/537.36 (KHTML, like Gecko) Chrome/121.0.0.0 Safari/537.36"
118.127.40.73 - - [01/Apr/2026:14:05:20 +1000] "GET / HTTP/1.1" 500 278496 "-" "Python/3.11 aiohttp/3.9.2"
65.49.27.185 - - [01/Apr/2026:14:12:32 +1000] "GET / HTTP/1.1" 500 1047395 "-" "Mozilla/5.0 (Macintosh; Intel Mac OS X 10_15_7) AppleWebKit/537.36 (KHTML, like Gecko) Chrome/121.0.0.0 Safari/537.36"
65.49.27.185 - - [01/Apr/2026:14:15:48 +1000] "GET / HTTP/1.1" 500 1047395 "-" "Mozilla/5.0 (Macintosh; Intel Mac OS X 10_15_7) AppleWebKit/537.36 (KHTML, like Gecko) Chrome/121.0.0.0 Safari/537.36"
118.127.40.73 - - [01/Apr/2026:14:35:23 +1000] "GET / HTTP/1.1" 500 73720 "-" "Python/3.11 aiohttp/3.9.2"
118.127.40.73 - - [01/Apr/2026:15:05:22 +1000] "GET / HTTP/1.1" 500 147440 "-" "Python/3.11 aiohttp/3.9.2"
65.49.27.185 - - [01/Apr/2026:15:06:53 +1000] "GET / HTTP/1.1" 500 1047395 "-" "Mozilla/5.0 (Macintosh; Intel Mac OS X 10_15_7) AppleWebKit/537.36 (KHTML, like Gecko) Chrome/121.0.0.0 Safari/537.36"
118.127.40.73 - - [01/Apr/2026:15:35:21 +1000] "GET / HTTP/1.1" 500 278496 "-" "Python/3.11 aiohttp/3.9.2"
118.127.40.73 - - [01/Apr/2026:16:05:20 +1000] "GET / HTTP/1.1" 500 155632 "-" "Python/3.11 aiohttp/3.9.2"
65.49.27.185 - - [01/Apr/2026:16:07:35 +1000] "GET / HTTP/1.1" 500 1047395 "-" "Mozilla/5.0 (Macintosh; Intel Mac OS X 10_15_7) AppleWebKit/537.36 (KHTML, like Gecko) Chrome/121.0.0.0 Safari/537.36"
118.127.40.73 - - [01/Apr/2026:16:35:24 +1000] "GET / HTTP/1.1" 500 278496 "-" "Python/3.11 aiohttp/3.9.2"
65.49.27.185 - - [01/Apr/2026:16:58:32 +1000] "GET / HTTP/1.1" 500 1047395 "-" "Mozilla/5.0 (Macintosh; Intel Mac OS X 10_15_7) AppleWebKit/537.36 (KHTML, like Gecko) Chrome/121.0.0.0 Safari/537.36"
118.127.40.73 - - [01/Apr/2026:17:05:22 +1000] "GET / HTTP/1.1" 500 249512 "-" "Python/3.11 aiohttp/3.9.2"
118.127.40.73 - - [01/Apr/2026:17:35:22 +1000] "GET / HTTP/1.1" 500 212968 "-" "Python/3.11 aiohttp/3.9.2"
65.49.27.185 - - [01/Apr/2026:17:59:02 +1000] "GET / HTTP/1.1" 500 1047395 "-" "Mozilla/5.0 (Macintosh; Intel Mac OS X 10_15_7) AppleWebKit/537.36 (KHTML, like Gecko) Chrome/121.0.0.0 Safari/537.36"
118.127.40.73 - - [01/Apr/2026:18:05:22 +1000] "GET / HTTP/1.1" 500 172016 "-" "Python/3.11 aiohttp/3.9.2"
118.127.40.73 - - [01/Apr/2026:18:35:25 +1000] "GET / HTTP/1.1" 500 57344 "-" "Python/3.11 aiohttp/3.9.2"
65.49.27.185 - - [01/Apr/2026:18:49:11 +1000] "GET / HTTP/1.1" 500 1047395 "-" "Mozilla/5.0 (Macintosh; Intel Mac OS X 10_15_7) AppleWebKit/537.36 (KHTML, like Gecko) Chrome/121.0.0.0 Safari/537.36"
118.127.40.73 - - [01/Apr/2026:19:05:28 +1000] "GET / HTTP/1.1" 500 335832 "-" "Python/3.11 aiohttp/3.9.2"
118.127.40.73 - - [01/Apr/2026:19:35:27 +1000] "GET / HTTP/1.1" 500 172016 "-" "Python/3.11 aiohttp/3.9.2"
65.49.27.185 - - [01/Apr/2026:19:49:47 +1000] "GET / HTTP/1.1" 500 1047395 "-" "Mozilla/5.0 (Macintosh; Intel Mac OS X 10_15_7) AppleWebKit/537.36 (KHTML, like Gecko) Chrome/121.0.0.0 Safari/537.36"
118.127.40.73 - - [01/Apr/2026:20:05:44 +1000] "GET / HTTP/1.1" 500 335832 "-" "Python/3.11 aiohttp/3.9.2"
118.127.40.73 - - [01/Apr/2026:20:35:30 +1000] "GET / HTTP/1.1" 500 303072 "-" "Python/3.11 aiohttp/3.9.2"
65.49.27.185 - - [01/Apr/2026:20:40:04 +1000] "GET / HTTP/1.1" 500 1047395 "-" "Mozilla/5.0 (Macintosh; Intel Mac OS X 10_15_7) AppleWebKit/537.36 (KHTML, like Gecko) Chrome/121.0.0.0 Safari/537.36"
65.49.27.185 - - [01/Apr/2026:20:59:12 +1000] "GET / HTTP/1.1" 500 1047395 "-" "Mozilla/5.0 (Macintosh; Intel Mac OS X 10_15_7) AppleWebKit/537.36 (KHTML, like Gecko) Chrome/121.0.0.0 Safari/537.36"
65.49.27.185 - - [01/Apr/2026:21:02:26 +1000] "GET / HTTP/1.1" 500 1047395 "-" "Mozilla/5.0 (Macintosh; Intel Mac OS X 10_15_7) AppleWebKit/537.36 (KHTML, like Gecko) Chrome/121.0.0.0 Safari/537.36"
118.127.40.73 - - [01/Apr/2026:21:05:23 +1000] "GET / HTTP/1.1" 500 147440 "-" "Python/3.11 aiohttp/3.9.2"
118.127.40.73 - - [01/Apr/2026:21:35:30 +1000] "GET / HTTP/1.1" 500 270304 "-" "Python/3.11 aiohttp/3.9.2"
65.49.27.185 - - [01/Apr/2026:21:52:43 +1000] "GET / HTTP/1.1" 500 1047395 "-" "Mozilla/5.0 (Macintosh; Intel Mac OS X 10_15_7) AppleWebKit/537.36 (KHTML, like Gecko) Chrome/121.0.0.0 Safari/537.36"
118.127.40.73 - - [01/Apr/2026:22:05:24 +1000] "GET / HTTP/1.1" 500 249512 "-" "Python/3.11 aiohttp/3.9.2"
118.127.40.73 - - [01/Apr/2026:22:35:51 +1000] "GET / HTTP/1.1" 500 344024 "-" "Python/3.11 aiohttp/3.9.2"
65.49.27.185 - - [01/Apr/2026:22:41:00 +1000] "GET / HTTP/1.1" 500 1047395 "-" "Mozilla/5.0 (Macintosh; Intel Mac OS X 10_15_7) AppleWebKit/537.36 (KHTML, like Gecko) Chrome/121.0.0.0 Safari/537.36"
65.49.27.185 - - [01/Apr/2026:22:44:18 +1000] "GET / HTTP/1.1" 500 1047395 "-" "Mozilla/5.0 (Macintosh; Intel Mac OS X 10_15_7) AppleWebKit/537.36 (KHTML, like Gecko) Chrome/121.0.0.0 Safari/537.36"
118.127.40.73 - - [01/Apr/2026:23:05:25 +1000] "GET / HTTP/1.1" 500 172016 "-" "Python/3.11 aiohttp/3.9.2"
65.49.27.185 - - [01/Apr/2026:23:34:34 +1000] "GET / HTTP/1.1" 500 1047395 "-" "Mozilla/5.0 (Macintosh; Intel Mac OS X 10_15_7) AppleWebKit/537.36 (KHTML, like Gecko) Chrome/121.0.0.0 Safari/537.36"
118.127.40.73 - - [01/Apr/2026:23:35:27 +1000] "GET / HTTP/1.1" 500 212968 "-" "Python/3.11 aiohttp/3.9.2"
118.127.40.73 - - [02/Apr/2026:00:05:32 +1000] "GET / HTTP/1.1" 500 212968 "-" "Python/3.11 aiohttp/3.9.2"
118.127.40.73 - - [02/Apr/2026:00:35:27 +1000] "GET / HTTP/1.1" 500 454288 "-" "Python/3.11 aiohttp/3.9.2"
65.49.27.185 - - [02/Apr/2026:00:35:29 +1000] "GET / HTTP/1.1" 500 1047395 "-" "Mozilla/5.0 (Macintosh; Intel Mac OS X 10_15_7) AppleWebKit/537.36 (KHTML, like Gecko) Chrome/121.0.0.0 Safari/537.36"
118.127.40.73 - - [02/Apr/2026:01:05:27 +1000] "GET / HTTP/1.1" 500 241320 "-" "Python/3.11 aiohttp/3.9.2"
65.49.27.185 - - [02/Apr/2026:01:26:04 +1000] "GET / HTTP/1.1" 500 1047395 "-" "Mozilla/5.0 (Macintosh; Intel Mac OS X 10_15_7) AppleWebKit/537.36 (KHTML, like Gecko) Chrome/121.0.0.0 Safari/537.36"
74.7.244.59 - - [02/Apr/2026:01:27:25 +1000] "GET /robots.txt HTTP/1.1" 200 24 "-" "Mozilla/5.0 (Macintosh; Intel Mac OS X 10_15_7) AppleWebKit/537.36 (KHTML, like Gecko) Chrome/131.0.0.0 Safari/537.36; compatible; OAI-SearchBot/1.3; robots.txt; +https://openai.com/searchbot"
74.7.227.160 - - [02/Apr/2026:01:27:25 +1000] "GET / HTTP/1.1" 500 155632 "-" "Mozilla/5.0 AppleWebKit/537.36 (KHTML, like Gecko; compatible; GPTBot/1.3; +https://openai.com/gptbot)"
118.127.40.73 - - [02/Apr/2026:01:35:28 +1000] "GET / HTTP/1.1" 500 212968 "-" "Python/3.11 aiohttp/3.9.2"
118.127.40.73 - - [02/Apr/2026:02:05:29 +1000] "GET / HTTP/1.1" 500 245736 "-" "Python/3.11 aiohttp/3.9.2"
65.49.27.185 - - [02/Apr/2026:02:26:23 +1000] "GET / HTTP/1.1" 500 1047395 "-" "Mozilla/5.0 (Macintosh; Intel Mac OS X 10_15_7) AppleWebKit/537.36 (KHTML, like Gecko) Chrome/121.0.0.0 Safari/537.36"
118.127.40.73 - - [02/Apr/2026:02:35:25 +1000] "GET / HTTP/1.1" 500 180208 "-" "Python/3.11 aiohttp/3.9.2"
118.127.40.73 - - [02/Apr/2026:03:05:30 +1000] "GET / HTTP/1.1" 500 425936 "-" "Python/3.11 aiohttp/3.9.2"
65.49.27.185 - - [02/Apr/2026:03:16:54 +1000] "GET / HTTP/1.1" 500 1047395 "-" "Mozilla/5.0 (Macintosh; Intel Mac OS X 10_15_7) AppleWebKit/537.36 (KHTML, like Gecko) Chrome/121.0.0.0 Safari/537.36"
118.127.40.73 - - [02/Apr/2026:03:35:26 +1000] "GET / HTTP/1.1" 500 425936 "-" "Python/3.11 aiohttp/3.9.2"
118.127.40.73 - - [02/Apr/2026:04:05:37 +1000] "GET / HTTP/1.1" 500 241320 "-" "Python/3.11 aiohttp/3.9.2"
65.49.27.185 - - [02/Apr/2026:04:16:56 +1000] "GET / HTTP/1.1" 500 1047395 "-" "Mozilla/5.0 (Macintosh; Intel Mac OS X 10_15_7) AppleWebKit/537.36 (KHTML, like Gecko) Chrome/121.0.0.0 Safari/537.36"
118.127.40.73 - - [02/Apr/2026:04:35:28 +1000] "GET / HTTP/1.1" 500 257704 "-" "Python/3.11 aiohttp/3.9.2"
118.127.40.73 - - [02/Apr/2026:05:05:28 +1000] "GET / HTTP/1.1" 500 319456 "-" "Python/3.11 aiohttp/3.9.2"
65.49.27.185 - - [02/Apr/2026:05:06:57 +1000] "GET / HTTP/1.1" 500 1047395 "-" "Mozilla/5.0 (Macintosh; Intel Mac OS X 10_15_7) AppleWebKit/537.36 (KHTML, like Gecko) Chrome/121.0.0.0 Safari/537.36"
65.49.27.185 - - [02/Apr/2026:05:27:38 +1000] "GET / HTTP/1.1" 500 1047395 "-" "Mozilla/5.0 (Macintosh; Intel Mac OS X 10_15_7) AppleWebKit/537.36 (KHTML, like Gecko) Chrome/121.0.0.0 Safari/537.36"
65.49.27.185 - - [02/Apr/2026:05:30:48 +1000] "GET / HTTP/1.1" 500 1047395 "-" "Mozilla/5.0 (Macintosh; Intel Mac OS X 10_15_7) AppleWebKit/537.36 (KHTML, like Gecko) Chrome/121.0.0.0 Safari/537.36"
118.127.40.73 - - [02/Apr/2026:05:35:29 +1000] "GET / HTTP/1.1" 500 319456 "-" "Python/3.11 aiohttp/3.9.2"
118.127.40.73 - - [02/Apr/2026:06:05:31 +1000] "GET / HTTP/1.1" 500 49152 "-" "Python/3.11 aiohttp/3.9.2"
65.49.27.185 - - [02/Apr/2026:06:20:46 +1000] "GET / HTTP/1.1" 500 1047395 "-" "Mozilla/5.0 (Macintosh; Intel Mac OS X 10_15_7) AppleWebKit/537.36 (KHTML, like Gecko) Chrome/121.0.0.0 Safari/537.36"
118.127.40.73 - - [02/Apr/2026:06:35:37 +1000] "GET / HTTP/1.1" 500 278496 "-" "Python/3.11 aiohttp/3.9.2"
118.127.40.73 - - [02/Apr/2026:07:05:27 +1000] "GET / HTTP/1.1" 500 344024 "-" "Python/3.11 aiohttp/3.9.2"
65.49.27.185 - - [02/Apr/2026:07:21:28 +1000] "GET / HTTP/1.1" 500 1047395 "-" "Mozilla/5.0 (Macintosh; Intel Mac OS X 10_15_7) AppleWebKit/537.36 (KHTML, like Gecko) Chrome/121.0.0.0 Safari/537.36"
118.127.40.73 - - [02/Apr/2026:07:35:33 +1000] "GET / HTTP/1.1" 500 147440 "-" "Python/3.11 aiohttp/3.9.2"
118.127.40.73 - - [02/Apr/2026:08:05:28 +1000] "GET / HTTP/1.1" 500 352216 "-" "Python/3.11 aiohttp/3.9.2"
65.49.27.185 - - [02/Apr/2026:08:11:34 +1000] "GET / HTTP/1.1" 500 1047395 "-" "Mozilla/5.0 (Macintosh; Intel Mac OS X 10_15_7) AppleWebKit/537.36 (KHTML, like Gecko) Chrome/121.0.0.0 Safari/537.36"
118.127.40.73 - - [02/Apr/2026:08:35:35 +1000] "GET / HTTP/1.1" 500 368600 "-" "Python/3.11 aiohttp/3.9.2"
118.127.40.73 - - [02/Apr/2026:09:05:29 +1000] "GET / HTTP/1.1" 500 221160 "-" "Python/3.11 aiohttp/3.9.2"
65.49.27.185 - - [02/Apr/2026:09:11:22 +1000] "GET / HTTP/1.1" 500 1047395 "-" "Mozilla/5.0 (Macintosh; Intel Mac OS X 10_15_7) AppleWebKit/537.36 (KHTML, like Gecko) Chrome/121.0.0.0 Safari/537.36"
118.127.40.73 - - [02/Apr/2026:09:35:28 +1000] "GET / HTTP/1.1" 500 319456 "-" "Python/3.11 aiohttp/3.9.2"
65.49.27.185 - - [02/Apr/2026:10:01:25 +1000] "GET / HTTP/1.1" 500 1047395 "-" "Mozilla/5.0 (Macintosh; Intel Mac OS X 10_15_7) AppleWebKit/537.36 (KHTML, like Gecko) Chrome/121.0.0.0 Safari/537.36"
118.127.40.73 - - [02/Apr/2026:10:05:29 +1000] "GET / HTTP/1.1" 500 270304 "-" "Python/3.11 aiohttp/3.9.2"
118.127.40.73 - - [02/Apr/2026:10:35:33 +1000] "GET / HTTP/1.1" 500 294880 "-" "Python/3.11 aiohttp/3.9.2"
65.49.27.185 - - [02/Apr/2026:11:02:18 +1000] "GET / HTTP/1.1" 500 1047395 "-" "Mozilla/5.0 (Macintosh; Intel Mac OS X 10_15_7) AppleWebKit/537.36 (KHTML, like Gecko) Chrome/121.0.0.0 Safari/537.36"
118.127.40.73 - - [02/Apr/2026:11:05:30 +1000] "GET / HTTP/1.1" 500 257704 "-" "Python/3.11 aiohttp/3.9.2"
74.7.230.54 - - [02/Apr/2026:11:12:14 +1000] "GET /robots.txt HTTP/1.1" 200 24 "-" "Mozilla/5.0 (Macintosh; Intel Mac OS X 10_15_7) AppleWebKit/537.36 (KHTML, like Gecko) Chrome/131.0.0.0 Safari/537.36; compatible; OAI-SearchBot/1.3; robots.txt; +https://openai.com/searchbot"
118.127.40.73 - - [02/Apr/2026:11:35:36 +1000] "GET / HTTP/1.1" 500 704432 "-" "Python/3.11 aiohttp/3.9.2"
65.49.27.185 - - [02/Apr/2026:11:53:30 +1000] "GET / HTTP/1.1" 500 1047395 "-" "Mozilla/5.0 (Macintosh; Intel Mac OS X 10_15_7) AppleWebKit/537.36 (KHTML, like Gecko) Chrome/121.0.0.0 Safari/537.36"
118.127.40.73 - - [02/Apr/2026:12:05:32 +1000] "GET / HTTP/1.1" 500 278496 "-" "Python/3.11 aiohttp/3.9.2"
65.49.27.185 - - [02/Apr/2026:12:14:21 +1000] "GET / HTTP/1.1" 500 1047395 "-" "Mozilla/5.0 (Macintosh; Intel Mac OS X 10_15_7) AppleWebKit/537.36 (KHTML, like Gecko) Chrome/121.0.0.0 Safari/537.36"
65.49.27.185 - - [02/Apr/2026:12:17:47 +1000] "GET / HTTP/1.1" 500 1047395 "-" "Mozilla/5.0 (Macintosh; Intel Mac OS X 10_15_7) AppleWebKit/537.36 (KHTML, like Gecko) Chrome/121.0.0.0 Safari/537.36"
118.127.40.73 - - [02/Apr/2026:12:35:29 +1000] "GET / HTTP/1.1" 500 245736 "-" "Python/3.11 aiohttp/3.9.2"
118.127.40.73 - - [02/Apr/2026:13:05:28 +1000] "GET / HTTP/1.1" 500 212968 "-" "Python/3.11 aiohttp/3.9.2"
65.49.27.185 - - [02/Apr/2026:13:07:57 +1000] "GET / HTTP/1.1" 500 1047395 "-" "Mozilla/5.0 (Macintosh; Intel Mac OS X 10_15_7) AppleWebKit/537.36 (KHTML, like Gecko) Chrome/121.0.0.0 Safari/537.36"
118.127.40.73 - - [02/Apr/2026:13:35:39 +1000] "GET / HTTP/1.1" 500 147440 "-" "Python/3.11 aiohttp/3.9.2"
118.127.40.73 - - [02/Apr/2026:14:05:34 +1000] "GET / HTTP/1.1" 500 73720 "-" "Python/3.11 aiohttp/3.9.2"
65.49.27.185 - - [02/Apr/2026:14:07:59 +1000] "GET / HTTP/1.1" 500 1047395 "-" "Mozilla/5.0 (Macintosh; Intel Mac OS X 10_15_7) AppleWebKit/537.36 (KHTML, like Gecko) Chrome/121.0.0.0 Safari/537.36"
118.127.40.73 - - [02/Apr/2026:14:35:29 +1000] "GET / HTTP/1.1" 500 352216 "-" "Python/3.11 aiohttp/3.9.2"
65.49.27.185 - - [02/Apr/2026:14:57:38 +1000] "GET / HTTP/1.1" 500 1047395 "-" "Mozilla/5.0 (Macintosh; Intel Mac OS X 10_15_7) AppleWebKit/537.36 (KHTML, like Gecko) Chrome/121.0.0.0 Safari/537.36"
118.127.40.73 - - [02/Apr/2026:15:05:31 +1000] "GET / HTTP/1.1" 500 241320 "-" "Python/3.11 aiohttp/3.9.2"
118.127.40.73 - - [02/Apr/2026:15:35:33 +1000] "GET / HTTP/1.1" 500 409552 "-" "Python/3.11 aiohttp/3.9.2"
65.49.27.185 - - [02/Apr/2026:15:57:17 +1000] "GET / HTTP/1.1" 500 1047395 "-" "Mozilla/5.0 (Macintosh; Intel Mac OS X 10_15_7) AppleWebKit/537.36 (KHTML, like Gecko) Chrome/121.0.0.0 Safari/537.36"
118.127.40.73 - - [02/Apr/2026:16:05:35 +1000] "GET / HTTP/1.1" 500 257704 "-" "Python/3.11 aiohttp/3.9.2"
118.127.40.73 - - [02/Apr/2026:16:35:35 +1000] "GET / HTTP/1.1" 500 90104 "-" "Python/3.11 aiohttp/3.9.2"
65.49.27.185 - - [02/Apr/2026:16:47:32 +1000] "GET / HTTP/1.1" 500 1047395 "-" "Mozilla/5.0 (Macintosh; Intel Mac OS X 10_15_7) AppleWebKit/537.36 (KHTML, like Gecko) Chrome/121.0.0.0 Safari/537.36"
118.127.40.73 - - [02/Apr/2026:17:05:32 +1000] "GET / HTTP/1.1" 500 147440 "-" "Python/3.11 aiohttp/3.9.2"
118.127.40.73 - - [02/Apr/2026:17:35:37 +1000] "GET / HTTP/1.1" 500 278496 "-" "Python/3.11 aiohttp/3.9.2"
65.49.27.185 - - [02/Apr/2026:17:47:39 +1000] "GET / HTTP/1.1" 500 1047395 "-" "Mozilla/5.0 (Macintosh; Intel Mac OS X 10_15_7) AppleWebKit/537.36 (KHTML, like Gecko) Chrome/121.0.0.0 Safari/537.36"
118.127.40.73 - - [02/Apr/2026:18:05:38 +1000] "GET / HTTP/1.1" 500 241320 "-" "Python/3.11 aiohttp/3.9.2"
118.127.40.73 - - [02/Apr/2026:18:35:36 +1000] "GET / HTTP/1.1" 500 257704 "-" "Python/3.11 aiohttp/3.9.2"
65.49.27.185 - - [02/Apr/2026:18:38:22 +1000] "GET / HTTP/1.1" 500 1047395 "-" "Mozilla/5.0 (Macintosh; Intel Mac OS X 10_15_7) AppleWebKit/537.36 (KHTML, like Gecko) Chrome/121.0.0.0 Safari/537.36"
65.49.27.185 - - [02/Apr/2026:19:00:58 +1000] "GET / HTTP/1.1" 500 1047395 "-" "Mozilla/5.0 (Macintosh; Intel Mac OS X 10_15_7) AppleWebKit/537.36 (KHTML, like Gecko) Chrome/121.0.0.0 Safari/537.36"
65.49.27.185 - - [02/Apr/2026:19:04:17 +1000] "GET / HTTP/1.1" 500 1047395 "-" "Mozilla/5.0 (Macintosh; Intel Mac OS X 10_15_7) AppleWebKit/537.36 (KHTML, like Gecko) Chrome/121.0.0.0 Safari/537.36"
118.127.40.73 - - [02/Apr/2026:19:05:34 +1000] "GET / HTTP/1.1" 500 237544 "-" "Python/3.11 aiohttp/3.9.2"
45.184.34.3 - - [02/Apr/2026:19:29:36 +1000] "GET /robots.txt HTTP/1.1" 200 24 "-" "Mozilla/5.0 (Windows NT 10.0; Win64; x64) AppleWebKit/537.36 (KHTML, like Gecko) Chrome/114.0.0.0 Safari/537.36 Edg/114.0.1823.43"
118.127.40.73 - - [02/Apr/2026:19:35:32 +1000] "GET / HTTP/1.1" 500 241320 "-" "Python/3.11 aiohttp/3.9.2"
65.49.27.185 - - [02/Apr/2026:19:54:16 +1000] "GET / HTTP/1.1" 500 1047395 "-" "Mozilla/5.0 (Macintosh; Intel Mac OS X 10_15_7) AppleWebKit/537.36 (KHTML, like Gecko) Chrome/121.0.0.0 Safari/537.36"
118.127.40.73 - - [02/Apr/2026:20:05:33 +1000] "GET / HTTP/1.1" 500 155632 "-" "Python/3.11 aiohttp/3.9.2"
118.127.40.73 - - [02/Apr/2026:20:35:40 +1000] "GET / HTTP/1.1" 500 294880 "-" "Python/3.11 aiohttp/3.9.2"
65.49.27.185 - - [02/Apr/2026:20:54:34 +1000] "GET / HTTP/1.1" 500 1047395 "-" "Mozilla/5.0 (Macintosh; Intel Mac OS X 10_15_7) AppleWebKit/537.36 (KHTML, like Gecko) Chrome/121.0.0.0 Safari/537.36"
118.127.40.73 - - [02/Apr/2026:21:05:36 +1000] "GET / HTTP/1.1" 500 139248 "-" "Python/3.11 aiohttp/3.9.2"
118.127.40.73 - - [02/Apr/2026:21:35:33 +1000] "GET / HTTP/1.1" 500 335832 "-" "Python/3.11 aiohttp/3.9.2"
65.49.27.185 - - [02/Apr/2026:21:45:03 +1000] "GET / HTTP/1.1" 500 1047395 "-" "Mozilla/5.0 (Macintosh; Intel Mac OS X 10_15_7) AppleWebKit/537.36 (KHTML, like Gecko) Chrome/121.0.0.0 Safari/537.36"
118.127.40.73 - - [02/Apr/2026:22:05:42 +1000] "GET / HTTP/1.1" 500 241320 "-" "Python/3.11 aiohttp/3.9.2"
118.127.40.73 - - [02/Apr/2026:22:35:38 +1000] "GET / HTTP/1.1" 500 49152 "-" "Python/3.11 aiohttp/3.9.2"
195.178.110.64 - - [02/Apr/2026:22:36:48 +1000] "GET / HTTP/1.1" 500 155632 "-" "Mozilla/5.0 (Windows NT 10.0; Win64; x64) AppleWebKit/537.36 (KHTML, like Gecko) Chrome/120.0.0.0 Safari/537.36"
65.49.27.185 - - [02/Apr/2026:22:45:15 +1000] "GET / HTTP/1.1" 500 1047395 "-" "Mozilla/5.0 (Macintosh; Intel Mac OS X 10_15_7) AppleWebKit/537.36 (KHTML, like Gecko) Chrome/121.0.0.0 Safari/537.36"
118.127.40.73 - - [02/Apr/2026:23:05:36 +1000] "GET / HTTP/1.1" 500 257704 "-" "Python/3.11 aiohttp/3.9.2"
118.127.40.73 - - [02/Apr/2026:23:35:37 +1000] "GET / HTTP/1.1" 500 32768 "-" "Python/3.11 aiohttp/3.9.2"
65.49.27.185 - - [02/Apr/2026:23:35:37 +1000] "GET / HTTP/1.1" 500 1047395 "-" "Mozilla/5.0 (Macintosh; Intel Mac OS X 10_15_7) AppleWebKit/537.36 (KHTML, like Gecko) Chrome/121.0.0.0 Safari/537.36"
118.127.40.73 - - [03/Apr/2026:00:05:39 +1000] "GET / HTTP/1.1" 500 212968 "-" "Python/3.11 aiohttp/3.9.2"
118.127.40.73 - - [03/Apr/2026:00:35:45 +1000] "GET / HTTP/1.1" 500 278496 "-" "Python/3.11 aiohttp/3.9.2"
65.49.27.185 - - [03/Apr/2026:00:35:53 +1000] "GET / HTTP/1.1" 500 1047395 "-" "Mozilla/5.0 (Macintosh; Intel Mac OS X 10_15_7) AppleWebKit/537.36 (KHTML, like Gecko) Chrome/121.0.0.0 Safari/537.36"
118.127.40.73 - - [03/Apr/2026:01:05:35 +1000] "GET / HTTP/1.1" 500 73720 "-" "Python/3.11 aiohttp/3.9.2"
65.49.27.185 - - [03/Apr/2026:01:26:36 +1000] "GET / HTTP/1.1" 500 1047395 "-" "Mozilla/5.0 (Macintosh; Intel Mac OS X 10_15_7) AppleWebKit/537.36 (KHTML, like Gecko) Chrome/121.0.0.0 Safari/537.36"
118.127.40.73 - - [03/Apr/2026:01:35:35 +1000] "GET / HTTP/1.1" 500 409552 "-" "Python/3.11 aiohttp/3.9.2"
65.49.27.185 - - [03/Apr/2026:01:47:43 +1000] "GET / HTTP/1.1" 500 1047395 "-" "Mozilla/5.0 (Macintosh; Intel Mac OS X 10_15_7) AppleWebKit/537.36 (KHTML, like Gecko) Chrome/121.0.0.0 Safari/537.36"
65.49.27.185 - - [03/Apr/2026:01:50:54 +1000] "GET / HTTP/1.1" 500 1047395 "-" "Mozilla/5.0 (Macintosh; Intel Mac OS X 10_15_7) AppleWebKit/537.36 (KHTML, like Gecko) Chrome/121.0.0.0 Safari/537.36"
118.127.40.73 - - [03/Apr/2026:02:05:39 +1000] "GET / HTTP/1.1" 500 172016 "-" "Python/3.11 aiohttp/3.9.2"
118.127.40.73 - - [03/Apr/2026:02:35:42 +1000] "GET / HTTP/1.1" 500 434128 "-" "Python/3.11 aiohttp/3.9.2"
65.49.27.185 - - [03/Apr/2026:02:41:27 +1000] "GET / HTTP/1.1" 500 1047395 "-" "Mozilla/5.0 (Macintosh; Intel Mac OS X 10_15_7) AppleWebKit/537.36 (KHTML, like Gecko) Chrome/121.0.0.0 Safari/537.36"
118.127.40.73 - - [03/Apr/2026:03:05:44 +1000] "GET / HTTP/1.1" 500 221160 "-" "Python/3.11 aiohttp/3.9.2"
152.233.20.149 - - [03/Apr/2026:03:18:15 +1000] "GET / HTTP/1.1" 500 1047145 "-" "Mozilla/5.0 (Macintosh; U; PPC Mac OS X 10_5_2; en) AppleWebKit/525.18 (KHTML, like Gecko) Version/3.1.1 Safari/525.18"
118.127.40.73 - - [03/Apr/2026:03:35:45 +1000] "GET / HTTP/1.1" 500 401360 "-" "Python/3.11 aiohttp/3.9.2"
65.49.27.185 - - [03/Apr/2026:03:42:12 +1000] "GET / HTTP/1.1" 500 1047395 "-" "Mozilla/5.0 (Macintosh; Intel Mac OS X 10_15_7) AppleWebKit/537.36 (KHTML, like Gecko) Chrome/121.0.0.0 Safari/537.36"
118.127.40.73 - - [03/Apr/2026:04:06:18 +1000] "GET / HTTP/1.1" 500 32768 "-" "Python/3.11 aiohttp/3.9.2"
65.49.27.185 - - [03/Apr/2026:04:32:38 +1000] "GET / HTTP/1.1" 500 1047395 "-" "Mozilla/5.0 (Macintosh; Intel Mac OS X 10_15_7) AppleWebKit/537.36 (KHTML, like Gecko) Chrome/121.0.0.0 Safari/537.36"
118.127.40.73 - - [03/Apr/2026:04:35:40 +1000] "GET / HTTP/1.1" 500 249512 "-" "Python/3.11 aiohttp/3.9.2"
118.127.40.73 - - [03/Apr/2026:05:05:42 +1000] "GET / HTTP/1.1" 500 180208 "-" "Python/3.11 aiohttp/3.9.2"
65.49.27.185 - - [03/Apr/2026:05:32:45 +1000] "GET / HTTP/1.1" 500 1047395 "-" "Mozilla/5.0 (Macintosh; Intel Mac OS X 10_15_7) AppleWebKit/537.36 (KHTML, like Gecko) Chrome/121.0.0.0 Safari/537.36"
118.127.40.73 - - [03/Apr/2026:05:35:43 +1000] "GET / HTTP/1.1" 500 241320 "-" "Python/3.11 aiohttp/3.9.2"
74.7.244.59 - - [03/Apr/2026:06:02:58 +1000] "GET /robots.txt HTTP/1.1" 200 24 "-" "Mozilla/5.0 (Macintosh; Intel Mac OS X 10_15_7) AppleWebKit/537.36 (KHTML, like Gecko) Chrome/131.0.0.0 Safari/537.36; compatible; OAI-SearchBot/1.3; robots.txt; +https://openai.com/searchbot"
118.127.40.73 - - [03/Apr/2026:06:05:38 +1000] "GET / HTTP/1.1" 500 319456 "-" "Python/3.11 aiohttp/3.9.2"
65.49.27.185 - - [03/Apr/2026:06:22:43 +1000] "GET / HTTP/1.1" 500 1047395 "-" "Mozilla/5.0 (Macintosh; Intel Mac OS X 10_15_7) AppleWebKit/537.36 (KHTML, like Gecko) Chrome/121.0.0.0 Safari/537.36"
118.127.40.73 - - [03/Apr/2026:06:35:45 +1000] "GET / HTTP/1.1" 500 90104 "-" "Python/3.11 aiohttp/3.9.2"
118.127.40.73 - - [03/Apr/2026:07:05:39 +1000] "GET / HTTP/1.1" 500 344024 "-" "Python/3.11 aiohttp/3.9.2"
204.76.203.25 - - [03/Apr/2026:07:08:58 +1000] "GET / HTTP/1.1" 500 1047079 "-" "Mozilla/5.0 (Windows NT 10.0; Win64; x64) AppleWebKit/537.36 (KHTML, like Gecko) Chrome/134.0.0.0 Safari/537.3"
65.49.27.185 - - [03/Apr/2026:07:22:16 +1000] "GET / HTTP/1.1" 500 1047395 "-" "Mozilla/5.0 (Macintosh; Intel Mac OS X 10_15_7) AppleWebKit/537.36 (KHTML, like Gecko) Chrome/121.0.0.0 Safari/537.36"
118.127.40.73 - - [03/Apr/2026:07:35:46 +1000] "GET / HTTP/1.1" 500 163824 "-" "Python/3.11 aiohttp/3.9.2"
118.127.40.73 - - [03/Apr/2026:08:05:38 +1000] "GET / HTTP/1.1" 500 335832 "-" "Python/3.11 aiohttp/3.9.2"
65.49.27.185 - - [03/Apr/2026:08:11:39 +1000] "GET / HTTP/1.1" 500 1047395 "-" "Mozilla/5.0 (Macintosh; Intel Mac OS X 10_15_7) AppleWebKit/537.36 (KHTML, like Gecko) Chrome/121.0.0.0 Safari/537.36"
65.49.27.185 - - [03/Apr/2026:08:34:16 +1000] "GET / HTTP/1.1" 500 1047395 "-" "Mozilla/5.0 (Macintosh; Intel Mac OS X 10_15_7) AppleWebKit/537.36 (KHTML, like Gecko) Chrome/121.0.0.0 Safari/537.36"
118.127.40.73 - - [03/Apr/2026:08:35:49 +1000] "GET / HTTP/1.1" 500 454288 "-" "Python/3.11 aiohttp/3.9.2"
65.49.27.185 - - [03/Apr/2026:08:37:31 +1000] "GET / HTTP/1.1" 500 1047395 "-" "Mozilla/5.0 (Macintosh; Intel Mac OS X 10_15_7) AppleWebKit/537.36 (KHTML, like Gecko) Chrome/121.0.0.0 Safari/537.36"
118.127.40.73 - - [03/Apr/2026:09:05:40 +1000] "GET / HTTP/1.1" 500 597944 "-" "Python/3.11 aiohttp/3.9.2"
65.49.27.185 - - [03/Apr/2026:09:26:59 +1000] "GET / HTTP/1.1" 500 1047395 "-" "Mozilla/5.0 (Macintosh; Intel Mac OS X 10_15_7) AppleWebKit/537.36 (KHTML, like Gecko) Chrome/121.0.0.0 Safari/537.36"
118.127.40.73 - - [03/Apr/2026:09:35:43 +1000] "GET / HTTP/1.1" 500 229352 "-" "Python/3.11 aiohttp/3.9.2"
118.127.40.73 - - [03/Apr/2026:10:05:47 +1000] "GET / HTTP/1.1" 500 360408 "-" "Python/3.11 aiohttp/3.9.2"
65.49.27.185 - - [03/Apr/2026:10:26:25 +1000] "GET / HTTP/1.1" 500 1047395 "-" "Mozilla/5.0 (Macintosh; Intel Mac OS X 10_15_7) AppleWebKit/537.36 (KHTML, like Gecko) Chrome/121.0.0.0 Safari/537.36"
118.127.40.73 - - [03/Apr/2026:10:35:42 +1000] "GET / HTTP/1.1" 500 212968 "-" "Python/3.11 aiohttp/3.9.2"
118.127.40.73 - - [03/Apr/2026:11:05:42 +1000] "GET / HTTP/1.1" 500 212968 "-" "Python/3.11 aiohttp/3.9.2"
65.49.27.185 - - [03/Apr/2026:11:15:51 +1000] "GET / HTTP/1.1" 500 1047395 "-" "Mozilla/5.0 (Macintosh; Intel Mac OS X 10_15_7) AppleWebKit/537.36 (KHTML, like Gecko) Chrome/121.0.0.0 Safari/537.36"
118.127.40.73 - - [03/Apr/2026:11:35:46 +1000] "GET / HTTP/1.1" 500 163824 "-" "Python/3.11 aiohttp/3.9.2"
118.127.40.73 - - [03/Apr/2026:12:05:38 +1000] "GET / HTTP/1.1" 500 241320 "-" "Python/3.11 aiohttp/3.9.2"
65.49.27.185 - - [03/Apr/2026:12:16:06 +1000] "GET / HTTP/1.1" 500 1047395 "-" "Mozilla/5.0 (Macintosh; Intel Mac OS X 10_15_7) AppleWebKit/537.36 (KHTML, like Gecko) Chrome/121.0.0.0 Safari/537.36"
118.127.40.73 - - [03/Apr/2026:12:35:41 +1000] "GET / HTTP/1.1" 500 249512 "-" "Python/3.11 aiohttp/3.9.2"
74.7.230.54 - - [03/Apr/2026:12:37:17 +1000] "GET /robots.txt HTTP/1.1" 200 24 "-" "Mozilla/5.0 (Macintosh; Intel Mac OS X 10_15_7) AppleWebKit/537.36 (KHTML, like Gecko) Chrome/131.0.0.0 Safari/537.36; compatible; OAI-SearchBot/1.3; robots.txt; +https://openai.com/searchbot"
74.7.227.163 - - [03/Apr/2026:12:37:18 +1000] "GET / HTTP/1.1" 500 155632 "-" "Mozilla/5.0 AppleWebKit/537.36 (KHTML, like Gecko; compatible; GPTBot/1.3; +https://openai.com/gptbot)"
65.49.27.185 - - [03/Apr/2026:13:05:37 +1000] "GET / HTTP/1.1" 500 1047395 "-" "Mozilla/5.0 (Macintosh; Intel Mac OS X 10_15_7) AppleWebKit/537.36 (KHTML, like Gecko) Chrome/121.0.0.0 Safari/537.36"
118.127.40.73 - - [03/Apr/2026:13:05:39 +1000] "GET / HTTP/1.1" 500 401360 "-" "Python/3.11 aiohttp/3.9.2"
118.127.40.73 - - [03/Apr/2026:13:35:46 +1000] "GET / HTTP/1.1" 500 278496 "-" "Python/3.11 aiohttp/3.9.2"
65.49.27.185 - - [03/Apr/2026:14:05:06 +1000] "GET / HTTP/1.1" 500 1047395 "-" "Mozilla/5.0 (Macintosh; Intel Mac OS X 10_15_7) AppleWebKit/537.36 (KHTML, like Gecko) Chrome/121.0.0.0 Safari/537.36"
118.127.40.73 - - [03/Apr/2026:14:05:44 +1000] "GET / HTTP/1.1" 500 221160 "-" "Python/3.11 aiohttp/3.9.2"
118.127.40.73 - - [03/Apr/2026:14:35:44 +1000] "GET / HTTP/1.1" 500 319456 "-" "Python/3.11 aiohttp/3.9.2"
65.49.27.185 - - [03/Apr/2026:14:55:09 +1000] "GET / HTTP/1.1" 500 1047395 "-" "Mozilla/5.0 (Macintosh; Intel Mac OS X 10_15_7) AppleWebKit/537.36 (KHTML, like Gecko) Chrome/121.0.0.0 Safari/537.36"
23.226.132.115 - - [03/Apr/2026:14:56:36 +1000] "GET / HTTP/1.1" 500 1047735 "https://www.bing.com/search?q=login" "Mozilla/5.0 (Windows NT 10.0; Win64; x64; rv:121.0) Gecko/20100101 Firefox/121.0"
118.127.40.73 - - [03/Apr/2026:15:05:45 +1000] "GET / HTTP/1.1" 500 241320 "-" "Python/3.11 aiohttp/3.9.2"
65.49.27.185 - - [03/Apr/2026:15:21:02 +1000] "GET / HTTP/1.1" 500 1047395 "-" "Mozilla/5.0 (Macintosh; Intel Mac OS X 10_15_7) AppleWebKit/537.36 (KHTML, like Gecko) Chrome/121.0.0.0 Safari/537.36"
65.49.27.185 - - [03/Apr/2026:15:24:15 +1000] "GET / HTTP/1.1" 500 1047395 "-" "Mozilla/5.0 (Macintosh; Intel Mac OS X 10_15_7) AppleWebKit/537.36 (KHTML, like Gecko) Chrome/121.0.0.0 Safari/537.36"
118.127.40.73 - - [03/Apr/2026:15:35:46 +1000] "GET / HTTP/1.1" 500 241320 "-" "Python/3.11 aiohttp/3.9.2"
118.127.40.73 - - [03/Apr/2026:16:05:45 +1000] "GET / HTTP/1.1" 500 81912 "-" "Python/3.11 aiohttp/3.9.2"
65.49.27.185 - - [03/Apr/2026:16:13:43 +1000] "GET / HTTP/1.1" 500 1047395 "-" "Mozilla/5.0 (Macintosh; Intel Mac OS X 10_15_7) AppleWebKit/537.36 (KHTML, like Gecko) Chrome/121.0.0.0 Safari/537.36"
118.127.40.73 - - [03/Apr/2026:17:00:48 +1000] "GET / HTTP/1.1" 500 147440 "-" "Python/3.11 aiohttp/3.9.2"
65.49.27.185 - - [03/Apr/2026:17:13:54 +1000] "GET / HTTP/1.1" 500 1047395 "-" "Mozilla/5.0 (Macintosh; Intel Mac OS X 10_15_7) AppleWebKit/537.36 (KHTML, like Gecko) Chrome/121.0.0.0 Safari/537.36"
118.127.40.73 - - [03/Apr/2026:17:30:48 +1000] "GET / HTTP/1.1" 500 241320 "-" "Python/3.11 aiohttp/3.9.2"
118.127.40.73 - - [03/Apr/2026:18:00:48 +1000] "GET / HTTP/1.1" 500 278496 "-" "Python/3.11 aiohttp/3.9.2"
65.49.27.185 - - [03/Apr/2026:18:04:12 +1000] "GET / HTTP/1.1" 500 1047395 "-" "Mozilla/5.0 (Macintosh; Intel Mac OS X 10_15_7) AppleWebKit/537.36 (KHTML, like Gecko) Chrome/121.0.0.0 Safari/537.36"
118.127.40.73 - - [03/Apr/2026:18:30:48 +1000] "GET / HTTP/1.1" 500 163824 "-" "Python/3.11 aiohttp/3.9.2"
118.127.40.73 - - [03/Apr/2026:19:00:49 +1000] "GET / HTTP/1.1" 500 335832 "-" "Python/3.11 aiohttp/3.9.2"
65.49.27.185 - - [03/Apr/2026:19:04:19 +1000] "GET / HTTP/1.1" 500 1047395 "-" "Mozilla/5.0 (Macintosh; Intel Mac OS X 10_15_7) AppleWebKit/537.36 (KHTML, like Gecko) Chrome/121.0.0.0 Safari/537.36"
118.127.40.73 - - [03/Apr/2026:19:30:49 +1000] "GET / HTTP/1.1" 500 163824 "-" "Python/3.11 aiohttp/3.9.2"
65.49.27.185 - - [03/Apr/2026:19:54:16 +1000] "GET / HTTP/1.1" 500 1047395 "-" "Mozilla/5.0 (Macintosh; Intel Mac OS X 10_15_7) AppleWebKit/537.36 (KHTML, like Gecko) Chrome/121.0.0.0 Safari/537.36"
118.127.40.73 - - [03/Apr/2026:20:00:49 +1000] "GET / HTTP/1.1" 500 49152 "-" "Python/3.11 aiohttp/3.9.2"
118.127.40.73 - - [03/Apr/2026:20:30:49 +1000] "GET / HTTP/1.1" 500 73720 "-" "Python/3.11 aiohttp/3.9.2"
65.49.27.185 - - [03/Apr/2026:20:54:08 +1000] "GET / HTTP/1.1" 500 1047395 "-" "Mozilla/5.0 (Macintosh; Intel Mac OS X 10_15_7) AppleWebKit/537.36 (KHTML, like Gecko) Chrome/121.0.0.0 Safari/537.36"
118.127.40.73 - - [03/Apr/2026:21:00:49 +1000] "GET / HTTP/1.1" 500 172016 "-" "Python/3.11 aiohttp/3.9.2"
118.127.40.73 - - [03/Apr/2026:21:30:49 +1000] "GET / HTTP/1.1" 500 172016 "-" "Python/3.11 aiohttp/3.9.2"
198.235.24.243 - - [03/Apr/2026:21:31:16 +1000] "GET / HTTP/1.1" 500 1047075 "-" "Hello from Palo Alto Networks, find out more about our scans in https://docs-cortex.paloaltonetworks.com/r/1/Cortex-Xpanse/Scanning-activity"
65.49.27.185 - - [03/Apr/2026:21:44:42 +1000] "GET / HTTP/1.1" 500 1047395 "-" "Mozilla/5.0 (Macintosh; Intel Mac OS X 10_15_7) AppleWebKit/537.36 (KHTML, like Gecko) Chrome/121.0.0.0 Safari/537.36"
118.127.40.73 - - [03/Apr/2026:22:00:50 +1000] "GET / HTTP/1.1" 500 241320 "-" "Python/3.11 aiohttp/3.9.2"
65.49.27.185 - - [03/Apr/2026:22:07:42 +1000] "GET / HTTP/1.1" 500 1047395 "-" "Mozilla/5.0 (Macintosh; Intel Mac OS X 10_15_7) AppleWebKit/537.36 (KHTML, like Gecko) Chrome/121.0.0.0 Safari/537.36"
65.49.27.185 - - [03/Apr/2026:22:10:56 +1000] "GET / HTTP/1.1" 500 1047395 "-" "Mozilla/5.0 (Macintosh; Intel Mac OS X 10_15_7) AppleWebKit/537.36 (KHTML, like Gecko) Chrome/121.0.0.0 Safari/537.36"
118.127.40.73 - - [03/Apr/2026:22:30:50 +1000] "GET / HTTP/1.1" 500 360408 "-" "Python/3.11 aiohttp/3.9.2"
65.49.27.185 - - [03/Apr/2026:23:00:36 +1000] "GET / HTTP/1.1" 500 1047395 "-" "Mozilla/5.0 (Macintosh; Intel Mac OS X 10_15_7) AppleWebKit/537.36 (KHTML, like Gecko) Chrome/121.0.0.0 Safari/537.36"
118.127.40.73 - - [03/Apr/2026:23:00:50 +1000] "GET / HTTP/1.1" 500 335832 "-" "Python/3.11 aiohttp/3.9.2"
118.127.40.73 - - [03/Apr/2026:23:30:50 +1000] "GET / HTTP/1.1" 500 81912 "-" "Python/3.11 aiohttp/3.9.2"
118.127.40.73 - - [04/Apr/2026:00:00:51 +1000] "GET / HTTP/1.1" 500 401360 "-" "Python/3.11 aiohttp/3.9.2"
65.49.27.185 - - [04/Apr/2026:00:01:28 +1000] "GET / HTTP/1.1" 500 1047395 "-" "Mozilla/5.0 (Macintosh; Intel Mac OS X 10_15_7) AppleWebKit/537.36 (KHTML, like Gecko) Chrome/121.0.0.0 Safari/537.36"
118.127.40.73 - - [04/Apr/2026:00:41:55 +1000] "GET / HTTP/1.1" 500 57344 "-" "Python/3.11 aiohttp/3.9.2"
65.49.27.185 - - [04/Apr/2026:00:52:01 +1000] "GET / HTTP/1.1" 500 1047395 "-" "Mozilla/5.0 (Macintosh; Intel Mac OS X 10_15_7) AppleWebKit/537.36 (KHTML, like Gecko) Chrome/121.0.0.0 Safari/537.36"
68.183.195.54 - - [04/Apr/2026:01:07:54 +1000] "GET / HTTP/1.1" 500 1048021 "-" "Mozilla/5.0 (X11; Linux x86_64) AppleWebKit/537.36 (KHTML, like Gecko) Chrome/142.0.0.0 Safari/537.36"
68.183.195.54 - - [04/Apr/2026:01:08:00 +1000] "GET /favicon.ico HTTP/1.1" 200 - "https://davetest2.posscales.com.au/" "Mozilla/5.0 (X11; Linux x86_64) AppleWebKit/537.36 (KHTML, like Gecko) Chrome/142.0.0.0 Safari/537.36"
118.127.40.73 - - [04/Apr/2026:01:11:56 +1000] "GET / HTTP/1.1" 500 352216 "-" "Python/3.11 aiohttp/3.9.2"
118.127.40.73 - - [04/Apr/2026:01:41:56 +1000] "GET / HTTP/1.1" 500 139248 "-" "Python/3.11 aiohttp/3.9.2"
65.49.27.185 - - [04/Apr/2026:01:52:01 +1000] "GET / HTTP/1.1" 500 1047395 "-" "Mozilla/5.0 (Macintosh; Intel Mac OS X 10_15_7) AppleWebKit/537.36 (KHTML, like Gecko) Chrome/121.0.0.0 Safari/537.36"
118.127.40.73 - - [04/Apr/2026:02:11:54 +1000] "GET / HTTP/1.1" 500 163824 "-" "Python/3.11 aiohttp/3.9.2"
118.127.40.73 - - [04/Apr/2026:02:41:58 +1000] "GET / HTTP/1.1" 500 32768 "-" "Python/3.11 aiohttp/3.9.2"
65.49.27.185 - - [04/Apr/2026:02:42:34 +1000] "GET / HTTP/1.1" 500 1047395 "-" "Mozilla/5.0 (Macintosh; Intel Mac OS X 10_15_7) AppleWebKit/537.36 (KHTML, like Gecko) Chrome/121.0.0.0 Safari/537.36"
195.178.110.64 - - [04/Apr/2026:02:59:10 +1000] "GET / HTTP/1.1" 500 237544 "-" "Mozilla/5.0 (Windows NT 10.0; Win64; x64) AppleWebKit/537.36 (KHTML, like Gecko) Chrome/120.0.0.0 Safari/537.36"
74.7.227.160 - - [04/Apr/2026:03:02:36 +1000] "GET / HTTP/1.1" 500 188400 "-" "Mozilla/5.0 AppleWebKit/537.36 (KHTML, like Gecko; compatible; GPTBot/1.3; +https://openai.com/gptbot)"
118.127.40.73 - - [04/Apr/2026:03:12:03 +1000] "GET / HTTP/1.1" 500 229352 "-" "Python/3.11 aiohttp/3.9.2"
118.127.40.73 - - [04/Apr/2026:03:42:00 +1000] "GET / HTTP/1.1" 500 229352 "-" "Python/3.11 aiohttp/3.9.2"
65.49.27.185 - - [04/Apr/2026:03:42:26 +1000] "GET / HTTP/1.1" 500 1047395 "-" "Mozilla/5.0 (Macintosh; Intel Mac OS X 10_15_7) AppleWebKit/537.36 (KHTML, like Gecko) Chrome/121.0.0.0 Safari/537.36"
118.127.40.73 - - [04/Apr/2026:04:11:58 +1000] "GET / HTTP/1.1" 500 401360 "-" "Python/3.11 aiohttp/3.9.2"
65.49.27.185 - - [04/Apr/2026:04:32:04 +1000] "GET / HTTP/1.1" 500 1047395 "-" "Mozilla/5.0 (Macintosh; Intel Mac OS X 10_15_7) AppleWebKit/537.36 (KHTML, like Gecko) Chrome/121.0.0.0 Safari/537.36"
118.127.40.73 - - [04/Apr/2026:04:41:56 +1000] "GET / HTTP/1.1" 500 344024 "-" "Python/3.11 aiohttp/3.9.2"
65.49.27.185 - - [04/Apr/2026:04:54:25 +1000] "GET / HTTP/1.1" 500 1047395 "-" "Mozilla/5.0 (Macintosh; Intel Mac OS X 10_15_7) AppleWebKit/537.36 (KHTML, like Gecko) Chrome/121.0.0.0 Safari/537.36"
65.49.27.185 - - [04/Apr/2026:04:57:37 +1000] "GET / HTTP/1.1" 500 1047395 "-" "Mozilla/5.0 (Macintosh; Intel Mac OS X 10_15_7) AppleWebKit/537.36 (KHTML, like Gecko) Chrome/121.0.0.0 Safari/537.36"
118.127.40.73 - - [04/Apr/2026:05:11:55 +1000] "GET / HTTP/1.1" 500 352216 "-" "Python/3.11 aiohttp/3.9.2"
118.127.40.73 - - [04/Apr/2026:05:41:57 +1000] "GET / HTTP/1.1" 500 335832 "-" "Python/3.11 aiohttp/3.9.2"
65.49.27.185 - - [04/Apr/2026:05:47:01 +1000] "GET / HTTP/1.1" 500 1047395 "-" "Mozilla/5.0 (Macintosh; Intel Mac OS X 10_15_7) AppleWebKit/537.36 (KHTML, like Gecko) Chrome/121.0.0.0 Safari/537.36"
118.127.40.73 - - [04/Apr/2026:06:11:56 +1000] "GET / HTTP/1.1" 500 241320 "-" "Python/3.11 aiohttp/3.9.2"
118.127.40.73 - - [04/Apr/2026:06:41:57 +1000] "GET / HTTP/1.1" 500 204776 "-" "Python/3.11 aiohttp/3.9.2"
65.49.27.185 - - [04/Apr/2026:06:46:34 +1000] "GET / HTTP/1.1" 500 1047395 "-" "Mozilla/5.0 (Macintosh; Intel Mac OS X 10_15_7) AppleWebKit/537.36 (KHTML, like Gecko) Chrome/121.0.0.0 Safari/537.36"
199.45.155.110 - - [04/Apr/2026:06:53:53 +1000] "GET / HTTP/1.1" 500 704432 "-" "Mozilla/5.0 (compatible; CensysInspect/1.1; +https://about.censys.io/)"
199.45.155.110 - - [04/Apr/2026:06:54:13 +1000] "GET / HTTP/1.1" 421 362 "-" "Mozilla/5.0 (compatible; CensysInspect/1.1; +https://about.censys.io/)"
118.127.40.73 - - [04/Apr/2026:07:11:56 +1000] "GET / HTTP/1.1" 500 241320 "-" "Python/3.11 aiohttp/3.9.2"
74.7.230.54 - - [04/Apr/2026:07:24:35 +1000] "GET /robots.txt HTTP/1.1" 200 24 "-" "Mozilla/5.0 (Macintosh; Intel Mac OS X 10_15_7) AppleWebKit/537.36 (KHTML, like Gecko) Chrome/131.0.0.0 Safari/537.36; compatible; OAI-SearchBot/1.3; robots.txt; +https://openai.com/searchbot"
65.49.27.185 - - [04/Apr/2026:07:36:27 +1000] "GET / HTTP/1.1" 500 1047395 "-" "Mozilla/5.0 (Macintosh; Intel Mac OS X 10_15_7) AppleWebKit/537.36 (KHTML, like Gecko) Chrome/121.0.0.0 Safari/537.36"
118.127.40.73 - - [04/Apr/2026:07:41:57 +1000] "GET / HTTP/1.1" 500 241320 "-" "Python/3.11 aiohttp/3.9.2"
199.45.154.143 - - [04/Apr/2026:07:54:19 +1000] "GET / HTTP/1.1" 500 581568 "-" "Mozilla/5.0 (compatible; CensysInspect/1.1; +https://about.censys.io/)"
199.45.154.143 - - [04/Apr/2026:07:55:16 +1000] "GET / HTTP/1.1" 421 362 "-" "Mozilla/5.0 (compatible; CensysInspect/1.1; +https://about.censys.io/)"
118.127.40.73 - - [04/Apr/2026:08:11:56 +1000] "GET / HTTP/1.1" 500 417744 "-" "Python/3.11 aiohttp/3.9.2"
18.222.130.7 - - [04/Apr/2026:08:25:08 +1000] "GET / HTTP/1.1" 500 1046735 "-" "python-requests/2.32.4"
65.49.27.185 - - [04/Apr/2026:08:35:58 +1000] "GET / HTTP/1.1" 500 1047395 "-" "Mozilla/5.0 (Macintosh; Intel Mac OS X 10_15_7) AppleWebKit/537.36 (KHTML, like Gecko) Chrome/121.0.0.0 Safari/537.36"
118.127.40.73 - - [04/Apr/2026:08:41:59 +1000] "GET / HTTP/1.1" 500 335832 "-" "Python/3.11 aiohttp/3.9.2"
118.127.40.73 - - [04/Apr/2026:09:11:57 +1000] "GET / HTTP/1.1" 500 172016 "-" "Python/3.11 aiohttp/3.9.2"
65.49.27.185 - - [04/Apr/2026:09:25:29 +1000] "GET / HTTP/1.1" 500 1047395 "-" "Mozilla/5.0 (Macintosh; Intel Mac OS X 10_15_7) AppleWebKit/537.36 (KHTML, like Gecko) Chrome/121.0.0.0 Safari/537.36"
118.127.40.73 - - [04/Apr/2026:09:41:59 +1000] "GET / HTTP/1.1" 500 344024 "-" "Python/3.11 aiohttp/3.9.2"
118.127.40.73 - - [04/Apr/2026:10:11:58 +1000] "GET / HTTP/1.1" 500 241320 "-" "Python/3.11 aiohttp/3.9.2"
65.49.27.185 - - [04/Apr/2026:10:24:38 +1000] "GET / HTTP/1.1" 500 1047395 "-" "Mozilla/5.0 (Macintosh; Intel Mac OS X 10_15_7) AppleWebKit/537.36 (KHTML, like Gecko) Chrome/121.0.0.0 Safari/537.36"
118.127.40.73 - - [04/Apr/2026:10:42:00 +1000] "GET / HTTP/1.1" 500 98296 "-" "Python/3.11 aiohttp/3.9.2"
118.127.40.73 - - [04/Apr/2026:11:11:58 +1000] "GET / HTTP/1.1" 500 450512 "-" "Python/3.11 aiohttp/3.9.2"
65.49.27.185 - - [04/Apr/2026:11:14:19 +1000] "GET / HTTP/1.1" 500 1047395 "-" "Mozilla/5.0 (Macintosh; Intel Mac OS X 10_15_7) AppleWebKit/537.36 (KHTML, like Gecko) Chrome/121.0.0.0 Safari/537.36"
65.49.27.185 - - [04/Apr/2026:11:41:05 +1000] "GET / HTTP/1.1" 500 1047395 "-" "Mozilla/5.0 (Macintosh; Intel Mac OS X 10_15_7) AppleWebKit/537.36 (KHTML, like Gecko) Chrome/121.0.0.0 Safari/537.36"
118.127.40.73 - - [04/Apr/2026:11:42:00 +1000] "GET / HTTP/1.1" 500 73720 "-" "Python/3.11 aiohttp/3.9.2"
65.49.27.185 - - [04/Apr/2026:11:44:25 +1000] "GET / HTTP/1.1" 500 1047395 "-" "Mozilla/5.0 (Macintosh; Intel Mac OS X 10_15_7) AppleWebKit/537.36 (KHTML, like Gecko) Chrome/121.0.0.0 Safari/537.36"
45.5.67.14 - - [04/Apr/2026:11:47:48 +1000] "HEAD / HTTP/1.1" 500 - "-" "Mozilla/5.0 (Macintosh; Intel Mac OS X 10_15_7) AppleWebKit/605.1.15 (KHTML, like Gecko) Version/17.0.1 Safari/605.1.15"
172.121.222.207 - - [04/Apr/2026:11:47:48 +1000] "HEAD / HTTP/1.1" 500 - "-" "Mozilla/5.0 (Windows NT 10.0; Win64; x64) AppleWebKit/537.36 (KHTML, like Gecko) Chrome/122.0.0.0 Safari/537.36"
172.121.222.207 - - [04/Apr/2026:11:47:49 +1000] "GET / HTTP/1.1" 500 1047521 "-" "Mozilla/5.0 (Windows NT 10.0; Win64; x64) AppleWebKit/537.36 (KHTML, like Gecko) Chrome/122.0.0.0 Safari/537.36"
45.5.67.14 - - [04/Apr/2026:11:47:49 +1000] "GET / HTTP/1.1" 500 1047577 "-" "Mozilla/5.0 (Macintosh; Intel Mac OS X 10_15_7) AppleWebKit/605.1.15 (KHTML, like Gecko) Version/17.0.1 Safari/605.1.15"
104.224.66.183 - - [04/Apr/2026:11:50:54 +1000] "GET / HTTP/1.1" 500 1047549 "-" "Mozilla/5.0 (Windows NT 10.0; Win64; x64; rv:109.0) Gecko/20100101 Firefox/121.0"
104.224.66.183 - - [04/Apr/2026:11:50:56 +1000] "GET /robots.txt HTTP/1.1" 200 24 "-" "Mozilla/5.0 (Windows NT 10.0; Win64; x64; rv:109.0) Gecko/20100101 Firefox/121.0"
104.224.66.183 - - [04/Apr/2026:11:50:57 +1000] "GET / HTTP/1.1" 500 1047549 "-" "Mozilla/5.0 (Windows NT 10.0; Win64; x64; rv:109.0) Gecko/20100101 Firefox/121.0"
104.224.66.183 - - [04/Apr/2026:11:50:58 +1000] "GET / HTTP/1.1" 500 1047549 "-" "Mozilla/5.0 (Windows NT 10.0; Win64; x64; rv:109.0) Gecko/20100101 Firefox/121.0"
107.172.123.54 - - [04/Apr/2026:11:51:00 +1000] "HEAD / HTTP/1.1" 500 - "-" "Mozilla/5.0 (Macintosh; Intel Mac OS X 14_2_1) AppleWebKit/605.1.15 (KHTML, like Gecko) Version/17.2 Safari/605.1.15"
107.172.123.54 - - [04/Apr/2026:11:51:00 +1000] "GET / HTTP/1.1" 500 1047673 "-" "Mozilla/5.0 (Macintosh; Intel Mac OS X 14_2_1) AppleWebKit/605.1.15 (KHTML, like Gecko) Version/17.2 Safari/605.1.15"
