65.49.27.185 - - [08/Apr/2026:03:51:08 +1000] "GET / HTTP/1.1" 500 1047395 "-" "Mozilla/5.0 (Macintosh; Intel Mac OS X 10_15_7) AppleWebKit/537.36 (KHTML, like Gecko) Chrome/121.0.0.0 Safari/537.36"
118.127.40.73 - - [08/Apr/2026:04:15:32 +1000] "GET / HTTP/1.1" 500 241320 "-" "Python/3.11 aiohttp/3.9.2"
65.49.27.185 - - [08/Apr/2026:04:39:44 +1000] "GET / HTTP/1.1" 500 1047395 "-" "Mozilla/5.0 (Macintosh; Intel Mac OS X 10_15_7) AppleWebKit/537.36 (KHTML, like Gecko) Chrome/121.0.0.0 Safari/537.36"
118.127.40.73 - - [08/Apr/2026:04:45:33 +1000] "GET / HTTP/1.1" 500 257704 "-" "Python/3.11 aiohttp/3.9.2"
118.127.40.73 - - [08/Apr/2026:05:15:33 +1000] "GET / HTTP/1.1" 500 249512 "-" "Python/3.11 aiohttp/3.9.2"
65.49.27.185 - - [08/Apr/2026:05:38:57 +1000] "GET / HTTP/1.1" 500 1047395 "-" "Mozilla/5.0 (Macintosh; Intel Mac OS X 10_15_7) AppleWebKit/537.36 (KHTML, like Gecko) Chrome/121.0.0.0 Safari/537.36"
118.127.40.73 - - [08/Apr/2026:05:45:33 +1000] "GET / HTTP/1.1" 500 180208 "-" "Python/3.11 aiohttp/3.9.2"
118.127.40.73 - - [08/Apr/2026:06:15:33 +1000] "GET / HTTP/1.1" 500 237544 "-" "Python/3.11 aiohttp/3.9.2"
65.49.27.185 - - [08/Apr/2026:06:27:48 +1000] "GET / HTTP/1.1" 500 1047395 "-" "Mozilla/5.0 (Macintosh; Intel Mac OS X 10_15_7) AppleWebKit/537.36 (KHTML, like Gecko) Chrome/121.0.0.0 Safari/537.36"
118.127.40.73 - - [08/Apr/2026:06:45:33 +1000] "GET / HTTP/1.1" 500 241320 "-" "Python/3.11 aiohttp/3.9.2"
3.208.208.90 - - [08/Apr/2026:07:11:11 +1000] "GET / HTTP/1.1" 500 241320 "-" "Mozilla/5.0 (Windows NT 10.0; Win64; x64) AppleWebKit/537.36 (KHTML, like Gecko) Chrome/120.0.0.0 Safari/537.36"
118.127.40.73 - - [08/Apr/2026:07:15:34 +1000] "GET / HTTP/1.1" 500 221160 "-" "Python/3.11 aiohttp/3.9.2"
65.49.27.185 - - [08/Apr/2026:07:26:32 +1000] "GET / HTTP/1.1" 500 1047395 "-" "Mozilla/5.0 (Macintosh; Intel Mac OS X 10_15_7) AppleWebKit/537.36 (KHTML, like Gecko) Chrome/121.0.0.0 Safari/537.36"
118.127.40.73 - - [08/Apr/2026:07:45:34 +1000] "GET / HTTP/1.1" 500 245736 "-" "Python/3.11 aiohttp/3.9.2"
65.49.27.185 - - [08/Apr/2026:08:15:14 +1000] "GET / HTTP/1.1" 500 1047395 "-" "Mozilla/5.0 (Macintosh; Intel Mac OS X 10_15_7) AppleWebKit/537.36 (KHTML, like Gecko) Chrome/121.0.0.0 Safari/537.36"
118.127.40.73 - - [08/Apr/2026:08:15:34 +1000] "GET / HTTP/1.1" 500 188400 "-" "Python/3.11 aiohttp/3.9.2"
118.127.40.73 - - [08/Apr/2026:08:45:34 +1000] "GET / HTTP/1.1" 500 241320 "-" "Python/3.11 aiohttp/3.9.2"
118.127.40.73 - - [08/Apr/2026:09:15:34 +1000] "GET / HTTP/1.1" 500 241320 "-" "Python/3.11 aiohttp/3.9.2"
65.49.27.185 - - [08/Apr/2026:09:18:11 +1000] "GET / HTTP/1.1" 500 1047395 "-" "Mozilla/5.0 (Macintosh; Intel Mac OS X 10_15_7) AppleWebKit/537.36 (KHTML, like Gecko) Chrome/121.0.0.0 Safari/537.36"
118.127.40.73 - - [08/Apr/2026:09:45:35 +1000] "GET / HTTP/1.1" 500 344024 "-" "Python/3.11 aiohttp/3.9.2"
65.49.27.185 - - [08/Apr/2026:10:09:26 +1000] "GET / HTTP/1.1" 500 1047395 "-" "Mozilla/5.0 (Macintosh; Intel Mac OS X 10_15_7) AppleWebKit/537.36 (KHTML, like Gecko) Chrome/121.0.0.0 Safari/537.36"
118.127.40.73 - - [08/Apr/2026:10:15:35 +1000] "GET / HTTP/1.1" 500 40960 "-" "Python/3.11 aiohttp/3.9.2"
65.49.27.185 - - [08/Apr/2026:10:34:39 +1000] "GET / HTTP/1.1" 500 1047395 "-" "Mozilla/5.0 (Macintosh; Intel Mac OS X 10_15_7) AppleWebKit/537.36 (KHTML, like Gecko) Chrome/121.0.0.0 Safari/537.36"
65.49.27.185 - - [08/Apr/2026:10:37:46 +1000] "GET / HTTP/1.1" 500 1047395 "-" "Mozilla/5.0 (Macintosh; Intel Mac OS X 10_15_7) AppleWebKit/537.36 (KHTML, like Gecko) Chrome/121.0.0.0 Safari/537.36"
118.127.40.73 - - [08/Apr/2026:10:45:35 +1000] "GET / HTTP/1.1" 500 172016 "-" "Python/3.11 aiohttp/3.9.2"
118.127.40.73 - - [08/Apr/2026:11:15:35 +1000] "GET / HTTP/1.1" 500 114680 "-" "Python/3.11 aiohttp/3.9.2"
65.49.27.185 - - [08/Apr/2026:11:26:55 +1000] "GET / HTTP/1.1" 500 1047395 "-" "Mozilla/5.0 (Macintosh; Intel Mac OS X 10_15_7) AppleWebKit/537.36 (KHTML, like Gecko) Chrome/121.0.0.0 Safari/537.36"
118.127.40.73 - - [08/Apr/2026:11:45:36 +1000] "GET / HTTP/1.1" 500 241320 "-" "Python/3.11 aiohttp/3.9.2"
118.127.40.73 - - [08/Apr/2026:12:15:35 +1000] "GET / HTTP/1.1" 500 245736 "-" "Python/3.11 aiohttp/3.9.2"
65.49.27.185 - - [08/Apr/2026:12:26:00 +1000] "GET / HTTP/1.1" 500 1047395 "-" "Mozilla/5.0 (Macintosh; Intel Mac OS X 10_15_7) AppleWebKit/537.36 (KHTML, like Gecko) Chrome/121.0.0.0 Safari/537.36"
44.248.180.94 - - [08/Apr/2026:12:40:11 +1000] "GET /robots.txt HTTP/1.1" 200 24 "-" "Mozilla/5.0 (compatible; wpbot/1.4; +https://forms.gle/ajBaxygz9jSR8p8G9)"
44.248.180.94 - - [08/Apr/2026:12:40:11 +1000] "GET / HTTP/1.1" 500 1046853 "-" "Mozilla/5.0 (compatible; wpbot/1.4; +https://forms.gle/ajBaxygz9jSR8p8G9)"
118.127.40.73 - - [08/Apr/2026:12:45:36 +1000] "GET / HTTP/1.1" 500 40960 "-" "Python/3.11 aiohttp/3.9.2"
65.49.27.185 - - [08/Apr/2026:13:15:08 +1000] "GET / HTTP/1.1" 500 1047395 "-" "Mozilla/5.0 (Macintosh; Intel Mac OS X 10_15_7) AppleWebKit/537.36 (KHTML, like Gecko) Chrome/121.0.0.0 Safari/537.36"
118.127.40.73 - - [08/Apr/2026:13:15:36 +1000] "GET / HTTP/1.1" 500 49152 "-" "Python/3.11 aiohttp/3.9.2"
118.127.40.73 - - [08/Apr/2026:13:45:36 +1000] "GET / HTTP/1.1" 500 155632 "-" "Python/3.11 aiohttp/3.9.2"
65.49.27.185 - - [08/Apr/2026:14:14:13 +1000] "GET / HTTP/1.1" 500 1047395 "-" "Mozilla/5.0 (Macintosh; Intel Mac OS X 10_15_7) AppleWebKit/537.36 (KHTML, like Gecko) Chrome/121.0.0.0 Safari/537.36"
118.127.40.73 - - [08/Apr/2026:14:15:36 +1000] "GET / HTTP/1.1" 500 257704 "-" "Python/3.11 aiohttp/3.9.2"
118.127.40.73 - - [08/Apr/2026:14:45:36 +1000] "GET / HTTP/1.1" 500 172016 "-" "Python/3.11 aiohttp/3.9.2"
65.49.27.185 - - [08/Apr/2026:15:03:28 +1000] "GET / HTTP/1.1" 500 1047395 "-" "Mozilla/5.0 (Macintosh; Intel Mac OS X 10_15_7) AppleWebKit/537.36 (KHTML, like Gecko) Chrome/121.0.0.0 Safari/537.36"
118.127.40.73 - - [08/Apr/2026:15:15:37 +1000] "GET / HTTP/1.1" 500 249512 "-" "Python/3.11 aiohttp/3.9.2"
118.127.40.73 - - [08/Apr/2026:15:45:37 +1000] "GET / HTTP/1.1" 500 249512 "-" "Python/3.11 aiohttp/3.9.2"
65.49.27.185 - - [08/Apr/2026:16:02:50 +1000] "GET / HTTP/1.1" 500 1047395 "-" "Mozilla/5.0 (Macintosh; Intel Mac OS X 10_15_7) AppleWebKit/537.36 (KHTML, like Gecko) Chrome/121.0.0.0 Safari/537.36"
118.127.40.73 - - [08/Apr/2026:16:15:37 +1000] "GET / HTTP/1.1" 500 249512 "-" "Python/3.11 aiohttp/3.9.2"
118.127.40.73 - - [08/Apr/2026:16:45:37 +1000] "GET / HTTP/1.1" 500 241320 "-" "Python/3.11 aiohttp/3.9.2"
65.49.27.185 - - [08/Apr/2026:16:51:58 +1000] "GET / HTTP/1.1" 500 1047395 "-" "Mozilla/5.0 (Macintosh; Intel Mac OS X 10_15_7) AppleWebKit/537.36 (KHTML, like Gecko) Chrome/121.0.0.0 Safari/537.36"
118.127.40.73 - - [08/Apr/2026:17:15:37 +1000] "GET / HTTP/1.1" 500 241320 "-" "Python/3.11 aiohttp/3.9.2"
65.49.27.185 - - [08/Apr/2026:17:21:20 +1000] "GET / HTTP/1.1" 500 1047395 "-" "Mozilla/5.0 (Macintosh; Intel Mac OS X 10_15_7) AppleWebKit/537.36 (KHTML, like Gecko) Chrome/121.0.0.0 Safari/537.36"
65.49.27.185 - - [08/Apr/2026:17:24:35 +1000] "GET / HTTP/1.1" 500 1047395 "-" "Mozilla/5.0 (Macintosh; Intel Mac OS X 10_15_7) AppleWebKit/537.36 (KHTML, like Gecko) Chrome/121.0.0.0 Safari/537.36"
118.127.40.73 - - [08/Apr/2026:17:45:38 +1000] "GET / HTTP/1.1" 500 147440 "-" "Python/3.11 aiohttp/3.9.2"
65.49.27.185 - - [08/Apr/2026:18:13:25 +1000] "GET / HTTP/1.1" 500 1047395 "-" "Mozilla/5.0 (Macintosh; Intel Mac OS X 10_15_7) AppleWebKit/537.36 (KHTML, like Gecko) Chrome/121.0.0.0 Safari/537.36"
118.127.40.73 - - [08/Apr/2026:18:15:38 +1000] "GET / HTTP/1.1" 500 344024 "-" "Python/3.11 aiohttp/3.9.2"
118.127.40.73 - - [08/Apr/2026:18:45:38 +1000] "GET / HTTP/1.1" 500 270304 "-" "Python/3.11 aiohttp/3.9.2"
65.49.27.185 - - [08/Apr/2026:19:12:34 +1000] "GET / HTTP/1.1" 500 1047395 "-" "Mozilla/5.0 (Macintosh; Intel Mac OS X 10_15_7) AppleWebKit/537.36 (KHTML, like Gecko) Chrome/121.0.0.0 Safari/537.36"
118.127.40.73 - - [08/Apr/2026:19:15:38 +1000] "GET / HTTP/1.1" 500 249512 "-" "Python/3.11 aiohttp/3.9.2"
118.127.40.73 - - [08/Apr/2026:19:45:38 +1000] "GET / HTTP/1.1" 500 249512 "-" "Python/3.11 aiohttp/3.9.2"
65.49.27.185 - - [08/Apr/2026:20:01:25 +1000] "GET / HTTP/1.1" 500 1047395 "-" "Mozilla/5.0 (Macintosh; Intel Mac OS X 10_15_7) AppleWebKit/537.36 (KHTML, like Gecko) Chrome/121.0.0.0 Safari/537.36"
118.127.40.73 - - [08/Apr/2026:20:15:39 +1000] "GET / HTTP/1.1" 500 249512 "-" "Python/3.11 aiohttp/3.9.2"
118.127.40.73 - - [08/Apr/2026:20:45:39 +1000] "GET / HTTP/1.1" 500 172016 "-" "Python/3.11 aiohttp/3.9.2"
65.49.27.185 - - [08/Apr/2026:20:59:53 +1000] "GET / HTTP/1.1" 500 1047395 "-" "Mozilla/5.0 (Macintosh; Intel Mac OS X 10_15_7) AppleWebKit/537.36 (KHTML, like Gecko) Chrome/121.0.0.0 Safari/537.36"
118.127.40.73 - - [08/Apr/2026:21:15:39 +1000] "GET / HTTP/1.1" 500 40960 "-" "Python/3.11 aiohttp/3.9.2"
118.127.40.73 - - [08/Apr/2026:21:45:39 +1000] "GET / HTTP/1.1" 500 32768 "-" "Python/3.11 aiohttp/3.9.2"
65.49.27.185 - - [08/Apr/2026:21:48:53 +1000] "GET / HTTP/1.1" 500 1047395 "-" "Mozilla/5.0 (Macintosh; Intel Mac OS X 10_15_7) AppleWebKit/537.36 (KHTML, like Gecko) Chrome/121.0.0.0 Safari/537.36"
118.127.40.73 - - [08/Apr/2026:22:15:40 +1000] "GET / HTTP/1.1" 500 270304 "-" "Python/3.11 aiohttp/3.9.2"
118.127.40.73 - - [08/Apr/2026:22:45:40 +1000] "GET / HTTP/1.1" 500 172016 "-" "Python/3.11 aiohttp/3.9.2"
65.49.27.185 - - [08/Apr/2026:22:48:15 +1000] "GET / HTTP/1.1" 500 1047395 "-" "Mozilla/5.0 (Macintosh; Intel Mac OS X 10_15_7) AppleWebKit/537.36 (KHTML, like Gecko) Chrome/121.0.0.0 Safari/537.36"
118.127.40.73 - - [08/Apr/2026:23:15:40 +1000] "GET / HTTP/1.1" 500 221160 "-" "Python/3.11 aiohttp/3.9.2"
65.49.27.185 - - [08/Apr/2026:23:37:41 +1000] "GET / HTTP/1.1" 500 1047395 "-" "Mozilla/5.0 (Macintosh; Intel Mac OS X 10_15_7) AppleWebKit/537.36 (KHTML, like Gecko) Chrome/121.0.0.0 Safari/537.36"
118.127.40.73 - - [08/Apr/2026:23:45:40 +1000] "GET / HTTP/1.1" 500 245736 "-" "Python/3.11 aiohttp/3.9.2"
65.49.27.185 - - [09/Apr/2026:00:08:04 +1000] "GET / HTTP/1.1" 500 1047395 "-" "Mozilla/5.0 (Macintosh; Intel Mac OS X 10_15_7) AppleWebKit/537.36 (KHTML, like Gecko) Chrome/121.0.0.0 Safari/537.36"
65.49.27.185 - - [09/Apr/2026:00:11:15 +1000] "GET / HTTP/1.1" 500 1047395 "-" "Mozilla/5.0 (Macintosh; Intel Mac OS X 10_15_7) AppleWebKit/537.36 (KHTML, like Gecko) Chrome/121.0.0.0 Safari/537.36"
118.127.40.73 - - [09/Apr/2026:00:15:40 +1000] "GET / HTTP/1.1" 500 73720 "-" "Python/3.11 aiohttp/3.9.2"
118.127.40.73 - - [09/Apr/2026:00:45:40 +1000] "GET / HTTP/1.1" 500 286688 "-" "Python/3.11 aiohttp/3.9.2"
65.49.27.185 - - [09/Apr/2026:01:00:27 +1000] "GET / HTTP/1.1" 500 1047395 "-" "Mozilla/5.0 (Macintosh; Intel Mac OS X 10_15_7) AppleWebKit/537.36 (KHTML, like Gecko) Chrome/121.0.0.0 Safari/537.36"
118.127.40.73 - - [09/Apr/2026:01:15:40 +1000] "GET / HTTP/1.1" 500 335832 "-" "Python/3.11 aiohttp/3.9.2"
118.127.40.73 - - [09/Apr/2026:01:45:41 +1000] "GET / HTTP/1.1" 500 249512 "-" "Python/3.11 aiohttp/3.9.2"
65.49.27.185 - - [09/Apr/2026:01:59:55 +1000] "GET / HTTP/1.1" 500 1047395 "-" "Mozilla/5.0 (Macintosh; Intel Mac OS X 10_15_7) AppleWebKit/537.36 (KHTML, like Gecko) Chrome/121.0.0.0 Safari/537.36"
118.127.40.73 - - [09/Apr/2026:02:15:41 +1000] "GET / HTTP/1.1" 500 212968 "-" "Python/3.11 aiohttp/3.9.2"
118.127.40.73 - - [09/Apr/2026:02:45:41 +1000] "GET / HTTP/1.1" 500 475080 "-" "Python/3.11 aiohttp/3.9.2"
65.49.27.185 - - [09/Apr/2026:02:49:19 +1000] "GET / HTTP/1.1" 500 1047395 "-" "Mozilla/5.0 (Macintosh; Intel Mac OS X 10_15_7) AppleWebKit/537.36 (KHTML, like Gecko) Chrome/121.0.0.0 Safari/537.36"
118.127.40.73 - - [09/Apr/2026:03:15:42 +1000] "GET / HTTP/1.1" 500 270304 "-" "Python/3.11 aiohttp/3.9.2"
118.127.40.73 - - [09/Apr/2026:03:45:42 +1000] "GET / HTTP/1.1" 500 241320 "-" "Python/3.11 aiohttp/3.9.2"
65.49.27.185 - - [09/Apr/2026:03:48:13 +1000] "GET / HTTP/1.1" 500 1047395 "-" "Mozilla/5.0 (Macintosh; Intel Mac OS X 10_15_7) AppleWebKit/537.36 (KHTML, like Gecko) Chrome/121.0.0.0 Safari/537.36"
204.76.203.25 - - [09/Apr/2026:03:54:30 +1000] "GET / HTTP/1.1" 500 1047079 "-" "Mozilla/5.0 (Windows NT 10.0; Win64; x64) AppleWebKit/537.36 (KHTML, like Gecko) Chrome/134.0.0.0 Safari/537.3"
118.127.40.73 - - [09/Apr/2026:04:15:42 +1000] "GET / HTTP/1.1" 500 49152 "-" "Python/3.11 aiohttp/3.9.2"
65.49.27.185 - - [09/Apr/2026:04:37:02 +1000] "GET / HTTP/1.1" 500 1047395 "-" "Mozilla/5.0 (Macintosh; Intel Mac OS X 10_15_7) AppleWebKit/537.36 (KHTML, like Gecko) Chrome/121.0.0.0 Safari/537.36"
118.127.40.73 - - [09/Apr/2026:04:45:42 +1000] "GET / HTTP/1.1" 500 303072 "-" "Python/3.11 aiohttp/3.9.2"
118.127.40.73 - - [09/Apr/2026:05:15:42 +1000] "GET / HTTP/1.1" 500 147440 "-" "Python/3.11 aiohttp/3.9.2"
65.49.27.185 - - [09/Apr/2026:05:35:27 +1000] "GET / HTTP/1.1" 500 1047395 "-" "Mozilla/5.0 (Macintosh; Intel Mac OS X 10_15_7) AppleWebKit/537.36 (KHTML, like Gecko) Chrome/121.0.0.0 Safari/537.36"
118.127.40.73 - - [09/Apr/2026:05:45:42 +1000] "GET / HTTP/1.1" 500 249512 "-" "Python/3.11 aiohttp/3.9.2"
118.127.40.73 - - [09/Apr/2026:06:15:42 +1000] "GET / HTTP/1.1" 500 249512 "-" "Python/3.11 aiohttp/3.9.2"
65.49.27.185 - - [09/Apr/2026:06:24:09 +1000] "GET / HTTP/1.1" 500 1047395 "-" "Mozilla/5.0 (Macintosh; Intel Mac OS X 10_15_7) AppleWebKit/537.36 (KHTML, like Gecko) Chrome/121.0.0.0 Safari/537.36"
118.127.40.73 - - [09/Apr/2026:06:45:43 +1000] "GET / HTTP/1.1" 500 245736 "-" "Python/3.11 aiohttp/3.9.2"
65.49.27.185 - - [09/Apr/2026:06:54:45 +1000] "GET / HTTP/1.1" 500 1047395 "-" "Mozilla/5.0 (Macintosh; Intel Mac OS X 10_15_7) AppleWebKit/537.36 (KHTML, like Gecko) Chrome/121.0.0.0 Safari/537.36"
65.49.27.185 - - [09/Apr/2026:06:58:04 +1000] "GET / HTTP/1.1" 500 1047395 "-" "Mozilla/5.0 (Macintosh; Intel Mac OS X 10_15_7) AppleWebKit/537.36 (KHTML, like Gecko) Chrome/121.0.0.0 Safari/537.36"
118.127.40.73 - - [09/Apr/2026:07:15:43 +1000] "GET / HTTP/1.1" 500 384984 "-" "Python/3.11 aiohttp/3.9.2"
118.127.40.73 - - [09/Apr/2026:07:45:43 +1000] "GET / HTTP/1.1" 500 335832 "-" "Python/3.11 aiohttp/3.9.2"
65.49.27.185 - - [09/Apr/2026:07:47:21 +1000] "GET / HTTP/1.1" 500 1047395 "-" "Mozilla/5.0 (Macintosh; Intel Mac OS X 10_15_7) AppleWebKit/537.36 (KHTML, like Gecko) Chrome/121.0.0.0 Safari/537.36"
118.127.40.73 - - [09/Apr/2026:08:15:43 +1000] "GET / HTTP/1.1" 500 257704 "-" "Python/3.11 aiohttp/3.9.2"
118.127.40.73 - - [09/Apr/2026:08:45:43 +1000] "GET / HTTP/1.1" 500 249512 "-" "Python/3.11 aiohttp/3.9.2"
65.49.27.185 - - [09/Apr/2026:08:47:21 +1000] "GET / HTTP/1.1" 500 1047395 "-" "Mozilla/5.0 (Macintosh; Intel Mac OS X 10_15_7) AppleWebKit/537.36 (KHTML, like Gecko) Chrome/121.0.0.0 Safari/537.36"
118.127.40.73 - - [09/Apr/2026:09:15:43 +1000] "GET / HTTP/1.1" 500 172016 "-" "Python/3.11 aiohttp/3.9.2"
65.49.27.185 - - [09/Apr/2026:09:37:50 +1000] "GET / HTTP/1.1" 500 1047395 "-" "Mozilla/5.0 (Macintosh; Intel Mac OS X 10_15_7) AppleWebKit/537.36 (KHTML, like Gecko) Chrome/121.0.0.0 Safari/537.36"
118.127.40.73 - - [09/Apr/2026:09:45:44 +1000] "GET / HTTP/1.1" 500 319456 "-" "Python/3.11 aiohttp/3.9.2"
118.127.40.73 - - [09/Apr/2026:10:15:44 +1000] "GET / HTTP/1.1" 500 249512 "-" "Python/3.11 aiohttp/3.9.2"
65.49.27.185 - - [09/Apr/2026:10:38:44 +1000] "GET / HTTP/1.1" 500 1047395 "-" "Mozilla/5.0 (Macintosh; Intel Mac OS X 10_15_7) AppleWebKit/537.36 (KHTML, like Gecko) Chrome/121.0.0.0 Safari/537.36"
118.127.40.73 - - [09/Apr/2026:10:45:44 +1000] "GET / HTTP/1.1" 500 344024 "-" "Python/3.11 aiohttp/3.9.2"
118.127.40.73 - - [09/Apr/2026:11:15:44 +1000] "GET / HTTP/1.1" 500 172016 "-" "Python/3.11 aiohttp/3.9.2"
65.49.27.185 - - [09/Apr/2026:11:27:40 +1000] "GET / HTTP/1.1" 500 1047395 "-" "Mozilla/5.0 (Macintosh; Intel Mac OS X 10_15_7) AppleWebKit/537.36 (KHTML, like Gecko) Chrome/121.0.0.0 Safari/537.36"
118.127.40.73 - - [09/Apr/2026:11:45:45 +1000] "GET / HTTP/1.1" 500 249512 "-" "Python/3.11 aiohttp/3.9.2"
118.127.40.73 - - [09/Apr/2026:12:15:45 +1000] "GET / HTTP/1.1" 500 249512 "-" "Python/3.11 aiohttp/3.9.2"
65.49.27.185 - - [09/Apr/2026:12:26:38 +1000] "GET / HTTP/1.1" 500 1047395 "-" "Mozilla/5.0 (Macintosh; Intel Mac OS X 10_15_7) AppleWebKit/537.36 (KHTML, like Gecko) Chrome/121.0.0.0 Safari/537.36"
118.127.40.73 - - [09/Apr/2026:12:45:45 +1000] "GET / HTTP/1.1" 500 729000 "-" "Python/3.11 aiohttp/3.9.2"
65.49.27.185 - - [09/Apr/2026:13:15:20 +1000] "GET / HTTP/1.1" 500 1047395 "-" "Mozilla/5.0 (Macintosh; Intel Mac OS X 10_15_7) AppleWebKit/537.36 (KHTML, like Gecko) Chrome/121.0.0.0 Safari/537.36"
118.127.40.73 - - [09/Apr/2026:13:15:45 +1000] "GET / HTTP/1.1" 500 368600 "-" "Python/3.11 aiohttp/3.9.2"
65.49.27.185 - - [09/Apr/2026:13:41:27 +1000] "GET / HTTP/1.1" 500 1047395 "-" "Mozilla/5.0 (Macintosh; Intel Mac OS X 10_15_7) AppleWebKit/537.36 (KHTML, like Gecko) Chrome/121.0.0.0 Safari/537.36"
65.49.27.185 - - [09/Apr/2026:13:44:39 +1000] "GET / HTTP/1.1" 500 1047395 "-" "Mozilla/5.0 (Macintosh; Intel Mac OS X 10_15_7) AppleWebKit/537.36 (KHTML, like Gecko) Chrome/121.0.0.0 Safari/537.36"
118.127.40.73 - - [09/Apr/2026:13:45:46 +1000] "GET / HTTP/1.1" 500 40960 "-" "Python/3.11 aiohttp/3.9.2"
118.127.40.73 - - [09/Apr/2026:14:15:46 +1000] "GET / HTTP/1.1" 500 172016 "-" "Python/3.11 aiohttp/3.9.2"
65.49.27.185 - - [09/Apr/2026:14:33:07 +1000] "GET / HTTP/1.1" 500 1047395 "-" "Mozilla/5.0 (Macintosh; Intel Mac OS X 10_15_7) AppleWebKit/537.36 (KHTML, like Gecko) Chrome/121.0.0.0 Safari/537.36"
118.127.40.73 - - [09/Apr/2026:14:45:46 +1000] "GET / HTTP/1.1" 500 270304 "-" "Python/3.11 aiohttp/3.9.2"
118.127.40.73 - - [09/Apr/2026:15:15:46 +1000] "GET / HTTP/1.1" 500 344024 "-" "Python/3.11 aiohttp/3.9.2"
65.49.27.185 - - [09/Apr/2026:15:32:19 +1000] "GET / HTTP/1.1" 500 1047395 "-" "Mozilla/5.0 (Macintosh; Intel Mac OS X 10_15_7) AppleWebKit/537.36 (KHTML, like Gecko) Chrome/121.0.0.0 Safari/537.36"
118.127.40.73 - - [09/Apr/2026:15:45:46 +1000] "GET / HTTP/1.1" 500 249512 "-" "Python/3.11 aiohttp/3.9.2"
118.127.40.73 - - [09/Apr/2026:16:15:46 +1000] "GET / HTTP/1.1" 500 241320 "-" "Python/3.11 aiohttp/3.9.2"
65.49.27.185 - - [09/Apr/2026:16:21:12 +1000] "GET / HTTP/1.1" 500 1047395 "-" "Mozilla/5.0 (Macintosh; Intel Mac OS X 10_15_7) AppleWebKit/537.36 (KHTML, like Gecko) Chrome/121.0.0.0 Safari/537.36"
118.127.40.73 - - [09/Apr/2026:16:45:46 +1000] "GET / HTTP/1.1" 500 172016 "-" "Python/3.11 aiohttp/3.9.2"
118.127.40.73 - - [09/Apr/2026:17:15:46 +1000] "GET / HTTP/1.1" 500 257704 "-" "Python/3.11 aiohttp/3.9.2"
65.49.27.185 - - [09/Apr/2026:17:20:03 +1000] "GET / HTTP/1.1" 500 1047395 "-" "Mozilla/5.0 (Macintosh; Intel Mac OS X 10_15_7) AppleWebKit/537.36 (KHTML, like Gecko) Chrome/121.0.0.0 Safari/537.36"
118.127.40.73 - - [09/Apr/2026:17:45:47 +1000] "GET / HTTP/1.1" 500 409552 "-" "Python/3.11 aiohttp/3.9.2"
65.49.27.185 - - [09/Apr/2026:18:08:45 +1000] "GET / HTTP/1.1" 500 1047395 "-" "Mozilla/5.0 (Macintosh; Intel Mac OS X 10_15_7) AppleWebKit/537.36 (KHTML, like Gecko) Chrome/121.0.0.0 Safari/537.36"
118.127.40.73 - - [09/Apr/2026:18:15:47 +1000] "GET / HTTP/1.1" 500 249512 "-" "Python/3.11 aiohttp/3.9.2"
118.127.40.73 - - [09/Apr/2026:18:45:47 +1000] "GET / HTTP/1.1" 500 139248 "-" "Python/3.11 aiohttp/3.9.2"
65.49.27.185 - - [09/Apr/2026:19:07:24 +1000] "GET / HTTP/1.1" 500 1047395 "-" "Mozilla/5.0 (Macintosh; Intel Mac OS X 10_15_7) AppleWebKit/537.36 (KHTML, like Gecko) Chrome/121.0.0.0 Safari/537.36"
118.127.40.73 - - [09/Apr/2026:19:15:47 +1000] "GET / HTTP/1.1" 500 249512 "-" "Python/3.11 aiohttp/3.9.2"
118.127.40.73 - - [09/Apr/2026:19:45:47 +1000] "GET / HTTP/1.1" 500 344024 "-" "Python/3.11 aiohttp/3.9.2"
65.49.27.185 - - [09/Apr/2026:19:56:01 +1000] "GET / HTTP/1.1" 500 1047395 "-" "Mozilla/5.0 (Macintosh; Intel Mac OS X 10_15_7) AppleWebKit/537.36 (KHTML, like Gecko) Chrome/121.0.0.0 Safari/537.36"
118.127.40.73 - - [09/Apr/2026:20:15:48 +1000] "GET / HTTP/1.1" 500 249512 "-" "Python/3.11 aiohttp/3.9.2"
147.185.132.153 - - [09/Apr/2026:20:22:05 +1000] "GET / HTTP/1.1" 500 1047075 "-" "Hello from Palo Alto Networks, find out more about our scans in https://docs-cortex.paloaltonetworks.com/r/1/Cortex-Xpanse/Scanning-activity"
65.49.27.185 - - [09/Apr/2026:20:28:04 +1000] "GET / HTTP/1.1" 500 1047395 "-" "Mozilla/5.0 (Macintosh; Intel Mac OS X 10_15_7) AppleWebKit/537.36 (KHTML, like Gecko) Chrome/121.0.0.0 Safari/537.36"
65.49.27.185 - - [09/Apr/2026:20:31:14 +1000] "GET / HTTP/1.1" 500 1047395 "-" "Mozilla/5.0 (Macintosh; Intel Mac OS X 10_15_7) AppleWebKit/537.36 (KHTML, like Gecko) Chrome/121.0.0.0 Safari/537.36"
74.7.244.39 - - [09/Apr/2026:20:32:09 +1000] "GET /robots.txt HTTP/1.1" 200 24 "-" "Mozilla/5.0 (Macintosh; Intel Mac OS X 10_15_7) AppleWebKit/537.36 (KHTML, like Gecko) Chrome/131.0.0.0 Safari/537.36; compatible; OAI-SearchBot/1.3; robots.txt; +https://openai.com/searchbot"
74.7.242.63 - - [09/Apr/2026:20:32:09 +1000] "GET / HTTP/1.1" 500 147440 "-" "Mozilla/5.0 AppleWebKit/537.36 (KHTML, like Gecko; compatible; GPTBot/1.3; +https://openai.com/gptbot)"
118.127.40.73 - - [09/Apr/2026:20:45:48 +1000] "GET / HTTP/1.1" 500 32768 "-" "Python/3.11 aiohttp/3.9.2"
118.127.40.73 - - [09/Apr/2026:21:15:48 +1000] "GET / HTTP/1.1" 500 249512 "-" "Python/3.11 aiohttp/3.9.2"
65.49.27.185 - - [09/Apr/2026:21:20:12 +1000] "GET / HTTP/1.1" 500 1047395 "-" "Mozilla/5.0 (Macintosh; Intel Mac OS X 10_15_7) AppleWebKit/537.36 (KHTML, like Gecko) Chrome/121.0.0.0 Safari/537.36"
118.127.40.73 - - [09/Apr/2026:21:45:48 +1000] "GET / HTTP/1.1" 500 172016 "-" "Python/3.11 aiohttp/3.9.2"
74.7.230.19 - - [09/Apr/2026:21:53:46 +1000] "GET /robots.txt HTTP/1.1" 200 24 "-" "Mozilla/5.0 (Macintosh; Intel Mac OS X 10_15_7) AppleWebKit/537.36 (KHTML, like Gecko) Chrome/131.0.0.0 Safari/537.36; compatible; OAI-SearchBot/1.3; robots.txt; +https://openai.com/searchbot"
74.7.241.0 - - [09/Apr/2026:21:53:47 +1000] "GET / HTTP/1.1" 500 147440 "-" "Mozilla/5.0 AppleWebKit/537.36 (KHTML, like Gecko; compatible; GPTBot/1.3; +https://openai.com/gptbot)"
118.127.40.73 - - [09/Apr/2026:22:15:48 +1000] "GET / HTTP/1.1" 500 253928 "-" "Python/3.11 aiohttp/3.9.2"
65.49.27.185 - - [09/Apr/2026:22:19:27 +1000] "GET / HTTP/1.1" 500 1047395 "-" "Mozilla/5.0 (Macintosh; Intel Mac OS X 10_15_7) AppleWebKit/537.36 (KHTML, like Gecko) Chrome/121.0.0.0 Safari/537.36"
118.127.40.73 - - [09/Apr/2026:22:45:49 +1000] "GET / HTTP/1.1" 500 257704 "-" "Python/3.11 aiohttp/3.9.2"
65.49.27.185 - - [09/Apr/2026:23:08:15 +1000] "GET / HTTP/1.1" 500 1047395 "-" "Mozilla/5.0 (Macintosh; Intel Mac OS X 10_15_7) AppleWebKit/537.36 (KHTML, like Gecko) Chrome/121.0.0.0 Safari/537.36"
118.127.40.73 - - [09/Apr/2026:23:45:34 +1000] "GET / HTTP/1.1" 500 241320 "-" "Python/3.11 aiohttp/3.9.2"
65.49.27.185 - - [10/Apr/2026:00:07:04 +1000] "GET / HTTP/1.1" 500 1047395 "-" "Mozilla/5.0 (Macintosh; Intel Mac OS X 10_15_7) AppleWebKit/537.36 (KHTML, like Gecko) Chrome/121.0.0.0 Safari/537.36"
118.127.40.73 - - [10/Apr/2026:00:15:34 +1000] "GET / HTTP/1.1" 500 294880 "-" "Python/3.11 aiohttp/3.9.2"
118.127.40.73 - - [10/Apr/2026:00:45:34 +1000] "GET / HTTP/1.1" 500 163824 "-" "Python/3.11 aiohttp/3.9.2"
65.49.27.185 - - [10/Apr/2026:00:56:21 +1000] "GET / HTTP/1.1" 500 1047395 "-" "Mozilla/5.0 (Macintosh; Intel Mac OS X 10_15_7) AppleWebKit/537.36 (KHTML, like Gecko) Chrome/121.0.0.0 Safari/537.36"
118.127.40.73 - - [10/Apr/2026:01:15:34 +1000] "GET / HTTP/1.1" 500 360408 "-" "Python/3.11 aiohttp/3.9.2"
118.127.40.73 - - [10/Apr/2026:01:45:35 +1000] "GET / HTTP/1.1" 500 311264 "-" "Python/3.11 aiohttp/3.9.2"
65.49.27.185 - - [10/Apr/2026:01:55:55 +1000] "GET / HTTP/1.1" 500 1047395 "-" "Mozilla/5.0 (Macintosh; Intel Mac OS X 10_15_7) AppleWebKit/537.36 (KHTML, like Gecko) Chrome/121.0.0.0 Safari/537.36"
118.127.40.73 - - [10/Apr/2026:02:15:35 +1000] "GET / HTTP/1.1" 500 188400 "-" "Python/3.11 aiohttp/3.9.2"
65.49.27.185 - - [10/Apr/2026:02:44:45 +1000] "GET / HTTP/1.1" 500 1047395 "-" "Mozilla/5.0 (Macintosh; Intel Mac OS X 10_15_7) AppleWebKit/537.36 (KHTML, like Gecko) Chrome/121.0.0.0 Safari/537.36"
118.127.40.73 - - [10/Apr/2026:02:45:35 +1000] "GET / HTTP/1.1" 500 229352 "-" "Python/3.11 aiohttp/3.9.2"
65.49.27.185 - - [10/Apr/2026:03:14:48 +1000] "GET / HTTP/1.1" 500 1047395 "-" "Mozilla/5.0 (Macintosh; Intel Mac OS X 10_15_7) AppleWebKit/537.36 (KHTML, like Gecko) Chrome/121.0.0.0 Safari/537.36"
118.127.40.73 - - [10/Apr/2026:03:15:35 +1000] "GET / HTTP/1.1" 500 147440 "-" "Python/3.11 aiohttp/3.9.2"
65.49.27.185 - - [10/Apr/2026:03:17:55 +1000] "GET / HTTP/1.1" 500 1047395 "-" "Mozilla/5.0 (Macintosh; Intel Mac OS X 10_15_7) AppleWebKit/537.36 (KHTML, like Gecko) Chrome/121.0.0.0 Safari/537.36"
118.127.40.73 - - [10/Apr/2026:03:45:35 +1000] "GET / HTTP/1.1" 500 270304 "-" "Python/3.11 aiohttp/3.9.2"
65.49.27.185 - - [10/Apr/2026:04:06:35 +1000] "GET / HTTP/1.1" 500 1047395 "-" "Mozilla/5.0 (Macintosh; Intel Mac OS X 10_15_7) AppleWebKit/537.36 (KHTML, like Gecko) Chrome/121.0.0.0 Safari/537.36"
118.127.40.73 - - [10/Apr/2026:04:15:36 +1000] "GET / HTTP/1.1" 500 241320 "-" "Python/3.11 aiohttp/3.9.2"
103.153.183.69 - - [10/Apr/2026:04:35:39 +1000] "POST / HTTP/1.1" 500 1047693 "-" "Mozilla/5.0 (Windows NT 10.0; Win64; x64) AppleWebKit/537.36 (KHTML, like Gecko) Chrome/131.0.0.0 Safari/537.36"
118.127.40.73 - - [10/Apr/2026:04:45:36 +1000] "GET / HTTP/1.1" 500 344024 "-" "Python/3.11 aiohttp/3.9.2"
65.49.27.185 - - [10/Apr/2026:05:05:49 +1000] "GET / HTTP/1.1" 500 1047395 "-" "Mozilla/5.0 (Macintosh; Intel Mac OS X 10_15_7) AppleWebKit/537.36 (KHTML, like Gecko) Chrome/121.0.0.0 Safari/537.36"
118.127.40.73 - - [10/Apr/2026:05:15:36 +1000] "GET / HTTP/1.1" 500 73720 "-" "Python/3.11 aiohttp/3.9.2"
118.127.40.73 - - [10/Apr/2026:05:45:37 +1000] "GET / HTTP/1.1" 500 180208 "-" "Python/3.11 aiohttp/3.9.2"
65.49.27.185 - - [10/Apr/2026:05:54:43 +1000] "GET / HTTP/1.1" 500 1047395 "-" "Mozilla/5.0 (Macintosh; Intel Mac OS X 10_15_7) AppleWebKit/537.36 (KHTML, like Gecko) Chrome/121.0.0.0 Safari/537.36"
118.127.40.73 - - [10/Apr/2026:06:15:36 +1000] "GET / HTTP/1.1" 500 442320 "-" "Python/3.11 aiohttp/3.9.2"
118.127.40.73 - - [10/Apr/2026:06:45:37 +1000] "GET / HTTP/1.1" 500 335832 "-" "Python/3.11 aiohttp/3.9.2"
65.49.27.185 - - [10/Apr/2026:06:53:30 +1000] "GET / HTTP/1.1" 500 1047395 "-" "Mozilla/5.0 (Macintosh; Intel Mac OS X 10_15_7) AppleWebKit/537.36 (KHTML, like Gecko) Chrome/121.0.0.0 Safari/537.36"
118.127.40.73 - - [10/Apr/2026:07:15:38 +1000] "GET / HTTP/1.1" 500 73720 "-" "Python/3.11 aiohttp/3.9.2"
23.27.99.61 - - [10/Apr/2026:07:24:59 +1000] "POST /app HTTP/1.1" 500 1048351 "-" "python-urllib3/1.26.7"
64.118.133.85 - - [10/Apr/2026:07:25:06 +1000] "POST /app HTTP/1.1" 500 1048391 "-" "python-urllib3/1.26.7"
65.49.27.185 - - [10/Apr/2026:07:41:53 +1000] "GET / HTTP/1.1" 500 1047395 "-" "Mozilla/5.0 (Macintosh; Intel Mac OS X 10_15_7) AppleWebKit/537.36 (KHTML, like Gecko) Chrome/121.0.0.0 Safari/537.36"
118.127.40.73 - - [10/Apr/2026:07:45:38 +1000] "GET / HTTP/1.1" 500 73720 "-" "Python/3.11 aiohttp/3.9.2"
34.11.42.77 - - [10/Apr/2026:08:00:54 +1000] "GET /.git/config HTTP/1.1" 500 180208 "-" "-"
118.127.40.73 - - [10/Apr/2026:08:15:39 +1000] "GET / HTTP/1.1" 500 344024 "-" "Python/3.11 aiohttp/3.9.2"
65.49.27.185 - - [10/Apr/2026:08:40:14 +1000] "GET / HTTP/1.1" 500 1047395 "-" "Mozilla/5.0 (Macintosh; Intel Mac OS X 10_15_7) AppleWebKit/537.36 (KHTML, like Gecko) Chrome/121.0.0.0 Safari/537.36"
118.127.40.73 - - [10/Apr/2026:08:45:38 +1000] "GET / HTTP/1.1" 500 212968 "-" "Python/3.11 aiohttp/3.9.2"
103.153.183.69 - - [10/Apr/2026:09:04:32 +1000] "POST / HTTP/1.1" 500 1047557 "-" "Mozilla/5.0 (X11; Ubuntu; Linux x86_64; rv:133.0) Gecko/20100101 Firefox/133.0"
103.153.183.69 - - [10/Apr/2026:09:04:36 +1000] "GET / HTTP/1.1" 500 1047053 "-" "Mozilla/5.0 (X11; Linux x86_64) AppleWebKit/537.36 (KHTML, like Gecko) Chrome/131.0.0.0 Safari/537.36"
103.153.183.69 - - [10/Apr/2026:09:04:43 +1000] "GET / HTTP/1.1" 500 1047219 "-" "Mozilla/5.0 (Windows NT 10.0; Win64; x64) AppleWebKit/537.36 (KHTML, like Gecko) Chrome/120.0.0.0 Safari/537.36"
118.127.40.73 - - [10/Apr/2026:09:15:38 +1000] "GET / HTTP/1.1" 500 212968 "-" "Python/3.11 aiohttp/3.9.2"
65.49.27.185 - - [10/Apr/2026:09:28:28 +1000] "GET / HTTP/1.1" 500 1047395 "-" "Mozilla/5.0 (Macintosh; Intel Mac OS X 10_15_7) AppleWebKit/537.36 (KHTML, like Gecko) Chrome/121.0.0.0 Safari/537.36"
118.127.40.73 - - [10/Apr/2026:09:45:38 +1000] "GET / HTTP/1.1" 500 241320 "-" "Python/3.11 aiohttp/3.9.2"
65.49.27.185 - - [10/Apr/2026:10:01:27 +1000] "GET / HTTP/1.1" 500 1047395 "-" "Mozilla/5.0 (Macintosh; Intel Mac OS X 10_15_7) AppleWebKit/537.36 (KHTML, like Gecko) Chrome/121.0.0.0 Safari/537.36"
65.49.27.185 - - [10/Apr/2026:10:04:43 +1000] "GET / HTTP/1.1" 500 1047395 "-" "Mozilla/5.0 (Macintosh; Intel Mac OS X 10_15_7) AppleWebKit/537.36 (KHTML, like Gecko) Chrome/121.0.0.0 Safari/537.36"
118.127.40.73 - - [10/Apr/2026:10:15:38 +1000] "GET / HTTP/1.1" 500 335832 "-" "Python/3.11 aiohttp/3.9.2"
118.127.40.73 - - [10/Apr/2026:10:45:39 +1000] "GET / HTTP/1.1" 500 147440 "-" "Python/3.11 aiohttp/3.9.2"
65.49.27.185 - - [10/Apr/2026:10:53:46 +1000] "GET / HTTP/1.1" 500 1047395 "-" "Mozilla/5.0 (Macintosh; Intel Mac OS X 10_15_7) AppleWebKit/537.36 (KHTML, like Gecko) Chrome/121.0.0.0 Safari/537.36"
195.178.110.65 - - [10/Apr/2026:11:14:11 +1000] "POST / HTTP/1.1" 500 1047717 "-" "Mozilla/5.0 (Windows NT 10.0; Win64; x64) AppleWebKit/537.36 (KHTML, like Gecko) Chrome/131.0.0.0 Safari/537.36"
118.127.40.73 - - [10/Apr/2026:11:15:39 +1000] "GET / HTTP/1.1" 500 286688 "-" "Python/3.11 aiohttp/3.9.2"
195.178.110.65 - - [10/Apr/2026:11:28:27 +1000] "POST / HTTP/1.1" 500 1047653 "-" "Mozilla/5.0 (X11; Linux x86_64) AppleWebKit/537.36 (KHTML, like Gecko) Chrome/131.0.0.0 Safari/537.36"
195.178.110.65 - - [10/Apr/2026:11:28:30 +1000] "GET / HTTP/1.1" 500 1047053 "-" "Mozilla/5.0 (X11; Linux x86_64) AppleWebKit/537.36 (KHTML, like Gecko) Chrome/131.0.0.0 Safari/537.36"
195.178.110.65 - - [10/Apr/2026:11:28:36 +1000] "GET / HTTP/1.1" 500 1047219 "-" "Mozilla/5.0 (Windows NT 10.0; Win64; x64) AppleWebKit/537.36 (KHTML, like Gecko) Chrome/120.0.0.0 Safari/537.36"
118.127.40.73 - - [10/Apr/2026:11:45:39 +1000] "GET / HTTP/1.1" 500 401360 "-" "Python/3.11 aiohttp/3.9.2"
65.49.27.185 - - [10/Apr/2026:11:52:49 +1000] "GET / HTTP/1.1" 500 1047395 "-" "Mozilla/5.0 (Macintosh; Intel Mac OS X 10_15_7) AppleWebKit/537.36 (KHTML, like Gecko) Chrome/121.0.0.0 Safari/537.36"
118.127.40.73 - - [10/Apr/2026:12:15:39 +1000] "GET / HTTP/1.1" 500 249512 "-" "Python/3.11 aiohttp/3.9.2"
65.49.27.185 - - [10/Apr/2026:12:41:02 +1000] "GET / HTTP/1.1" 500 1047395 "-" "Mozilla/5.0 (Macintosh; Intel Mac OS X 10_15_7) AppleWebKit/537.36 (KHTML, like Gecko) Chrome/121.0.0.0 Safari/537.36"
118.127.40.73 - - [10/Apr/2026:12:45:40 +1000] "GET / HTTP/1.1" 500 204776 "-" "Python/3.11 aiohttp/3.9.2"
118.127.40.73 - - [10/Apr/2026:13:15:40 +1000] "GET / HTTP/1.1" 500 241320 "-" "Python/3.11 aiohttp/3.9.2"
65.49.27.185 - - [10/Apr/2026:13:39:11 +1000] "GET / HTTP/1.1" 500 1047395 "-" "Mozilla/5.0 (Macintosh; Intel Mac OS X 10_15_7) AppleWebKit/537.36 (KHTML, like Gecko) Chrome/121.0.0.0 Safari/537.36"
164.92.169.122 - - [10/Apr/2026:13:43:39 +1000] "GET / HTTP/1.1" 500 1048045 "-" "Mozilla/5.0 (X11; Linux x86_64) AppleWebKit/537.36 (KHTML, like Gecko) Chrome/142.0.0.0 Safari/537.36"
164.92.169.122 - - [10/Apr/2026:13:43:46 +1000] "GET /favicon.ico HTTP/1.1" 200 - "https://www.davetest2.posscales.com.au/" "Mozilla/5.0 (X11; Linux x86_64) AppleWebKit/537.36 (KHTML, like Gecko) Chrome/142.0.0.0 Safari/537.36"
118.127.40.73 - - [10/Apr/2026:13:45:40 +1000] "GET / HTTP/1.1" 500 241320 "-" "Python/3.11 aiohttp/3.9.2"
118.127.40.73 - - [10/Apr/2026:14:15:40 +1000] "GET / HTTP/1.1" 500 172016 "-" "Python/3.11 aiohttp/3.9.2"
65.49.27.185 - - [10/Apr/2026:14:27:16 +1000] "GET / HTTP/1.1" 500 1047395 "-" "Mozilla/5.0 (Macintosh; Intel Mac OS X 10_15_7) AppleWebKit/537.36 (KHTML, like Gecko) Chrome/121.0.0.0 Safari/537.36"
118.127.40.73 - - [10/Apr/2026:14:45:40 +1000] "GET / HTTP/1.1" 500 40960 "-" "Python/3.11 aiohttp/3.9.2"
118.127.40.73 - - [10/Apr/2026:15:15:40 +1000] "GET / HTTP/1.1" 500 212968 "-" "Python/3.11 aiohttp/3.9.2"
65.49.27.185 - - [10/Apr/2026:15:25:50 +1000] "GET / HTTP/1.1" 500 1047395 "-" "Mozilla/5.0 (Macintosh; Intel Mac OS X 10_15_7) AppleWebKit/537.36 (KHTML, like Gecko) Chrome/121.0.0.0 Safari/537.36"
118.127.40.73 - - [10/Apr/2026:15:45:41 +1000] "GET / HTTP/1.1" 500 270304 "-" "Python/3.11 aiohttp/3.9.2"
52.48.40.242 - - [10/Apr/2026:15:46:40 +1000] "GET / HTTP/1.0" 500 204776 "-" "Mozilla/5.0 (compatible; NetcraftSurveyAgent/1.0; +info@netcraft.com)"
108.131.40.190 - - [10/Apr/2026:16:10:16 +1000] "GET / HTTP/1.0" 500 204776 "-" "Mozilla/5.0 (compatible; NetcraftSurveyAgent/1.0; +info@netcraft.com)"
65.49.27.185 - - [10/Apr/2026:16:14:19 +1000] "GET / HTTP/1.1" 500 1047395 "-" "Mozilla/5.0 (Macintosh; Intel Mac OS X 10_15_7) AppleWebKit/537.36 (KHTML, like Gecko) Chrome/121.0.0.0 Safari/537.36"
118.127.40.73 - - [10/Apr/2026:16:15:41 +1000] "GET / HTTP/1.1" 500 147440 "-" "Python/3.11 aiohttp/3.9.2"
118.127.40.73 - - [10/Apr/2026:16:45:41 +1000] "GET / HTTP/1.1" 500 229352 "-" "Python/3.11 aiohttp/3.9.2"
65.49.27.185 - - [10/Apr/2026:16:48:08 +1000] "GET / HTTP/1.1" 500 1047395 "-" "Mozilla/5.0 (Macintosh; Intel Mac OS X 10_15_7) AppleWebKit/537.36 (KHTML, like Gecko) Chrome/121.0.0.0 Safari/537.36"
65.49.27.185 - - [10/Apr/2026:16:51:16 +1000] "GET / HTTP/1.1" 500 1047395 "-" "Mozilla/5.0 (Macintosh; Intel Mac OS X 10_15_7) AppleWebKit/537.36 (KHTML, like Gecko) Chrome/121.0.0.0 Safari/537.36"
118.127.40.73 - - [10/Apr/2026:17:15:41 +1000] "GET / HTTP/1.1" 500 172016 "-" "Python/3.11 aiohttp/3.9.2"
65.49.27.185 - - [10/Apr/2026:17:39:37 +1000] "GET / HTTP/1.1" 500 1047395 "-" "Mozilla/5.0 (Macintosh; Intel Mac OS X 10_15_7) AppleWebKit/537.36 (KHTML, like Gecko) Chrome/121.0.0.0 Safari/537.36"
118.127.40.73 - - [10/Apr/2026:17:45:41 +1000] "GET / HTTP/1.1" 500 147440 "-" "Python/3.11 aiohttp/3.9.2"
118.127.40.73 - - [10/Apr/2026:18:15:41 +1000] "GET / HTTP/1.1" 500 249512 "-" "Python/3.11 aiohttp/3.9.2"
65.49.27.185 - - [10/Apr/2026:18:38:04 +1000] "GET / HTTP/1.1" 500 1047395 "-" "Mozilla/5.0 (Macintosh; Intel Mac OS X 10_15_7) AppleWebKit/537.36 (KHTML, like Gecko) Chrome/121.0.0.0 Safari/537.36"
118.127.40.73 - - [10/Apr/2026:18:45:42 +1000] "GET / HTTP/1.1" 500 409552 "-" "Python/3.11 aiohttp/3.9.2"
118.127.40.73 - - [10/Apr/2026:19:15:42 +1000] "GET / HTTP/1.1" 500 229352 "-" "Python/3.11 aiohttp/3.9.2"
65.49.27.185 - - [10/Apr/2026:19:26:42 +1000] "GET / HTTP/1.1" 500 1047395 "-" "Mozilla/5.0 (Macintosh; Intel Mac OS X 10_15_7) AppleWebKit/537.36 (KHTML, like Gecko) Chrome/121.0.0.0 Safari/537.36"
118.127.40.73 - - [10/Apr/2026:19:45:42 +1000] "GET / HTTP/1.1" 500 257704 "-" "Python/3.11 aiohttp/3.9.2"
118.127.40.73 - - [10/Apr/2026:20:15:42 +1000] "GET / HTTP/1.1" 500 172016 "-" "Python/3.11 aiohttp/3.9.2"
65.49.27.185 - - [10/Apr/2026:20:25:06 +1000] "GET / HTTP/1.1" 500 1047395 "-" "Mozilla/5.0 (Macintosh; Intel Mac OS X 10_15_7) AppleWebKit/537.36 (KHTML, like Gecko) Chrome/121.0.0.0 Safari/537.36"
118.127.40.73 - - [10/Apr/2026:20:45:42 +1000] "GET / HTTP/1.1" 500 335832 "-" "Python/3.11 aiohttp/3.9.2"
65.49.27.185 - - [10/Apr/2026:21:13:21 +1000] "GET / HTTP/1.1" 500 1047395 "-" "Mozilla/5.0 (Macintosh; Intel Mac OS X 10_15_7) AppleWebKit/537.36 (KHTML, like Gecko) Chrome/121.0.0.0 Safari/537.36"
118.127.40.73 - - [10/Apr/2026:21:15:43 +1000] "GET / HTTP/1.1" 500 344024 "-" "Python/3.11 aiohttp/3.9.2"
118.127.40.73 - - [10/Apr/2026:21:45:43 +1000] "GET / HTTP/1.1" 500 303072 "-" "Python/3.11 aiohttp/3.9.2"
65.49.27.185 - - [10/Apr/2026:22:12:57 +1000] "GET / HTTP/1.1" 500 1047395 "-" "Mozilla/5.0 (Macintosh; Intel Mac OS X 10_15_7) AppleWebKit/537.36 (KHTML, like Gecko) Chrome/121.0.0.0 Safari/537.36"
118.127.40.73 - - [10/Apr/2026:22:15:43 +1000] "GET / HTTP/1.1" 500 303072 "-" "Python/3.11 aiohttp/3.9.2"
118.127.40.73 - - [10/Apr/2026:22:45:43 +1000] "GET / HTTP/1.1" 500 73720 "-" "Python/3.11 aiohttp/3.9.2"
65.49.27.185 - - [10/Apr/2026:23:03:46 +1000] "GET / HTTP/1.1" 500 1047395 "-" "Mozilla/5.0 (Macintosh; Intel Mac OS X 10_15_7) AppleWebKit/537.36 (KHTML, like Gecko) Chrome/121.0.0.0 Safari/537.36"
118.127.40.73 - - [10/Apr/2026:23:15:44 +1000] "GET / HTTP/1.1" 500 212968 "-" "Python/3.11 aiohttp/3.9.2"
65.49.27.185 - - [10/Apr/2026:23:34:56 +1000] "GET / HTTP/1.1" 500 1047395 "-" "Mozilla/5.0 (Macintosh; Intel Mac OS X 10_15_7) AppleWebKit/537.36 (KHTML, like Gecko) Chrome/121.0.0.0 Safari/537.36"
65.49.27.185 - - [10/Apr/2026:23:38:05 +1000] "GET / HTTP/1.1" 500 1047395 "-" "Mozilla/5.0 (Macintosh; Intel Mac OS X 10_15_7) AppleWebKit/537.36 (KHTML, like Gecko) Chrome/121.0.0.0 Safari/537.36"
118.127.40.73 - - [10/Apr/2026:23:45:44 +1000] "GET / HTTP/1.1" 500 81912 "-" "Python/3.11 aiohttp/3.9.2"
118.127.40.73 - - [11/Apr/2026:00:15:44 +1000] "GET / HTTP/1.1" 500 221160 "-" "Python/3.11 aiohttp/3.9.2"
65.49.27.185 - - [11/Apr/2026:00:27:11 +1000] "GET / HTTP/1.1" 500 1047395 "-" "Mozilla/5.0 (Macintosh; Intel Mac OS X 10_15_7) AppleWebKit/537.36 (KHTML, like Gecko) Chrome/121.0.0.0 Safari/537.36"
118.127.40.73 - - [11/Apr/2026:00:45:44 +1000] "GET / HTTP/1.1" 500 204776 "-" "Python/3.11 aiohttp/3.9.2"
118.127.40.73 - - [11/Apr/2026:01:15:44 +1000] "GET / HTTP/1.1" 500 147440 "-" "Python/3.11 aiohttp/3.9.2"
65.49.27.185 - - [11/Apr/2026:01:26:00 +1000] "GET / HTTP/1.1" 500 1047395 "-" "Mozilla/5.0 (Macintosh; Intel Mac OS X 10_15_7) AppleWebKit/537.36 (KHTML, like Gecko) Chrome/121.0.0.0 Safari/537.36"
118.127.40.73 - - [11/Apr/2026:01:45:44 +1000] "GET / HTTP/1.1" 500 257704 "-" "Python/3.11 aiohttp/3.9.2"
118.127.40.73 - - [11/Apr/2026:02:15:45 +1000] "GET / HTTP/1.1" 500 286688 "-" "Python/3.11 aiohttp/3.9.2"
65.49.27.185 - - [11/Apr/2026:02:16:07 +1000] "GET / HTTP/1.1" 500 1047395 "-" "Mozilla/5.0 (Macintosh; Intel Mac OS X 10_15_7) AppleWebKit/537.36 (KHTML, like Gecko) Chrome/121.0.0.0 Safari/537.36"
118.127.40.73 - - [11/Apr/2026:02:45:45 +1000] "GET / HTTP/1.1" 500 172016 "-" "Python/3.11 aiohttp/3.9.2"
65.49.27.185 - - [11/Apr/2026:03:14:20 +1000] "GET / HTTP/1.1" 500 1047395 "-" "Mozilla/5.0 (Macintosh; Intel Mac OS X 10_15_7) AppleWebKit/537.36 (KHTML, like Gecko) Chrome/121.0.0.0 Safari/537.36"
118.127.40.73 - - [11/Apr/2026:03:15:45 +1000] "GET / HTTP/1.1" 500 241320 "-" "Python/3.11 aiohttp/3.9.2"
87.236.176.162 - - [11/Apr/2026:03:40:27 +1000] "GET / HTTP/1.1" 500 1046975 "-" "Mozilla/5.0 (compatible; InternetMeasurement/1.0; +https://internet-measurement.com/)"
118.127.40.73 - - [11/Apr/2026:03:45:45 +1000] "GET / HTTP/1.1" 500 180208 "-" "Python/3.11 aiohttp/3.9.2"
65.49.27.185 - - [11/Apr/2026:04:02:36 +1000] "GET / HTTP/1.1" 500 1047395 "-" "Mozilla/5.0 (Macintosh; Intel Mac OS X 10_15_7) AppleWebKit/537.36 (KHTML, like Gecko) Chrome/121.0.0.0 Safari/537.36"
118.127.40.73 - - [11/Apr/2026:04:15:46 +1000] "GET / HTTP/1.1" 500 241320 "-" "Python/3.11 aiohttp/3.9.2"
118.127.40.73 - - [11/Apr/2026:04:45:46 +1000] "GET / HTTP/1.1" 500 241320 "-" "Python/3.11 aiohttp/3.9.2"
65.49.27.185 - - [11/Apr/2026:05:00:57 +1000] "GET / HTTP/1.1" 500 1047395 "-" "Mozilla/5.0 (Macintosh; Intel Mac OS X 10_15_7) AppleWebKit/537.36 (KHTML, like Gecko) Chrome/121.0.0.0 Safari/537.36"
141.98.11.24 - - [11/Apr/2026:05:15:28 +1000] "GET /.env HTTP/1.1" 500 1046839 "-" "Mozilla/5.0 (compatible; SMTP-Scanner)"
141.98.11.24 - - [11/Apr/2026:05:15:31 +1000] "GET /.env.bak HTTP/1.1" 500 1046855 "-" "Mozilla/5.0 (compatible; SMTP-Scanner)"
141.98.11.24 - - [11/Apr/2026:05:15:33 +1000] "GET /.env.old HTTP/1.1" 500 1046855 "-" "Mozilla/5.0 (compatible; SMTP-Scanner)"
141.98.11.24 - - [11/Apr/2026:05:15:36 +1000] "GET /.env.backup HTTP/1.1" 500 1046867 "-" "Mozilla/5.0 (compatible; SMTP-Scanner)"
141.98.11.24 - - [11/Apr/2026:05:15:39 +1000] "GET /.env.prod HTTP/1.1" 500 1046859 "-" "Mozilla/5.0 (compatible; SMTP-Scanner)"
141.98.11.24 - - [11/Apr/2026:05:15:41 +1000] "GET /.env.production HTTP/1.1" 500 1046883 "-" "Mozilla/5.0 (compatible; SMTP-Scanner)"
141.98.11.24 - - [11/Apr/2026:05:15:44 +1000] "GET /.env.local HTTP/1.1" 500 1046863 "-" "Mozilla/5.0 (compatible; SMTP-Scanner)"
118.127.40.73 - - [11/Apr/2026:05:15:46 +1000] "GET / HTTP/1.1" 500 180208 "-" "Python/3.11 aiohttp/3.9.2"
141.98.11.24 - - [11/Apr/2026:05:15:46 +1000] "GET /phpinfo.php HTTP/1.1" 500 1046867 "-" "Mozilla/5.0 (compatible; SMTP-Scanner)"
141.98.11.24 - - [11/Apr/2026:05:15:51 +1000] "GET /info.php HTTP/1.1" 500 1046855 "-" "Mozilla/5.0 (compatible; SMTP-Scanner)"
141.98.11.24 - - [11/Apr/2026:05:15:54 +1000] "GET /phpinfo HTTP/1.1" 500 1046851 "-" "Mozilla/5.0 (compatible; SMTP-Scanner)"
141.98.11.24 - - [11/Apr/2026:05:15:57 +1000] "GET /wp-config.php HTTP/1.1" 500 1046875 "-" "Mozilla/5.0 (compatible; SMTP-Scanner)"
141.98.11.24 - - [11/Apr/2026:05:15:59 +1000] "GET /config.php HTTP/1.1" 500 1046863 "-" "Mozilla/5.0 (compatible; SMTP-Scanner)"
118.127.40.73 - - [11/Apr/2026:05:45:47 +1000] "GET / HTTP/1.1" 500 40960 "-" "Python/3.11 aiohttp/3.9.2"
65.49.27.185 - - [11/Apr/2026:05:49:01 +1000] "GET / HTTP/1.1" 500 1047395 "-" "Mozilla/5.0 (Macintosh; Intel Mac OS X 10_15_7) AppleWebKit/537.36 (KHTML, like Gecko) Chrome/121.0.0.0 Safari/537.36"
118.127.40.73 - - [11/Apr/2026:06:15:51 +1000] "GET / HTTP/1.1" 500 450512 "-" "Python/3.11 aiohttp/3.9.2"
65.49.27.185 - - [11/Apr/2026:06:21:37 +1000] "GET / HTTP/1.1" 500 1047395 "-" "Mozilla/5.0 (Macintosh; Intel Mac OS X 10_15_7) AppleWebKit/537.36 (KHTML, like Gecko) Chrome/121.0.0.0 Safari/537.36"
65.49.27.185 - - [11/Apr/2026:06:24:42 +1000] "GET / HTTP/1.1" 500 1047395 "-" "Mozilla/5.0 (Macintosh; Intel Mac OS X 10_15_7) AppleWebKit/537.36 (KHTML, like Gecko) Chrome/121.0.0.0 Safari/537.36"
118.127.40.73 - - [11/Apr/2026:06:45:47 +1000] "GET / HTTP/1.1" 500 172016 "-" "Python/3.11 aiohttp/3.9.2"
65.49.27.185 - - [11/Apr/2026:07:13:29 +1000] "GET / HTTP/1.1" 500 1047395 "-" "Mozilla/5.0 (Macintosh; Intel Mac OS X 10_15_7) AppleWebKit/537.36 (KHTML, like Gecko) Chrome/121.0.0.0 Safari/537.36"
118.127.40.73 - - [11/Apr/2026:07:15:47 +1000] "GET / HTTP/1.1" 500 172016 "-" "Python/3.11 aiohttp/3.9.2"
118.127.40.73 - - [11/Apr/2026:07:45:47 +1000] "GET / HTTP/1.1" 500 163824 "-" "Python/3.11 aiohttp/3.9.2"
65.49.27.185 - - [11/Apr/2026:08:12:30 +1000] "GET / HTTP/1.1" 500 1047395 "-" "Mozilla/5.0 (Macintosh; Intel Mac OS X 10_15_7) AppleWebKit/537.36 (KHTML, like Gecko) Chrome/121.0.0.0 Safari/537.36"
118.127.40.73 - - [11/Apr/2026:08:15:48 +1000] "GET / HTTP/1.1" 500 49152 "-" "Python/3.11 aiohttp/3.9.2"
118.127.40.73 - - [11/Apr/2026:08:45:48 +1000] "GET / HTTP/1.1" 500 212968 "-" "Python/3.11 aiohttp/3.9.2"
65.49.27.185 - - [11/Apr/2026:09:01:29 +1000] "GET / HTTP/1.1" 500 1047395 "-" "Mozilla/5.0 (Macintosh; Intel Mac OS X 10_15_7) AppleWebKit/537.36 (KHTML, like Gecko) Chrome/121.0.0.0 Safari/537.36"
79.127.171.211 - - [11/Apr/2026:09:05:32 +1000] "GET / HTTP/1.1" 500 1047049 "-" "Mozilla/5.0 (ZZ; Linux x86_64) AppleWebKit/537.36 (KHTML, like Gecko) Chrome/133.0.0.0 Safari/537.36"
118.127.40.73 - - [11/Apr/2026:09:15:48 +1000] "GET / HTTP/1.1" 500 241320 "-" "Python/3.11 aiohttp/3.9.2"
118.127.40.73 - - [11/Apr/2026:09:45:48 +1000] "GET / HTTP/1.1" 500 172016 "-" "Python/3.11 aiohttp/3.9.2"
65.49.27.185 - - [11/Apr/2026:10:00:52 +1000] "GET / HTTP/1.1" 500 1047395 "-" "Mozilla/5.0 (Macintosh; Intel Mac OS X 10_15_7) AppleWebKit/537.36 (KHTML, like Gecko) Chrome/121.0.0.0 Safari/537.36"
118.127.40.73 - - [11/Apr/2026:10:15:48 +1000] "GET / HTTP/1.1" 500 155632 "-" "Python/3.11 aiohttp/3.9.2"
118.127.40.73 - - [11/Apr/2026:10:45:49 +1000] "GET / HTTP/1.1" 500 270304 "-" "Python/3.11 aiohttp/3.9.2"
65.49.27.185 - - [11/Apr/2026:10:49:48 +1000] "GET / HTTP/1.1" 500 1047395 "-" "Mozilla/5.0 (Macintosh; Intel Mac OS X 10_15_7) AppleWebKit/537.36 (KHTML, like Gecko) Chrome/121.0.0.0 Safari/537.36"
118.127.40.73 - - [11/Apr/2026:11:15:49 +1000] "GET / HTTP/1.1" 500 286688 "-" "Python/3.11 aiohttp/3.9.2"
118.127.40.73 - - [11/Apr/2026:11:45:49 +1000] "GET / HTTP/1.1" 500 241320 "-" "Python/3.11 aiohttp/3.9.2"
65.49.27.185 - - [11/Apr/2026:11:49:06 +1000] "GET / HTTP/1.1" 500 1047395 "-" "Mozilla/5.0 (Macintosh; Intel Mac OS X 10_15_7) AppleWebKit/537.36 (KHTML, like Gecko) Chrome/121.0.0.0 Safari/537.36"
66.132.172.96 - - [11/Apr/2026:11:50:59 +1000] "GET / HTTP/1.1" 500 1046897 "-" "Mozilla/5.0 (compatible; CensysInspect/1.1; +https://about.censys.io/)"
66.132.172.96 - - [11/Apr/2026:11:52:06 +1000] "GET / HTTP/1.1" 421 362 "-" "Mozilla/5.0 (compatible; CensysInspect/1.1; +https://about.censys.io/)"
118.127.40.73 - - [11/Apr/2026:12:15:49 +1000] "GET / HTTP/1.1" 500 311264 "-" "Python/3.11 aiohttp/3.9.2"
65.49.27.185 - - [11/Apr/2026:12:38:03 +1000] "GET / HTTP/1.1" 500 1047395 "-" "Mozilla/5.0 (Macintosh; Intel Mac OS X 10_15_7) AppleWebKit/537.36 (KHTML, like Gecko) Chrome/121.0.0.0 Safari/537.36"
118.127.40.73 - - [11/Apr/2026:12:45:49 +1000] "GET / HTTP/1.1" 500 57344 "-" "Python/3.11 aiohttp/3.9.2"
65.49.27.185 - - [11/Apr/2026:13:08:16 +1000] "GET / HTTP/1.1" 500 1047395 "-" "Mozilla/5.0 (Macintosh; Intel Mac OS X 10_15_7) AppleWebKit/537.36 (KHTML, like Gecko) Chrome/121.0.0.0 Safari/537.36"
65.49.27.185 - - [11/Apr/2026:13:11:15 +1000] "GET / HTTP/1.1" 500 1047395 "-" "Mozilla/5.0 (Macintosh; Intel Mac OS X 10_15_7) AppleWebKit/537.36 (KHTML, like Gecko) Chrome/121.0.0.0 Safari/537.36"
118.127.40.73 - - [11/Apr/2026:13:15:50 +1000] "GET / HTTP/1.1" 500 204776 "-" "Python/3.11 aiohttp/3.9.2"
118.127.40.73 - - [11/Apr/2026:13:45:50 +1000] "GET / HTTP/1.1" 500 49152 "-" "Python/3.11 aiohttp/3.9.2"
65.49.27.185 - - [11/Apr/2026:13:59:12 +1000] "GET / HTTP/1.1" 500 1047395 "-" "Mozilla/5.0 (Macintosh; Intel Mac OS X 10_15_7) AppleWebKit/537.36 (KHTML, like Gecko) Chrome/121.0.0.0 Safari/537.36"
74.7.241.129 - - [11/Apr/2026:13:59:56 +1000] "GET /robots.txt HTTP/1.1" 200 24 "-" "Mozilla/5.0 (Macintosh; Intel Mac OS X 10_15_7) AppleWebKit/537.36 (KHTML, like Gecko) Chrome/131.0.0.0 Safari/537.36; compatible; OAI-SearchBot/1.3; robots.txt; +https://openai.com/searchbot"
118.127.40.73 - - [11/Apr/2026:14:15:50 +1000] "GET / HTTP/1.1" 500 241320 "-" "Python/3.11 aiohttp/3.9.2"
118.127.40.73 - - [11/Apr/2026:14:45:50 +1000] "GET / HTTP/1.1" 500 241320 "-" "Python/3.11 aiohttp/3.9.2"
65.49.27.185 - - [11/Apr/2026:14:57:43 +1000] "GET / HTTP/1.1" 500 1047395 "-" "Mozilla/5.0 (Macintosh; Intel Mac OS X 10_15_7) AppleWebKit/537.36 (KHTML, like Gecko) Chrome/121.0.0.0 Safari/537.36"
118.127.40.73 - - [11/Apr/2026:15:15:50 +1000] "GET / HTTP/1.1" 500 172016 "-" "Python/3.11 aiohttp/3.9.2"
118.127.40.73 - - [11/Apr/2026:15:45:50 +1000] "GET / HTTP/1.1" 500 241320 "-" "Python/3.11 aiohttp/3.9.2"
65.49.27.185 - - [11/Apr/2026:15:46:02 +1000] "GET / HTTP/1.1" 500 1047395 "-" "Mozilla/5.0 (Macintosh; Intel Mac OS X 10_15_7) AppleWebKit/537.36 (KHTML, like Gecko) Chrome/121.0.0.0 Safari/537.36"
118.127.40.73 - - [11/Apr/2026:16:15:51 +1000] "GET / HTTP/1.1" 500 221160 "-" "Python/3.11 aiohttp/3.9.2"
65.49.27.185 - - [11/Apr/2026:16:44:13 +1000] "GET / HTTP/1.1" 500 1047395 "-" "Mozilla/5.0 (Macintosh; Intel Mac OS X 10_15_7) AppleWebKit/537.36 (KHTML, like Gecko) Chrome/121.0.0.0 Safari/537.36"
118.127.40.73 - - [11/Apr/2026:16:45:51 +1000] "GET / HTTP/1.1" 500 172016 "-" "Python/3.11 aiohttp/3.9.2"
118.127.40.73 - - [11/Apr/2026:17:15:51 +1000] "GET / HTTP/1.1" 500 241320 "-" "Python/3.11 aiohttp/3.9.2"
65.49.27.185 - - [11/Apr/2026:17:32:19 +1000] "GET / HTTP/1.1" 500 1047395 "-" "Mozilla/5.0 (Macintosh; Intel Mac OS X 10_15_7) AppleWebKit/537.36 (KHTML, like Gecko) Chrome/121.0.0.0 Safari/537.36"
118.127.40.73 - - [11/Apr/2026:17:45:51 +1000] "GET / HTTP/1.1" 500 241320 "-" "Python/3.11 aiohttp/3.9.2"
74.7.228.41 - - [11/Apr/2026:17:50:44 +1000] "GET /robots.txt HTTP/1.1" 200 24 "-" "Mozilla/5.0 (Macintosh; Intel Mac OS X 10_15_7) AppleWebKit/537.36 (KHTML, like Gecko) Chrome/131.0.0.0 Safari/537.36; compatible; OAI-SearchBot/1.3; robots.txt; +https://openai.com/searchbot"
118.127.40.73 - - [11/Apr/2026:18:15:51 +1000] "GET / HTTP/1.1" 500 241320 "-" "Python/3.11 aiohttp/3.9.2"
65.49.27.185 - - [11/Apr/2026:18:30:33 +1000] "GET / HTTP/1.1" 500 1047395 "-" "Mozilla/5.0 (Macintosh; Intel Mac OS X 10_15_7) AppleWebKit/537.36 (KHTML, like Gecko) Chrome/121.0.0.0 Safari/537.36"
118.127.40.73 - - [11/Apr/2026:18:45:52 +1000] "GET / HTTP/1.1" 500 204776 "-" "Python/3.11 aiohttp/3.9.2"
118.127.40.73 - - [11/Apr/2026:19:15:52 +1000] "GET / HTTP/1.1" 500 90104 "-" "Python/3.11 aiohttp/3.9.2"
65.49.27.185 - - [11/Apr/2026:19:18:32 +1000] "GET / HTTP/1.1" 500 1047395 "-" "Mozilla/5.0 (Macintosh; Intel Mac OS X 10_15_7) AppleWebKit/537.36 (KHTML, like Gecko) Chrome/121.0.0.0 Safari/537.36"
118.127.40.73 - - [11/Apr/2026:19:45:52 +1000] "GET / HTTP/1.1" 500 241320 "-" "Python/3.11 aiohttp/3.9.2"
65.49.27.185 - - [11/Apr/2026:19:54:56 +1000] "GET / HTTP/1.1" 500 1047395 "-" "Mozilla/5.0 (Macintosh; Intel Mac OS X 10_15_7) AppleWebKit/537.36 (KHTML, like Gecko) Chrome/121.0.0.0 Safari/537.36"
65.49.27.185 - - [11/Apr/2026:19:57:58 +1000] "GET / HTTP/1.1" 500 1047395 "-" "Mozilla/5.0 (Macintosh; Intel Mac OS X 10_15_7) AppleWebKit/537.36 (KHTML, like Gecko) Chrome/121.0.0.0 Safari/537.36"
118.127.40.73 - - [11/Apr/2026:20:15:52 +1000] "GET / HTTP/1.1" 500 172016 "-" "Python/3.11 aiohttp/3.9.2"
64.23.151.221 - - [11/Apr/2026:20:24:13 +1000] "POST /wp-admin/admin-ajax.php HTTP/1.1" 500 1047093 "-" "Mozilla/5.0"
118.127.40.73 - - [11/Apr/2026:20:45:52 +1000] "GET / HTTP/1.1" 500 73720 "-" "Python/3.11 aiohttp/3.9.2"
65.49.27.185 - - [11/Apr/2026:20:46:03 +1000] "GET / HTTP/1.1" 500 1047395 "-" "Mozilla/5.0 (Macintosh; Intel Mac OS X 10_15_7) AppleWebKit/537.36 (KHTML, like Gecko) Chrome/121.0.0.0 Safari/537.36"
118.127.40.73 - - [11/Apr/2026:21:15:52 +1000] "GET / HTTP/1.1" 500 90104 "-" "Python/3.11 aiohttp/3.9.2"
