107.172.123.54 - - [04/Apr/2026:11:51:02 +1000] "GET /robots.txt HTTP/1.1" 200 24 "-" "Mozilla/5.0 (Macintosh; Intel Mac OS X 14_2_1) AppleWebKit/605.1.15 (KHTML, like Gecko) Version/17.2 Safari/605.1.15"
107.172.123.54 - - [04/Apr/2026:11:51:03 +1000] "GET / HTTP/1.1" 500 1047673 "-" "Mozilla/5.0 (Macintosh; Intel Mac OS X 14_2_1) AppleWebKit/605.1.15 (KHTML, like Gecko) Version/17.2 Safari/605.1.15"
107.172.123.54 - - [04/Apr/2026:11:51:04 +1000] "GET / HTTP/1.1" 500 1047673 "-" "Mozilla/5.0 (Macintosh; Intel Mac OS X 14_2_1) AppleWebKit/605.1.15 (KHTML, like Gecko) Version/17.2 Safari/605.1.15"
104.168.40.25 - - [04/Apr/2026:11:51:07 +1000] "HEAD / HTTP/1.1" 500 - "-" "Mozilla/5.0 (Windows NT 6.1; Win64; x64) AppleWebKit/537.36 (KHTML, like Gecko) Chrome/60.0.3112.90 Safari/537.36"
104.168.40.28 - - [04/Apr/2026:11:51:08 +1000] "GET / HTTP/1.1" 500 1046813 "-" "Mozilla/5.0 (compatible; MSIE 10.0; Windows NT 6.1; Trident/6.0)"
45.5.67.89 - - [04/Apr/2026:11:51:10 +1000] "GET / HTTP/1.1" 500 1046743 "-" "python-requests/2.31.0"
104.143.88.110 - - [04/Apr/2026:11:51:13 +1000] "HEAD / HTTP/1.1" 500 - "-" "Mozilla/5.0 (Windows NT 6.1; WOW64; Trident/7.0; rv:11.0) like Gecko"
172.121.223.229 - - [04/Apr/2026:11:51:14 +1000] "GET / HTTP/1.1" 500 1047017 "-" "Mozilla/5.0 (Windows NT 6.1; Win64; x64) AppleWebKit/537.36 (KHTML, like Gecko) Chrome/60.0.3112.90 Safari/537.36"
44.234.88.32 - - [04/Apr/2026:11:51:35 +1000] "GET / HTTP/1.1" 500 1048109 "-" "Mozilla/5.0 (X11; Linux x86_64) AppleWebKit/537.36 (KHTML, like Gecko) Chrome/140.0.0.0 Safari/537.36"
44.234.88.32 - - [04/Apr/2026:11:51:36 +1000] "GET /favicon.ico HTTP/1.1" 200 - "https://davetest2.posscales.com.au/" "Mozilla/5.0 (X11; Linux x86_64) AppleWebKit/537.36 (KHTML, like Gecko) Chrome/140.0.0.0 Safari/537.36"
118.127.40.73 - - [04/Apr/2026:12:11:58 +1000] "GET / HTTP/1.1" 500 172016 "-" "Python/3.11 aiohttp/3.9.2"
65.49.27.185 - - [04/Apr/2026:12:33:37 +1000] "GET / HTTP/1.1" 500 1047395 "-" "Mozilla/5.0 (Macintosh; Intel Mac OS X 10_15_7) AppleWebKit/537.36 (KHTML, like Gecko) Chrome/121.0.0.0 Safari/537.36"
118.127.40.73 - - [04/Apr/2026:12:41:59 +1000] "GET / HTTP/1.1" 500 122872 "-" "Python/3.11 aiohttp/3.9.2"
118.127.40.73 - - [04/Apr/2026:13:11:58 +1000] "GET / HTTP/1.1" 500 241320 "-" "Python/3.11 aiohttp/3.9.2"
65.49.27.185 - - [04/Apr/2026:13:33:36 +1000] "GET / HTTP/1.1" 500 1047395 "-" "Mozilla/5.0 (Macintosh; Intel Mac OS X 10_15_7) AppleWebKit/537.36 (KHTML, like Gecko) Chrome/121.0.0.0 Safari/537.36"
118.127.40.73 - - [04/Apr/2026:13:41:59 +1000] "GET / HTTP/1.1" 500 278496 "-" "Python/3.11 aiohttp/3.9.2"
118.127.40.73 - - [04/Apr/2026:14:11:59 +1000] "GET / HTTP/1.1" 500 106488 "-" "Python/3.11 aiohttp/3.9.2"
65.49.27.185 - - [04/Apr/2026:14:23:09 +1000] "GET / HTTP/1.1" 500 1047395 "-" "Mozilla/5.0 (Macintosh; Intel Mac OS X 10_15_7) AppleWebKit/537.36 (KHTML, like Gecko) Chrome/121.0.0.0 Safari/537.36"
118.127.40.73 - - [04/Apr/2026:14:42:01 +1000] "GET / HTTP/1.1" 500 221160 "-" "Python/3.11 aiohttp/3.9.2"
118.127.40.73 - - [04/Apr/2026:15:11:59 +1000] "GET / HTTP/1.1" 500 172016 "-" "Python/3.11 aiohttp/3.9.2"
65.49.27.185 - - [04/Apr/2026:15:22:36 +1000] "GET / HTTP/1.1" 500 1047395 "-" "Mozilla/5.0 (Macintosh; Intel Mac OS X 10_15_7) AppleWebKit/537.36 (KHTML, like Gecko) Chrome/121.0.0.0 Safari/537.36"
118.127.40.73 - - [04/Apr/2026:15:42:00 +1000] "GET / HTTP/1.1" 500 286688 "-" "Python/3.11 aiohttp/3.9.2"
118.127.40.73 - - [04/Apr/2026:16:12:01 +1000] "GET / HTTP/1.1" 500 241320 "-" "Python/3.11 aiohttp/3.9.2"
65.49.27.185 - - [04/Apr/2026:16:12:11 +1000] "GET / HTTP/1.1" 500 1047395 "-" "Mozilla/5.0 (Macintosh; Intel Mac OS X 10_15_7) AppleWebKit/537.36 (KHTML, like Gecko) Chrome/121.0.0.0 Safari/537.36"
118.127.40.73 - - [04/Apr/2026:16:41:59 +1000] "GET / HTTP/1.1" 500 106488 "-" "Python/3.11 aiohttp/3.9.2"
65.49.27.185 - - [04/Apr/2026:17:11:48 +1000] "GET / HTTP/1.1" 500 1047395 "-" "Mozilla/5.0 (Macintosh; Intel Mac OS X 10_15_7) AppleWebKit/537.36 (KHTML, like Gecko) Chrome/121.0.0.0 Safari/537.36"
118.127.40.73 - - [04/Apr/2026:17:12:01 +1000] "GET / HTTP/1.1" 500 249512 "-" "Python/3.11 aiohttp/3.9.2"
118.127.40.73 - - [04/Apr/2026:17:42:00 +1000] "GET / HTTP/1.1" 500 270304 "-" "Python/3.11 aiohttp/3.9.2"
65.49.27.185 - - [04/Apr/2026:18:01:38 +1000] "GET / HTTP/1.1" 500 1047395 "-" "Mozilla/5.0 (Macintosh; Intel Mac OS X 10_15_7) AppleWebKit/537.36 (KHTML, like Gecko) Chrome/121.0.0.0 Safari/537.36"
118.127.40.73 - - [04/Apr/2026:18:12:01 +1000] "GET / HTTP/1.1" 500 335832 "-" "Python/3.11 aiohttp/3.9.2"
74.7.244.59 - - [04/Apr/2026:18:14:44 +1000] "GET /robots.txt HTTP/1.1" 200 24 "-" "Mozilla/5.0 (Macintosh; Intel Mac OS X 10_15_7) AppleWebKit/537.36 (KHTML, like Gecko) Chrome/131.0.0.0 Safari/537.36; compatible; OAI-SearchBot/1.3; robots.txt; +https://openai.com/searchbot"
65.49.27.185 - - [04/Apr/2026:18:27:47 +1000] "GET / HTTP/1.1" 500 1047395 "-" "Mozilla/5.0 (Macintosh; Intel Mac OS X 10_15_7) AppleWebKit/537.36 (KHTML, like Gecko) Chrome/121.0.0.0 Safari/537.36"
65.49.27.185 - - [04/Apr/2026:18:30:59 +1000] "GET / HTTP/1.1" 500 1047395 "-" "Mozilla/5.0 (Macintosh; Intel Mac OS X 10_15_7) AppleWebKit/537.36 (KHTML, like Gecko) Chrome/121.0.0.0 Safari/537.36"
118.127.40.73 - - [04/Apr/2026:18:42:03 +1000] "GET / HTTP/1.1" 500 249512 "-" "Python/3.11 aiohttp/3.9.2"
118.127.40.73 - - [04/Apr/2026:19:12:03 +1000] "GET / HTTP/1.1" 500 147440 "-" "Python/3.11 aiohttp/3.9.2"
65.49.27.185 - - [04/Apr/2026:19:20:17 +1000] "GET / HTTP/1.1" 500 1047395 "-" "Mozilla/5.0 (Macintosh; Intel Mac OS X 10_15_7) AppleWebKit/537.36 (KHTML, like Gecko) Chrome/121.0.0.0 Safari/537.36"
118.127.40.73 - - [04/Apr/2026:19:42:03 +1000] "GET / HTTP/1.1" 500 155632 "-" "Python/3.11 aiohttp/3.9.2"
118.127.40.73 - - [04/Apr/2026:20:12:05 +1000] "GET / HTTP/1.1" 500 221160 "-" "Python/3.11 aiohttp/3.9.2"
65.49.27.185 - - [04/Apr/2026:20:20:03 +1000] "GET / HTTP/1.1" 500 1047395 "-" "Mozilla/5.0 (Macintosh; Intel Mac OS X 10_15_7) AppleWebKit/537.36 (KHTML, like Gecko) Chrome/121.0.0.0 Safari/537.36"
118.127.40.73 - - [04/Apr/2026:20:42:12 +1000] "GET / HTTP/1.1" 500 241320 "-" "Python/3.11 aiohttp/3.9.2"
65.49.27.185 - - [04/Apr/2026:21:10:02 +1000] "GET / HTTP/1.1" 500 1047395 "-" "Mozilla/5.0 (Macintosh; Intel Mac OS X 10_15_7) AppleWebKit/537.36 (KHTML, like Gecko) Chrome/121.0.0.0 Safari/537.36"
118.127.40.73 - - [04/Apr/2026:21:12:05 +1000] "GET / HTTP/1.1" 500 303072 "-" "Python/3.11 aiohttp/3.9.2"
118.127.40.73 - - [04/Apr/2026:21:42:04 +1000] "GET / HTTP/1.1" 500 172016 "-" "Python/3.11 aiohttp/3.9.2"
65.49.27.185 - - [04/Apr/2026:22:09:51 +1000] "GET / HTTP/1.1" 500 1047395 "-" "Mozilla/5.0 (Macintosh; Intel Mac OS X 10_15_7) AppleWebKit/537.36 (KHTML, like Gecko) Chrome/121.0.0.0 Safari/537.36"
118.127.40.73 - - [04/Apr/2026:22:12:03 +1000] "GET / HTTP/1.1" 500 466888 "-" "Python/3.11 aiohttp/3.9.2"
118.127.40.73 - - [04/Apr/2026:22:42:03 +1000] "GET / HTTP/1.1" 500 241320 "-" "Python/3.11 aiohttp/3.9.2"
65.49.27.185 - - [04/Apr/2026:22:59:57 +1000] "GET / HTTP/1.1" 500 1047395 "-" "Mozilla/5.0 (Macintosh; Intel Mac OS X 10_15_7) AppleWebKit/537.36 (KHTML, like Gecko) Chrome/121.0.0.0 Safari/537.36"
118.127.40.73 - - [04/Apr/2026:23:12:04 +1000] "GET / HTTP/1.1" 500 442320 "-" "Python/3.11 aiohttp/3.9.2"
118.127.40.73 - - [04/Apr/2026:23:42:05 +1000] "GET / HTTP/1.1" 500 49152 "-" "Python/3.11 aiohttp/3.9.2"
65.49.27.185 - - [05/Apr/2026:00:00:12 +1000] "GET / HTTP/1.1" 500 1047395 "-" "Mozilla/5.0 (Macintosh; Intel Mac OS X 10_15_7) AppleWebKit/537.36 (KHTML, like Gecko) Chrome/121.0.0.0 Safari/537.36"
118.127.40.73 - - [05/Apr/2026:00:12:07 +1000] "GET / HTTP/1.1" 500 204776 "-" "Python/3.11 aiohttp/3.9.2"
118.127.40.73 - - [05/Apr/2026:00:42:03 +1000] "GET / HTTP/1.1" 500 257704 "-" "Python/3.11 aiohttp/3.9.2"
65.49.27.185 - - [05/Apr/2026:00:50:06 +1000] "GET / HTTP/1.1" 500 1047395 "-" "Mozilla/5.0 (Macintosh; Intel Mac OS X 10_15_7) AppleWebKit/537.36 (KHTML, like Gecko) Chrome/121.0.0.0 Safari/537.36"
118.127.40.73 - - [05/Apr/2026:01:12:03 +1000] "GET / HTTP/1.1" 500 257704 "-" "Python/3.11 aiohttp/3.9.2"
65.49.27.185 - - [05/Apr/2026:01:14:31 +1000] "GET / HTTP/1.1" 500 1047395 "-" "Mozilla/5.0 (Macintosh; Intel Mac OS X 10_15_7) AppleWebKit/537.36 (KHTML, like Gecko) Chrome/121.0.0.0 Safari/537.36"
65.49.27.185 - - [05/Apr/2026:01:17:45 +1000] "GET / HTTP/1.1" 500 1047395 "-" "Mozilla/5.0 (Macintosh; Intel Mac OS X 10_15_7) AppleWebKit/537.36 (KHTML, like Gecko) Chrome/121.0.0.0 Safari/537.36"
118.127.40.73 - - [05/Apr/2026:01:42:07 +1000] "GET / HTTP/1.1" 500 221160 "-" "Python/3.11 aiohttp/3.9.2"
65.49.27.185 - - [05/Apr/2026:02:07:44 +1000] "GET / HTTP/1.1" 500 1047395 "-" "Mozilla/5.0 (Macintosh; Intel Mac OS X 10_15_7) AppleWebKit/537.36 (KHTML, like Gecko) Chrome/121.0.0.0 Safari/537.36"
118.127.40.73 - - [05/Apr/2026:02:12:05 +1000] "GET / HTTP/1.1" 500 249512 "-" "Python/3.11 aiohttp/3.9.2"
118.127.40.73 - - [05/Apr/2026:02:42:07 +1000] "GET / HTTP/1.1" 500 241320 "-" "Python/3.11 aiohttp/3.9.2"
65.49.27.185 - - [05/Apr/2026:03:07:54 +1000] "GET / HTTP/1.1" 500 1047395 "-" "Mozilla/5.0 (Macintosh; Intel Mac OS X 10_15_7) AppleWebKit/537.36 (KHTML, like Gecko) Chrome/121.0.0.0 Safari/537.36"
118.127.40.73 - - [05/Apr/2026:03:12:05 +1000] "GET / HTTP/1.1" 500 344024 "-" "Python/3.11 aiohttp/3.9.2"
118.127.40.73 - - [05/Apr/2026:03:42:04 +1000] "GET / HTTP/1.1" 500 81912 "-" "Python/3.11 aiohttp/3.9.2"
65.49.27.185 - - [05/Apr/2026:03:58:06 +1000] "GET / HTTP/1.1" 500 1047395 "-" "Mozilla/5.0 (Macintosh; Intel Mac OS X 10_15_7) AppleWebKit/537.36 (KHTML, like Gecko) Chrome/121.0.0.0 Safari/537.36"
118.127.40.73 - - [05/Apr/2026:04:12:07 +1000] "GET / HTTP/1.1" 500 249512 "-" "Python/3.11 aiohttp/3.9.2"
74.7.230.54 - - [05/Apr/2026:04:27:37 +1000] "GET /robots.txt HTTP/1.1" 200 24 "-" "Mozilla/5.0 (Macintosh; Intel Mac OS X 10_15_7) AppleWebKit/537.36 (KHTML, like Gecko) Chrome/131.0.0.0 Safari/537.36; compatible; OAI-SearchBot/1.3; robots.txt; +https://openai.com/searchbot"
118.127.40.73 - - [05/Apr/2026:04:42:06 +1000] "GET / HTTP/1.1" 500 249512 "-" "Python/3.11 aiohttp/3.9.2"
65.49.27.185 - - [05/Apr/2026:04:57:37 +1000] "GET / HTTP/1.1" 500 1047395 "-" "Mozilla/5.0 (Macintosh; Intel Mac OS X 10_15_7) AppleWebKit/537.36 (KHTML, like Gecko) Chrome/121.0.0.0 Safari/537.36"
118.127.40.73 - - [05/Apr/2026:05:12:08 +1000] "GET / HTTP/1.1" 500 139248 "-" "Python/3.11 aiohttp/3.9.2"
35.236.186.241 - - [05/Apr/2026:05:30:35 +1000] "GET /.git/config HTTP/1.1" 500 843680 "-" "-"
118.127.40.73 - - [05/Apr/2026:05:42:07 +1000] "GET / HTTP/1.1" 500 212968 "-" "Python/3.11 aiohttp/3.9.2"
65.49.27.185 - - [05/Apr/2026:05:47:04 +1000] "GET / HTTP/1.1" 500 1047395 "-" "Mozilla/5.0 (Macintosh; Intel Mac OS X 10_15_7) AppleWebKit/537.36 (KHTML, like Gecko) Chrome/121.0.0.0 Safari/537.36"
118.127.40.73 - - [05/Apr/2026:06:12:06 +1000] "GET / HTTP/1.1" 500 241320 "-" "Python/3.11 aiohttp/3.9.2"
118.127.40.73 - - [05/Apr/2026:06:42:07 +1000] "GET / HTTP/1.1" 500 344024 "-" "Python/3.11 aiohttp/3.9.2"
65.49.27.185 - - [05/Apr/2026:06:46:31 +1000] "GET / HTTP/1.1" 500 1047395 "-" "Mozilla/5.0 (Macintosh; Intel Mac OS X 10_15_7) AppleWebKit/537.36 (KHTML, like Gecko) Chrome/121.0.0.0 Safari/537.36"
118.127.40.73 - - [05/Apr/2026:07:12:06 +1000] "GET / HTTP/1.1" 500 257704 "-" "Python/3.11 aiohttp/3.9.2"
65.49.27.185 - - [05/Apr/2026:07:35:45 +1000] "GET / HTTP/1.1" 500 1047395 "-" "Mozilla/5.0 (Macintosh; Intel Mac OS X 10_15_7) AppleWebKit/537.36 (KHTML, like Gecko) Chrome/121.0.0.0 Safari/537.36"
118.127.40.73 - - [05/Apr/2026:07:42:08 +1000] "GET / HTTP/1.1" 500 319456 "-" "Python/3.11 aiohttp/3.9.2"
65.49.27.185 - - [05/Apr/2026:08:01:08 +1000] "GET / HTTP/1.1" 500 1047395 "-" "Mozilla/5.0 (Macintosh; Intel Mac OS X 10_15_7) AppleWebKit/537.36 (KHTML, like Gecko) Chrome/121.0.0.0 Safari/537.36"
65.49.27.185 - - [05/Apr/2026:08:04:23 +1000] "GET / HTTP/1.1" 500 1047395 "-" "Mozilla/5.0 (Macintosh; Intel Mac OS X 10_15_7) AppleWebKit/537.36 (KHTML, like Gecko) Chrome/121.0.0.0 Safari/537.36"
118.127.40.73 - - [05/Apr/2026:08:12:06 +1000] "GET / HTTP/1.1" 500 401360 "-" "Python/3.11 aiohttp/3.9.2"
118.127.40.73 - - [05/Apr/2026:08:42:13 +1000] "GET / HTTP/1.1" 500 581568 "-" "Python/3.11 aiohttp/3.9.2"
65.49.27.185 - - [05/Apr/2026:08:53:25 +1000] "GET / HTTP/1.1" 500 1047395 "-" "Mozilla/5.0 (Macintosh; Intel Mac OS X 10_15_7) AppleWebKit/537.36 (KHTML, like Gecko) Chrome/121.0.0.0 Safari/537.36"
118.127.40.73 - - [05/Apr/2026:09:12:07 +1000] "GET / HTTP/1.1" 500 241320 "-" "Python/3.11 aiohttp/3.9.2"
118.127.40.73 - - [05/Apr/2026:09:42:09 +1000] "GET / HTTP/1.1" 500 241320 "-" "Python/3.11 aiohttp/3.9.2"
65.49.27.185 - - [05/Apr/2026:09:53:37 +1000] "GET / HTTP/1.1" 500 1047395 "-" "Mozilla/5.0 (Macintosh; Intel Mac OS X 10_15_7) AppleWebKit/537.36 (KHTML, like Gecko) Chrome/121.0.0.0 Safari/537.36"
118.127.40.73 - - [05/Apr/2026:10:12:07 +1000] "GET / HTTP/1.1" 500 249512 "-" "Python/3.11 aiohttp/3.9.2"
118.127.40.73 - - [05/Apr/2026:10:42:07 +1000] "GET / HTTP/1.1" 500 335832 "-" "Python/3.11 aiohttp/3.9.2"
65.49.27.185 - - [05/Apr/2026:10:43:56 +1000] "GET / HTTP/1.1" 500 1047395 "-" "Mozilla/5.0 (Macintosh; Intel Mac OS X 10_15_7) AppleWebKit/537.36 (KHTML, like Gecko) Chrome/121.0.0.0 Safari/537.36"
118.127.40.73 - - [05/Apr/2026:11:12:07 +1000] "GET / HTTP/1.1" 500 73720 "-" "Python/3.11 aiohttp/3.9.2"
118.127.40.73 - - [05/Apr/2026:11:42:09 +1000] "GET / HTTP/1.1" 500 249512 "-" "Python/3.11 aiohttp/3.9.2"
65.49.27.185 - - [05/Apr/2026:11:43:35 +1000] "GET / HTTP/1.1" 500 1047395 "-" "Mozilla/5.0 (Macintosh; Intel Mac OS X 10_15_7) AppleWebKit/537.36 (KHTML, like Gecko) Chrome/121.0.0.0 Safari/537.36"
118.127.40.73 - - [05/Apr/2026:12:12:09 +1000] "GET / HTTP/1.1" 500 241320 "-" "Python/3.11 aiohttp/3.9.2"
65.49.27.185 - - [05/Apr/2026:12:32:57 +1000] "GET / HTTP/1.1" 500 1047395 "-" "Mozilla/5.0 (Macintosh; Intel Mac OS X 10_15_7) AppleWebKit/537.36 (KHTML, like Gecko) Chrome/121.0.0.0 Safari/537.36"
118.127.40.73 - - [05/Apr/2026:12:42:11 +1000] "GET / HTTP/1.1" 500 212968 "-" "Python/3.11 aiohttp/3.9.2"
118.127.40.73 - - [05/Apr/2026:13:12:08 +1000] "GET / HTTP/1.1" 500 147440 "-" "Python/3.11 aiohttp/3.9.2"
65.49.27.185 - - [05/Apr/2026:13:32:14 +1000] "GET / HTTP/1.1" 500 1047395 "-" "Mozilla/5.0 (Macintosh; Intel Mac OS X 10_15_7) AppleWebKit/537.36 (KHTML, like Gecko) Chrome/121.0.0.0 Safari/537.36"
118.127.40.73 - - [05/Apr/2026:13:42:10 +1000] "GET / HTTP/1.1" 500 212968 "-" "Python/3.11 aiohttp/3.9.2"
198.235.24.52 - - [05/Apr/2026:13:46:10 +1000] "GET / HTTP/1.1" 500 1047099 "-" "Hello from Palo Alto Networks, find out more about our scans in https://docs-cortex.paloaltonetworks.com/r/1/Cortex-Xpanse/Scanning-activity"
118.127.40.73 - - [05/Apr/2026:14:12:10 +1000] "GET / HTTP/1.1" 500 57344 "-" "Python/3.11 aiohttp/3.9.2"
65.49.27.185 - - [05/Apr/2026:14:22:08 +1000] "GET / HTTP/1.1" 500 1047395 "-" "Mozilla/5.0 (Macintosh; Intel Mac OS X 10_15_7) AppleWebKit/537.36 (KHTML, like Gecko) Chrome/121.0.0.0 Safari/537.36"
118.127.40.73 - - [05/Apr/2026:14:42:09 +1000] "GET / HTTP/1.1" 500 106488 "-" "Python/3.11 aiohttp/3.9.2"
65.49.27.185 - - [05/Apr/2026:14:47:52 +1000] "GET / HTTP/1.1" 500 1047395 "-" "Mozilla/5.0 (Macintosh; Intel Mac OS X 10_15_7) AppleWebKit/537.36 (KHTML, like Gecko) Chrome/121.0.0.0 Safari/537.36"
65.49.27.185 - - [05/Apr/2026:14:51:02 +1000] "GET / HTTP/1.1" 500 1047395 "-" "Mozilla/5.0 (Macintosh; Intel Mac OS X 10_15_7) AppleWebKit/537.36 (KHTML, like Gecko) Chrome/121.0.0.0 Safari/537.36"
93.123.109.79 - - [05/Apr/2026:14:51:29 +1000] "GET /.git/config HTTP/1.1" 500 204776 "-" "Mozilla/5.0 (Windows NT 10.0; Win64; x64) AppleWebKit/537.36 (KHTML, like Gecko) Chrome/126.0.0.0 Safari/537.36"
118.127.40.73 - - [05/Apr/2026:15:12:09 +1000] "GET / HTTP/1.1" 500 249512 "-" "Python/3.11 aiohttp/3.9.2"
65.49.27.185 - - [05/Apr/2026:15:40:11 +1000] "GET / HTTP/1.1" 500 1047395 "-" "Mozilla/5.0 (Macintosh; Intel Mac OS X 10_15_7) AppleWebKit/537.36 (KHTML, like Gecko) Chrome/121.0.0.0 Safari/537.36"
118.127.40.73 - - [05/Apr/2026:15:42:08 +1000] "GET / HTTP/1.1" 500 212968 "-" "Python/3.11 aiohttp/3.9.2"
118.127.40.73 - - [05/Apr/2026:16:12:09 +1000] "GET / HTTP/1.1" 500 344024 "-" "Python/3.11 aiohttp/3.9.2"
65.49.27.185 - - [05/Apr/2026:16:39:50 +1000] "GET / HTTP/1.1" 500 1047395 "-" "Mozilla/5.0 (Macintosh; Intel Mac OS X 10_15_7) AppleWebKit/537.36 (KHTML, like Gecko) Chrome/121.0.0.0 Safari/537.36"
118.127.40.73 - - [05/Apr/2026:16:42:11 +1000] "GET / HTTP/1.1" 500 172016 "-" "Python/3.11 aiohttp/3.9.2"
66.132.224.80 - - [05/Apr/2026:16:50:26 +1000] "GET / HTTP/1.1" 500 499656 "-" "Mozilla/5.0 (compatible; CensysInspect/1.1; +https://about.censys.io/)"
66.132.224.80 - - [05/Apr/2026:16:51:10 +1000] "GET / HTTP/1.1" 421 362 "-" "Mozilla/5.0 (compatible; CensysInspect/1.1; +https://about.censys.io/)"
118.127.40.73 - - [05/Apr/2026:17:12:11 +1000] "GET / HTTP/1.1" 500 155632 "-" "Python/3.11 aiohttp/3.9.2"
65.49.27.185 - - [05/Apr/2026:17:29:35 +1000] "GET / HTTP/1.1" 500 1047395 "-" "Mozilla/5.0 (Macintosh; Intel Mac OS X 10_15_7) AppleWebKit/537.36 (KHTML, like Gecko) Chrome/121.0.0.0 Safari/537.36"
118.127.40.73 - - [05/Apr/2026:17:42:13 +1000] "GET / HTTP/1.1" 500 49152 "-" "Python/3.11 aiohttp/3.9.2"
118.127.40.73 - - [05/Apr/2026:18:12:09 +1000] "GET / HTTP/1.1" 500 401360 "-" "Python/3.11 aiohttp/3.9.2"
65.49.27.185 - - [05/Apr/2026:18:29:16 +1000] "GET / HTTP/1.1" 500 1047395 "-" "Mozilla/5.0 (Macintosh; Intel Mac OS X 10_15_7) AppleWebKit/537.36 (KHTML, like Gecko) Chrome/121.0.0.0 Safari/537.36"
118.127.40.73 - - [05/Apr/2026:18:42:12 +1000] "GET / HTTP/1.1" 500 249512 "-" "Python/3.11 aiohttp/3.9.2"
118.127.40.73 - - [05/Apr/2026:19:12:16 +1000] "GET / HTTP/1.1" 500 241320 "-" "Python/3.11 aiohttp/3.9.2"
65.49.27.185 - - [05/Apr/2026:19:18:47 +1000] "GET / HTTP/1.1" 500 1047395 "-" "Mozilla/5.0 (Macintosh; Intel Mac OS X 10_15_7) AppleWebKit/537.36 (KHTML, like Gecko) Chrome/121.0.0.0 Safari/537.36"
118.127.40.73 - - [05/Apr/2026:19:42:11 +1000] "GET / HTTP/1.1" 500 147440 "-" "Python/3.11 aiohttp/3.9.2"
118.127.40.73 - - [05/Apr/2026:20:12:12 +1000] "GET / HTTP/1.1" 500 147440 "-" "Python/3.11 aiohttp/3.9.2"
65.49.27.185 - - [05/Apr/2026:20:18:14 +1000] "GET / HTTP/1.1" 500 1047395 "-" "Mozilla/5.0 (Macintosh; Intel Mac OS X 10_15_7) AppleWebKit/537.36 (KHTML, like Gecko) Chrome/121.0.0.0 Safari/537.36"
118.127.40.73 - - [05/Apr/2026:20:42:11 +1000] "GET / HTTP/1.1" 500 257704 "-" "Python/3.11 aiohttp/3.9.2"
65.49.27.185 - - [05/Apr/2026:21:07:31 +1000] "GET / HTTP/1.1" 500 1047395 "-" "Mozilla/5.0 (Macintosh; Intel Mac OS X 10_15_7) AppleWebKit/537.36 (KHTML, like Gecko) Chrome/121.0.0.0 Safari/537.36"
118.127.40.73 - - [05/Apr/2026:21:12:11 +1000] "GET / HTTP/1.1" 500 147440 "-" "Python/3.11 aiohttp/3.9.2"
65.49.27.185 - - [05/Apr/2026:21:34:32 +1000] "GET / HTTP/1.1" 500 1047395 "-" "Mozilla/5.0 (Macintosh; Intel Mac OS X 10_15_7) AppleWebKit/537.36 (KHTML, like Gecko) Chrome/121.0.0.0 Safari/537.36"
65.49.27.185 - - [05/Apr/2026:21:37:45 +1000] "GET / HTTP/1.1" 500 1047395 "-" "Mozilla/5.0 (Macintosh; Intel Mac OS X 10_15_7) AppleWebKit/537.36 (KHTML, like Gecko) Chrome/121.0.0.0 Safari/537.36"
118.127.40.73 - - [05/Apr/2026:21:42:12 +1000] "GET / HTTP/1.1" 500 172016 "-" "Python/3.11 aiohttp/3.9.2"
118.127.40.73 - - [05/Apr/2026:22:12:12 +1000] "GET / HTTP/1.1" 500 241320 "-" "Python/3.11 aiohttp/3.9.2"
65.49.27.185 - - [05/Apr/2026:22:26:35 +1000] "GET / HTTP/1.1" 500 1047395 "-" "Mozilla/5.0 (Macintosh; Intel Mac OS X 10_15_7) AppleWebKit/537.36 (KHTML, like Gecko) Chrome/121.0.0.0 Safari/537.36"
118.127.40.73 - - [05/Apr/2026:22:42:13 +1000] "GET / HTTP/1.1" 500 384984 "-" "Python/3.11 aiohttp/3.9.2"
118.127.40.73 - - [05/Apr/2026:23:12:15 +1000] "GET / HTTP/1.1" 500 303072 "-" "Python/3.11 aiohttp/3.9.2"
65.49.27.185 - - [05/Apr/2026:23:25:51 +1000] "GET / HTTP/1.1" 500 1047395 "-" "Mozilla/5.0 (Macintosh; Intel Mac OS X 10_15_7) AppleWebKit/537.36 (KHTML, like Gecko) Chrome/121.0.0.0 Safari/537.36"
118.127.40.73 - - [05/Apr/2026:23:42:13 +1000] "GET / HTTP/1.1" 500 147440 "-" "Python/3.11 aiohttp/3.9.2"
118.127.40.73 - - [06/Apr/2026:00:12:12 +1000] "GET / HTTP/1.1" 500 319456 "-" "Python/3.11 aiohttp/3.9.2"
65.49.27.185 - - [06/Apr/2026:00:15:26 +1000] "GET / HTTP/1.1" 500 1047395 "-" "Mozilla/5.0 (Macintosh; Intel Mac OS X 10_15_7) AppleWebKit/537.36 (KHTML, like Gecko) Chrome/121.0.0.0 Safari/537.36"
118.127.40.73 - - [06/Apr/2026:00:42:14 +1000] "GET / HTTP/1.1" 500 221160 "-" "Python/3.11 aiohttp/3.9.2"
118.127.40.73 - - [06/Apr/2026:01:12:14 +1000] "GET / HTTP/1.1" 500 114680 "-" "Python/3.11 aiohttp/3.9.2"
65.49.27.185 - - [06/Apr/2026:01:15:06 +1000] "GET / HTTP/1.1" 500 1047395 "-" "Mozilla/5.0 (Macintosh; Intel Mac OS X 10_15_7) AppleWebKit/537.36 (KHTML, like Gecko) Chrome/121.0.0.0 Safari/537.36"
118.127.40.73 - - [06/Apr/2026:01:42:32 +1000] "GET / HTTP/1.1" 500 212968 "-" "Python/3.11 aiohttp/3.9.2"
65.49.27.185 - - [06/Apr/2026:02:04:48 +1000] "GET / HTTP/1.1" 500 1047395 "-" "Mozilla/5.0 (Macintosh; Intel Mac OS X 10_15_7) AppleWebKit/537.36 (KHTML, like Gecko) Chrome/121.0.0.0 Safari/537.36"
118.127.40.73 - - [06/Apr/2026:02:12:17 +1000] "GET / HTTP/1.1" 500 303072 "-" "Python/3.11 aiohttp/3.9.2"
118.127.40.73 - - [06/Apr/2026:02:42:15 +1000] "GET / HTTP/1.1" 500 49152 "-" "Python/3.11 aiohttp/3.9.2"
18.235.110.182 - - [06/Apr/2026:02:52:55 +1000] "GET / HTTP/1.1" 421 362 "-" "RecordedFuture Global Inventory Crawler"
65.49.27.185 - - [06/Apr/2026:03:04:11 +1000] "GET / HTTP/1.1" 500 1047395 "-" "Mozilla/5.0 (Macintosh; Intel Mac OS X 10_15_7) AppleWebKit/537.36 (KHTML, like Gecko) Chrome/121.0.0.0 Safari/537.36"
118.127.40.73 - - [06/Apr/2026:03:12:17 +1000] "GET / HTTP/1.1" 500 172016 "-" "Python/3.11 aiohttp/3.9.2"
118.127.40.73 - - [06/Apr/2026:03:42:17 +1000] "GET / HTTP/1.1" 500 57344 "-" "Python/3.11 aiohttp/3.9.2"
65.49.27.185 - - [06/Apr/2026:03:53:19 +1000] "GET / HTTP/1.1" 500 1047395 "-" "Mozilla/5.0 (Macintosh; Intel Mac OS X 10_15_7) AppleWebKit/537.36 (KHTML, like Gecko) Chrome/121.0.0.0 Safari/537.36"
118.127.40.73 - - [06/Apr/2026:04:12:15 +1000] "GET / HTTP/1.1" 500 73720 "-" "Python/3.11 aiohttp/3.9.2"
65.49.27.185 - - [06/Apr/2026:04:21:12 +1000] "GET / HTTP/1.1" 500 1047395 "-" "Mozilla/5.0 (Macintosh; Intel Mac OS X 10_15_7) AppleWebKit/537.36 (KHTML, like Gecko) Chrome/121.0.0.0 Safari/537.36"
65.49.27.185 - - [06/Apr/2026:04:24:23 +1000] "GET / HTTP/1.1" 500 1047395 "-" "Mozilla/5.0 (Macintosh; Intel Mac OS X 10_15_7) AppleWebKit/537.36 (KHTML, like Gecko) Chrome/121.0.0.0 Safari/537.36"
118.127.40.73 - - [06/Apr/2026:04:42:17 +1000] "GET / HTTP/1.1" 500 245736 "-" "Python/3.11 aiohttp/3.9.2"
118.127.40.73 - - [06/Apr/2026:05:12:17 +1000] "GET / HTTP/1.1" 500 204776 "-" "Python/3.11 aiohttp/3.9.2"
65.49.27.185 - - [06/Apr/2026:05:12:59 +1000] "GET / HTTP/1.1" 500 1047395 "-" "Mozilla/5.0 (Macintosh; Intel Mac OS X 10_15_7) AppleWebKit/537.36 (KHTML, like Gecko) Chrome/121.0.0.0 Safari/537.36"
74.7.244.59 - - [06/Apr/2026:05:36:15 +1000] "GET /robots.txt HTTP/1.1" 200 24 "-" "Mozilla/5.0 (Macintosh; Intel Mac OS X 10_15_7) AppleWebKit/537.36 (KHTML, like Gecko) Chrome/131.0.0.0 Safari/537.36; compatible; OAI-SearchBot/1.3; robots.txt; +https://openai.com/searchbot"
74.7.227.160 - - [06/Apr/2026:05:36:15 +1000] "GET / HTTP/1.1" 500 114680 "-" "Mozilla/5.0 AppleWebKit/537.36 (KHTML, like Gecko; compatible; GPTBot/1.3; +https://openai.com/gptbot)"
118.127.40.73 - - [06/Apr/2026:05:42:17 +1000] "GET / HTTP/1.1" 500 98296 "-" "Python/3.11 aiohttp/3.9.2"
118.127.40.73 - - [06/Apr/2026:06:12:16 +1000] "GET / HTTP/1.1" 500 172016 "-" "Python/3.11 aiohttp/3.9.2"
65.49.27.185 - - [06/Apr/2026:06:12:20 +1000] "GET / HTTP/1.1" 500 1047395 "-" "Mozilla/5.0 (Macintosh; Intel Mac OS X 10_15_7) AppleWebKit/537.36 (KHTML, like Gecko) Chrome/121.0.0.0 Safari/537.36"
118.127.40.73 - - [06/Apr/2026:06:42:20 +1000] "GET / HTTP/1.1" 500 344024 "-" "Python/3.11 aiohttp/3.9.2"
65.49.27.185 - - [06/Apr/2026:07:02:03 +1000] "GET / HTTP/1.1" 500 1047395 "-" "Mozilla/5.0 (Macintosh; Intel Mac OS X 10_15_7) AppleWebKit/537.36 (KHTML, like Gecko) Chrome/121.0.0.0 Safari/537.36"
118.127.40.73 - - [06/Apr/2026:07:12:21 +1000] "GET / HTTP/1.1" 500 57344 "-" "Python/3.11 aiohttp/3.9.2"
118.127.40.73 - - [06/Apr/2026:07:42:20 +1000] "GET / HTTP/1.1" 500 172016 "-" "Python/3.11 aiohttp/3.9.2"
65.49.27.185 - - [06/Apr/2026:08:01:57 +1000] "GET / HTTP/1.1" 500 1047395 "-" "Mozilla/5.0 (Macintosh; Intel Mac OS X 10_15_7) AppleWebKit/537.36 (KHTML, like Gecko) Chrome/121.0.0.0 Safari/537.36"
118.127.40.73 - - [06/Apr/2026:08:12:18 +1000] "GET / HTTP/1.1" 500 344024 "-" "Python/3.11 aiohttp/3.9.2"
118.127.40.73 - - [06/Apr/2026:08:42:17 +1000] "GET / HTTP/1.1" 500 241320 "-" "Python/3.11 aiohttp/3.9.2"
65.49.27.185 - - [06/Apr/2026:08:51:49 +1000] "GET / HTTP/1.1" 500 1047395 "-" "Mozilla/5.0 (Macintosh; Intel Mac OS X 10_15_7) AppleWebKit/537.36 (KHTML, like Gecko) Chrome/121.0.0.0 Safari/537.36"
74.7.230.54 - - [06/Apr/2026:09:08:00 +1000] "GET /robots.txt HTTP/1.1" 200 24 "-" "Mozilla/5.0 (Macintosh; Intel Mac OS X 10_15_7) AppleWebKit/537.36 (KHTML, like Gecko) Chrome/131.0.0.0 Safari/537.36; compatible; OAI-SearchBot/1.3; robots.txt; +https://openai.com/searchbot"
118.127.40.73 - - [06/Apr/2026:09:12:18 +1000] "GET / HTTP/1.1" 500 221160 "-" "Python/3.11 aiohttp/3.9.2"
118.127.40.73 - - [06/Apr/2026:09:42:20 +1000] "GET / HTTP/1.1" 500 212968 "-" "Python/3.11 aiohttp/3.9.2"
65.49.27.185 - - [06/Apr/2026:09:51:26 +1000] "GET / HTTP/1.1" 500 1047395 "-" "Mozilla/5.0 (Macintosh; Intel Mac OS X 10_15_7) AppleWebKit/537.36 (KHTML, like Gecko) Chrome/121.0.0.0 Safari/537.36"
118.127.40.73 - - [06/Apr/2026:10:12:17 +1000] "GET / HTTP/1.1" 500 241320 "-" "Python/3.11 aiohttp/3.9.2"
74.7.227.34 - - [06/Apr/2026:10:28:40 +1000] "GET / HTTP/1.1" 500 147440 "-" "Mozilla/5.0 AppleWebKit/537.36 (KHTML, like Gecko; compatible; GPTBot/1.3; +https://openai.com/gptbot)"
65.49.27.185 - - [06/Apr/2026:10:41:11 +1000] "GET / HTTP/1.1" 500 1047395 "-" "Mozilla/5.0 (Macintosh; Intel Mac OS X 10_15_7) AppleWebKit/537.36 (KHTML, like Gecko) Chrome/121.0.0.0 Safari/537.36"
118.127.40.73 - - [06/Apr/2026:10:42:18 +1000] "GET / HTTP/1.1" 500 257704 "-" "Python/3.11 aiohttp/3.9.2"
103.153.182.11 - - [06/Apr/2026:11:00:37 +1000] "GET / HTTP/1.1" 500 257704 "-" "Mozilla/5.0 (Windows NT 10.0; Win64; x64) AppleWebKit/537.36 (KHTML, like Gecko) Chrome/120.0.0.0 Safari/537.36"
65.49.27.185 - - [06/Apr/2026:11:07:55 +1000] "GET / HTTP/1.1" 500 1047395 "-" "Mozilla/5.0 (Macintosh; Intel Mac OS X 10_15_7) AppleWebKit/537.36 (KHTML, like Gecko) Chrome/121.0.0.0 Safari/537.36"
65.49.27.185 - - [06/Apr/2026:11:11:04 +1000] "GET / HTTP/1.1" 500 1047395 "-" "Mozilla/5.0 (Macintosh; Intel Mac OS X 10_15_7) AppleWebKit/537.36 (KHTML, like Gecko) Chrome/121.0.0.0 Safari/537.36"
118.127.40.73 - - [06/Apr/2026:11:12:22 +1000] "GET / HTTP/1.1" 500 172016 "-" "Python/3.11 aiohttp/3.9.2"
118.127.40.73 - - [06/Apr/2026:11:42:18 +1000] "GET / HTTP/1.1" 500 172016 "-" "Python/3.11 aiohttp/3.9.2"
65.49.27.185 - - [06/Apr/2026:11:59:51 +1000] "GET / HTTP/1.1" 500 1047395 "-" "Mozilla/5.0 (Macintosh; Intel Mac OS X 10_15_7) AppleWebKit/537.36 (KHTML, like Gecko) Chrome/121.0.0.0 Safari/537.36"
118.127.40.73 - - [06/Apr/2026:12:12:18 +1000] "GET / HTTP/1.1" 500 352216 "-" "Python/3.11 aiohttp/3.9.2"
118.127.40.73 - - [06/Apr/2026:12:42:24 +1000] "GET / HTTP/1.1" 500 270304 "-" "Python/3.11 aiohttp/3.9.2"
65.49.27.185 - - [06/Apr/2026:12:59:11 +1000] "GET / HTTP/1.1" 500 1047395 "-" "Mozilla/5.0 (Macintosh; Intel Mac OS X 10_15_7) AppleWebKit/537.36 (KHTML, like Gecko) Chrome/121.0.0.0 Safari/537.36"
118.127.40.73 - - [06/Apr/2026:13:12:20 +1000] "GET / HTTP/1.1" 500 303072 "-" "Python/3.11 aiohttp/3.9.2"
118.127.40.73 - - [06/Apr/2026:13:42:20 +1000] "GET / HTTP/1.1" 500 49152 "-" "Python/3.11 aiohttp/3.9.2"
65.49.27.185 - - [06/Apr/2026:13:48:39 +1000] "GET / HTTP/1.1" 500 1047395 "-" "Mozilla/5.0 (Macintosh; Intel Mac OS X 10_15_7) AppleWebKit/537.36 (KHTML, like Gecko) Chrome/121.0.0.0 Safari/537.36"
118.127.40.73 - - [06/Apr/2026:14:12:22 +1000] "GET / HTTP/1.1" 500 241320 "-" "Python/3.11 aiohttp/3.9.2"
118.127.40.73 - - [06/Apr/2026:14:42:21 +1000] "GET / HTTP/1.1" 500 57344 "-" "Python/3.11 aiohttp/3.9.2"
65.49.27.185 - - [06/Apr/2026:14:47:59 +1000] "GET / HTTP/1.1" 500 1047395 "-" "Mozilla/5.0 (Macintosh; Intel Mac OS X 10_15_7) AppleWebKit/537.36 (KHTML, like Gecko) Chrome/121.0.0.0 Safari/537.36"
118.127.40.73 - - [06/Apr/2026:15:12:23 +1000] "GET / HTTP/1.1" 500 204776 "-" "Python/3.11 aiohttp/3.9.2"
65.49.27.185 - - [06/Apr/2026:15:37:37 +1000] "GET / HTTP/1.1" 500 1047395 "-" "Mozilla/5.0 (Macintosh; Intel Mac OS X 10_15_7) AppleWebKit/537.36 (KHTML, like Gecko) Chrome/121.0.0.0 Safari/537.36"
185.247.137.21 - - [06/Apr/2026:15:41:14 +1000] "GET / HTTP/1.1" 500 1046975 "-" "Mozilla/5.0 (compatible; InternetMeasurement/1.0; +https://internet-measurement.com/)"
118.127.40.73 - - [06/Apr/2026:15:42:21 +1000] "GET / HTTP/1.1" 500 630712 "-" "Python/3.11 aiohttp/3.9.2"
103.153.182.11 - - [06/Apr/2026:16:07:27 +1000] "POST /api/auth HTTP/1.1" 500 1047633 "-" "Mozilla/5.0 (Windows NT 10.0; Win64; x64) AppleWebKit/537.36 (KHTML, like Gecko) Chrome/131.0.0.0 Safari/537.36"
103.153.182.11 - - [06/Apr/2026:16:08:36 +1000] "GET / HTTP/1.1" 500 253928 "-" "Mozilla/5.0 (Windows NT 10.0; Win64; x64) AppleWebKit/537.36 (KHTML, like Gecko) Chrome/120.0.0.0 Safari/537.36"
118.127.40.73 - - [06/Apr/2026:16:12:22 +1000] "GET / HTTP/1.1" 500 368600 "-" "Python/3.11 aiohttp/3.9.2"
65.49.27.185 - - [06/Apr/2026:16:37:06 +1000] "GET / HTTP/1.1" 500 1047395 "-" "Mozilla/5.0 (Macintosh; Intel Mac OS X 10_15_7) AppleWebKit/537.36 (KHTML, like Gecko) Chrome/121.0.0.0 Safari/537.36"
118.127.40.73 - - [06/Apr/2026:16:42:25 +1000] "GET / HTTP/1.1" 500 172016 "-" "Python/3.11 aiohttp/3.9.2"
118.127.40.73 - - [06/Apr/2026:17:12:27 +1000] "GET / HTTP/1.1" 500 147440 "-" "Python/3.11 aiohttp/3.9.2"
65.49.27.185 - - [06/Apr/2026:17:26:31 +1000] "GET / HTTP/1.1" 500 1047395 "-" "Mozilla/5.0 (Macintosh; Intel Mac OS X 10_15_7) AppleWebKit/537.36 (KHTML, like Gecko) Chrome/121.0.0.0 Safari/537.36"
118.127.40.73 - - [06/Apr/2026:17:42:24 +1000] "GET / HTTP/1.1" 500 303072 "-" "Python/3.11 aiohttp/3.9.2"
65.49.27.185 - - [06/Apr/2026:17:54:34 +1000] "GET / HTTP/1.1" 500 1047395 "-" "Mozilla/5.0 (Macintosh; Intel Mac OS X 10_15_7) AppleWebKit/537.36 (KHTML, like Gecko) Chrome/121.0.0.0 Safari/537.36"
65.49.27.185 - - [06/Apr/2026:17:57:46 +1000] "GET / HTTP/1.1" 500 1047395 "-" "Mozilla/5.0 (Macintosh; Intel Mac OS X 10_15_7) AppleWebKit/537.36 (KHTML, like Gecko) Chrome/121.0.0.0 Safari/537.36"
118.127.40.73 - - [06/Apr/2026:18:12:24 +1000] "GET / HTTP/1.1" 500 229352 "-" "Python/3.11 aiohttp/3.9.2"
118.127.40.73 - - [06/Apr/2026:18:42:21 +1000] "GET / HTTP/1.1" 500 434128 "-" "Python/3.11 aiohttp/3.9.2"
65.49.27.185 - - [06/Apr/2026:18:46:34 +1000] "GET / HTTP/1.1" 500 1047395 "-" "Mozilla/5.0 (Macintosh; Intel Mac OS X 10_15_7) AppleWebKit/537.36 (KHTML, like Gecko) Chrome/121.0.0.0 Safari/537.36"
118.127.40.73 - - [06/Apr/2026:19:12:32 +1000] "GET / HTTP/1.1" 500 212968 "-" "Python/3.11 aiohttp/3.9.2"
118.127.40.73 - - [06/Apr/2026:19:42:29 +1000] "GET / HTTP/1.1" 500 409552 "-" "Python/3.11 aiohttp/3.9.2"
65.49.27.185 - - [06/Apr/2026:19:45:45 +1000] "GET / HTTP/1.1" 500 1047395 "-" "Mozilla/5.0 (Macintosh; Intel Mac OS X 10_15_7) AppleWebKit/537.36 (KHTML, like Gecko) Chrome/121.0.0.0 Safari/537.36"
118.127.40.73 - - [06/Apr/2026:20:12:26 +1000] "GET / HTTP/1.1" 500 180208 "-" "Python/3.11 aiohttp/3.9.2"
65.49.27.185 - - [06/Apr/2026:20:35:20 +1000] "GET / HTTP/1.1" 500 1047395 "-" "Mozilla/5.0 (Macintosh; Intel Mac OS X 10_15_7) AppleWebKit/537.36 (KHTML, like Gecko) Chrome/121.0.0.0 Safari/537.36"
118.127.40.73 - - [06/Apr/2026:20:42:35 +1000] "GET / HTTP/1.1" 500 90104 "-" "Python/3.11 aiohttp/3.9.2"
118.127.40.73 - - [06/Apr/2026:21:12:26 +1000] "GET / HTTP/1.1" 500 212968 "-" "Python/3.11 aiohttp/3.9.2"
65.49.27.185 - - [06/Apr/2026:21:35:41 +1000] "GET / HTTP/1.1" 500 1047395 "-" "Mozilla/5.0 (Macintosh; Intel Mac OS X 10_15_7) AppleWebKit/537.36 (KHTML, like Gecko) Chrome/121.0.0.0 Safari/537.36"
118.127.40.73 - - [06/Apr/2026:21:42:28 +1000] "GET / HTTP/1.1" 500 204776 "-" "Python/3.11 aiohttp/3.9.2"
118.127.40.73 - - [06/Apr/2026:22:12:24 +1000] "GET / HTTP/1.1" 500 311264 "-" "Python/3.11 aiohttp/3.9.2"
65.49.27.185 - - [06/Apr/2026:22:24:52 +1000] "GET / HTTP/1.1" 500 1047395 "-" "Mozilla/5.0 (Macintosh; Intel Mac OS X 10_15_7) AppleWebKit/537.36 (KHTML, like Gecko) Chrome/121.0.0.0 Safari/537.36"
118.127.40.73 - - [06/Apr/2026:22:42:30 +1000] "GET / HTTP/1.1" 500 241320 "-" "Python/3.11 aiohttp/3.9.2"
118.127.40.73 - - [06/Apr/2026:23:12:27 +1000] "GET / HTTP/1.1" 500 249512 "-" "Python/3.11 aiohttp/3.9.2"
65.49.27.185 - - [06/Apr/2026:23:24:18 +1000] "GET / HTTP/1.1" 500 1047395 "-" "Mozilla/5.0 (Macintosh; Intel Mac OS X 10_15_7) AppleWebKit/537.36 (KHTML, like Gecko) Chrome/121.0.0.0 Safari/537.36"
118.127.40.73 - - [06/Apr/2026:23:42:28 +1000] "GET / HTTP/1.1" 500 212968 "-" "Python/3.11 aiohttp/3.9.2"
118.127.40.73 - - [07/Apr/2026:00:12:41 +1000] "GET / HTTP/1.1" 500 278496 "-" "Python/3.11 aiohttp/3.9.2"
65.49.27.185 - - [07/Apr/2026:00:13:24 +1000] "GET / HTTP/1.1" 500 1047395 "-" "Mozilla/5.0 (Macintosh; Intel Mac OS X 10_15_7) AppleWebKit/537.36 (KHTML, like Gecko) Chrome/121.0.0.0 Safari/537.36"
65.49.27.185 - - [07/Apr/2026:00:41:16 +1000] "GET / HTTP/1.1" 500 1047395 "-" "Mozilla/5.0 (Macintosh; Intel Mac OS X 10_15_7) AppleWebKit/537.36 (KHTML, like Gecko) Chrome/121.0.0.0 Safari/537.36"
65.49.27.185 - - [07/Apr/2026:00:44:25 +1000] "GET / HTTP/1.1" 500 1047395 "-" "Mozilla/5.0 (Macintosh; Intel Mac OS X 10_15_7) AppleWebKit/537.36 (KHTML, like Gecko) Chrome/121.0.0.0 Safari/537.36"
118.127.40.73 - - [07/Apr/2026:00:45:22 +1000] "GET / HTTP/1.1" 500 249512 "-" "Python/3.11 aiohttp/3.9.2"
118.127.40.73 - - [07/Apr/2026:01:15:22 +1000] "GET / HTTP/1.1" 500 40960 "-" "Python/3.11 aiohttp/3.9.2"
65.49.27.185 - - [07/Apr/2026:01:33:30 +1000] "GET / HTTP/1.1" 500 1047395 "-" "Mozilla/5.0 (Macintosh; Intel Mac OS X 10_15_7) AppleWebKit/537.36 (KHTML, like Gecko) Chrome/121.0.0.0 Safari/537.36"
118.127.40.73 - - [07/Apr/2026:01:45:22 +1000] "GET / HTTP/1.1" 500 249512 "-" "Python/3.11 aiohttp/3.9.2"
66.163.112.229 - - [07/Apr/2026:02:05:39 +1000] "HEAD / HTTP/1.1" 500 - "-" "ct2ips/1.0"
66.163.112.229 - - [07/Apr/2026:02:05:50 +1000] "HEAD / HTTP/1.1" 500 - "-" "ct2ips/1.0"
204.76.203.25 - - [07/Apr/2026:02:13:48 +1000] "GET /.env HTTP/1.1" 500 241320 "-" "Mozilla/5.0 (Windows NT 10.0; Win64; x64) AppleWebKit/537.36 (KHTML, like Gecko) Chrome/134.0.0.0 Safari/537.3"
118.127.40.73 - - [07/Apr/2026:02:15:23 +1000] "GET / HTTP/1.1" 500 172016 "-" "Python/3.11 aiohttp/3.9.2"
65.49.27.185 - - [07/Apr/2026:02:32:46 +1000] "GET / HTTP/1.1" 500 1047395 "-" "Mozilla/5.0 (Macintosh; Intel Mac OS X 10_15_7) AppleWebKit/537.36 (KHTML, like Gecko) Chrome/121.0.0.0 Safari/537.36"
118.127.40.73 - - [07/Apr/2026:02:45:23 +1000] "GET / HTTP/1.1" 500 40960 "-" "Python/3.11 aiohttp/3.9.2"
34.223.108.0 - - [07/Apr/2026:03:05:04 +1000] "GET /robots.txt HTTP/1.1" 200 24 "-" "Mozilla/5.0 (compatible; wpbot/1.4; +https://forms.gle/ajBaxygz9jSR8p8G9)"
34.223.108.0 - - [07/Apr/2026:03:05:05 +1000] "GET / HTTP/1.1" 500 1046877 "-" "Mozilla/5.0 (compatible; wpbot/1.4; +https://forms.gle/ajBaxygz9jSR8p8G9)"
118.127.40.73 - - [07/Apr/2026:03:15:23 +1000] "GET / HTTP/1.1" 500 249512 "-" "Python/3.11 aiohttp/3.9.2"
65.49.27.185 - - [07/Apr/2026:03:21:55 +1000] "GET / HTTP/1.1" 500 1047395 "-" "Mozilla/5.0 (Macintosh; Intel Mac OS X 10_15_7) AppleWebKit/537.36 (KHTML, like Gecko) Chrome/121.0.0.0 Safari/537.36"
118.127.40.73 - - [07/Apr/2026:03:45:23 +1000] "GET / HTTP/1.1" 500 172016 "-" "Python/3.11 aiohttp/3.9.2"
65.87.7.61 - - [07/Apr/2026:03:49:35 +1000] "GET / HTTP/1.1" 500 237544 "-" "Mozilla/5.0 (Windows NT 10.0; Win64; x64) AppleWebKit/537.36 (KHTML, like Gecko) Chrome/124.0.0.0 Safari/537.36"
118.127.40.73 - - [07/Apr/2026:04:15:23 +1000] "GET / HTTP/1.1" 500 257704 "-" "Python/3.11 aiohttp/3.9.2"
65.49.27.185 - - [07/Apr/2026:04:20:41 +1000] "GET / HTTP/1.1" 500 1047395 "-" "Mozilla/5.0 (Macintosh; Intel Mac OS X 10_15_7) AppleWebKit/537.36 (KHTML, like Gecko) Chrome/121.0.0.0 Safari/537.36"
74.7.244.60 - - [07/Apr/2026:04:26:21 +1000] "GET /robots.txt HTTP/1.1" 200 24 "-" "Mozilla/5.0 (Macintosh; Intel Mac OS X 10_15_7) AppleWebKit/537.36 (KHTML, like Gecko) Chrome/131.0.0.0 Safari/537.36; compatible; OAI-SearchBot/1.3; robots.txt; +https://openai.com/searchbot"
118.127.40.73 - - [07/Apr/2026:04:45:23 +1000] "GET / HTTP/1.1" 500 241320 "-" "Python/3.11 aiohttp/3.9.2"
65.87.7.61 - - [07/Apr/2026:04:58:41 +1000] "GET / HTTP/1.1" 500 237544 "-" "Mozilla/5.0 (X11; Linux x86_64) AppleWebKit/537.36 (KHTML, like Gecko) Chrome/124.0.0.0 Safari/537.36"
65.49.27.185 - - [07/Apr/2026:05:09:54 +1000] "GET / HTTP/1.1" 500 1047395 "-" "Mozilla/5.0 (Macintosh; Intel Mac OS X 10_15_7) AppleWebKit/537.36 (KHTML, like Gecko) Chrome/121.0.0.0 Safari/537.36"
118.127.40.73 - - [07/Apr/2026:05:15:24 +1000] "GET / HTTP/1.1" 500 241320 "-" "Python/3.11 aiohttp/3.9.2"
118.127.40.73 - - [07/Apr/2026:05:45:24 +1000] "GET / HTTP/1.1" 500 344024 "-" "Python/3.11 aiohttp/3.9.2"
65.49.27.185 - - [07/Apr/2026:06:08:58 +1000] "GET / HTTP/1.1" 500 1047395 "-" "Mozilla/5.0 (Macintosh; Intel Mac OS X 10_15_7) AppleWebKit/537.36 (KHTML, like Gecko) Chrome/121.0.0.0 Safari/537.36"
118.127.40.73 - - [07/Apr/2026:06:15:24 +1000] "GET / HTTP/1.1" 500 335832 "-" "Python/3.11 aiohttp/3.9.2"
74.7.175.167 - - [07/Apr/2026:06:27:29 +1000] "GET /robots.txt HTTP/1.1" 200 24 "-" "Mozilla/5.0 (Macintosh; Intel Mac OS X 10_15_7) AppleWebKit/537.36 (KHTML, like Gecko) Chrome/131.0.0.0 Safari/537.36; compatible; OAI-SearchBot/1.3; robots.txt; +https://openai.com/searchbot"
118.127.40.73 - - [07/Apr/2026:06:45:24 +1000] "GET / HTTP/1.1" 500 241320 "-" "Python/3.11 aiohttp/3.9.2"
65.49.27.185 - - [07/Apr/2026:06:57:40 +1000] "GET / HTTP/1.1" 500 1047395 "-" "Mozilla/5.0 (Macintosh; Intel Mac OS X 10_15_7) AppleWebKit/537.36 (KHTML, like Gecko) Chrome/121.0.0.0 Safari/537.36"
118.127.40.73 - - [07/Apr/2026:07:15:24 +1000] "GET / HTTP/1.1" 500 344024 "-" "Python/3.11 aiohttp/3.9.2"
65.49.27.185 - - [07/Apr/2026:07:27:54 +1000] "GET / HTTP/1.1" 500 1047395 "-" "Mozilla/5.0 (Macintosh; Intel Mac OS X 10_15_7) AppleWebKit/537.36 (KHTML, like Gecko) Chrome/121.0.0.0 Safari/537.36"
65.49.27.185 - - [07/Apr/2026:07:31:04 +1000] "GET / HTTP/1.1" 500 1047395 "-" "Mozilla/5.0 (Macintosh; Intel Mac OS X 10_15_7) AppleWebKit/537.36 (KHTML, like Gecko) Chrome/121.0.0.0 Safari/537.36"
118.127.40.73 - - [07/Apr/2026:07:45:24 +1000] "GET / HTTP/1.1" 500 241320 "-" "Python/3.11 aiohttp/3.9.2"
118.127.40.73 - - [07/Apr/2026:08:15:25 +1000] "GET / HTTP/1.1" 500 147440 "-" "Python/3.11 aiohttp/3.9.2"
65.49.27.185 - - [07/Apr/2026:08:20:13 +1000] "GET / HTTP/1.1" 500 1047395 "-" "Mozilla/5.0 (Macintosh; Intel Mac OS X 10_15_7) AppleWebKit/537.36 (KHTML, like Gecko) Chrome/121.0.0.0 Safari/537.36"
159.65.46.103 - - [07/Apr/2026:08:24:16 +1000] "GET / HTTP/1.1" 500 1047143 "-" "Mozilla/5.0 (Windows NT 10.0; Win64; x64) AppleWebKit/537.36 (KHTML, like Gecko) Chrome/91.0.4472.124 Safari/537.36"
118.127.40.73 - - [07/Apr/2026:08:45:25 +1000] "GET / HTTP/1.1" 500 249512 "-" "Python/3.11 aiohttp/3.9.2"
118.127.40.73 - - [07/Apr/2026:09:15:25 +1000] "GET / HTTP/1.1" 500 270304 "-" "Python/3.11 aiohttp/3.9.2"
65.49.27.185 - - [07/Apr/2026:09:19:36 +1000] "GET / HTTP/1.1" 500 1047395 "-" "Mozilla/5.0 (Macintosh; Intel Mac OS X 10_15_7) AppleWebKit/537.36 (KHTML, like Gecko) Chrome/121.0.0.0 Safari/537.36"
118.127.40.73 - - [07/Apr/2026:09:45:25 +1000] "GET / HTTP/1.1" 500 49152 "-" "Python/3.11 aiohttp/3.9.2"
65.49.27.185 - - [07/Apr/2026:10:08:59 +1000] "GET / HTTP/1.1" 500 1047395 "-" "Mozilla/5.0 (Macintosh; Intel Mac OS X 10_15_7) AppleWebKit/537.36 (KHTML, like Gecko) Chrome/121.0.0.0 Safari/537.36"
118.127.40.73 - - [07/Apr/2026:10:15:25 +1000] "GET / HTTP/1.1" 500 278496 "-" "Python/3.11 aiohttp/3.9.2"
118.127.40.73 - - [07/Apr/2026:10:45:26 +1000] "GET / HTTP/1.1" 500 188400 "-" "Python/3.11 aiohttp/3.9.2"
65.49.27.185 - - [07/Apr/2026:11:08:09 +1000] "GET / HTTP/1.1" 500 1047395 "-" "Mozilla/5.0 (Macintosh; Intel Mac OS X 10_15_7) AppleWebKit/537.36 (KHTML, like Gecko) Chrome/121.0.0.0 Safari/537.36"
118.127.40.73 - - [07/Apr/2026:11:15:26 +1000] "GET / HTTP/1.1" 500 81912 "-" "Python/3.11 aiohttp/3.9.2"
118.127.40.73 - - [07/Apr/2026:11:45:26 +1000] "GET / HTTP/1.1" 500 172016 "-" "Python/3.11 aiohttp/3.9.2"
65.49.27.185 - - [07/Apr/2026:11:57:01 +1000] "GET / HTTP/1.1" 500 1047395 "-" "Mozilla/5.0 (Macintosh; Intel Mac OS X 10_15_7) AppleWebKit/537.36 (KHTML, like Gecko) Chrome/121.0.0.0 Safari/537.36"
118.127.40.73 - - [07/Apr/2026:12:15:26 +1000] "GET / HTTP/1.1" 500 344024 "-" "Python/3.11 aiohttp/3.9.2"
118.127.40.73 - - [07/Apr/2026:12:45:26 +1000] "GET / HTTP/1.1" 500 249512 "-" "Python/3.11 aiohttp/3.9.2"
159.65.46.103 - - [07/Apr/2026:12:52:30 +1000] "GET / HTTP/1.1" 500 1047143 "-" "Mozilla/5.0 (Windows NT 10.0; Win64; x64) AppleWebKit/537.36 (KHTML, like Gecko) Chrome/91.0.4472.124 Safari/537.36"
65.49.27.185 - - [07/Apr/2026:12:55:57 +1000] "GET / HTTP/1.1" 500 1047395 "-" "Mozilla/5.0 (Macintosh; Intel Mac OS X 10_15_7) AppleWebKit/537.36 (KHTML, like Gecko) Chrome/121.0.0.0 Safari/537.36"
118.127.40.73 - - [07/Apr/2026:13:15:26 +1000] "GET / HTTP/1.1" 500 40960 "-" "Python/3.11 aiohttp/3.9.2"
65.49.27.185 - - [07/Apr/2026:13:44:34 +1000] "GET / HTTP/1.1" 500 1047395 "-" "Mozilla/5.0 (Macintosh; Intel Mac OS X 10_15_7) AppleWebKit/537.36 (KHTML, like Gecko) Chrome/121.0.0.0 Safari/537.36"
118.127.40.73 - - [07/Apr/2026:13:45:27 +1000] "GET / HTTP/1.1" 500 335832 "-" "Python/3.11 aiohttp/3.9.2"
65.49.27.185 - - [07/Apr/2026:14:14:36 +1000] "GET / HTTP/1.1" 500 1047395 "-" "Mozilla/5.0 (Macintosh; Intel Mac OS X 10_15_7) AppleWebKit/537.36 (KHTML, like Gecko) Chrome/121.0.0.0 Safari/537.36"
118.127.40.73 - - [07/Apr/2026:14:15:27 +1000] "GET / HTTP/1.1" 500 245736 "-" "Python/3.11 aiohttp/3.9.2"
65.49.27.185 - - [07/Apr/2026:14:17:44 +1000] "GET / HTTP/1.1" 500 1047395 "-" "Mozilla/5.0 (Macintosh; Intel Mac OS X 10_15_7) AppleWebKit/537.36 (KHTML, like Gecko) Chrome/121.0.0.0 Safari/537.36"
118.127.40.73 - - [07/Apr/2026:14:45:27 +1000] "GET / HTTP/1.1" 500 172016 "-" "Python/3.11 aiohttp/3.9.2"
65.49.27.185 - - [07/Apr/2026:15:06:26 +1000] "GET / HTTP/1.1" 500 1047395 "-" "Mozilla/5.0 (Macintosh; Intel Mac OS X 10_15_7) AppleWebKit/537.36 (KHTML, like Gecko) Chrome/121.0.0.0 Safari/537.36"
118.127.40.73 - - [07/Apr/2026:15:15:27 +1000] "GET / HTTP/1.1" 500 344024 "-" "Python/3.11 aiohttp/3.9.2"
118.127.40.73 - - [07/Apr/2026:15:45:27 +1000] "GET / HTTP/1.1" 500 57344 "-" "Python/3.11 aiohttp/3.9.2"
65.49.27.185 - - [07/Apr/2026:16:05:40 +1000] "GET / HTTP/1.1" 500 1047395 "-" "Mozilla/5.0 (Macintosh; Intel Mac OS X 10_15_7) AppleWebKit/537.36 (KHTML, like Gecko) Chrome/121.0.0.0 Safari/537.36"
118.127.40.73 - - [07/Apr/2026:16:15:28 +1000] "GET / HTTP/1.1" 500 147440 "-" "Python/3.11 aiohttp/3.9.2"
118.127.40.73 - - [07/Apr/2026:16:45:28 +1000] "GET / HTTP/1.1" 500 49152 "-" "Python/3.11 aiohttp/3.9.2"
65.49.27.185 - - [07/Apr/2026:16:55:00 +1000] "GET / HTTP/1.1" 500 1047395 "-" "Mozilla/5.0 (Macintosh; Intel Mac OS X 10_15_7) AppleWebKit/537.36 (KHTML, like Gecko) Chrome/121.0.0.0 Safari/537.36"
118.127.40.73 - - [07/Apr/2026:17:15:28 +1000] "GET / HTTP/1.1" 500 172016 "-" "Python/3.11 aiohttp/3.9.2"
118.127.40.73 - - [07/Apr/2026:17:45:28 +1000] "GET / HTTP/1.1" 500 270304 "-" "Python/3.11 aiohttp/3.9.2"
65.49.27.185 - - [07/Apr/2026:17:54:36 +1000] "GET / HTTP/1.1" 500 1047395 "-" "Mozilla/5.0 (Macintosh; Intel Mac OS X 10_15_7) AppleWebKit/537.36 (KHTML, like Gecko) Chrome/121.0.0.0 Safari/537.36"
87.236.176.50 - - [07/Apr/2026:18:11:49 +1000] "GET / HTTP/1.1" 500 1046975 "-" "Mozilla/5.0 (compatible; InternetMeasurement/1.0; +https://internet-measurement.com/)"
118.127.40.73 - - [07/Apr/2026:18:15:28 +1000] "GET / HTTP/1.1" 500 253928 "-" "Python/3.11 aiohttp/3.9.2"
118.127.40.73 - - [07/Apr/2026:18:45:29 +1000] "GET / HTTP/1.1" 500 241320 "-" "Python/3.11 aiohttp/3.9.2"
65.49.27.185 - - [07/Apr/2026:18:45:55 +1000] "GET / HTTP/1.1" 500 1047395 "-" "Mozilla/5.0 (Macintosh; Intel Mac OS X 10_15_7) AppleWebKit/537.36 (KHTML, like Gecko) Chrome/121.0.0.0 Safari/537.36"
118.127.40.73 - - [07/Apr/2026:19:15:29 +1000] "GET / HTTP/1.1" 500 249512 "-" "Python/3.11 aiohttp/3.9.2"
118.127.40.73 - - [07/Apr/2026:19:45:29 +1000] "GET / HTTP/1.1" 500 249512 "-" "Python/3.11 aiohttp/3.9.2"
65.49.27.185 - - [07/Apr/2026:19:46:22 +1000] "GET / HTTP/1.1" 500 1047395 "-" "Mozilla/5.0 (Macintosh; Intel Mac OS X 10_15_7) AppleWebKit/537.36 (KHTML, like Gecko) Chrome/121.0.0.0 Safari/537.36"
118.127.40.73 - - [07/Apr/2026:20:15:29 +1000] "GET / HTTP/1.1" 500 155632 "-" "Python/3.11 aiohttp/3.9.2"
65.49.27.185 - - [07/Apr/2026:20:35:07 +1000] "GET / HTTP/1.1" 500 1047395 "-" "Mozilla/5.0 (Macintosh; Intel Mac OS X 10_15_7) AppleWebKit/537.36 (KHTML, like Gecko) Chrome/121.0.0.0 Safari/537.36"
118.127.40.73 - - [07/Apr/2026:20:45:29 +1000] "GET / HTTP/1.1" 500 257704 "-" "Python/3.11 aiohttp/3.9.2"
65.49.27.185 - - [07/Apr/2026:21:01:17 +1000] "GET / HTTP/1.1" 500 1047395 "-" "Mozilla/5.0 (Macintosh; Intel Mac OS X 10_15_7) AppleWebKit/537.36 (KHTML, like Gecko) Chrome/121.0.0.0 Safari/537.36"
65.49.27.185 - - [07/Apr/2026:21:04:24 +1000] "GET / HTTP/1.1" 500 1047395 "-" "Mozilla/5.0 (Macintosh; Intel Mac OS X 10_15_7) AppleWebKit/537.36 (KHTML, like Gecko) Chrome/121.0.0.0 Safari/537.36"
74.7.244.37 - - [07/Apr/2026:21:08:17 +1000] "GET /robots.txt HTTP/1.1" 200 24 "-" "Mozilla/5.0 (Macintosh; Intel Mac OS X 10_15_7) AppleWebKit/537.36 (KHTML, like Gecko) Chrome/131.0.0.0 Safari/537.36; compatible; OAI-SearchBot/1.3; robots.txt; +https://openai.com/searchbot"
118.127.40.73 - - [07/Apr/2026:21:15:30 +1000] "GET / HTTP/1.1" 500 122872 "-" "Python/3.11 aiohttp/3.9.2"
118.127.40.73 - - [07/Apr/2026:21:45:30 +1000] "GET / HTTP/1.1" 500 147440 "-" "Python/3.11 aiohttp/3.9.2"
65.49.27.185 - - [07/Apr/2026:21:53:40 +1000] "GET / HTTP/1.1" 500 1047395 "-" "Mozilla/5.0 (Macintosh; Intel Mac OS X 10_15_7) AppleWebKit/537.36 (KHTML, like Gecko) Chrome/121.0.0.0 Safari/537.36"
118.127.40.73 - - [07/Apr/2026:22:15:30 +1000] "GET / HTTP/1.1" 500 241320 "-" "Python/3.11 aiohttp/3.9.2"
118.127.40.73 - - [07/Apr/2026:22:45:30 +1000] "GET / HTTP/1.1" 500 241320 "-" "Python/3.11 aiohttp/3.9.2"
65.49.27.185 - - [07/Apr/2026:22:53:05 +1000] "GET / HTTP/1.1" 500 1047395 "-" "Mozilla/5.0 (Macintosh; Intel Mac OS X 10_15_7) AppleWebKit/537.36 (KHTML, like Gecko) Chrome/121.0.0.0 Safari/537.36"
118.127.40.73 - - [07/Apr/2026:23:15:31 +1000] "GET / HTTP/1.1" 500 401360 "-" "Python/3.11 aiohttp/3.9.2"
74.7.230.62 - - [07/Apr/2026:23:24:52 +1000] "GET /robots.txt HTTP/1.1" 200 24 "-" "Mozilla/5.0 (Macintosh; Intel Mac OS X 10_15_7) AppleWebKit/537.36 (KHTML, like Gecko) Chrome/131.0.0.0 Safari/537.36; compatible; OAI-SearchBot/1.3; robots.txt; +https://openai.com/searchbot"
65.49.27.185 - - [07/Apr/2026:23:42:48 +1000] "GET / HTTP/1.1" 500 1047395 "-" "Mozilla/5.0 (Macintosh; Intel Mac OS X 10_15_7) AppleWebKit/537.36 (KHTML, like Gecko) Chrome/121.0.0.0 Safari/537.36"
118.127.40.73 - - [07/Apr/2026:23:45:31 +1000] "GET / HTTP/1.1" 500 249512 "-" "Python/3.11 aiohttp/3.9.2"
118.127.40.73 - - [08/Apr/2026:00:15:31 +1000] "GET / HTTP/1.1" 500 249512 "-" "Python/3.11 aiohttp/3.9.2"
65.49.27.185 - - [08/Apr/2026:00:42:12 +1000] "GET / HTTP/1.1" 500 1047395 "-" "Mozilla/5.0 (Macintosh; Intel Mac OS X 10_15_7) AppleWebKit/537.36 (KHTML, like Gecko) Chrome/121.0.0.0 Safari/537.36"
118.127.40.73 - - [08/Apr/2026:00:45:31 +1000] "GET / HTTP/1.1" 500 249512 "-" "Python/3.11 aiohttp/3.9.2"
118.127.40.73 - - [08/Apr/2026:01:15:31 +1000] "GET / HTTP/1.1" 500 344024 "-" "Python/3.11 aiohttp/3.9.2"
216.81.248.197 - - [08/Apr/2026:01:17:52 +1000] "GET /.git/config HTTP/1.1" 500 1046925 "-" "Mozilla/4.0 (compatible; MSIE 6.0; j2me) ReqwirelessWeb/3.5"
65.49.27.185 - - [08/Apr/2026:01:34:41 +1000] "GET / HTTP/1.1" 500 1047395 "-" "Mozilla/5.0 (Macintosh; Intel Mac OS X 10_15_7) AppleWebKit/537.36 (KHTML, like Gecko) Chrome/121.0.0.0 Safari/537.36"
118.127.40.73 - - [08/Apr/2026:01:45:31 +1000] "GET / HTTP/1.1" 500 245736 "-" "Python/3.11 aiohttp/3.9.2"
118.127.40.73 - - [08/Apr/2026:02:15:32 +1000] "GET / HTTP/1.1" 500 221160 "-" "Python/3.11 aiohttp/3.9.2"
65.49.27.185 - - [08/Apr/2026:02:33:49 +1000] "GET / HTTP/1.1" 500 1047395 "-" "Mozilla/5.0 (Macintosh; Intel Mac OS X 10_15_7) AppleWebKit/537.36 (KHTML, like Gecko) Chrome/121.0.0.0 Safari/537.36"
118.127.40.73 - - [08/Apr/2026:02:45:32 +1000] "GET / HTTP/1.1" 500 245736 "-" "Python/3.11 aiohttp/3.9.2"
118.127.40.73 - - [08/Apr/2026:03:15:32 +1000] "GET / HTTP/1.1" 500 249512 "-" "Python/3.11 aiohttp/3.9.2"
205.210.31.167 - - [08/Apr/2026:03:21:39 +1000] "GET / HTTP/1.1" 500 1047075 "-" "Hello from Palo Alto Networks, find out more about our scans in https://docs-cortex.paloaltonetworks.com/r/1/Cortex-Xpanse/Scanning-activity"
65.49.27.185 - - [08/Apr/2026:03:22:21 +1000] "GET / HTTP/1.1" 500 1047395 "-" "Mozilla/5.0 (Macintosh; Intel Mac OS X 10_15_7) AppleWebKit/537.36 (KHTML, like Gecko) Chrome/121.0.0.0 Safari/537.36"
118.127.40.73 - - [08/Apr/2026:03:45:32 +1000] "GET / HTTP/1.1" 500 257704 "-" "Python/3.11 aiohttp/3.9.2"
65.49.27.185 - - [08/Apr/2026:03:48:03 +1000] "GET / HTTP/1.1" 500 1047395 "-" "Mozilla/5.0 (Macintosh; Intel Mac OS X 10_15_7) AppleWebKit/537.36 (KHTML, like Gecko) Chrome/121.0.0.0 Safari/537.36"
