File: /home/posscale/access-logs/backup.posscales.com.au-ssl_log
118.127.40.73 - - [31/Mar/2026:22:05:07 +1000] "GET / HTTP/1.1" 200 1018 "-" "Python/3.11 aiohttp/3.9.2"
66.132.172.129 - - [31/Mar/2026:22:18:12 +1000] "GET / HTTP/1.1" 200 1018 "-" "Mozilla/5.0 (compatible; CensysInspect/1.1; +https://about.censys.io/)"
66.132.172.129 - - [31/Mar/2026:22:18:14 +1000] "GET /favicon.ico HTTP/1.1" 404 - "-" "Mozilla/5.0 (compatible; CensysInspect/1.1; +https://about.censys.io/)"
66.132.172.129 - - [31/Mar/2026:22:18:28 +1000] "GET / HTTP/1.1" 200 1018 "-" "Mozilla/5.0 (compatible; CensysInspect/1.1; +https://about.censys.io/)"
66.132.172.129 - - [31/Mar/2026:22:18:29 +1000] "GET /MT_Backups HTTP/1.1" 301 295 "-" "Mozilla/5.0 (compatible; CensysInspect/1.1; +https://about.censys.io/)"
66.132.172.129 - - [31/Mar/2026:22:18:29 +1000] "GET /MT_Backups/ HTTP/1.1" 200 4601 "https://www.backup.posscales.com.au:443/MT_Backups" "Mozilla/5.0 (compatible; CensysInspect/1.1; +https://about.censys.io/)"
66.132.172.129 - - [31/Mar/2026:22:18:29 +1000] "GET /MT_Backups/RPG_Plumbing HTTP/1.1" 301 308 "-" "Mozilla/5.0 (compatible; CensysInspect/1.1; +https://about.censys.io/)"
66.132.172.129 - - [31/Mar/2026:22:18:29 +1000] "GET /MT_Backups/RPG_Plumbing/ HTTP/1.1" 200 44258 "https://www.backup.posscales.com.au:443/MT_Backups/RPG_Plumbing" "Mozilla/5.0 (compatible; CensysInspect/1.1; +https://about.censys.io/)"
66.132.172.129 - - [31/Mar/2026:22:18:30 +1000] "GET /MT_Backups/TLC_Freedom_Agecare HTTP/1.1" 301 315 "-" "Mozilla/5.0 (compatible; CensysInspect/1.1; +https://about.censys.io/)"
66.132.172.129 - - [31/Mar/2026:22:18:31 +1000] "GET /MT_Backups/TLC_Freedom_Agecare/ HTTP/1.1" 200 153150 "https://www.backup.posscales.com.au:443/MT_Backups/TLC_Freedom_Agecare" "Mozilla/5.0 (compatible; CensysInspect/1.1; +https://about.censys.io/)"
66.132.172.129 - - [31/Mar/2026:22:18:33 +1000] "GET /MT_Backups/Cameron_Plat HTTP/1.1" 301 308 "-" "Mozilla/5.0 (compatible; CensysInspect/1.1; +https://about.censys.io/)"
66.132.172.129 - - [31/Mar/2026:22:18:33 +1000] "GET /MT_Backups/Cameron_Plat/ HTTP/1.1" 200 10333 "https://www.backup.posscales.com.au:443/MT_Backups/Cameron_Plat" "Mozilla/5.0 (compatible; CensysInspect/1.1; +https://about.censys.io/)"
66.132.172.129 - - [31/Mar/2026:22:18:34 +1000] "GET /MT_Backups/Madders HTTP/1.1" 301 303 "-" "Mozilla/5.0 (compatible; CensysInspect/1.1; +https://about.censys.io/)"
66.132.172.129 - - [31/Mar/2026:22:18:34 +1000] "GET /MT_Backups/Madders/ HTTP/1.1" 200 74506 "https://www.backup.posscales.com.au:443/MT_Backups/Madders" "Mozilla/5.0 (compatible; CensysInspect/1.1; +https://about.censys.io/)"
66.132.172.129 - - [31/Mar/2026:22:18:35 +1000] "GET /MT_Backups/POS_Scales HTTP/1.1" 301 306 "-" "Mozilla/5.0 (compatible; CensysInspect/1.1; +https://about.censys.io/)"
66.132.172.129 - - [31/Mar/2026:22:18:36 +1000] "GET /MT_Backups/POS_Scales/ HTTP/1.1" 200 74700 "https://www.backup.posscales.com.au:443/MT_Backups/POS_Scales" "Mozilla/5.0 (compatible; CensysInspect/1.1; +https://about.censys.io/)"
66.132.172.129 - - [31/Mar/2026:22:18:36 +1000] "GET /MT_Backups/SmartReal HTTP/1.1" 301 305 "-" "Mozilla/5.0 (compatible; CensysInspect/1.1; +https://about.censys.io/)"
66.132.172.129 - - [31/Mar/2026:22:18:37 +1000] "GET /MT_Backups/SmartReal/ HTTP/1.1" 200 69742 "https://www.backup.posscales.com.au:443/MT_Backups/SmartReal" "Mozilla/5.0 (compatible; CensysInspect/1.1; +https://about.censys.io/)"
66.132.172.129 - - [31/Mar/2026:22:18:38 +1000] "GET /MT_Backups/CWE HTTP/1.1" 301 299 "-" "Mozilla/5.0 (compatible; CensysInspect/1.1; +https://about.censys.io/)"
66.132.172.129 - - [31/Mar/2026:22:18:38 +1000] "GET /MT_Backups/CWE/ HTTP/1.1" 200 75106 "https://www.backup.posscales.com.au:443/MT_Backups/CWE" "Mozilla/5.0 (compatible; CensysInspect/1.1; +https://about.censys.io/)"
66.132.172.129 - - [31/Mar/2026:22:18:39 +1000] "GET /MT_Backups/Smartair HTTP/1.1" 301 304 "-" "Mozilla/5.0 (compatible; CensysInspect/1.1; +https://about.censys.io/)"
66.132.172.129 - - [31/Mar/2026:22:18:39 +1000] "GET /MT_Backups/Smartair/ HTTP/1.1" 200 850 "https://www.backup.posscales.com.au:443/MT_Backups/Smartair" "Mozilla/5.0 (compatible; CensysInspect/1.1; +https://about.censys.io/)"
66.132.172.129 - - [31/Mar/2026:22:18:40 +1000] "GET /MT_Backups/Fusion_HVAC HTTP/1.1" 301 307 "-" "Mozilla/5.0 (compatible; CensysInspect/1.1; +https://about.censys.io/)"
66.132.172.129 - - [31/Mar/2026:22:18:40 +1000] "GET /MT_Backups/Fusion_HVAC/ HTTP/1.1" 200 680 "https://www.backup.posscales.com.au:443/MT_Backups/Fusion_HVAC" "Mozilla/5.0 (compatible; CensysInspect/1.1; +https://about.censys.io/)"
66.132.172.129 - - [31/Mar/2026:22:18:40 +1000] "GET /MT_Backups/Reflections HTTP/1.1" 301 307 "-" "Mozilla/5.0 (compatible; CensysInspect/1.1; +https://about.censys.io/)"
66.132.172.129 - - [31/Mar/2026:22:18:41 +1000] "GET /MT_Backups/Reflections/ HTTP/1.1" 200 202403 "https://www.backup.posscales.com.au:443/MT_Backups/Reflections" "Mozilla/5.0 (compatible; CensysInspect/1.1; +https://about.censys.io/)"
66.132.172.129 - - [31/Mar/2026:22:18:42 +1000] "GET /MT_Backups/Abetta_Carpit_Court HTTP/1.1" 301 315 "-" "Mozilla/5.0 (compatible; CensysInspect/1.1; +https://about.censys.io/)"
66.132.172.129 - - [31/Mar/2026:22:18:43 +1000] "GET /MT_Backups/Abetta_Carpit_Court/ HTTP/1.1" 200 207975 "https://www.backup.posscales.com.au:443/MT_Backups/Abetta_Carpit_Court" "Mozilla/5.0 (compatible; CensysInspect/1.1; +https://about.censys.io/)"
66.132.172.129 - - [31/Mar/2026:22:18:46 +1000] "GET /MT_Backups/KC_Psych HTTP/1.1" 301 304 "-" "Mozilla/5.0 (compatible; CensysInspect/1.1; +https://about.censys.io/)"
66.132.172.129 - - [31/Mar/2026:22:18:46 +1000] "GET /MT_Backups/KC_Psych/ HTTP/1.1" 200 34619 "https://www.backup.posscales.com.au:443/MT_Backups/KC_Psych" "Mozilla/5.0 (compatible; CensysInspect/1.1; +https://about.censys.io/)"
66.132.172.129 - - [31/Mar/2026:22:18:47 +1000] "GET /MT_Backups/Sandstone_World HTTP/1.1" 301 311 "-" "Mozilla/5.0 (compatible; CensysInspect/1.1; +https://about.censys.io/)"
66.132.172.129 - - [31/Mar/2026:22:18:47 +1000] "GET /MT_Backups/Sandstone_World/ HTTP/1.1" 200 66592 "https://www.backup.posscales.com.au:443/MT_Backups/Sandstone_World" "Mozilla/5.0 (compatible; CensysInspect/1.1; +https://about.censys.io/)"
66.132.172.129 - - [31/Mar/2026:22:18:49 +1000] "GET /MT_Backups/Creative_Kids HTTP/1.1" 301 309 "-" "Mozilla/5.0 (compatible; CensysInspect/1.1; +https://about.censys.io/)"
66.132.172.129 - - [31/Mar/2026:22:18:49 +1000] "GET /MT_Backups/Creative_Kids/ HTTP/1.1" 200 77868 "https://www.backup.posscales.com.au:443/MT_Backups/Creative_Kids" "Mozilla/5.0 (compatible; CensysInspect/1.1; +https://about.censys.io/)"
66.132.195.72 - - [31/Mar/2026:22:19:57 +1000] "GET / HTTP/1.1" 200 1018 "-" "Mozilla/5.0 (compatible; CensysInspect/1.1; +https://about.censys.io/)"
66.132.195.72 - - [31/Mar/2026:22:19:58 +1000] "GET /MT_Backups HTTP/1.1" 301 291 "-" "Mozilla/5.0 (compatible; CensysInspect/1.1; +https://about.censys.io/)"
66.132.195.72 - - [31/Mar/2026:22:19:59 +1000] "GET /MT_Backups/ HTTP/1.1" 200 4601 "https://backup.posscales.com.au:443/MT_Backups" "Mozilla/5.0 (compatible; CensysInspect/1.1; +https://about.censys.io/)"
66.132.195.72 - - [31/Mar/2026:22:19:59 +1000] "GET /MT_Backups/AWS_TLC HTTP/1.1" 301 299 "-" "Mozilla/5.0 (compatible; CensysInspect/1.1; +https://about.censys.io/)"
66.132.195.72 - - [31/Mar/2026:22:19:59 +1000] "GET /MT_Backups/AWS_TLC/ HTTP/1.1" 200 30048 "https://backup.posscales.com.au:443/MT_Backups/AWS_TLC" "Mozilla/5.0 (compatible; CensysInspect/1.1; +https://about.censys.io/)"
66.132.195.72 - - [31/Mar/2026:22:20:00 +1000] "GET /MT_Backups/RPG_Plumbing HTTP/1.1" 301 304 "-" "Mozilla/5.0 (compatible; CensysInspect/1.1; +https://about.censys.io/)"
66.132.195.72 - - [31/Mar/2026:22:20:00 +1000] "GET /MT_Backups/RPG_Plumbing/ HTTP/1.1" 200 44258 "https://backup.posscales.com.au:443/MT_Backups/RPG_Plumbing" "Mozilla/5.0 (compatible; CensysInspect/1.1; +https://about.censys.io/)"
66.132.195.72 - - [31/Mar/2026:22:20:01 +1000] "GET /MT_Backups/CWE HTTP/1.1" 301 295 "-" "Mozilla/5.0 (compatible; CensysInspect/1.1; +https://about.censys.io/)"
66.132.195.72 - - [31/Mar/2026:22:20:02 +1000] "GET /MT_Backups/CWE/ HTTP/1.1" 200 75106 "https://backup.posscales.com.au:443/MT_Backups/CWE" "Mozilla/5.0 (compatible; CensysInspect/1.1; +https://about.censys.io/)"
66.132.195.72 - - [31/Mar/2026:22:20:03 +1000] "GET /MT_Backups/POS_Scales HTTP/1.1" 301 302 "-" "Mozilla/5.0 (compatible; CensysInspect/1.1; +https://about.censys.io/)"
66.132.195.72 - - [31/Mar/2026:22:20:03 +1000] "GET /MT_Backups/POS_Scales/ HTTP/1.1" 200 74700 "https://backup.posscales.com.au:443/MT_Backups/POS_Scales" "Mozilla/5.0 (compatible; CensysInspect/1.1; +https://about.censys.io/)"
66.132.195.72 - - [31/Mar/2026:22:20:05 +1000] "GET /MT_Backups/DR_Suzan_Gyno HTTP/1.1" 301 305 "-" "Mozilla/5.0 (compatible; CensysInspect/1.1; +https://about.censys.io/)"
66.132.195.72 - - [31/Mar/2026:22:20:06 +1000] "GET /MT_Backups/DR_Suzan_Gyno/ HTTP/1.1" 200 74328 "https://backup.posscales.com.au:443/MT_Backups/DR_Suzan_Gyno" "Mozilla/5.0 (compatible; CensysInspect/1.1; +https://about.censys.io/)"
66.132.195.72 - - [31/Mar/2026:22:20:09 +1000] "GET /MT_Backups/KC_Psych HTTP/1.1" 301 300 "-" "Mozilla/5.0 (compatible; CensysInspect/1.1; +https://about.censys.io/)"
66.132.195.72 - - [31/Mar/2026:22:20:09 +1000] "GET /MT_Backups/KC_Psych/ HTTP/1.1" 200 34619 "https://backup.posscales.com.au:443/MT_Backups/KC_Psych" "Mozilla/5.0 (compatible; CensysInspect/1.1; +https://about.censys.io/)"
66.132.195.72 - - [31/Mar/2026:22:20:11 +1000] "GET /MT_Backups/Ready_Movers HTTP/1.1" 301 304 "-" "Mozilla/5.0 (compatible; CensysInspect/1.1; +https://about.censys.io/)"
66.132.195.72 - - [31/Mar/2026:22:20:11 +1000] "GET /MT_Backups/Ready_Movers/ HTTP/1.1" 200 2398 "https://backup.posscales.com.au:443/MT_Backups/Ready_Movers" "Mozilla/5.0 (compatible; CensysInspect/1.1; +https://about.censys.io/)"
66.132.195.72 - - [31/Mar/2026:22:20:12 +1000] "GET /MT_Backups/SmartReal HTTP/1.1" 301 301 "-" "Mozilla/5.0 (compatible; CensysInspect/1.1; +https://about.censys.io/)"
66.132.195.72 - - [31/Mar/2026:22:20:12 +1000] "GET /MT_Backups/SmartReal/ HTTP/1.1" 200 69742 "https://backup.posscales.com.au:443/MT_Backups/SmartReal" "Mozilla/5.0 (compatible; CensysInspect/1.1; +https://about.censys.io/)"
66.132.195.72 - - [31/Mar/2026:22:20:13 +1000] "GET /MT_Backups/Sandstone_World HTTP/1.1" 301 307 "-" "Mozilla/5.0 (compatible; CensysInspect/1.1; +https://about.censys.io/)"
66.132.195.72 - - [31/Mar/2026:22:20:14 +1000] "GET /MT_Backups/Sandstone_World/ HTTP/1.1" 200 66592 "https://backup.posscales.com.au:443/MT_Backups/Sandstone_World" "Mozilla/5.0 (compatible; CensysInspect/1.1; +https://about.censys.io/)"
66.132.195.72 - - [31/Mar/2026:22:20:15 +1000] "GET /MT_Backups/Fusion_HVAC HTTP/1.1" 301 303 "-" "Mozilla/5.0 (compatible; CensysInspect/1.1; +https://about.censys.io/)"
66.132.195.72 - - [31/Mar/2026:22:20:15 +1000] "GET /MT_Backups/Fusion_HVAC/ HTTP/1.1" 200 680 "https://backup.posscales.com.au:443/MT_Backups/Fusion_HVAC" "Mozilla/5.0 (compatible; CensysInspect/1.1; +https://about.censys.io/)"
66.132.195.72 - - [31/Mar/2026:22:20:16 +1000] "GET /MT_Backups/Reflections HTTP/1.1" 301 303 "-" "Mozilla/5.0 (compatible; CensysInspect/1.1; +https://about.censys.io/)"
66.132.195.72 - - [31/Mar/2026:22:20:17 +1000] "GET /MT_Backups/Reflections/ HTTP/1.1" 200 202403 "https://backup.posscales.com.au:443/MT_Backups/Reflections" "Mozilla/5.0 (compatible; CensysInspect/1.1; +https://about.censys.io/)"
40.77.167.47 - - [31/Mar/2026:22:29:06 +1000] "GET /MT_Backups/Smartair/Milpera/?C=N;O=D HTTP/1.1" 200 72762 "-" "Mozilla/5.0 AppleWebKit/537.36 (KHTML, like Gecko; compatible; bingbot/2.0; +http://www.bing.com/bingbot.htm) Chrome/116.0.1938.76 Safari/537.36"
118.127.40.73 - - [31/Mar/2026:22:35:07 +1000] "GET / HTTP/1.1" 200 1018 "-" "Python/3.11 aiohttp/3.9.2"
66.132.172.199 - - [31/Mar/2026:22:43:20 +1000] "GET / HTTP/1.1" 200 1018 "-" "Mozilla/5.0 (compatible; CensysInspect/1.1; +https://about.censys.io/)"
66.132.172.199 - - [31/Mar/2026:22:43:23 +1000] "GET /favicon.ico HTTP/1.1" 404 - "-" "Mozilla/5.0 (compatible; CensysInspect/1.1; +https://about.censys.io/)"
66.132.172.199 - - [31/Mar/2026:22:43:55 +1000] "GET / HTTP/1.1" 200 1018 "-" "Mozilla/5.0 (compatible; CensysInspect/1.1; +https://about.censys.io/)"
66.132.172.199 - - [31/Mar/2026:22:43:56 +1000] "GET /MT_Backups HTTP/1.1" 301 291 "-" "Mozilla/5.0 (compatible; CensysInspect/1.1; +https://about.censys.io/)"
66.132.172.199 - - [31/Mar/2026:22:43:57 +1000] "GET /MT_Backups/ HTTP/1.1" 200 4601 "https://backup.posscales.com.au:443/MT_Backups" "Mozilla/5.0 (compatible; CensysInspect/1.1; +https://about.censys.io/)"
66.132.172.199 - - [31/Mar/2026:22:43:58 +1000] "GET /MT_Backups/Abetta_Carpit_Court HTTP/1.1" 301 311 "-" "Mozilla/5.0 (compatible; CensysInspect/1.1; +https://about.censys.io/)"
66.132.172.199 - - [31/Mar/2026:22:43:59 +1000] "GET /MT_Backups/Abetta_Carpit_Court/ HTTP/1.1" 200 207975 "https://backup.posscales.com.au:443/MT_Backups/Abetta_Carpit_Court" "Mozilla/5.0 (compatible; CensysInspect/1.1; +https://about.censys.io/)"
66.132.172.199 - - [31/Mar/2026:22:44:04 +1000] "GET /MT_Backups/TLC_Freedom_Agecare HTTP/1.1" 301 311 "-" "Mozilla/5.0 (compatible; CensysInspect/1.1; +https://about.censys.io/)"
66.132.172.199 - - [31/Mar/2026:22:44:05 +1000] "GET /MT_Backups/TLC_Freedom_Agecare/ HTTP/1.1" 200 153150 "https://backup.posscales.com.au:443/MT_Backups/TLC_Freedom_Agecare" "Mozilla/5.0 (compatible; CensysInspect/1.1; +https://about.censys.io/)"
66.132.172.199 - - [31/Mar/2026:22:44:12 +1000] "GET /MT_Backups/Reflections HTTP/1.1" 301 303 "-" "Mozilla/5.0 (compatible; CensysInspect/1.1; +https://about.censys.io/)"
66.132.172.199 - - [31/Mar/2026:22:44:13 +1000] "GET /MT_Backups/Reflections/ HTTP/1.1" 200 202403 "https://backup.posscales.com.au:443/MT_Backups/Reflections" "Mozilla/5.0 (compatible; CensysInspect/1.1; +https://about.censys.io/)"
66.132.172.199 - - [31/Mar/2026:22:44:17 +1000] "GET /MT_Backups/AWS_Multisite HTTP/1.1" 301 305 "-" "Mozilla/5.0 (compatible; CensysInspect/1.1; +https://about.censys.io/)"
66.132.172.199 - - [31/Mar/2026:22:44:18 +1000] "GET /MT_Backups/AWS_Multisite/ HTTP/1.1" 200 31257 "https://backup.posscales.com.au:443/MT_Backups/AWS_Multisite" "Mozilla/5.0 (compatible; CensysInspect/1.1; +https://about.censys.io/)"
66.132.172.199 - - [31/Mar/2026:22:44:18 +1000] "GET /MT_Backups/DR_Suzan_Gyno HTTP/1.1" 301 305 "-" "Mozilla/5.0 (compatible; CensysInspect/1.1; +https://about.censys.io/)"
66.132.172.199 - - [31/Mar/2026:22:44:19 +1000] "GET /MT_Backups/DR_Suzan_Gyno/ HTTP/1.1" 200 74328 "https://backup.posscales.com.au:443/MT_Backups/DR_Suzan_Gyno" "Mozilla/5.0 (compatible; CensysInspect/1.1; +https://about.censys.io/)"
66.132.172.199 - - [31/Mar/2026:22:44:20 +1000] "GET /MT_Backups/The_Henley HTTP/1.1" 301 302 "-" "Mozilla/5.0 (compatible; CensysInspect/1.1; +https://about.censys.io/)"
66.132.172.199 - - [31/Mar/2026:22:44:20 +1000] "GET /MT_Backups/The_Henley/ HTTP/1.1" 200 15117 "https://backup.posscales.com.au:443/MT_Backups/The_Henley" "Mozilla/5.0 (compatible; CensysInspect/1.1; +https://about.censys.io/)"
66.132.172.199 - - [31/Mar/2026:22:44:22 +1000] "GET /MT_Backups/Cameron_Plat HTTP/1.1" 301 304 "-" "Mozilla/5.0 (compatible; CensysInspect/1.1; +https://about.censys.io/)"
66.132.172.199 - - [31/Mar/2026:22:44:23 +1000] "GET /MT_Backups/Cameron_Plat/ HTTP/1.1" 200 10333 "https://backup.posscales.com.au:443/MT_Backups/Cameron_Plat" "Mozilla/5.0 (compatible; CensysInspect/1.1; +https://about.censys.io/)"
66.132.186.180 - - [31/Mar/2026:22:45:23 +1000] "GET / HTTP/1.1" 200 1018 "-" "Mozilla/5.0 (compatible; CensysInspect/1.1; +https://about.censys.io/)"
66.132.186.180 - - [31/Mar/2026:22:45:25 +1000] "GET /MT_Backups HTTP/1.1" 301 295 "-" "Mozilla/5.0 (compatible; CensysInspect/1.1; +https://about.censys.io/)"
66.132.186.180 - - [31/Mar/2026:22:45:26 +1000] "GET /MT_Backups/ HTTP/1.1" 200 4601 "https://www.backup.posscales.com.au:443/MT_Backups" "Mozilla/5.0 (compatible; CensysInspect/1.1; +https://about.censys.io/)"
66.132.186.180 - - [31/Mar/2026:22:45:27 +1000] "GET /MT_Backups/AWS_Multisite HTTP/1.1" 301 309 "-" "Mozilla/5.0 (compatible; CensysInspect/1.1; +https://about.censys.io/)"
66.132.186.180 - - [31/Mar/2026:22:45:28 +1000] "GET /MT_Backups/AWS_Multisite/ HTTP/1.1" 200 31257 "https://www.backup.posscales.com.au:443/MT_Backups/AWS_Multisite" "Mozilla/5.0 (compatible; CensysInspect/1.1; +https://about.censys.io/)"
66.132.186.180 - - [31/Mar/2026:22:45:30 +1000] "GET /MT_Backups/DR_Suzan_Gyno HTTP/1.1" 301 309 "-" "Mozilla/5.0 (compatible; CensysInspect/1.1; +https://about.censys.io/)"
66.132.186.180 - - [31/Mar/2026:22:45:31 +1000] "GET /MT_Backups/DR_Suzan_Gyno/ HTTP/1.1" 200 74328 "https://www.backup.posscales.com.au:443/MT_Backups/DR_Suzan_Gyno" "Mozilla/5.0 (compatible; CensysInspect/1.1; +https://about.censys.io/)"
66.132.186.180 - - [31/Mar/2026:22:45:33 +1000] "GET /MT_Backups/Creative_Kids HTTP/1.1" 301 309 "-" "Mozilla/5.0 (compatible; CensysInspect/1.1; +https://about.censys.io/)"
66.132.186.180 - - [31/Mar/2026:22:45:33 +1000] "GET /MT_Backups/Creative_Kids/ HTTP/1.1" 200 77868 "https://www.backup.posscales.com.au:443/MT_Backups/Creative_Kids" "Mozilla/5.0 (compatible; CensysInspect/1.1; +https://about.censys.io/)"
66.132.186.180 - - [31/Mar/2026:22:45:36 +1000] "GET /MT_Backups/Fusion_HVAC HTTP/1.1" 301 307 "-" "Mozilla/5.0 (compatible; CensysInspect/1.1; +https://about.censys.io/)"
66.132.186.180 - - [31/Mar/2026:22:45:38 +1000] "GET /MT_Backups/Fusion_HVAC/ HTTP/1.1" 200 680 "https://www.backup.posscales.com.au:443/MT_Backups/Fusion_HVAC" "Mozilla/5.0 (compatible; CensysInspect/1.1; +https://about.censys.io/)"
66.132.186.180 - - [31/Mar/2026:22:45:39 +1000] "GET /MT_Backups/Sandstone_World HTTP/1.1" 301 311 "-" "Mozilla/5.0 (compatible; CensysInspect/1.1; +https://about.censys.io/)"
66.132.186.180 - - [31/Mar/2026:22:45:40 +1000] "GET /MT_Backups/Sandstone_World/ HTTP/1.1" 200 66592 "https://www.backup.posscales.com.au:443/MT_Backups/Sandstone_World" "Mozilla/5.0 (compatible; CensysInspect/1.1; +https://about.censys.io/)"
66.132.186.180 - - [31/Mar/2026:22:45:42 +1000] "GET /MT_Backups/Ready_Movers HTTP/1.1" 301 308 "-" "Mozilla/5.0 (compatible; CensysInspect/1.1; +https://about.censys.io/)"
66.132.186.180 - - [31/Mar/2026:22:45:43 +1000] "GET /MT_Backups/Ready_Movers/ HTTP/1.1" 200 2398 "https://www.backup.posscales.com.au:443/MT_Backups/Ready_Movers" "Mozilla/5.0 (compatible; CensysInspect/1.1; +https://about.censys.io/)"
66.132.186.180 - - [31/Mar/2026:22:45:44 +1000] "GET /MT_Backups/The_Henley HTTP/1.1" 301 306 "-" "Mozilla/5.0 (compatible; CensysInspect/1.1; +https://about.censys.io/)"
66.132.186.180 - - [31/Mar/2026:22:45:45 +1000] "GET /MT_Backups/The_Henley/ HTTP/1.1" 200 15117 "https://www.backup.posscales.com.au:443/MT_Backups/The_Henley" "Mozilla/5.0 (compatible; CensysInspect/1.1; +https://about.censys.io/)"
66.132.186.180 - - [31/Mar/2026:22:45:47 +1000] "GET /MT_Backups/KC_Psych HTTP/1.1" 301 304 "-" "Mozilla/5.0 (compatible; CensysInspect/1.1; +https://about.censys.io/)"
66.132.186.180 - - [31/Mar/2026:22:45:47 +1000] "GET /MT_Backups/KC_Psych/ HTTP/1.1" 200 34619 "https://www.backup.posscales.com.au:443/MT_Backups/KC_Psych" "Mozilla/5.0 (compatible; CensysInspect/1.1; +https://about.censys.io/)"
66.132.186.180 - - [31/Mar/2026:22:45:48 +1000] "GET /MT_Backups/SmartReal HTTP/1.1" 301 305 "-" "Mozilla/5.0 (compatible; CensysInspect/1.1; +https://about.censys.io/)"
66.132.186.180 - - [31/Mar/2026:22:45:48 +1000] "GET /MT_Backups/SmartReal/ HTTP/1.1" 200 69742 "https://www.backup.posscales.com.au:443/MT_Backups/SmartReal" "Mozilla/5.0 (compatible; CensysInspect/1.1; +https://about.censys.io/)"
118.127.40.73 - - [31/Mar/2026:23:05:07 +1000] "GET / HTTP/1.1" 200 1018 "-" "Python/3.11 aiohttp/3.9.2"
54.228.137.189 - - [31/Mar/2026:23:47:35 +1000] "GET / HTTP/1.1" 200 1018 "-" "Go-http-client/1.1"
52.167.144.210 - - [31/Mar/2026:23:58:15 +1000] "GET /MT_Backups/Creative_Kids/BACKUP-Creative%20Kids%20DayCare-2021sep09-205935.rsc HTTP/1.1" 200 16431 "-" "Mozilla/5.0 AppleWebKit/537.36 (KHTML, like Gecko; compatible; bingbot/2.0; +http://www.bing.com/bingbot.htm) Chrome/116.0.1938.76 Safari/537.36"
118.127.40.73 - - [01/Apr/2026:00:05:10 +1000] "GET / HTTP/1.1" 200 1018 "-" "Python/3.11 aiohttp/3.9.2"
118.127.40.73 - - [01/Apr/2026:00:35:09 +1000] "GET / HTTP/1.1" 200 1018 "-" "Python/3.11 aiohttp/3.9.2"
203.55.131.3 - - [01/Apr/2026:00:37:04 +1000] "GET / HTTP/1.1" 200 1018 "-" "Mozilla/5.0 (Windows NT 10.0; Win64; x64) AppleWebKit/537.36 (KHTML, like Gecko) Chrome/133.0.0.0 Safari/537.36"
118.127.40.73 - - [01/Apr/2026:01:05:09 +1000] "GET / HTTP/1.1" 200 1018 "-" "Python/3.11 aiohttp/3.9.2"
118.127.40.73 - - [01/Apr/2026:01:35:10 +1000] "GET / HTTP/1.1" 200 1018 "-" "Python/3.11 aiohttp/3.9.2"
118.127.40.73 - - [01/Apr/2026:02:05:10 +1000] "GET / HTTP/1.1" 200 1018 "-" "Python/3.11 aiohttp/3.9.2"
43.173.187.116 - - [01/Apr/2026:02:12:29 +1000] "GET /robots.txt HTTP/1.1" 404 - "-" "Mozilla/5.0 (Macintosh; Intel Mac OS X 10_15_7) AppleWebKit/537.36 (KHTML, like Gecko) Chrome/129.0.0.0 Safari/537.36"
106.52.53.46 - - [01/Apr/2026:02:12:29 +1000] "GET /robots.txt HTTP/1.1" 404 - "-" "Mozilla/5.0 (Macintosh; Intel Mac OS X 10_15_7) AppleWebKit/537.36 (KHTML, like Gecko) Chrome/129.0.0.0 Safari/537.36"
118.127.40.73 - - [01/Apr/2026:02:35:11 +1000] "GET / HTTP/1.1" 200 1018 "-" "Python/3.11 aiohttp/3.9.2"
18.170.3.118 - - [01/Apr/2026:03:02:12 +1000] "GET /.git/config HTTP/1.1" 404 - "-" "Mozilla/5.0 (X11; Linux i686; rv:1.9.6.20) Gecko/ Firefox/3.8"
118.127.40.73 - - [01/Apr/2026:03:05:10 +1000] "GET / HTTP/1.1" 200 1018 "-" "Python/3.11 aiohttp/3.9.2"
118.127.40.73 - - [01/Apr/2026:03:35:11 +1000] "GET / HTTP/1.1" 200 1018 "-" "Python/3.11 aiohttp/3.9.2"
118.127.40.73 - - [01/Apr/2026:04:05:12 +1000] "GET / HTTP/1.1" 200 1018 "-" "Python/3.11 aiohttp/3.9.2"
118.127.40.73 - - [01/Apr/2026:04:35:11 +1000] "GET / HTTP/1.1" 200 1018 "-" "Python/3.11 aiohttp/3.9.2"
195.178.110.64 - - [01/Apr/2026:04:50:51 +1000] "GET / HTTP/1.1" 200 1018 "-" "Mozilla/5.0 (Windows NT 10.0; Win64; x64) AppleWebKit/537.36 (KHTML, like Gecko) Chrome/120.0.0.0 Safari/537.36"
195.178.110.64 - - [01/Apr/2026:04:50:52 +1000] "GET / HTTP/1.1" 200 1018 "-" "Mozilla/5.0 (Windows NT 10.0; Win64; x64) AppleWebKit/537.36 (KHTML, like Gecko) Chrome/120.0.0.0 Safari/537.36"
118.127.40.73 - - [01/Apr/2026:05:05:11 +1000] "GET / HTTP/1.1" 200 1018 "-" "Python/3.11 aiohttp/3.9.2"
118.127.40.73 - - [01/Apr/2026:05:35:12 +1000] "GET / HTTP/1.1" 200 1018 "-" "Python/3.11 aiohttp/3.9.2"
195.178.110.159 - - [01/Apr/2026:05:36:28 +1000] "GET /.git/config HTTP/1.1" 404 - "-" "Mozilla/5.0 (Windows NT 10.0; Win64; x64; rv:109.0) Gecko/20100101 Firefox/117.0"
118.127.40.73 - - [01/Apr/2026:06:05:12 +1000] "GET / HTTP/1.1" 200 1018 "-" "Python/3.11 aiohttp/3.9.2"
195.178.110.159 - - [01/Apr/2026:06:22:15 +1000] "GET /.git/config HTTP/1.1" 404 - "-" "Mozilla/5.0 (Windows NT 10.0; WOW64) AppleWebKit/537.36 (KHTML, like Gecko) ConnectPC Safari/537.36 Browser"
118.127.40.73 - - [01/Apr/2026:06:35:11 +1000] "GET / HTTP/1.1" 200 1018 "-" "Python/3.11 aiohttp/3.9.2"
87.236.176.43 - - [01/Apr/2026:06:54:16 +1000] "GET / HTTP/1.1" 200 1018 "-" "Mozilla/5.0 (compatible; InternetMeasurement/1.0; +https://internet-measurement.com/)"
118.127.40.73 - - [01/Apr/2026:07:05:10 +1000] "GET / HTTP/1.1" 200 1018 "-" "Python/3.11 aiohttp/3.9.2"
74.7.228.28 - - [01/Apr/2026:07:32:57 +1000] "GET /robots.txt HTTP/1.1" 404 - "-" "Mozilla/5.0 (Macintosh; Intel Mac OS X 10_15_7) AppleWebKit/537.36 (KHTML, like Gecko) Chrome/131.0.0.0 Safari/537.36; compatible; OAI-SearchBot/1.3; robots.txt; +https://openai.com/searchbot"
118.127.40.73 - - [01/Apr/2026:07:35:13 +1000] "GET / HTTP/1.1" 200 1018 "-" "Python/3.11 aiohttp/3.9.2"
43.173.181.104 - - [01/Apr/2026:07:38:50 +1000] "GET /MT_Backups/DR_Suzan_Gyno/ HTTP/1.1" 200 74328 "-" "Mozilla/5.0 (Windows NT 10.0; Win64; x64) AppleWebKit/537.36 (KHTML, like Gecko) Chrome/111.0.0.0 Safari/537.36"
118.127.40.73 - - [01/Apr/2026:08:05:12 +1000] "GET / HTTP/1.1" 200 1018 "-" "Python/3.11 aiohttp/3.9.2"
185.247.137.176 - - [01/Apr/2026:08:26:11 +1000] "GET / HTTP/1.1" 200 1018 "-" "Mozilla/5.0 (compatible; InternetMeasurement/1.0; +https://internet-measurement.com/)"
104.152.52.211 - - [01/Apr/2026:08:26:16 +1000] "GET / HTTP/1.1" 200 1018 "-" "curl/7.61.1"
104.152.52.211 - - [01/Apr/2026:08:26:17 +1000] "GET /favicon.ico HTTP/1.1" 404 - "-" "curl/7.61.1"
118.127.40.73 - - [01/Apr/2026:08:35:15 +1000] "GET / HTTP/1.1" 200 1018 "-" "Python/3.11 aiohttp/3.9.2"
118.127.40.73 - - [01/Apr/2026:09:05:12 +1000] "GET / HTTP/1.1" 200 1018 "-" "Python/3.11 aiohttp/3.9.2"
118.127.40.73 - - [01/Apr/2026:09:35:15 +1000] "GET / HTTP/1.1" 200 1018 "-" "Python/3.11 aiohttp/3.9.2"
66.132.195.108 - - [01/Apr/2026:09:45:57 +1000] "GET / HTTP/1.1" 200 1018 "-" "Mozilla/5.0 (compatible; CensysInspect/1.1; +https://about.censys.io/)"
66.132.195.108 - - [01/Apr/2026:09:45:58 +1000] "GET /favicon.ico HTTP/1.1" 404 - "-" "Mozilla/5.0 (compatible; CensysInspect/1.1; +https://about.censys.io/)"
66.132.195.108 - - [01/Apr/2026:09:46:08 +1000] "GET / HTTP/1.1" 200 1018 "-" "Mozilla/5.0 (compatible; CensysInspect/1.1; +https://about.censys.io/)"
66.132.195.108 - - [01/Apr/2026:09:46:09 +1000] "GET /MT_Backups HTTP/1.1" 301 291 "-" "Mozilla/5.0 (compatible; CensysInspect/1.1; +https://about.censys.io/)"
66.132.195.108 - - [01/Apr/2026:09:46:09 +1000] "GET /MT_Backups/ HTTP/1.1" 200 4601 "https://backup.posscales.com.au:443/MT_Backups" "Mozilla/5.0 (compatible; CensysInspect/1.1; +https://about.censys.io/)"
66.132.195.108 - - [01/Apr/2026:09:46:09 +1000] "GET /MT_Backups/Fusion_HVAC HTTP/1.1" 301 303 "-" "Mozilla/5.0 (compatible; CensysInspect/1.1; +https://about.censys.io/)"
66.132.195.108 - - [01/Apr/2026:09:46:09 +1000] "GET /MT_Backups/Fusion_HVAC/ HTTP/1.1" 200 680 "https://backup.posscales.com.au:443/MT_Backups/Fusion_HVAC" "Mozilla/5.0 (compatible; CensysInspect/1.1; +https://about.censys.io/)"
66.132.195.108 - - [01/Apr/2026:09:46:10 +1000] "GET /MT_Backups/CWE HTTP/1.1" 301 295 "-" "Mozilla/5.0 (compatible; CensysInspect/1.1; +https://about.censys.io/)"
66.132.195.108 - - [01/Apr/2026:09:46:10 +1000] "GET /MT_Backups/CWE/ HTTP/1.1" 200 75106 "https://backup.posscales.com.au:443/MT_Backups/CWE" "Mozilla/5.0 (compatible; CensysInspect/1.1; +https://about.censys.io/)"
66.132.195.108 - - [01/Apr/2026:09:46:11 +1000] "GET /MT_Backups/Creative_Kids HTTP/1.1" 301 305 "-" "Mozilla/5.0 (compatible; CensysInspect/1.1; +https://about.censys.io/)"
66.132.195.108 - - [01/Apr/2026:09:46:11 +1000] "GET /MT_Backups/Creative_Kids/ HTTP/1.1" 200 77868 "https://backup.posscales.com.au:443/MT_Backups/Creative_Kids" "Mozilla/5.0 (compatible; CensysInspect/1.1; +https://about.censys.io/)"
66.132.195.108 - - [01/Apr/2026:09:46:12 +1000] "GET /MT_Backups/SmartReal HTTP/1.1" 301 301 "-" "Mozilla/5.0 (compatible; CensysInspect/1.1; +https://about.censys.io/)"
66.132.195.108 - - [01/Apr/2026:09:46:12 +1000] "GET /MT_Backups/SmartReal/ HTTP/1.1" 200 69742 "https://backup.posscales.com.au:443/MT_Backups/SmartReal" "Mozilla/5.0 (compatible; CensysInspect/1.1; +https://about.censys.io/)"
66.132.195.108 - - [01/Apr/2026:09:46:12 +1000] "GET /MT_Backups/Bygreen HTTP/1.1" 301 299 "-" "Mozilla/5.0 (compatible; CensysInspect/1.1; +https://about.censys.io/)"
66.132.195.108 - - [01/Apr/2026:09:46:13 +1000] "GET /MT_Backups/Bygreen/ HTTP/1.1" 200 86495 "https://backup.posscales.com.au:443/MT_Backups/Bygreen" "Mozilla/5.0 (compatible; CensysInspect/1.1; +https://about.censys.io/)"
66.132.195.108 - - [01/Apr/2026:09:46:13 +1000] "GET /MT_Backups/Sandstone_World HTTP/1.1" 301 307 "-" "Mozilla/5.0 (compatible; CensysInspect/1.1; +https://about.censys.io/)"
66.132.195.108 - - [01/Apr/2026:09:46:13 +1000] "GET /MT_Backups/Sandstone_World/ HTTP/1.1" 200 66592 "https://backup.posscales.com.au:443/MT_Backups/Sandstone_World" "Mozilla/5.0 (compatible; CensysInspect/1.1; +https://about.censys.io/)"
66.132.195.108 - - [01/Apr/2026:09:46:14 +1000] "GET /MT_Backups/RPG_Plumbing HTTP/1.1" 301 304 "-" "Mozilla/5.0 (compatible; CensysInspect/1.1; +https://about.censys.io/)"
66.132.195.108 - - [01/Apr/2026:09:46:14 +1000] "GET /MT_Backups/RPG_Plumbing/ HTTP/1.1" 200 44258 "https://backup.posscales.com.au:443/MT_Backups/RPG_Plumbing" "Mozilla/5.0 (compatible; CensysInspect/1.1; +https://about.censys.io/)"
66.132.195.108 - - [01/Apr/2026:09:46:15 +1000] "GET /MT_Backups/DR_Suzan_Gyno HTTP/1.1" 301 305 "-" "Mozilla/5.0 (compatible; CensysInspect/1.1; +https://about.censys.io/)"
66.132.195.108 - - [01/Apr/2026:09:46:15 +1000] "GET /MT_Backups/DR_Suzan_Gyno/ HTTP/1.1" 200 74328 "https://backup.posscales.com.au:443/MT_Backups/DR_Suzan_Gyno" "Mozilla/5.0 (compatible; CensysInspect/1.1; +https://about.censys.io/)"
66.132.195.108 - - [01/Apr/2026:09:46:16 +1000] "GET /MT_Backups/The_Henley HTTP/1.1" 301 302 "-" "Mozilla/5.0 (compatible; CensysInspect/1.1; +https://about.censys.io/)"
66.132.195.108 - - [01/Apr/2026:09:46:16 +1000] "GET /MT_Backups/The_Henley/ HTTP/1.1" 200 15117 "https://backup.posscales.com.au:443/MT_Backups/The_Henley" "Mozilla/5.0 (compatible; CensysInspect/1.1; +https://about.censys.io/)"
66.132.195.108 - - [01/Apr/2026:09:46:16 +1000] "GET /MT_Backups/Abetta_Carpit_Court HTTP/1.1" 301 311 "-" "Mozilla/5.0 (compatible; CensysInspect/1.1; +https://about.censys.io/)"
66.132.195.108 - - [01/Apr/2026:09:46:16 +1000] "GET /MT_Backups/Abetta_Carpit_Court/ HTTP/1.1" 200 207975 "https://backup.posscales.com.au:443/MT_Backups/Abetta_Carpit_Court" "Mozilla/5.0 (compatible; CensysInspect/1.1; +https://about.censys.io/)"
66.132.195.108 - - [01/Apr/2026:09:46:17 +1000] "GET /MT_Backups/Smartair HTTP/1.1" 301 300 "-" "Mozilla/5.0 (compatible; CensysInspect/1.1; +https://about.censys.io/)"
66.132.195.108 - - [01/Apr/2026:09:46:18 +1000] "GET /MT_Backups/Smartair/ HTTP/1.1" 200 850 "https://backup.posscales.com.au:443/MT_Backups/Smartair" "Mozilla/5.0 (compatible; CensysInspect/1.1; +https://about.censys.io/)"
66.132.195.108 - - [01/Apr/2026:09:46:18 +1000] "GET /MT_Backups/Black_Arts HTTP/1.1" 301 302 "-" "Mozilla/5.0 (compatible; CensysInspect/1.1; +https://about.censys.io/)"
66.132.195.108 - - [01/Apr/2026:09:46:18 +1000] "GET /MT_Backups/Black_Arts/ HTTP/1.1" 200 144792 "https://backup.posscales.com.au:443/MT_Backups/Black_Arts" "Mozilla/5.0 (compatible; CensysInspect/1.1; +https://about.censys.io/)"
66.132.195.108 - - [01/Apr/2026:09:46:19 +1000] "GET /MT_Backups/AWS_TLC HTTP/1.1" 301 299 "-" "Mozilla/5.0 (compatible; CensysInspect/1.1; +https://about.censys.io/)"
66.132.195.108 - - [01/Apr/2026:09:46:19 +1000] "GET /MT_Backups/AWS_TLC/ HTTP/1.1" 200 30048 "https://backup.posscales.com.au:443/MT_Backups/AWS_TLC" "Mozilla/5.0 (compatible; CensysInspect/1.1; +https://about.censys.io/)"
66.132.195.108 - - [01/Apr/2026:09:46:20 +1000] "GET /MT_Backups/POS_Scales HTTP/1.1" 301 302 "-" "Mozilla/5.0 (compatible; CensysInspect/1.1; +https://about.censys.io/)"
66.132.195.108 - - [01/Apr/2026:09:46:20 +1000] "GET /MT_Backups/POS_Scales/ HTTP/1.1" 200 74700 "https://backup.posscales.com.au:443/MT_Backups/POS_Scales" "Mozilla/5.0 (compatible; CensysInspect/1.1; +https://about.censys.io/)"
66.132.195.108 - - [01/Apr/2026:09:46:20 +1000] "GET /MT_Backups/Reflections HTTP/1.1" 301 303 "-" "Mozilla/5.0 (compatible; CensysInspect/1.1; +https://about.censys.io/)"
66.132.195.108 - - [01/Apr/2026:09:46:21 +1000] "GET /MT_Backups/Reflections/ HTTP/1.1" 200 202403 "https://backup.posscales.com.au:443/MT_Backups/Reflections" "Mozilla/5.0 (compatible; CensysInspect/1.1; +https://about.censys.io/)"
66.132.195.108 - - [01/Apr/2026:09:46:21 +1000] "GET /MT_Backups/workrehab HTTP/1.1" 301 301 "-" "Mozilla/5.0 (compatible; CensysInspect/1.1; +https://about.censys.io/)"
66.132.195.108 - - [01/Apr/2026:09:46:22 +1000] "GET /MT_Backups/workrehab/ HTTP/1.1" 200 51883 "https://backup.posscales.com.au:443/MT_Backups/workrehab" "Mozilla/5.0 (compatible; CensysInspect/1.1; +https://about.censys.io/)"
66.132.195.108 - - [01/Apr/2026:09:46:22 +1000] "GET /MT_Backups/TLC_Freedom_Agecare HTTP/1.1" 301 311 "-" "Mozilla/5.0 (compatible; CensysInspect/1.1; +https://about.censys.io/)"
66.132.195.108 - - [01/Apr/2026:09:46:23 +1000] "GET /MT_Backups/TLC_Freedom_Agecare/ HTTP/1.1" 200 153150 "https://backup.posscales.com.au:443/MT_Backups/TLC_Freedom_Agecare" "Mozilla/5.0 (compatible; CensysInspect/1.1; +https://about.censys.io/)"
66.132.195.108 - - [01/Apr/2026:09:46:23 +1000] "GET /MT_Backups/Ready_Movers HTTP/1.1" 301 304 "-" "Mozilla/5.0 (compatible; CensysInspect/1.1; +https://about.censys.io/)"
66.132.195.108 - - [01/Apr/2026:09:46:24 +1000] "GET /MT_Backups/Ready_Movers/ HTTP/1.1" 200 2398 "https://backup.posscales.com.au:443/MT_Backups/Ready_Movers" "Mozilla/5.0 (compatible; CensysInspect/1.1; +https://about.censys.io/)"
66.132.195.108 - - [01/Apr/2026:09:46:24 +1000] "GET /cgi-bin HTTP/1.1" 301 288 "-" "Mozilla/5.0 (compatible; CensysInspect/1.1; +https://about.censys.io/)"
66.132.195.108 - - [01/Apr/2026:09:46:24 +1000] "GET /cgi-bin/ HTTP/1.1" 404 - "https://backup.posscales.com.au:443/cgi-bin" "Mozilla/5.0 (compatible; CensysInspect/1.1; +https://about.censys.io/)"
118.127.40.73 - - [01/Apr/2026:10:05:12 +1000] "GET / HTTP/1.1" 200 1018 "-" "Python/3.11 aiohttp/3.9.2"
118.127.40.73 - - [01/Apr/2026:10:35:12 +1000] "GET / HTTP/1.1" 200 1018 "-" "Python/3.11 aiohttp/3.9.2"
118.127.40.73 - - [01/Apr/2026:11:05:14 +1000] "GET / HTTP/1.1" 200 1018 "-" "Python/3.11 aiohttp/3.9.2"
118.127.40.73 - - [01/Apr/2026:11:35:14 +1000] "GET / HTTP/1.1" 200 1018 "-" "Python/3.11 aiohttp/3.9.2"
118.127.40.73 - - [01/Apr/2026:12:05:13 +1000] "GET / HTTP/1.1" 200 1018 "-" "Python/3.11 aiohttp/3.9.2"
118.127.40.73 - - [01/Apr/2026:12:35:17 +1000] "GET / HTTP/1.1" 200 1018 "-" "Python/3.11 aiohttp/3.9.2"
118.127.40.73 - - [01/Apr/2026:13:05:15 +1000] "GET / HTTP/1.1" 200 1018 "-" "Python/3.11 aiohttp/3.9.2"
118.127.40.73 - - [01/Apr/2026:13:35:17 +1000] "GET / HTTP/1.1" 200 1018 "-" "Python/3.11 aiohttp/3.9.2"
93.123.109.79 - - [01/Apr/2026:13:37:38 +1000] "GET /.git/config HTTP/1.1" 404 - "-" "Mozilla/5.0 (Windows NT 10.0; Win64; x64) AppleWebKit/537.36 (KHTML, like Gecko) Chrome/126.0.0.0 Safari/537.36"
118.127.40.73 - - [01/Apr/2026:14:05:14 +1000] "GET / HTTP/1.1" 200 1018 "-" "Python/3.11 aiohttp/3.9.2"
118.127.40.73 - - [01/Apr/2026:14:35:16 +1000] "GET / HTTP/1.1" 200 1018 "-" "Python/3.11 aiohttp/3.9.2"
118.127.40.73 - - [01/Apr/2026:15:05:15 +1000] "GET / HTTP/1.1" 200 1018 "-" "Python/3.11 aiohttp/3.9.2"
118.127.40.73 - - [01/Apr/2026:15:35:15 +1000] "GET / HTTP/1.1" 200 1018 "-" "Python/3.11 aiohttp/3.9.2"
118.127.40.73 - - [01/Apr/2026:16:05:15 +1000] "GET / HTTP/1.1" 200 1018 "-" "Python/3.11 aiohttp/3.9.2"
118.127.40.73 - - [01/Apr/2026:16:35:17 +1000] "GET / HTTP/1.1" 200 1018 "-" "Python/3.11 aiohttp/3.9.2"
118.127.40.73 - - [01/Apr/2026:17:05:16 +1000] "GET / HTTP/1.1" 200 1018 "-" "Python/3.11 aiohttp/3.9.2"
118.127.40.73 - - [01/Apr/2026:17:35:16 +1000] "GET / HTTP/1.1" 200 1018 "-" "Python/3.11 aiohttp/3.9.2"
118.127.40.73 - - [01/Apr/2026:18:05:16 +1000] "GET / HTTP/1.1" 200 1018 "-" "Python/3.11 aiohttp/3.9.2"
118.127.40.73 - - [01/Apr/2026:18:35:18 +1000] "GET / HTTP/1.1" 200 1018 "-" "Python/3.11 aiohttp/3.9.2"
194.164.107.4 - - [01/Apr/2026:18:51:42 +1000] "GET / HTTP/1.1" 200 1018 "-" "Mozilla/5.0 (Windows NT 10.0; Win64; x64) AppleWebKit/537.36 (KHTML, like Gecko) Chrome/133.0.0.0 Safari/537.36"
118.127.40.73 - - [01/Apr/2026:19:05:18 +1000] "GET / HTTP/1.1" 200 1018 "-" "Python/3.11 aiohttp/3.9.2"
118.127.40.73 - - [01/Apr/2026:19:35:18 +1000] "GET / HTTP/1.1" 200 1018 "-" "Python/3.11 aiohttp/3.9.2"
118.127.40.73 - - [01/Apr/2026:20:05:24 +1000] "GET / HTTP/1.1" 200 1018 "-" "Python/3.11 aiohttp/3.9.2"
118.127.40.73 - - [01/Apr/2026:20:35:19 +1000] "GET / HTTP/1.1" 200 1018 "-" "Python/3.11 aiohttp/3.9.2"
118.127.40.73 - - [01/Apr/2026:21:05:17 +1000] "GET / HTTP/1.1" 200 1018 "-" "Python/3.11 aiohttp/3.9.2"
118.127.40.73 - - [01/Apr/2026:21:35:18 +1000] "GET / HTTP/1.1" 200 1018 "-" "Python/3.11 aiohttp/3.9.2"
118.127.40.73 - - [01/Apr/2026:22:05:17 +1000] "GET / HTTP/1.1" 200 1018 "-" "Python/3.11 aiohttp/3.9.2"
118.127.40.73 - - [01/Apr/2026:22:35:36 +1000] "GET / HTTP/1.1" 200 1018 "-" "Python/3.11 aiohttp/3.9.2"
118.127.40.73 - - [01/Apr/2026:23:05:18 +1000] "GET / HTTP/1.1" 200 1018 "-" "Python/3.11 aiohttp/3.9.2"
118.127.40.73 - - [01/Apr/2026:23:35:19 +1000] "GET / HTTP/1.1" 200 1018 "-" "Python/3.11 aiohttp/3.9.2"
118.127.40.73 - - [02/Apr/2026:00:05:21 +1000] "GET / HTTP/1.1" 200 1018 "-" "Python/3.11 aiohttp/3.9.2"
118.127.40.73 - - [02/Apr/2026:00:35:21 +1000] "GET / HTTP/1.1" 200 1018 "-" "Python/3.11 aiohttp/3.9.2"
74.7.244.55 - - [02/Apr/2026:00:36:29 +1000] "GET /robots.txt HTTP/1.1" 404 - "-" "Mozilla/5.0 (Macintosh; Intel Mac OS X 10_15_7) AppleWebKit/537.36 (KHTML, like Gecko) Chrome/131.0.0.0 Safari/537.36; compatible; OAI-SearchBot/1.3; robots.txt; +https://openai.com/searchbot"
118.127.40.73 - - [02/Apr/2026:01:05:20 +1000] "GET / HTTP/1.1" 200 1018 "-" "Python/3.11 aiohttp/3.9.2"
118.127.40.73 - - [02/Apr/2026:01:35:21 +1000] "GET / HTTP/1.1" 200 1018 "-" "Python/3.11 aiohttp/3.9.2"
118.127.40.73 - - [02/Apr/2026:02:05:20 +1000] "GET / HTTP/1.1" 200 1018 "-" "Python/3.11 aiohttp/3.9.2"
118.127.40.73 - - [02/Apr/2026:02:35:19 +1000] "GET / HTTP/1.1" 200 1018 "-" "Python/3.11 aiohttp/3.9.2"
118.127.40.73 - - [02/Apr/2026:03:05:20 +1000] "GET / HTTP/1.1" 200 1018 "-" "Python/3.11 aiohttp/3.9.2"
118.127.40.73 - - [02/Apr/2026:03:35:19 +1000] "GET / HTTP/1.1" 200 1018 "-" "Python/3.11 aiohttp/3.9.2"
118.127.40.73 - - [02/Apr/2026:04:05:27 +1000] "GET / HTTP/1.1" 200 1018 "-" "Python/3.11 aiohttp/3.9.2"
172.238.172.176 - - [02/Apr/2026:04:17:07 +1000] "GET / HTTP/1.1" 200 1018 "-" "Mozilla/5.0 (Windows NT 6.3; WOW64) AppleWebKit/537.36 (KHTML, like Gecko) Chrome/83.0.4103.97 Safari/537.36"
118.127.40.73 - - [02/Apr/2026:04:35:21 +1000] "GET / HTTP/1.1" 200 1018 "-" "Python/3.11 aiohttp/3.9.2"
118.127.40.73 - - [02/Apr/2026:05:05:20 +1000] "GET / HTTP/1.1" 200 1018 "-" "Python/3.11 aiohttp/3.9.2"
74.7.228.28 - - [02/Apr/2026:05:32:11 +1000] "GET /robots.txt HTTP/1.1" 404 - "-" "Mozilla/5.0 (Macintosh; Intel Mac OS X 10_15_7) AppleWebKit/537.36 (KHTML, like Gecko) Chrome/131.0.0.0 Safari/537.36; compatible; OAI-SearchBot/1.3; robots.txt; +https://openai.com/searchbot"
118.127.40.73 - - [02/Apr/2026:05:35:22 +1000] "GET / HTTP/1.1" 200 1018 "-" "Python/3.11 aiohttp/3.9.2"
118.127.40.73 - - [02/Apr/2026:06:05:22 +1000] "GET / HTTP/1.1" 200 1018 "-" "Python/3.11 aiohttp/3.9.2"
118.127.40.73 - - [02/Apr/2026:06:35:22 +1000] "GET / HTTP/1.1" 200 1018 "-" "Python/3.11 aiohttp/3.9.2"
118.127.40.73 - - [02/Apr/2026:07:05:21 +1000] "GET / HTTP/1.1" 200 1018 "-" "Python/3.11 aiohttp/3.9.2"
118.127.40.73 - - [02/Apr/2026:07:35:25 +1000] "GET / HTTP/1.1" 200 1018 "-" "Python/3.11 aiohttp/3.9.2"
118.127.40.73 - - [02/Apr/2026:08:05:21 +1000] "GET / HTTP/1.1" 200 1018 "-" "Python/3.11 aiohttp/3.9.2"
118.127.40.73 - - [02/Apr/2026:08:35:24 +1000] "GET / HTTP/1.1" 200 1018 "-" "Python/3.11 aiohttp/3.9.2"
118.127.40.73 - - [02/Apr/2026:09:05:22 +1000] "GET / HTTP/1.1" 200 1018 "-" "Python/3.11 aiohttp/3.9.2"
118.127.40.73 - - [02/Apr/2026:09:35:23 +1000] "GET / HTTP/1.1" 200 1018 "-" "Python/3.11 aiohttp/3.9.2"
118.127.40.73 - - [02/Apr/2026:10:05:22 +1000] "GET / HTTP/1.1" 200 1018 "-" "Python/3.11 aiohttp/3.9.2"
118.127.40.73 - - [02/Apr/2026:10:35:23 +1000] "GET / HTTP/1.1" 200 1018 "-" "Python/3.11 aiohttp/3.9.2"
118.127.40.73 - - [02/Apr/2026:11:05:23 +1000] "GET / HTTP/1.1" 200 1018 "-" "Python/3.11 aiohttp/3.9.2"
118.127.40.73 - - [02/Apr/2026:11:35:26 +1000] "GET / HTTP/1.1" 200 1018 "-" "Python/3.11 aiohttp/3.9.2"
144.31.35.84 - - [02/Apr/2026:11:50:29 +1000] "GET /MT_Backups/workrehab/BACKUP-Work-Rehab_Paddington-2026jan08-232553.rsc HTTP/1.1" 200 16656 "-" "Mozilla/5.0 (Macintosh; Intel Mac OS X 10_15_7) AppleWebKit/537.36 (KHTML, like Gecko) Chrome/135.0.0.0 Safari/537.36"
118.127.40.73 - - [02/Apr/2026:12:05:24 +1000] "GET / HTTP/1.1" 200 1018 "-" "Python/3.11 aiohttp/3.9.2"
118.127.40.73 - - [02/Apr/2026:12:35:23 +1000] "GET / HTTP/1.1" 200 1018 "-" "Python/3.11 aiohttp/3.9.2"
164.90.208.56 - - [02/Apr/2026:12:53:00 +1000] "GET / HTTP/1.1" 200 1018 "-" "Mozilla/5.0 (l9scan/2.0.330313e20343e2732313e2831313; +https://leakix.net)"
64.227.32.66 - - [02/Apr/2026:12:53:01 +1000] "GET / HTTP/1.1" 200 1018 "-" "Mozilla/5.0 (l9scan/2.0.330313e20343e2732313e2831313; +https://leakix.net)"
164.90.208.56 - - [02/Apr/2026:12:53:01 +1000] "GET /console/ HTTP/1.1" 404 - "-" "Mozilla/5.0 (l9scan/2.0.330313e20343e2732313e2831313; +https://leakix.net)"
57.129.16.41 - - [02/Apr/2026:12:53:02 +1000] "GET / HTTP/1.1" 200 1018 "-" "Go-http-client/1.1"
64.227.32.66 - - [02/Apr/2026:12:53:02 +1000] "GET /console/ HTTP/1.1" 404 - "-" "Mozilla/5.0 (l9scan/2.0.330313e20343e2732313e2831313; +https://leakix.net)"
164.90.208.56 - - [02/Apr/2026:12:53:02 +1000] "GET /server HTTP/1.1" 404 - "-" "Mozilla/5.0 (l9scan/2.0.330313e20343e2732313e2831313; +https://leakix.net)"
57.129.16.41 - - [02/Apr/2026:12:53:02 +1000] "GET /MT_Backups/ HTTP/1.1" 200 4601 "-" "Go-http-client/1.1"
57.129.16.41 - - [02/Apr/2026:12:53:02 +1000] "GET / HTTP/1.1" 200 1018 "-" "Go-http-client/1.1"
57.129.16.41 - - [02/Apr/2026:12:53:02 +1000] "GET /MT_Backups/AWS_Multisite/ HTTP/1.1" 200 31257 "-" "Go-http-client/1.1"
57.129.16.41 - - [02/Apr/2026:12:53:03 +1000] "GET /MT_Backups/ HTTP/1.1" 200 4601 "-" "Go-http-client/1.1"
64.227.32.66 - - [02/Apr/2026:12:53:03 +1000] "GET /server HTTP/1.1" 404 - "-" "Mozilla/5.0 (l9scan/2.0.330313e20343e2732313e2831313; +https://leakix.net)"
57.129.16.41 - - [02/Apr/2026:12:53:03 +1000] "GET /MT_Backups/AWS_Multisite/ HTTP/1.1" 200 31257 "-" "Go-http-client/1.1"
57.129.16.41 - - [02/Apr/2026:12:53:03 +1000] "HEAD /MT_Backups/AWS_Multisite/BACKUP-Amazon-Agrogation%20VPN%20Server%20-2021aug05-203607.backup HTTP/1.1" 200 - "-" "Go-http-client/1.1"
164.90.208.56 - - [02/Apr/2026:12:53:03 +1000] "GET /server-status HTTP/1.1" 404 - "-" "Mozilla/5.0 (l9scan/2.0.330313e20343e2732313e2831313; +https://leakix.net)"
57.129.16.41 - - [02/Apr/2026:12:53:03 +1000] "GET /MT_Backups/AWS_Multisite/BACKUP-Amazon-Agrogation%20VPN%20Server%20-2021aug05-203607.backup HTTP/1.1" 200 48866 "-" "Go-http-client/1.1"
57.129.16.41 - - [02/Apr/2026:12:53:03 +1000] "HEAD /MT_Backups/AWS_Multisite/BACKUP-Amazon-Agrogation%20VPN%20Server%20-2021aug05-203607.backup HTTP/1.1" 200 - "-" "Go-http-client/1.1"
64.227.32.66 - - [02/Apr/2026:12:53:04 +1000] "GET /server-status HTTP/1.1" 404 - "-" "Mozilla/5.0 (l9scan/2.0.330313e20343e2732313e2831313; +https://leakix.net)"
57.129.16.41 - - [02/Apr/2026:12:53:04 +1000] "GET /MT_Backups/AWS_Multisite/BACKUP-Amazon-Agrogation%20VPN%20Server%20-2021aug05-203607.backup HTTP/1.1" 200 48866 "-" "Go-http-client/1.1"
57.129.16.41 - - [02/Apr/2026:12:53:04 +1000] "HEAD /MT_Backups/AWS_Multisite/BACKUP-Amazon-Agrogation%20VPN%20Server%20-2021aug05-203607.rsc HTTP/1.1" 200 - "-" "Go-http-client/1.1"
57.129.16.41 - - [02/Apr/2026:12:53:04 +1000] "GET /MT_Backups/AWS_Multisite/BACKUP-Amazon-Agrogation%20VPN%20Server%20-2021aug05-203607.rsc HTTP/1.1" 200 7704 "-" "Go-http-client/1.1"
57.129.16.41 - - [02/Apr/2026:12:53:04 +1000] "HEAD /MT_Backups/AWS_Multisite/BACKUP-Amazon-Agrogation%20VPN%20Server%20-2021aug05-203607.rsc HTTP/1.1" 200 - "-" "Go-http-client/1.1"
57.129.16.41 - - [02/Apr/2026:12:53:04 +1000] "HEAD /MT_Backups/AWS_Multisite/BACKUP-Amazon-Agrogation%20VPN%20Server%20-2021aug12-203607.backup HTTP/1.1" 200 - "-" "Go-http-client/1.1"
57.129.16.41 - - [02/Apr/2026:12:53:05 +1000] "GET /MT_Backups/AWS_Multisite/BACKUP-Amazon-Agrogation%20VPN%20Server%20-2021aug05-203607.rsc HTTP/1.1" 200 7704 "-" "Go-http-client/1.1"
57.129.16.41 - - [02/Apr/2026:12:53:05 +1000] "GET /MT_Backups/AWS_Multisite/BACKUP-Amazon-Agrogation%20VPN%20Server%20-2021aug12-203607.backup HTTP/1.1" 200 49332 "-" "Go-http-client/1.1"
164.90.208.56 - - [02/Apr/2026:12:53:05 +1000] "GET /about HTTP/1.1" 404 - "-" "Mozilla/5.0 (l9scan/2.0.330313e20343e2732313e2831313; +https://leakix.net)"
57.129.16.41 - - [02/Apr/2026:12:53:05 +1000] "HEAD /MT_Backups/AWS_Multisite/BACKUP-Amazon-Agrogation%20VPN%20Server%20-2021aug12-203607.backup HTTP/1.1" 200 - "-" "Go-http-client/1.1"
57.129.16.41 - - [02/Apr/2026:12:53:05 +1000] "HEAD /MT_Backups/AWS_Multisite/BACKUP-Amazon-Agrogation%20VPN%20Server%20-2021aug12-203607.rsc HTTP/1.1" 200 - "-" "Go-http-client/1.1"
57.129.16.41 - - [02/Apr/2026:12:53:05 +1000] "GET /MT_Backups/AWS_Multisite/BACKUP-Amazon-Agrogation%20VPN%20Server%20-2021aug12-203607.backup HTTP/1.1" 200 49332 "-" "Go-http-client/1.1"
57.129.16.41 - - [02/Apr/2026:12:53:05 +1000] "GET /MT_Backups/AWS_Multisite/BACKUP-Amazon-Agrogation%20VPN%20Server%20-2021aug12-203607.rsc HTTP/1.1" 200 7838 "-" "Go-http-client/1.1"
57.129.16.41 - - [02/Apr/2026:12:53:06 +1000] "HEAD /MT_Backups/AWS_Multisite/BACKUP-Amazon-Agrogation%20VPN%20Server%20-2021aug12-203607.rsc HTTP/1.1" 200 - "-" "Go-http-client/1.1"
64.227.32.66 - - [02/Apr/2026:12:53:06 +1000] "GET /about HTTP/1.1" 404 - "-" "Mozilla/5.0 (l9scan/2.0.330313e20343e2732313e2831313; +https://leakix.net)"
57.129.16.41 - - [02/Apr/2026:12:53:06 +1000] "HEAD /MT_Backups/AWS_Multisite/BACKUP-Amazon-Agrogation%20VPN%20Server%20-2021aug19-203607.backup HTTP/1.1" 200 - "-" "Go-http-client/1.1"
164.90.208.56 - - [02/Apr/2026:12:53:06 +1000] "GET /login.action HTTP/1.1" 404 - "-" "Mozilla/5.0 (l9scan/2.0.330313e20343e2732313e2831313; +https://leakix.net)"
57.129.16.41 - - [02/Apr/2026:12:53:06 +1000] "GET /MT_Backups/AWS_Multisite/BACKUP-Amazon-Agrogation%20VPN%20Server%20-2021aug12-203607.rsc HTTP/1.1" 200 7838 "-" "Go-http-client/1.1"
57.129.16.41 - - [02/Apr/2026:12:53:06 +1000] "GET /MT_Backups/AWS_Multisite/BACKUP-Amazon-Agrogation%20VPN%20Server%20-2021aug19-203607.backup HTTP/1.1" 200 49332 "-" "Go-http-client/1.1"
57.129.16.41 - - [02/Apr/2026:12:53:06 +1000] "HEAD /MT_Backups/AWS_Multisite/BACKUP-Amazon-Agrogation%20VPN%20Server%20-2021aug19-203607.backup HTTP/1.1" 200 - "-" "Go-http-client/1.1"
57.129.16.41 - - [02/Apr/2026:12:53:06 +1000] "HEAD /MT_Backups/AWS_Multisite/BACKUP-Amazon-Agrogation%20VPN%20Server%20-2021aug19-203607.rsc HTTP/1.1" 200 - "-" "Go-http-client/1.1"
57.129.16.41 - - [02/Apr/2026:12:53:07 +1000] "GET /MT_Backups/AWS_Multisite/BACKUP-Amazon-Agrogation%20VPN%20Server%20-2021aug19-203607.backup HTTP/1.1" 200 49332 "-" "Go-http-client/1.1"
57.129.16.41 - - [02/Apr/2026:12:53:07 +1000] "GET /MT_Backups/AWS_Multisite/BACKUP-Amazon-Agrogation%20VPN%20Server%20-2021aug19-203607.rsc HTTP/1.1" 200 7838 "-" "Go-http-client/1.1"
64.227.32.66 - - [02/Apr/2026:12:53:07 +1000] "GET /login.action HTTP/1.1" 404 - "-" "Mozilla/5.0 (l9scan/2.0.330313e20343e2732313e2831313; +https://leakix.net)"
164.90.208.56 - - [02/Apr/2026:12:53:07 +1000] "GET /v2/_catalog HTTP/1.1" 404 - "-" "Mozilla/5.0 (l9scan/2.0.330313e20343e2732313e2831313; +https://leakix.net)"
57.129.16.41 - - [02/Apr/2026:12:53:07 +1000] "HEAD /MT_Backups/AWS_Multisite/BACKUP-Amazon-Agrogation%20VPN%20Server%20-2021aug19-203607.rsc HTTP/1.1" 200 - "-" "Go-http-client/1.1"
57.129.16.41 - - [02/Apr/2026:12:53:07 +1000] "HEAD /MT_Backups/AWS_Multisite/BACKUP-Amazon-Agrogation%20VPN%20Server%20-2021aug26-203607.backup HTTP/1.1" 200 - "-" "Go-http-client/1.1"
57.129.16.41 - - [02/Apr/2026:12:53:07 +1000] "GET /MT_Backups/AWS_Multisite/BACKUP-Amazon-Agrogation%20VPN%20Server%20-2021aug19-203607.rsc HTTP/1.1" 200 7838 "-" "Go-http-client/1.1"
57.129.16.41 - - [02/Apr/2026:12:53:07 +1000] "GET /MT_Backups/AWS_Multisite/BACKUP-Amazon-Agrogation%20VPN%20Server%20-2021aug26-203607.backup HTTP/1.1" 200 49332 "-" "Go-http-client/1.1"
57.129.16.41 - - [02/Apr/2026:12:53:08 +1000] "HEAD /MT_Backups/AWS_Multisite/BACKUP-Amazon-Agrogation%20VPN%20Server%20-2021aug26-203607.backup HTTP/1.1" 200 - "-" "Go-http-client/1.1"
64.227.32.66 - - [02/Apr/2026:12:53:08 +1000] "GET /v2/_catalog HTTP/1.1" 404 - "-" "Mozilla/5.0 (l9scan/2.0.330313e20343e2732313e2831313; +https://leakix.net)"
164.90.208.56 - - [02/Apr/2026:12:53:08 +1000] "GET /.DS_Store HTTP/1.1" 404 - "-" "Mozilla/5.0 (l9scan/2.0.330313e20343e2732313e2831313; +https://leakix.net)"
57.129.16.41 - - [02/Apr/2026:12:53:08 +1000] "HEAD /MT_Backups/AWS_Multisite/BACKUP-Amazon-Agrogation%20VPN%20Server%20-2021aug26-203607.rsc HTTP/1.1" 200 - "-" "Go-http-client/1.1"
57.129.16.41 - - [02/Apr/2026:12:53:08 +1000] "GET /MT_Backups/AWS_Multisite/BACKUP-Amazon-Agrogation%20VPN%20Server%20-2021aug26-203607.backup HTTP/1.1" 200 49332 "-" "Go-http-client/1.1"
57.129.16.41 - - [02/Apr/2026:12:53:08 +1000] "GET /MT_Backups/AWS_Multisite/BACKUP-Amazon-Agrogation%20VPN%20Server%20-2021aug26-203607.rsc HTTP/1.1" 200 7838 "-" "Go-http-client/1.1"
57.129.16.41 - - [02/Apr/2026:12:53:08 +1000] "HEAD /MT_Backups/AWS_Multisite/BACKUP-Amazon-Agrogation%20VPN%20Server%20-2021aug26-203607.rsc HTTP/1.1" 200 - "-" "Go-http-client/1.1"
57.129.16.41 - - [02/Apr/2026:12:53:08 +1000] "HEAD /MT_Backups/AWS_Multisite/BACKUP-Amazon-Agrogation%20VPN%20Server%20-2021dec02-203607.backup HTTP/1.1" 200 - "-" "Go-http-client/1.1"
57.129.16.41 - - [02/Apr/2026:12:53:09 +1000] "GET /MT_Backups/AWS_Multisite/BACKUP-Amazon-Agrogation%20VPN%20Server%20-2021aug26-203607.rsc HTTP/1.1" 200 7838 "-" "Go-http-client/1.1"
64.227.32.66 - - [02/Apr/2026:12:53:09 +1000] "GET /.DS_Store HTTP/1.1" 404 - "-" "Mozilla/5.0 (l9scan/2.0.330313e20343e2732313e2831313; +https://leakix.net)"
