57.129.16.41 - - [02/Apr/2026:12:53:09 +1000] "GET /MT_Backups/AWS_Multisite/BACKUP-Amazon-Agrogation%20VPN%20Server%20-2021dec02-203607.backup HTTP/1.1" 200 49332 "-" "Go-http-client/1.1"
57.129.16.41 - - [02/Apr/2026:12:53:09 +1000] "HEAD /MT_Backups/AWS_Multisite/BACKUP-Amazon-Agrogation%20VPN%20Server%20-2021dec02-203607.backup HTTP/1.1" 200 - "-" "Go-http-client/1.1"
164.90.208.56 - - [02/Apr/2026:12:53:09 +1000] "GET /.env HTTP/1.1" 404 - "-" "Mozilla/5.0 (l9scan/2.0.330313e20343e2732313e2831313; +https://leakix.net)"
57.129.16.41 - - [02/Apr/2026:12:53:09 +1000] "HEAD /MT_Backups/AWS_Multisite/BACKUP-Amazon-Agrogation%20VPN%20Server%20-2021dec02-203607.rsc HTTP/1.1" 200 - "-" "Go-http-client/1.1"
57.129.16.41 - - [02/Apr/2026:12:53:09 +1000] "GET /MT_Backups/AWS_Multisite/BACKUP-Amazon-Agrogation%20VPN%20Server%20-2021dec02-203607.backup HTTP/1.1" 200 49332 "-" "Go-http-client/1.1"
57.129.16.41 - - [02/Apr/2026:12:53:09 +1000] "GET /MT_Backups/AWS_Multisite/BACKUP-Amazon-Agrogation%20VPN%20Server%20-2021dec02-203607.rsc HTTP/1.1" 200 7838 "-" "Go-http-client/1.1"
57.129.16.41 - - [02/Apr/2026:12:53:10 +1000] "HEAD /MT_Backups/AWS_Multisite/BACKUP-Amazon-Agrogation%20VPN%20Server%20-2021dec02-203607.rsc HTTP/1.1" 200 - "-" "Go-http-client/1.1"
64.227.32.66 - - [02/Apr/2026:12:53:10 +1000] "GET /.env HTTP/1.1" 404 - "-" "Mozilla/5.0 (l9scan/2.0.330313e20343e2732313e2831313; +https://leakix.net)"
57.129.16.41 - - [02/Apr/2026:12:53:10 +1000] "HEAD /MT_Backups/AWS_Multisite/BACKUP-Amazon-Agrogation%20VPN%20Server%20-2021dec09-203607.backup HTTP/1.1" 200 - "-" "Go-http-client/1.1"
57.129.16.41 - - [02/Apr/2026:12:53:10 +1000] "GET /MT_Backups/AWS_Multisite/BACKUP-Amazon-Agrogation%20VPN%20Server%20-2021dec02-203607.rsc HTTP/1.1" 200 7838 "-" "Go-http-client/1.1"
57.129.16.41 - - [02/Apr/2026:12:53:10 +1000] "GET /MT_Backups/AWS_Multisite/BACKUP-Amazon-Agrogation%20VPN%20Server%20-2021dec09-203607.backup HTTP/1.1" 200 49332 "-" "Go-http-client/1.1"
57.129.16.41 - - [02/Apr/2026:12:53:10 +1000] "HEAD /MT_Backups/AWS_Multisite/BACKUP-Amazon-Agrogation%20VPN%20Server%20-2021dec09-203607.backup HTTP/1.1" 200 - "-" "Go-http-client/1.1"
57.129.16.41 - - [02/Apr/2026:12:53:10 +1000] "HEAD /MT_Backups/AWS_Multisite/BACKUP-Amazon-Agrogation%20VPN%20Server%20-2021dec09-203607.rsc HTTP/1.1" 200 - "-" "Go-http-client/1.1"
57.129.16.41 - - [02/Apr/2026:12:53:10 +1000] "GET /MT_Backups/AWS_Multisite/BACKUP-Amazon-Agrogation%20VPN%20Server%20-2021dec09-203607.backup HTTP/1.1" 200 49332 "-" "Go-http-client/1.1"
57.129.16.41 - - [02/Apr/2026:12:53:11 +1000] "GET /MT_Backups/AWS_Multisite/BACKUP-Amazon-Agrogation%20VPN%20Server%20-2021dec09-203607.rsc HTTP/1.1" 200 7838 "-" "Go-http-client/1.1"
57.129.16.41 - - [02/Apr/2026:12:53:11 +1000] "HEAD /MT_Backups/AWS_Multisite/BACKUP-Amazon-Agrogation%20VPN%20Server%20-2021dec09-203607.rsc HTTP/1.1" 200 - "-" "Go-http-client/1.1"
164.90.208.56 - - [02/Apr/2026:12:53:11 +1000] "GET /ecp/Current/exporttool/microsoft.exchange.ediscovery.exporttool.application HTTP/1.1" 404 - "-" "Mozilla/5.0 (l9scan/2.0.330313e20343e2732313e2831313; +https://leakix.net)"
57.129.16.41 - - [02/Apr/2026:12:53:11 +1000] "HEAD /MT_Backups/AWS_Multisite/BACKUP-Amazon-Agrogation%20VPN%20Server%20-2021dec23-203607.backup HTTP/1.1" 200 - "-" "Go-http-client/1.1"
57.129.16.41 - - [02/Apr/2026:12:53:11 +1000] "GET /MT_Backups/AWS_Multisite/BACKUP-Amazon-Agrogation%20VPN%20Server%20-2021dec09-203607.rsc HTTP/1.1" 200 7838 "-" "Go-http-client/1.1"
57.129.16.41 - - [02/Apr/2026:12:53:11 +1000] "GET /MT_Backups/AWS_Multisite/BACKUP-Amazon-Agrogation%20VPN%20Server%20-2021dec23-203607.backup HTTP/1.1" 200 49332 "-" "Go-http-client/1.1"
57.129.16.41 - - [02/Apr/2026:12:53:11 +1000] "HEAD /MT_Backups/AWS_Multisite/BACKUP-Amazon-Agrogation%20VPN%20Server%20-2021dec23-203607.backup HTTP/1.1" 200 - "-" "Go-http-client/1.1"
64.227.32.66 - - [02/Apr/2026:12:53:12 +1000] "GET /ecp/Current/exporttool/microsoft.exchange.ediscovery.exporttool.application HTTP/1.1" 404 - "-" "Mozilla/5.0 (l9scan/2.0.330313e20343e2732313e2831313; +https://leakix.net)"
57.129.16.41 - - [02/Apr/2026:12:53:12 +1000] "HEAD /MT_Backups/AWS_Multisite/BACKUP-Amazon-Agrogation%20VPN%20Server%20-2021dec23-203607.rsc HTTP/1.1" 200 - "-" "Go-http-client/1.1"
57.129.16.41 - - [02/Apr/2026:12:53:12 +1000] "GET /MT_Backups/AWS_Multisite/BACKUP-Amazon-Agrogation%20VPN%20Server%20-2021dec23-203607.backup HTTP/1.1" 200 49332 "-" "Go-http-client/1.1"
57.129.16.41 - - [02/Apr/2026:12:53:12 +1000] "GET /MT_Backups/AWS_Multisite/BACKUP-Amazon-Agrogation%20VPN%20Server%20-2021dec23-203607.rsc HTTP/1.1" 200 7838 "-" "Go-http-client/1.1"
57.129.16.41 - - [02/Apr/2026:12:53:12 +1000] "HEAD /MT_Backups/AWS_Multisite/BACKUP-Amazon-Agrogation%20VPN%20Server%20-2021dec23-203607.rsc HTTP/1.1" 200 - "-" "Go-http-client/1.1"
57.129.16.41 - - [02/Apr/2026:12:53:12 +1000] "GET /MT_Backups/AWS_Multisite/BACKUP-Amazon-Agrogation%20VPN%20Server%20-2021dec23-203607.rsc HTTP/1.1" 200 7838 "-" "Go-http-client/1.1"
57.129.16.41 - - [02/Apr/2026:12:53:12 +1000] "HEAD /MT_Backups/AWS_Multisite/BACKUP-Amazon-Agrogation%20VPN%20Server%20-2021dec30-203607.backup HTTP/1.1" 200 - "-" "Go-http-client/1.1"
57.129.16.41 - - [02/Apr/2026:12:53:13 +1000] "GET /MT_Backups/AWS_Multisite/BACKUP-Amazon-Agrogation%20VPN%20Server%20-2021dec30-203607.backup HTTP/1.1" 200 49332 "-" "Go-http-client/1.1"
57.129.16.41 - - [02/Apr/2026:12:53:13 +1000] "HEAD /MT_Backups/AWS_Multisite/BACKUP-Amazon-Agrogation%20VPN%20Server%20-2021dec30-203607.backup HTTP/1.1" 200 - "-" "Go-http-client/1.1"
57.129.16.41 - - [02/Apr/2026:12:53:13 +1000] "GET /MT_Backups/AWS_Multisite/BACKUP-Amazon-Agrogation%20VPN%20Server%20-2021dec30-203607.backup HTTP/1.1" 200 49332 "-" "Go-http-client/1.1"
57.129.16.41 - - [02/Apr/2026:12:53:13 +1000] "HEAD /MT_Backups/AWS_Multisite/BACKUP-Amazon-Agrogation%20VPN%20Server%20-2021dec30-203607.rsc HTTP/1.1" 200 - "-" "Go-http-client/1.1"
164.90.208.56 - - [02/Apr/2026:12:53:13 +1000] "GET /.git/config HTTP/1.1" 404 - "-" "Mozilla/5.0 (l9scan/2.0.330313e20343e2732313e2831313; +https://leakix.net)"
57.129.16.41 - - [02/Apr/2026:12:53:13 +1000] "GET /MT_Backups/AWS_Multisite/BACKUP-Amazon-Agrogation%20VPN%20Server%20-2021dec30-203607.rsc HTTP/1.1" 200 7838 "-" "Go-http-client/1.1"
57.129.16.41 - - [02/Apr/2026:12:53:13 +1000] "HEAD /MT_Backups/AWS_Multisite/BACKUP-Amazon-Agrogation%20VPN%20Server%20-2021dec30-203607.rsc HTTP/1.1" 200 - "-" "Go-http-client/1.1"
64.227.32.66 - - [02/Apr/2026:12:53:14 +1000] "GET /.git/config HTTP/1.1" 404 - "-" "Mozilla/5.0 (l9scan/2.0.330313e20343e2732313e2831313; +https://leakix.net)"
57.129.16.41 - - [02/Apr/2026:12:53:14 +1000] "GET /MT_Backups/AWS_Multisite/BACKUP-Amazon-Agrogation%20VPN%20Server%20-2021dec30-203607.rsc HTTP/1.1" 200 7838 "-" "Go-http-client/1.1"
57.129.16.41 - - [02/Apr/2026:12:53:14 +1000] "HEAD /MT_Backups/AWS_Multisite/BACKUP-Amazon-Agrogation%20VPN%20Server%20-2021nov04-203607.backup HTTP/1.1" 200 - "-" "Go-http-client/1.1"
57.129.16.41 - - [02/Apr/2026:12:53:14 +1000] "GET /MT_Backups/AWS_Multisite/BACKUP-Amazon-Agrogation%20VPN%20Server%20-2021nov04-203607.backup HTTP/1.1" 200 49332 "-" "Go-http-client/1.1"
57.129.16.41 - - [02/Apr/2026:12:53:14 +1000] "HEAD /MT_Backups/AWS_Multisite/BACKUP-Amazon-Agrogation%20VPN%20Server%20-2021nov04-203607.backup HTTP/1.1" 200 - "-" "Go-http-client/1.1"
164.90.208.56 - - [02/Apr/2026:12:53:14 +1000] "POST /graphql HTTP/1.1" 404 - "-" "Mozilla/5.0 (l9scan/2.0.330313e20343e2732313e2831313; +https://leakix.net)"
57.129.16.41 - - [02/Apr/2026:12:53:14 +1000] "GET /MT_Backups/AWS_Multisite/BACKUP-Amazon-Agrogation%20VPN%20Server%20-2021nov04-203607.backup HTTP/1.1" 200 49332 "-" "Go-http-client/1.1"
57.129.16.41 - - [02/Apr/2026:12:53:14 +1000] "HEAD /MT_Backups/AWS_Multisite/BACKUP-Amazon-Agrogation%20VPN%20Server%20-2021nov04-203607.rsc HTTP/1.1" 200 - "-" "Go-http-client/1.1"
57.129.16.41 - - [02/Apr/2026:12:53:15 +1000] "GET /MT_Backups/AWS_Multisite/BACKUP-Amazon-Agrogation%20VPN%20Server%20-2021nov04-203607.rsc HTTP/1.1" 200 7838 "-" "Go-http-client/1.1"
64.227.32.66 - - [02/Apr/2026:12:53:15 +1000] "POST /graphql HTTP/1.1" 404 - "-" "Mozilla/5.0 (l9scan/2.0.330313e20343e2732313e2831313; +https://leakix.net)"
57.129.16.41 - - [02/Apr/2026:12:53:15 +1000] "HEAD /MT_Backups/AWS_Multisite/BACKUP-Amazon-Agrogation%20VPN%20Server%20-2021nov04-203607.rsc HTTP/1.1" 200 - "-" "Go-http-client/1.1"
57.129.16.41 - - [02/Apr/2026:12:53:15 +1000] "GET /MT_Backups/AWS_Multisite/BACKUP-Amazon-Agrogation%20VPN%20Server%20-2021nov04-203607.rsc HTTP/1.1" 200 7838 "-" "Go-http-client/1.1"
57.129.16.41 - - [02/Apr/2026:12:53:15 +1000] "HEAD /MT_Backups/AWS_Multisite/BACKUP-Amazon-Agrogation%20VPN%20Server%20-2021nov11-203607.backup HTTP/1.1" 200 - "-" "Go-http-client/1.1"
57.129.16.41 - - [02/Apr/2026:12:53:15 +1000] "GET /MT_Backups/AWS_Multisite/BACKUP-Amazon-Agrogation%20VPN%20Server%20-2021nov11-203607.backup HTTP/1.1" 200 49332 "-" "Go-http-client/1.1"
164.90.208.56 - - [02/Apr/2026:12:53:15 +1000] "POST /api HTTP/1.1" 404 - "-" "Mozilla/5.0 (l9scan/2.0.330313e20343e2732313e2831313; +https://leakix.net)"
57.129.16.41 - - [02/Apr/2026:12:53:15 +1000] "HEAD /MT_Backups/AWS_Multisite/BACKUP-Amazon-Agrogation%20VPN%20Server%20-2021nov11-203607.backup HTTP/1.1" 200 - "-" "Go-http-client/1.1"
64.227.32.66 - - [02/Apr/2026:12:53:15 +1000] "POST /api HTTP/1.1" 404 - "-" "Mozilla/5.0 (l9scan/2.0.330313e20343e2732313e2831313; +https://leakix.net)"
57.129.16.41 - - [02/Apr/2026:12:53:16 +1000] "GET /MT_Backups/AWS_Multisite/BACKUP-Amazon-Agrogation%20VPN%20Server%20-2021nov11-203607.backup HTTP/1.1" 200 49332 "-" "Go-http-client/1.1"
57.129.16.41 - - [02/Apr/2026:12:53:16 +1000] "HEAD /MT_Backups/AWS_Multisite/BACKUP-Amazon-Agrogation%20VPN%20Server%20-2021nov11-203607.rsc HTTP/1.1" 200 - "-" "Go-http-client/1.1"
57.129.16.41 - - [02/Apr/2026:12:53:16 +1000] "GET /MT_Backups/AWS_Multisite/BACKUP-Amazon-Agrogation%20VPN%20Server%20-2021nov11-203607.rsc HTTP/1.1" 200 7838 "-" "Go-http-client/1.1"
57.129.16.41 - - [02/Apr/2026:12:53:16 +1000] "HEAD /MT_Backups/AWS_Multisite/BACKUP-Amazon-Agrogation%20VPN%20Server%20-2021nov11-203607.rsc HTTP/1.1" 200 - "-" "Go-http-client/1.1"
64.227.32.66 - - [02/Apr/2026:12:53:16 +1000] "POST /api/graphql HTTP/1.1" 404 - "-" "Mozilla/5.0 (l9scan/2.0.330313e20343e2732313e2831313; +https://leakix.net)"
57.129.16.41 - - [02/Apr/2026:12:53:16 +1000] "GET /MT_Backups/AWS_Multisite/BACKUP-Amazon-Agrogation%20VPN%20Server%20-2021nov11-203607.rsc HTTP/1.1" 200 7838 "-" "Go-http-client/1.1"
57.129.16.41 - - [02/Apr/2026:12:53:16 +1000] "HEAD /MT_Backups/AWS_Multisite/BACKUP-Amazon-Agrogation%20VPN%20Server%20-2021nov18-203607.backup HTTP/1.1" 200 - "-" "Go-http-client/1.1"
164.90.208.56 - - [02/Apr/2026:12:53:17 +1000] "POST /api/graphql HTTP/1.1" 404 - "-" "Mozilla/5.0 (l9scan/2.0.330313e20343e2732313e2831313; +https://leakix.net)"
57.129.16.41 - - [02/Apr/2026:12:53:17 +1000] "GET /MT_Backups/AWS_Multisite/BACKUP-Amazon-Agrogation%20VPN%20Server%20-2021nov18-203607.backup HTTP/1.1" 200 49332 "-" "Go-http-client/1.1"
57.129.16.41 - - [02/Apr/2026:12:53:17 +1000] "HEAD /MT_Backups/AWS_Multisite/BACKUP-Amazon-Agrogation%20VPN%20Server%20-2021nov18-203607.backup HTTP/1.1" 200 - "-" "Go-http-client/1.1"
57.129.16.41 - - [02/Apr/2026:12:53:17 +1000] "GET /MT_Backups/AWS_Multisite/BACKUP-Amazon-Agrogation%20VPN%20Server%20-2021nov18-203607.backup HTTP/1.1" 200 49332 "-" "Go-http-client/1.1"
57.129.16.41 - - [02/Apr/2026:12:53:17 +1000] "HEAD /MT_Backups/AWS_Multisite/BACKUP-Amazon-Agrogation%20VPN%20Server%20-2021nov18-203607.rsc HTTP/1.1" 200 - "-" "Go-http-client/1.1"
64.227.32.66 - - [02/Apr/2026:12:53:17 +1000] "POST /graphql/api HTTP/1.1" 404 - "-" "Mozilla/5.0 (l9scan/2.0.330313e20343e2732313e2831313; +https://leakix.net)"
57.129.16.41 - - [02/Apr/2026:12:53:17 +1000] "GET /MT_Backups/AWS_Multisite/BACKUP-Amazon-Agrogation%20VPN%20Server%20-2021nov18-203607.rsc HTTP/1.1" 200 7838 "-" "Go-http-client/1.1"
164.90.208.56 - - [02/Apr/2026:12:53:17 +1000] "POST /graphql/api HTTP/1.1" 404 - "-" "Mozilla/5.0 (l9scan/2.0.330313e20343e2732313e2831313; +https://leakix.net)"
57.129.16.41 - - [02/Apr/2026:12:53:17 +1000] "HEAD /MT_Backups/AWS_Multisite/BACKUP-Amazon-Agrogation%20VPN%20Server%20-2021nov18-203607.rsc HTTP/1.1" 200 - "-" "Go-http-client/1.1"
57.129.16.41 - - [02/Apr/2026:12:53:18 +1000] "GET /MT_Backups/AWS_Multisite/BACKUP-Amazon-Agrogation%20VPN%20Server%20-2021nov18-203607.rsc HTTP/1.1" 200 7838 "-" "Go-http-client/1.1"
57.129.16.41 - - [02/Apr/2026:12:53:18 +1000] "HEAD /MT_Backups/AWS_Multisite/BACKUP-Amazon-Agrogation%20VPN%20Server%20-2021nov25-203607.backup HTTP/1.1" 200 - "-" "Go-http-client/1.1"
64.227.32.66 - - [02/Apr/2026:12:53:18 +1000] "POST /api/gql HTTP/1.1" 404 - "-" "Mozilla/5.0 (l9scan/2.0.330313e20343e2732313e2831313; +https://leakix.net)"
57.129.16.41 - - [02/Apr/2026:12:53:18 +1000] "GET /MT_Backups/AWS_Multisite/BACKUP-Amazon-Agrogation%20VPN%20Server%20-2021nov25-203607.backup HTTP/1.1" 200 49332 "-" "Go-http-client/1.1"
57.129.16.41 - - [02/Apr/2026:12:53:18 +1000] "HEAD /MT_Backups/AWS_Multisite/BACKUP-Amazon-Agrogation%20VPN%20Server%20-2021nov25-203607.backup HTTP/1.1" 200 - "-" "Go-http-client/1.1"
57.129.16.41 - - [02/Apr/2026:12:53:18 +1000] "GET /MT_Backups/AWS_Multisite/BACKUP-Amazon-Agrogation%20VPN%20Server%20-2021nov25-203607.backup HTTP/1.1" 200 49332 "-" "Go-http-client/1.1"
164.90.208.56 - - [02/Apr/2026:12:53:18 +1000] "POST /api/gql HTTP/1.1" 404 - "-" "Mozilla/5.0 (l9scan/2.0.330313e20343e2732313e2831313; +https://leakix.net)"
57.129.16.41 - - [02/Apr/2026:12:53:18 +1000] "HEAD /MT_Backups/AWS_Multisite/BACKUP-Amazon-Agrogation%20VPN%20Server%20-2021nov25-203607.rsc HTTP/1.1" 200 - "-" "Go-http-client/1.1"
57.129.16.41 - - [02/Apr/2026:12:53:19 +1000] "GET /MT_Backups/AWS_Multisite/BACKUP-Amazon-Agrogation%20VPN%20Server%20-2021nov25-203607.rsc HTTP/1.1" 200 7838 "-" "Go-http-client/1.1"
57.129.16.41 - - [02/Apr/2026:12:53:19 +1000] "HEAD /MT_Backups/AWS_Multisite/BACKUP-Amazon-Agrogation%20VPN%20Server%20-2021nov25-203607.rsc HTTP/1.1" 200 - "-" "Go-http-client/1.1"
64.227.32.66 - - [02/Apr/2026:12:53:19 +1000] "GET /s/330313e20343e2732313e2831313/_/;/META-INF/maven/com.atlassian.jira/jira-webapp-dist/pom.properties HTTP/1.1" 404 - "-" "Mozilla/5.0 (l9scan/2.0.330313e20343e2732313e2831313; +https://leakix.net)"
57.129.16.41 - - [02/Apr/2026:12:53:19 +1000] "GET /MT_Backups/AWS_Multisite/BACKUP-Amazon-Agrogation%20VPN%20Server%20-2021nov25-203607.rsc HTTP/1.1" 200 7838 "-" "Go-http-client/1.1"
57.129.16.41 - - [02/Apr/2026:12:53:19 +1000] "HEAD /MT_Backups/AWS_Multisite/BACKUP-Amazon-Agrogation%20VPN%20Server%20-2021oct07-203607.backup HTTP/1.1" 200 - "-" "Go-http-client/1.1"
164.90.208.56 - - [02/Apr/2026:12:53:19 +1000] "GET /s/330313e20343e2732313e2831313/_/;/META-INF/maven/com.atlassian.jira/jira-webapp-dist/pom.properties HTTP/1.1" 404 - "-" "Mozilla/5.0 (l9scan/2.0.330313e20343e2732313e2831313; +https://leakix.net)"
57.129.16.41 - - [02/Apr/2026:12:53:19 +1000] "HEAD /MT_Backups/AWS_Multisite/BACKUP-Amazon-Agrogation%20VPN%20Server%20-2021oct07-203607.backup HTTP/1.1" 200 - "-" "Go-http-client/1.1"
57.129.16.41 - - [02/Apr/2026:12:53:19 +1000] "GET /MT_Backups/AWS_Multisite/BACKUP-Amazon-Agrogation%20VPN%20Server%20-2021oct07-203607.backup HTTP/1.1" 200 49332 "-" "Go-http-client/1.1"
57.129.16.41 - - [02/Apr/2026:12:53:20 +1000] "GET /MT_Backups/AWS_Multisite/BACKUP-Amazon-Agrogation%20VPN%20Server%20-2021oct07-203607.backup HTTP/1.1" 200 49332 "-" "Go-http-client/1.1"
57.129.16.41 - - [02/Apr/2026:12:53:20 +1000] "HEAD /MT_Backups/AWS_Multisite/BACKUP-Amazon-Agrogation%20VPN%20Server%20-2021oct07-203607.rsc HTTP/1.1" 200 - "-" "Go-http-client/1.1"
64.227.32.66 - - [02/Apr/2026:12:53:20 +1000] "GET /config.json HTTP/1.1" 404 - "-" "Mozilla/5.0 (l9scan/2.0.330313e20343e2732313e2831313; +https://leakix.net)"
57.129.16.41 - - [02/Apr/2026:12:53:20 +1000] "HEAD /MT_Backups/AWS_Multisite/BACKUP-Amazon-Agrogation%20VPN%20Server%20-2021oct07-203607.rsc HTTP/1.1" 200 - "-" "Go-http-client/1.1"
57.129.16.41 - - [02/Apr/2026:12:53:20 +1000] "GET /MT_Backups/AWS_Multisite/BACKUP-Amazon-Agrogation%20VPN%20Server%20-2021oct07-203607.rsc HTTP/1.1" 200 7838 "-" "Go-http-client/1.1"
164.90.208.56 - - [02/Apr/2026:12:53:20 +1000] "GET /config.json HTTP/1.1" 404 - "-" "Mozilla/5.0 (l9scan/2.0.330313e20343e2732313e2831313; +https://leakix.net)"
57.129.16.41 - - [02/Apr/2026:12:53:20 +1000] "GET /MT_Backups/AWS_Multisite/BACKUP-Amazon-Agrogation%20VPN%20Server%20-2021oct07-203607.rsc HTTP/1.1" 200 7838 "-" "Go-http-client/1.1"
57.129.16.41 - - [02/Apr/2026:12:53:20 +1000] "HEAD /MT_Backups/AWS_Multisite/BACKUP-Amazon-Agrogation%20VPN%20Server%20-2021oct14-203607.backup HTTP/1.1" 200 - "-" "Go-http-client/1.1"
57.129.16.41 - - [02/Apr/2026:12:53:21 +1000] "HEAD /MT_Backups/AWS_Multisite/BACKUP-Amazon-Agrogation%20VPN%20Server%20-2021oct14-203607.backup HTTP/1.1" 200 - "-" "Go-http-client/1.1"
57.129.16.41 - - [02/Apr/2026:12:53:21 +1000] "GET /MT_Backups/AWS_Multisite/BACKUP-Amazon-Agrogation%20VPN%20Server%20-2021oct14-203607.backup HTTP/1.1" 200 49332 "-" "Go-http-client/1.1"
57.129.16.41 - - [02/Apr/2026:12:53:21 +1000] "GET /MT_Backups/AWS_Multisite/BACKUP-Amazon-Agrogation%20VPN%20Server%20-2021oct14-203607.backup HTTP/1.1" 200 49332 "-" "Go-http-client/1.1"
57.129.16.41 - - [02/Apr/2026:12:53:21 +1000] "HEAD /MT_Backups/AWS_Multisite/BACKUP-Amazon-Agrogation%20VPN%20Server%20-2021oct14-203607.rsc HTTP/1.1" 200 - "-" "Go-http-client/1.1"
57.129.16.41 - - [02/Apr/2026:12:53:21 +1000] "HEAD /MT_Backups/AWS_Multisite/BACKUP-Amazon-Agrogation%20VPN%20Server%20-2021oct14-203607.rsc HTTP/1.1" 200 - "-" "Go-http-client/1.1"
57.129.16.41 - - [02/Apr/2026:12:53:21 +1000] "GET /MT_Backups/AWS_Multisite/BACKUP-Amazon-Agrogation%20VPN%20Server%20-2021oct14-203607.rsc HTTP/1.1" 200 7838 "-" "Go-http-client/1.1"
57.129.16.41 - - [02/Apr/2026:12:53:22 +1000] "GET /MT_Backups/AWS_Multisite/BACKUP-Amazon-Agrogation%20VPN%20Server%20-2021oct14-203607.rsc HTTP/1.1" 200 7838 "-" "Go-http-client/1.1"
57.129.16.41 - - [02/Apr/2026:12:53:22 +1000] "HEAD /MT_Backups/AWS_Multisite/BACKUP-Amazon-Agrogation%20VPN%20Server%20-2021oct21-203607.backup HTTP/1.1" 200 - "-" "Go-http-client/1.1"
64.227.32.66 - - [02/Apr/2026:12:53:22 +1000] "GET /telescope/requests HTTP/1.1" 404 - "-" "Mozilla/5.0 (l9scan/2.0.330313e20343e2732313e2831313; +https://leakix.net)"
57.129.16.41 - - [02/Apr/2026:12:53:22 +1000] "HEAD /MT_Backups/AWS_Multisite/BACKUP-Amazon-Agrogation%20VPN%20Server%20-2021oct21-203607.backup HTTP/1.1" 200 - "-" "Go-http-client/1.1"
57.129.16.41 - - [02/Apr/2026:12:53:22 +1000] "GET /MT_Backups/AWS_Multisite/BACKUP-Amazon-Agrogation%20VPN%20Server%20-2021oct21-203607.backup HTTP/1.1" 200 49332 "-" "Go-http-client/1.1"
164.90.208.56 - - [02/Apr/2026:12:53:22 +1000] "GET /telescope/requests HTTP/1.1" 404 - "-" "Mozilla/5.0 (l9scan/2.0.330313e20343e2732313e2831313; +https://leakix.net)"
57.129.16.41 - - [02/Apr/2026:12:53:22 +1000] "GET /MT_Backups/AWS_Multisite/BACKUP-Amazon-Agrogation%20VPN%20Server%20-2021oct21-203607.backup HTTP/1.1" 200 49332 "-" "Go-http-client/1.1"
57.129.16.41 - - [02/Apr/2026:12:53:22 +1000] "HEAD /MT_Backups/AWS_Multisite/BACKUP-Amazon-Agrogation%20VPN%20Server%20-2021oct21-203607.rsc HTTP/1.1" 200 - "-" "Go-http-client/1.1"
64.227.32.66 - - [02/Apr/2026:12:53:23 +1000] "GET /info.php HTTP/1.1" 404 16 "-" "Mozilla/5.0 (l9scan/2.0.330313e20343e2732313e2831313; +https://leakix.net)"
57.129.16.41 - - [02/Apr/2026:12:53:23 +1000] "HEAD /MT_Backups/AWS_Multisite/BACKUP-Amazon-Agrogation%20VPN%20Server%20-2021oct21-203607.rsc HTTP/1.1" 200 - "-" "Go-http-client/1.1"
57.129.16.41 - - [02/Apr/2026:12:53:23 +1000] "GET /MT_Backups/AWS_Multisite/BACKUP-Amazon-Agrogation%20VPN%20Server%20-2021oct21-203607.rsc HTTP/1.1" 200 7838 "-" "Go-http-client/1.1"
57.129.16.41 - - [02/Apr/2026:12:53:23 +1000] "GET /MT_Backups/AWS_Multisite/BACKUP-Amazon-Agrogation%20VPN%20Server%20-2021oct21-203607.rsc HTTP/1.1" 200 7838 "-" "Go-http-client/1.1"
57.129.16.41 - - [02/Apr/2026:12:53:23 +1000] "HEAD /MT_Backups/AWS_Multisite/BACKUP-Amazon-Agrogation%20VPN%20Server%20-2021oct28-203607.backup HTTP/1.1" 200 - "-" "Go-http-client/1.1"
164.90.208.56 - - [02/Apr/2026:12:53:23 +1000] "GET /info.php HTTP/1.1" 404 16 "-" "Mozilla/5.0 (l9scan/2.0.330313e20343e2732313e2831313; +https://leakix.net)"
57.129.16.41 - - [02/Apr/2026:12:53:23 +1000] "HEAD /MT_Backups/AWS_Multisite/BACKUP-Amazon-Agrogation%20VPN%20Server%20-2021oct28-203607.backup HTTP/1.1" 200 - "-" "Go-http-client/1.1"
57.129.16.41 - - [02/Apr/2026:12:53:23 +1000] "GET /MT_Backups/AWS_Multisite/BACKUP-Amazon-Agrogation%20VPN%20Server%20-2021oct28-203607.backup HTTP/1.1" 200 49332 "-" "Go-http-client/1.1"
57.129.16.41 - - [02/Apr/2026:12:53:24 +1000] "GET /MT_Backups/AWS_Multisite/BACKUP-Amazon-Agrogation%20VPN%20Server%20-2021oct28-203607.backup HTTP/1.1" 200 49332 "-" "Go-http-client/1.1"
64.227.32.66 - - [02/Apr/2026:12:53:24 +1000] "GET /.well-known/security.txt HTTP/1.1" 404 - "-" "Mozilla/5.0 (l9scan/2.0.330313e20343e2732313e2831313; +https://leakix.net)"
57.129.16.41 - - [02/Apr/2026:12:53:24 +1000] "HEAD /MT_Backups/AWS_Multisite/BACKUP-Amazon-Agrogation%20VPN%20Server%20-2021oct28-203607.rsc HTTP/1.1" 200 - "-" "Go-http-client/1.1"
57.129.16.41 - - [02/Apr/2026:12:53:24 +1000] "HEAD /MT_Backups/AWS_Multisite/BACKUP-Amazon-Agrogation%20VPN%20Server%20-2021oct28-203607.rsc HTTP/1.1" 200 - "-" "Go-http-client/1.1"
57.129.16.41 - - [02/Apr/2026:12:53:24 +1000] "GET /MT_Backups/AWS_Multisite/BACKUP-Amazon-Agrogation%20VPN%20Server%20-2021oct28-203607.rsc HTTP/1.1" 200 7838 "-" "Go-http-client/1.1"
164.90.208.56 - - [02/Apr/2026:12:53:24 +1000] "GET /.well-known/security.txt HTTP/1.1" 404 - "-" "Mozilla/5.0 (l9scan/2.0.330313e20343e2732313e2831313; +https://leakix.net)"
57.129.16.41 - - [02/Apr/2026:12:53:24 +1000] "GET /MT_Backups/AWS_Multisite/BACKUP-Amazon-Agrogation%20VPN%20Server%20-2021oct28-203607.rsc HTTP/1.1" 200 7838 "-" "Go-http-client/1.1"
57.129.16.41 - - [02/Apr/2026:12:53:24 +1000] "HEAD /MT_Backups/AWS_Multisite/BACKUP-Amazon-Agrogation%20VPN%20Server%20-2021sep02-203607.backup HTTP/1.1" 200 - "-" "Go-http-client/1.1"
57.129.16.41 - - [02/Apr/2026:12:53:25 +1000] "HEAD /MT_Backups/AWS_Multisite/BACKUP-Amazon-Agrogation%20VPN%20Server%20-2021sep02-203607.backup HTTP/1.1" 200 - "-" "Go-http-client/1.1"
57.129.16.41 - - [02/Apr/2026:12:53:25 +1000] "GET /MT_Backups/AWS_Multisite/BACKUP-Amazon-Agrogation%20VPN%20Server%20-2021sep02-203607.backup HTTP/1.1" 200 49332 "-" "Go-http-client/1.1"
57.129.16.41 - - [02/Apr/2026:12:53:25 +1000] "GET /MT_Backups/AWS_Multisite/BACKUP-Amazon-Agrogation%20VPN%20Server%20-2021sep02-203607.backup HTTP/1.1" 200 49332 "-" "Go-http-client/1.1"
64.227.32.66 - - [02/Apr/2026:12:53:25 +1000] "GET /actuator/env HTTP/1.1" 404 - "-" "Mozilla/5.0 (l9scan/2.0.330313e20343e2732313e2831313; +https://leakix.net)"
164.90.208.56 - - [02/Apr/2026:12:53:25 +1000] "GET /actuator/env HTTP/1.1" 404 - "-" "Mozilla/5.0 (l9scan/2.0.330313e20343e2732313e2831313; +https://leakix.net)"
57.129.16.41 - - [02/Apr/2026:12:53:25 +1000] "HEAD /MT_Backups/AWS_Multisite/BACKUP-Amazon-Agrogation%20VPN%20Server%20-2021sep02-203607.rsc HTTP/1.1" 200 - "-" "Go-http-client/1.1"
57.129.16.41 - - [02/Apr/2026:12:53:25 +1000] "HEAD /MT_Backups/AWS_Multisite/BACKUP-Amazon-Agrogation%20VPN%20Server%20-2021sep02-203607.rsc HTTP/1.1" 200 - "-" "Go-http-client/1.1"
57.129.16.41 - - [02/Apr/2026:12:53:25 +1000] "GET /MT_Backups/AWS_Multisite/BACKUP-Amazon-Agrogation%20VPN%20Server%20-2021sep02-203607.rsc HTTP/1.1" 200 7838 "-" "Go-http-client/1.1"
57.129.16.41 - - [02/Apr/2026:12:53:25 +1000] "GET /MT_Backups/AWS_Multisite/BACKUP-Amazon-Agrogation%20VPN%20Server%20-2021sep02-203607.rsc HTTP/1.1" 200 7838 "-" "Go-http-client/1.1"
57.129.16.41 - - [02/Apr/2026:12:53:26 +1000] "HEAD /MT_Backups/AWS_Multisite/BACKUP-Amazon-Agrogation%20VPN%20Server%20-2021sep09-203607.backup HTTP/1.1" 200 - "-" "Go-http-client/1.1"
57.129.16.41 - - [02/Apr/2026:12:53:26 +1000] "HEAD /MT_Backups/AWS_Multisite/BACKUP-Amazon-Agrogation%20VPN%20Server%20-2021sep09-203607.backup HTTP/1.1" 200 - "-" "Go-http-client/1.1"
57.129.16.41 - - [02/Apr/2026:12:53:26 +1000] "GET /MT_Backups/AWS_Multisite/BACKUP-Amazon-Agrogation%20VPN%20Server%20-2021sep09-203607.backup HTTP/1.1" 200 49332 "-" "Go-http-client/1.1"
57.129.16.41 - - [02/Apr/2026:12:53:26 +1000] "GET /MT_Backups/AWS_Multisite/BACKUP-Amazon-Agrogation%20VPN%20Server%20-2021sep09-203607.backup HTTP/1.1" 200 49332 "-" "Go-http-client/1.1"
57.129.16.41 - - [02/Apr/2026:12:53:26 +1000] "HEAD /MT_Backups/AWS_Multisite/BACKUP-Amazon-Agrogation%20VPN%20Server%20-2021sep09-203607.rsc HTTP/1.1" 200 - "-" "Go-http-client/1.1"
57.129.16.41 - - [02/Apr/2026:12:53:27 +1000] "HEAD /MT_Backups/AWS_Multisite/BACKUP-Amazon-Agrogation%20VPN%20Server%20-2021sep09-203607.rsc HTTP/1.1" 200 - "-" "Go-http-client/1.1"
57.129.16.41 - - [02/Apr/2026:12:53:27 +1000] "GET /MT_Backups/AWS_Multisite/BACKUP-Amazon-Agrogation%20VPN%20Server%20-2021sep09-203607.rsc HTTP/1.1" 200 7838 "-" "Go-http-client/1.1"
64.227.32.66 - - [02/Apr/2026:12:53:27 +1000] "GET /swagger-ui.html HTTP/1.1" 404 - "-" "Mozilla/5.0 (l9scan/2.0.330313e20343e2732313e2831313; +https://leakix.net)"
57.129.16.41 - - [02/Apr/2026:12:53:27 +1000] "GET /MT_Backups/AWS_Multisite/BACKUP-Amazon-Agrogation%20VPN%20Server%20-2021sep09-203607.rsc HTTP/1.1" 200 7838 "-" "Go-http-client/1.1"
164.90.208.56 - - [02/Apr/2026:12:53:27 +1000] "GET /swagger-ui.html HTTP/1.1" 404 - "-" "Mozilla/5.0 (l9scan/2.0.330313e20343e2732313e2831313; +https://leakix.net)"
57.129.16.41 - - [02/Apr/2026:12:53:27 +1000] "HEAD /MT_Backups/AWS_Multisite/BACKUP-Amazon-Agrogation%20VPN%20Server%20-2021sep16-203607.backup HTTP/1.1" 200 - "-" "Go-http-client/1.1"
57.129.16.41 - - [02/Apr/2026:12:53:27 +1000] "HEAD /MT_Backups/AWS_Multisite/BACKUP-Amazon-Agrogation%20VPN%20Server%20-2021sep16-203607.backup HTTP/1.1" 200 - "-" "Go-http-client/1.1"
57.129.16.41 - - [02/Apr/2026:12:53:27 +1000] "GET /MT_Backups/AWS_Multisite/BACKUP-Amazon-Agrogation%20VPN%20Server%20-2021sep16-203607.backup HTTP/1.1" 200 49332 "-" "Go-http-client/1.1"
57.129.16.41 - - [02/Apr/2026:12:53:27 +1000] "GET /MT_Backups/AWS_Multisite/BACKUP-Amazon-Agrogation%20VPN%20Server%20-2021sep16-203607.backup HTTP/1.1" 200 49332 "-" "Go-http-client/1.1"
57.129.16.41 - - [02/Apr/2026:12:53:28 +1000] "HEAD /MT_Backups/AWS_Multisite/BACKUP-Amazon-Agrogation%20VPN%20Server%20-2021sep16-203607.rsc HTTP/1.1" 200 - "-" "Go-http-client/1.1"
64.227.32.66 - - [02/Apr/2026:12:53:28 +1000] "GET /swagger/index.html HTTP/1.1" 404 - "-" "Mozilla/5.0 (l9scan/2.0.330313e20343e2732313e2831313; +https://leakix.net)"
57.129.16.41 - - [02/Apr/2026:12:53:28 +1000] "HEAD /MT_Backups/AWS_Multisite/BACKUP-Amazon-Agrogation%20VPN%20Server%20-2021sep16-203607.rsc HTTP/1.1" 200 - "-" "Go-http-client/1.1"
57.129.16.41 - - [02/Apr/2026:12:53:28 +1000] "GET /MT_Backups/AWS_Multisite/BACKUP-Amazon-Agrogation%20VPN%20Server%20-2021sep16-203607.rsc HTTP/1.1" 200 7838 "-" "Go-http-client/1.1"
57.129.16.41 - - [02/Apr/2026:12:53:28 +1000] "GET /MT_Backups/AWS_Multisite/BACKUP-Amazon-Agrogation%20VPN%20Server%20-2021sep16-203607.rsc HTTP/1.1" 200 7838 "-" "Go-http-client/1.1"
164.90.208.56 - - [02/Apr/2026:12:53:28 +1000] "GET /swagger/index.html HTTP/1.1" 404 - "-" "Mozilla/5.0 (l9scan/2.0.330313e20343e2732313e2831313; +https://leakix.net)"
57.129.16.41 - - [02/Apr/2026:12:53:28 +1000] "HEAD /MT_Backups/AWS_Multisite/BACKUP-Amazon-Agrogation%20VPN%20Server%20-2021sep23-203607.backup HTTP/1.1" 200 - "-" "Go-http-client/1.1"
57.129.16.41 - - [02/Apr/2026:12:53:28 +1000] "HEAD /MT_Backups/AWS_Multisite/BACKUP-Amazon-Agrogation%20VPN%20Server%20-2021sep23-203607.backup HTTP/1.1" 200 - "-" "Go-http-client/1.1"
57.129.16.41 - - [02/Apr/2026:12:53:29 +1000] "GET /MT_Backups/AWS_Multisite/BACKUP-Amazon-Agrogation%20VPN%20Server%20-2021sep23-203607.backup HTTP/1.1" 200 49332 "-" "Go-http-client/1.1"
64.227.32.66 - - [02/Apr/2026:12:53:29 +1000] "GET /swagger/swagger-ui.html HTTP/1.1" 404 - "-" "Mozilla/5.0 (l9scan/2.0.330313e20343e2732313e2831313; +https://leakix.net)"
57.129.16.41 - - [02/Apr/2026:12:53:29 +1000] "GET /MT_Backups/AWS_Multisite/BACKUP-Amazon-Agrogation%20VPN%20Server%20-2021sep23-203607.backup HTTP/1.1" 200 49332 "-" "Go-http-client/1.1"
57.129.16.41 - - [02/Apr/2026:12:53:29 +1000] "HEAD /MT_Backups/AWS_Multisite/BACKUP-Amazon-Agrogation%20VPN%20Server%20-2021sep23-203607.rsc HTTP/1.1" 200 - "-" "Go-http-client/1.1"
164.90.208.56 - - [02/Apr/2026:12:53:29 +1000] "GET /swagger/swagger-ui.html HTTP/1.1" 404 - "-" "Mozilla/5.0 (l9scan/2.0.330313e20343e2732313e2831313; +https://leakix.net)"
57.129.16.41 - - [02/Apr/2026:12:53:29 +1000] "HEAD /MT_Backups/AWS_Multisite/BACKUP-Amazon-Agrogation%20VPN%20Server%20-2021sep23-203607.rsc HTTP/1.1" 200 - "-" "Go-http-client/1.1"
57.129.16.41 - - [02/Apr/2026:12:53:29 +1000] "GET /MT_Backups/AWS_Multisite/BACKUP-Amazon-Agrogation%20VPN%20Server%20-2021sep23-203607.rsc HTTP/1.1" 200 7838 "-" "Go-http-client/1.1"
57.129.16.41 - - [02/Apr/2026:12:53:29 +1000] "GET /MT_Backups/AWS_Multisite/BACKUP-Amazon-Agrogation%20VPN%20Server%20-2021sep23-203607.rsc HTTP/1.1" 200 7838 "-" "Go-http-client/1.1"
57.129.16.41 - - [02/Apr/2026:12:53:30 +1000] "HEAD /MT_Backups/AWS_Multisite/BACKUP-Amazon-Agrogation%20VPN%20Server%20-2021sep30-203607.backup HTTP/1.1" 200 - "-" "Go-http-client/1.1"
57.129.16.41 - - [02/Apr/2026:12:53:30 +1000] "HEAD /MT_Backups/AWS_Multisite/BACKUP-Amazon-Agrogation%20VPN%20Server%20-2021sep30-203607.backup HTTP/1.1" 200 - "-" "Go-http-client/1.1"
64.227.32.66 - - [02/Apr/2026:12:53:30 +1000] "GET /webjars/swagger-ui/index.html HTTP/1.1" 404 - "-" "Mozilla/5.0 (l9scan/2.0.330313e20343e2732313e2831313; +https://leakix.net)"
57.129.16.41 - - [02/Apr/2026:12:53:30 +1000] "GET /MT_Backups/AWS_Multisite/BACKUP-Amazon-Agrogation%20VPN%20Server%20-2021sep30-203607.backup HTTP/1.1" 200 49332 "-" "Go-http-client/1.1"
57.129.16.41 - - [02/Apr/2026:12:53:30 +1000] "GET /MT_Backups/AWS_Multisite/BACKUP-Amazon-Agrogation%20VPN%20Server%20-2021sep30-203607.backup HTTP/1.1" 200 49332 "-" "Go-http-client/1.1"
164.90.208.56 - - [02/Apr/2026:12:53:30 +1000] "GET /webjars/swagger-ui/index.html HTTP/1.1" 404 - "-" "Mozilla/5.0 (l9scan/2.0.330313e20343e2732313e2831313; +https://leakix.net)"
57.129.16.41 - - [02/Apr/2026:12:53:30 +1000] "HEAD /MT_Backups/AWS_Multisite/BACKUP-Amazon-Agrogation%20VPN%20Server%20-2021sep30-203607.rsc HTTP/1.1" 200 - "-" "Go-http-client/1.1"
57.129.16.41 - - [02/Apr/2026:12:53:30 +1000] "HEAD /MT_Backups/AWS_Multisite/BACKUP-Amazon-Agrogation%20VPN%20Server%20-2021sep30-203607.rsc HTTP/1.1" 200 - "-" "Go-http-client/1.1"
57.129.16.41 - - [02/Apr/2026:12:53:31 +1000] "GET /MT_Backups/AWS_Multisite/BACKUP-Amazon-Agrogation%20VPN%20Server%20-2021sep30-203607.rsc HTTP/1.1" 200 7838 "-" "Go-http-client/1.1"
57.129.16.41 - - [02/Apr/2026:12:53:31 +1000] "GET /MT_Backups/AWS_Multisite/BACKUP-Amazon-Agrogation%20VPN%20Server%20-2021sep30-203607.rsc HTTP/1.1" 200 7838 "-" "Go-http-client/1.1"
64.227.32.66 - - [02/Apr/2026:12:53:31 +1000] "GET /swagger.json HTTP/1.1" 404 - "-" "Mozilla/5.0 (l9scan/2.0.330313e20343e2732313e2831313; +https://leakix.net)"
57.129.16.41 - - [02/Apr/2026:12:53:31 +1000] "HEAD /MT_Backups/AWS_Multisite/BACKUP-Amazon-Agrogation%20VPN%20Server%20-2022apr07-203607.backup HTTP/1.1" 200 - "-" "Go-http-client/1.1"
57.129.16.41 - - [02/Apr/2026:12:53:31 +1000] "HEAD /MT_Backups/AWS_Multisite/BACKUP-Amazon-Agrogation%20VPN%20Server%20-2022apr07-203607.backup HTTP/1.1" 200 - "-" "Go-http-client/1.1"
164.90.208.56 - - [02/Apr/2026:12:53:31 +1000] "GET /swagger.json HTTP/1.1" 404 - "-" "Mozilla/5.0 (l9scan/2.0.330313e20343e2732313e2831313; +https://leakix.net)"
57.129.16.41 - - [02/Apr/2026:12:53:31 +1000] "GET /MT_Backups/AWS_Multisite/BACKUP-Amazon-Agrogation%20VPN%20Server%20-2022apr07-203607.backup HTTP/1.1" 200 65860 "-" "Go-http-client/1.1"
57.129.16.41 - - [02/Apr/2026:12:53:31 +1000] "GET /MT_Backups/AWS_Multisite/BACKUP-Amazon-Agrogation%20VPN%20Server%20-2022apr07-203607.backup HTTP/1.1" 200 65860 "-" "Go-http-client/1.1"
57.129.16.41 - - [02/Apr/2026:12:53:32 +1000] "HEAD /MT_Backups/AWS_Multisite/BACKUP-Amazon-Agrogation%20VPN%20Server%20-2022apr07-203607.rsc HTTP/1.1" 200 - "-" "Go-http-client/1.1"
57.129.16.41 - - [02/Apr/2026:12:53:32 +1000] "HEAD /MT_Backups/AWS_Multisite/BACKUP-Amazon-Agrogation%20VPN%20Server%20-2022apr07-203607.rsc HTTP/1.1" 200 - "-" "Go-http-client/1.1"
64.227.32.66 - - [02/Apr/2026:12:53:32 +1000] "GET /swagger/v1/swagger.json HTTP/1.1" 404 - "-" "Mozilla/5.0 (l9scan/2.0.330313e20343e2732313e2831313; +https://leakix.net)"
57.129.16.41 - - [02/Apr/2026:12:53:32 +1000] "GET /MT_Backups/AWS_Multisite/BACKUP-Amazon-Agrogation%20VPN%20Server%20-2022apr07-203607.rsc HTTP/1.1" 200 10031 "-" "Go-http-client/1.1"
57.129.16.41 - - [02/Apr/2026:12:53:32 +1000] "GET /MT_Backups/AWS_Multisite/BACKUP-Amazon-Agrogation%20VPN%20Server%20-2022apr07-203607.rsc HTTP/1.1" 200 10031 "-" "Go-http-client/1.1"
164.90.208.56 - - [02/Apr/2026:12:53:32 +1000] "GET /swagger/v1/swagger.json HTTP/1.1" 404 - "-" "Mozilla/5.0 (l9scan/2.0.330313e20343e2732313e2831313; +https://leakix.net)"
57.129.16.41 - - [02/Apr/2026:12:53:32 +1000] "HEAD /MT_Backups/AWS_Multisite/BACKUP-Amazon-Agrogation%20VPN%20Server%20-2022apr14-203607.backup HTTP/1.1" 200 - "-" "Go-http-client/1.1"
57.129.16.41 - - [02/Apr/2026:12:53:32 +1000] "HEAD /MT_Backups/AWS_Multisite/BACKUP-Amazon-Agrogation%20VPN%20Server%20-2022apr14-203607.backup HTTP/1.1" 200 - "-" "Go-http-client/1.1"
57.129.16.41 - - [02/Apr/2026:12:53:33 +1000] "GET /MT_Backups/AWS_Multisite/BACKUP-Amazon-Agrogation%20VPN%20Server%20-2022apr14-203607.backup HTTP/1.1" 200 65860 "-" "Go-http-client/1.1"
57.129.16.41 - - [02/Apr/2026:12:53:33 +1000] "GET /MT_Backups/AWS_Multisite/BACKUP-Amazon-Agrogation%20VPN%20Server%20-2022apr14-203607.backup HTTP/1.1" 200 65860 "-" "Go-http-client/1.1"
57.129.16.41 - - [02/Apr/2026:12:53:33 +1000] "HEAD /MT_Backups/AWS_Multisite/BACKUP-Amazon-Agrogation%20VPN%20Server%20-2022apr14-203607.rsc HTTP/1.1" 200 - "-" "Go-http-client/1.1"
57.129.16.41 - - [02/Apr/2026:12:53:33 +1000] "HEAD /MT_Backups/AWS_Multisite/BACKUP-Amazon-Agrogation%20VPN%20Server%20-2022apr14-203607.rsc HTTP/1.1" 200 - "-" "Go-http-client/1.1"
64.227.32.66 - - [02/Apr/2026:12:53:33 +1000] "GET /v2/api-docs HTTP/1.1" 404 - "-" "Mozilla/5.0 (l9scan/2.0.330313e20343e2732313e2831313; +https://leakix.net)"
164.90.208.56 - - [02/Apr/2026:12:53:33 +1000] "GET /v2/api-docs HTTP/1.1" 404 - "-" "Mozilla/5.0 (l9scan/2.0.330313e20343e2732313e2831313; +https://leakix.net)"
57.129.16.41 - - [02/Apr/2026:12:53:33 +1000] "GET /MT_Backups/AWS_Multisite/BACKUP-Amazon-Agrogation%20VPN%20Server%20-2022apr14-203607.rsc HTTP/1.1" 200 10031 "-" "Go-http-client/1.1"
57.129.16.41 - - [02/Apr/2026:12:53:33 +1000] "GET /MT_Backups/AWS_Multisite/BACKUP-Amazon-Agrogation%20VPN%20Server%20-2022apr14-203607.rsc HTTP/1.1" 200 10031 "-" "Go-http-client/1.1"
57.129.16.41 - - [02/Apr/2026:12:53:34 +1000] "HEAD /MT_Backups/AWS_Multisite/BACKUP-Amazon-Agrogation%20VPN%20Server%20-2022apr21-203607.backup HTTP/1.1" 200 - "-" "Go-http-client/1.1"
57.129.16.41 - - [02/Apr/2026:12:53:34 +1000] "HEAD /MT_Backups/AWS_Multisite/BACKUP-Amazon-Agrogation%20VPN%20Server%20-2022apr21-203607.backup HTTP/1.1" 200 - "-" "Go-http-client/1.1"
64.227.32.66 - - [02/Apr/2026:12:53:34 +1000] "GET /v3/api-docs HTTP/1.1" 404 - "-" "Mozilla/5.0 (l9scan/2.0.330313e20343e2732313e2831313; +https://leakix.net)"
57.129.16.41 - - [02/Apr/2026:12:53:34 +1000] "GET /MT_Backups/AWS_Multisite/BACKUP-Amazon-Agrogation%20VPN%20Server%20-2022apr21-203607.backup HTTP/1.1" 200 65860 "-" "Go-http-client/1.1"
57.129.16.41 - - [02/Apr/2026:12:53:34 +1000] "GET /MT_Backups/AWS_Multisite/BACKUP-Amazon-Agrogation%20VPN%20Server%20-2022apr21-203607.backup HTTP/1.1" 200 65860 "-" "Go-http-client/1.1"
164.90.208.56 - - [02/Apr/2026:12:53:34 +1000] "GET /v3/api-docs HTTP/1.1" 404 - "-" "Mozilla/5.0 (l9scan/2.0.330313e20343e2732313e2831313; +https://leakix.net)"
57.129.16.41 - - [02/Apr/2026:12:53:34 +1000] "HEAD /MT_Backups/AWS_Multisite/BACKUP-Amazon-Agrogation%20VPN%20Server%20-2022apr21-203607.rsc HTTP/1.1" 200 - "-" "Go-http-client/1.1"
57.129.16.41 - - [02/Apr/2026:12:53:34 +1000] "HEAD /MT_Backups/AWS_Multisite/BACKUP-Amazon-Agrogation%20VPN%20Server%20-2022apr21-203607.rsc HTTP/1.1" 200 - "-" "Go-http-client/1.1"
57.129.16.41 - - [02/Apr/2026:12:53:35 +1000] "GET /MT_Backups/AWS_Multisite/BACKUP-Amazon-Agrogation%20VPN%20Server%20-2022apr21-203607.rsc HTTP/1.1" 200 10031 "-" "Go-http-client/1.1"
57.129.16.41 - - [02/Apr/2026:12:53:35 +1000] "GET /MT_Backups/AWS_Multisite/BACKUP-Amazon-Agrogation%20VPN%20Server%20-2022apr21-203607.rsc HTTP/1.1" 200 10031 "-" "Go-http-client/1.1"
64.227.32.66 - - [02/Apr/2026:12:53:35 +1000] "GET /api-docs/swagger.json HTTP/1.1" 404 - "-" "Mozilla/5.0 (l9scan/2.0.330313e20343e2732313e2831313; +https://leakix.net)"
57.129.16.41 - - [02/Apr/2026:12:53:35 +1000] "HEAD /MT_Backups/AWS_Multisite/BACKUP-Amazon-Agrogation%20VPN%20Server%20-2022apr28-203607.backup HTTP/1.1" 200 - "-" "Go-http-client/1.1"
57.129.16.41 - - [02/Apr/2026:12:53:35 +1000] "HEAD /MT_Backups/AWS_Multisite/BACKUP-Amazon-Agrogation%20VPN%20Server%20-2022apr28-203607.backup HTTP/1.1" 200 - "-" "Go-http-client/1.1"
164.90.208.56 - - [02/Apr/2026:12:53:35 +1000] "GET /api-docs/swagger.json HTTP/1.1" 404 - "-" "Mozilla/5.0 (l9scan/2.0.330313e20343e2732313e2831313; +https://leakix.net)"
57.129.16.41 - - [02/Apr/2026:12:53:35 +1000] "GET /MT_Backups/AWS_Multisite/BACKUP-Amazon-Agrogation%20VPN%20Server%20-2022apr28-203607.backup HTTP/1.1" 200 65860 "-" "Go-http-client/1.1"
57.129.16.41 - - [02/Apr/2026:12:53:35 +1000] "GET /MT_Backups/AWS_Multisite/BACKUP-Amazon-Agrogation%20VPN%20Server%20-2022apr28-203607.backup HTTP/1.1" 200 65860 "-" "Go-http-client/1.1"
64.227.32.66 - - [02/Apr/2026:12:53:36 +1000] "GET /api/swagger.json HTTP/1.1" 404 - "-" "Mozilla/5.0 (l9scan/2.0.330313e20343e2732313e2831313; +https://leakix.net)"
164.90.208.56 - - [02/Apr/2026:12:53:36 +1000] "GET /api/swagger.json HTTP/1.1" 404 - "-" "Mozilla/5.0 (l9scan/2.0.330313e20343e2732313e2831313; +https://leakix.net)"
57.129.16.41 - - [02/Apr/2026:12:53:36 +1000] "HEAD /MT_Backups/AWS_Multisite/BACKUP-Amazon-Agrogation%20VPN%20Server%20-2022apr28-203607.rsc HTTP/1.1" 200 - "-" "Go-http-client/1.1"
57.129.16.41 - - [02/Apr/2026:12:53:36 +1000] "HEAD /MT_Backups/AWS_Multisite/BACKUP-Amazon-Agrogation%20VPN%20Server%20-2022apr28-203607.rsc HTTP/1.1" 200 - "-" "Go-http-client/1.1"
57.129.16.41 - - [02/Apr/2026:12:53:36 +1000] "GET /MT_Backups/AWS_Multisite/BACKUP-Amazon-Agrogation%20VPN%20Server%20-2022apr28-203607.rsc HTTP/1.1" 200 10031 "-" "Go-http-client/1.1"
57.129.16.41 - - [02/Apr/2026:12:53:36 +1000] "GET /MT_Backups/AWS_Multisite/BACKUP-Amazon-Agrogation%20VPN%20Server%20-2022apr28-203607.rsc HTTP/1.1" 200 10031 "-" "Go-http-client/1.1"
57.129.16.41 - - [02/Apr/2026:12:53:37 +1000] "HEAD /MT_Backups/AWS_Multisite/BACKUP-Amazon-Agrogation%20VPN%20Server%20-2022aug04-203607.backup HTTP/1.1" 200 - "-" "Go-http-client/1.1"
57.129.16.41 - - [02/Apr/2026:12:53:37 +1000] "HEAD /MT_Backups/AWS_Multisite/BACKUP-Amazon-Agrogation%20VPN%20Server%20-2022aug04-203607.backup HTTP/1.1" 200 - "-" "Go-http-client/1.1"
64.227.32.66 - - [02/Apr/2026:12:53:37 +1000] "GET /trace.axd HTTP/1.1" 404 - "-" "Mozilla/5.0 (l9scan/2.0.330313e20343e2732313e2831313; +https://leakix.net)"
164.90.208.56 - - [02/Apr/2026:12:53:37 +1000] "GET /trace.axd HTTP/1.1" 404 - "-" "Mozilla/5.0 (l9scan/2.0.330313e20343e2732313e2831313; +https://leakix.net)"
57.129.16.41 - - [02/Apr/2026:12:53:37 +1000] "GET /MT_Backups/AWS_Multisite/BACKUP-Amazon-Agrogation%20VPN%20Server%20-2022aug04-203607.backup HTTP/1.1" 200 351129 "-" "Go-http-client/1.1"
57.129.16.41 - - [02/Apr/2026:12:53:37 +1000] "GET /MT_Backups/AWS_Multisite/BACKUP-Amazon-Agrogation%20VPN%20Server%20-2022aug04-203607.backup HTTP/1.1" 200 351129 "-" "Go-http-client/1.1"
64.227.32.66 - - [02/Apr/2026:12:53:38 +1000] "GET /@vite/env HTTP/1.1" 404 - "-" "Mozilla/5.0 (l9scan/2.0.330313e20343e2732313e2831313; +https://leakix.net)"
164.90.208.56 - - [02/Apr/2026:12:53:38 +1000] "GET /@vite/env HTTP/1.1" 404 - "-" "Mozilla/5.0 (l9scan/2.0.330313e20343e2732313e2831313; +https://leakix.net)"
57.129.16.41 - - [02/Apr/2026:12:53:39 +1000] "HEAD /MT_Backups/AWS_Multisite/BACKUP-Amazon-Agrogation%20VPN%20Server%20-2022aug04-203607.rsc HTTP/1.1" 200 - "-" "Go-http-client/1.1"
57.129.16.41 - - [02/Apr/2026:12:53:39 +1000] "HEAD /MT_Backups/AWS_Multisite/BACKUP-Amazon-Agrogation%20VPN%20Server%20-2022aug04-203607.rsc HTTP/1.1" 200 - "-" "Go-http-client/1.1"
64.227.32.66 - - [02/Apr/2026:12:53:39 +1000] "GET /.vscode/sftp.json HTTP/1.1" 404 - "-" "Mozilla/5.0 (l9scan/2.0.330313e20343e2732313e2831313; +https://leakix.net)"
57.129.16.41 - - [02/Apr/2026:12:53:39 +1000] "GET /MT_Backups/AWS_Multisite/BACKUP-Amazon-Agrogation%20VPN%20Server%20-2022aug04-203607.rsc HTTP/1.1" 200 10970 "-" "Go-http-client/1.1"
57.129.16.41 - - [02/Apr/2026:12:53:39 +1000] "GET /MT_Backups/AWS_Multisite/BACKUP-Amazon-Agrogation%20VPN%20Server%20-2022aug04-203607.rsc HTTP/1.1" 200 10970 "-" "Go-http-client/1.1"
57.129.16.41 - - [02/Apr/2026:12:53:39 +1000] "HEAD /MT_Backups/AWS_Multisite/BACKUP-Amazon-Agrogation%20VPN%20Server%20-2022aug11-203607.backup HTTP/1.1" 200 - "-" "Go-http-client/1.1"
57.129.16.41 - - [02/Apr/2026:12:53:39 +1000] "HEAD /MT_Backups/AWS_Multisite/BACKUP-Amazon-Agrogation%20VPN%20Server%20-2022aug11-203607.backup HTTP/1.1" 200 - "-" "Go-http-client/1.1"
164.90.208.56 - - [02/Apr/2026:12:53:39 +1000] "GET /.vscode/sftp.json HTTP/1.1" 404 - "-" "Mozilla/5.0 (l9scan/2.0.330313e20343e2732313e2831313; +https://leakix.net)"
57.129.16.41 - - [02/Apr/2026:12:53:39 +1000] "GET /MT_Backups/AWS_Multisite/BACKUP-Amazon-Agrogation%20VPN%20Server%20-2022aug11-203607.backup HTTP/1.1" 200 373128 "-" "Go-http-client/1.1"
57.129.16.41 - - [02/Apr/2026:12:53:40 +1000] "GET /MT_Backups/AWS_Multisite/BACKUP-Amazon-Agrogation%20VPN%20Server%20-2022aug11-203607.backup HTTP/1.1" 200 373128 "-" "Go-http-client/1.1"
64.227.32.66 - - [02/Apr/2026:12:53:40 +1000] "OPTIONS / HTTP/1.1" 200 - "-" "Mozilla/5.0 (l9scan/2.0.330313e20343e2732313e2831313; +https://leakix.net)"
164.90.208.56 - - [02/Apr/2026:12:53:40 +1000] "OPTIONS / HTTP/1.1" 200 - "-" "Mozilla/5.0 (l9scan/2.0.330313e20343e2732313e2831313; +https://leakix.net)"
57.129.16.41 - - [02/Apr/2026:12:53:40 +1000] "HEAD /MT_Backups/AWS_Multisite/BACKUP-Amazon-Agrogation%20VPN%20Server%20-2022aug11-203607.rsc HTTP/1.1" 200 - "-" "Go-http-client/1.1"
57.129.16.41 - - [02/Apr/2026:12:53:40 +1000] "HEAD /MT_Backups/AWS_Multisite/BACKUP-Amazon-Agrogation%20VPN%20Server%20-2022aug11-203607.rsc HTTP/1.1" 200 - "-" "Go-http-client/1.1"
57.129.16.41 - - [02/Apr/2026:12:53:40 +1000] "GET /MT_Backups/AWS_Multisite/BACKUP-Amazon-Agrogation%20VPN%20Server%20-2022aug11-203607.rsc HTTP/1.1" 200 10970 "-" "Go-http-client/1.1"
57.129.16.41 - - [02/Apr/2026:12:53:40 +1000] "GET /MT_Backups/AWS_Multisite/BACKUP-Amazon-Agrogation%20VPN%20Server%20-2022aug11-203607.rsc HTTP/1.1" 200 10970 "-" "Go-http-client/1.1"
57.129.16.41 - - [02/Apr/2026:12:53:41 +1000] "HEAD /MT_Backups/AWS_Multisite/BACKUP-Amazon-Agrogation%20VPN%20Server%20-2022aug18-203607.backup HTTP/1.1" 200 - "-" "Go-http-client/1.1"
57.129.16.41 - - [02/Apr/2026:12:53:41 +1000] "HEAD /MT_Backups/AWS_Multisite/BACKUP-Amazon-Agrogation%20VPN%20Server%20-2022aug18-203607.backup HTTP/1.1" 200 - "-" "Go-http-client/1.1"
64.227.32.66 - - [02/Apr/2026:12:53:41 +1000] "GET /?rest_route=/wp/v2/users/ HTTP/1.1" 200 1018 "-" "Mozilla/5.0 (l9scan/2.0.330313e20343e2732313e2831313; +https://leakix.net)"
164.90.208.56 - - [02/Apr/2026:12:53:41 +1000] "GET /?rest_route=/wp/v2/users/ HTTP/1.1" 200 1018 "-" "Mozilla/5.0 (l9scan/2.0.330313e20343e2732313e2831313; +https://leakix.net)"
57.129.16.41 - - [02/Apr/2026:12:53:41 +1000] "GET /MT_Backups/AWS_Multisite/BACKUP-Amazon-Agrogation%20VPN%20Server%20-2022aug18-203607.backup HTTP/1.1" 200 370359 "-" "Go-http-client/1.1"
57.129.16.41 - - [02/Apr/2026:12:53:41 +1000] "GET /MT_Backups/AWS_Multisite/BACKUP-Amazon-Agrogation%20VPN%20Server%20-2022aug18-203607.backup HTTP/1.1" 200 370359 "-" "Go-http-client/1.1"
57.129.16.41 - - [02/Apr/2026:12:53:41 +1000] "HEAD /MT_Backups/AWS_Multisite/BACKUP-Amazon-Agrogation%20VPN%20Server%20-2022aug18-203607.rsc HTTP/1.1" 200 - "-" "Go-http-client/1.1"
57.129.16.41 - - [02/Apr/2026:12:53:41 +1000] "HEAD /MT_Backups/AWS_Multisite/BACKUP-Amazon-Agrogation%20VPN%20Server%20-2022aug18-203607.rsc HTTP/1.1" 200 - "-" "Go-http-client/1.1"
57.129.16.41 - - [02/Apr/2026:12:53:42 +1000] "GET /MT_Backups/AWS_Multisite/BACKUP-Amazon-Agrogation%20VPN%20Server%20-2022aug18-203607.rsc HTTP/1.1" 200 10970 "-" "Go-http-client/1.1"
57.129.16.41 - - [02/Apr/2026:12:53:42 +1000] "GET /MT_Backups/AWS_Multisite/BACKUP-Amazon-Agrogation%20VPN%20Server%20-2022aug18-203607.rsc HTTP/1.1" 200 10970 "-" "Go-http-client/1.1"
64.227.32.66 - - [02/Apr/2026:12:53:42 +1000] "GET /debug/default/view?panel=config HTTP/1.1" 404 - "-" "Mozilla/5.0 (l9scan/2.0.330313e20343e2732313e2831313; +https://leakix.net)"
164.90.208.56 - - [02/Apr/2026:12:53:42 +1000] "GET /debug/default/view?panel=config HTTP/1.1" 404 - "-" "Mozilla/5.0 (l9scan/2.0.330313e20343e2732313e2831313; +https://leakix.net)"
57.129.16.41 - - [02/Apr/2026:12:53:42 +1000] "HEAD /MT_Backups/AWS_Multisite/BACKUP-Amazon-Agrogation%20VPN%20Server%20-2022aug25-203607.backup HTTP/1.1" 200 - "-" "Go-http-client/1.1"
57.129.16.41 - - [02/Apr/2026:12:53:42 +1000] "HEAD /MT_Backups/AWS_Multisite/BACKUP-Amazon-Agrogation%20VPN%20Server%20-2022aug25-203607.backup HTTP/1.1" 200 - "-" "Go-http-client/1.1"
57.129.16.41 - - [02/Apr/2026:12:53:42 +1000] "GET /MT_Backups/AWS_Multisite/BACKUP-Amazon-Agrogation%20VPN%20Server%20-2022aug25-203607.backup HTTP/1.1" 200 360330 "-" "Go-http-client/1.1"
57.129.16.41 - - [02/Apr/2026:12:53:42 +1000] "GET /MT_Backups/AWS_Multisite/BACKUP-Amazon-Agrogation%20VPN%20Server%20-2022aug25-203607.backup HTTP/1.1" 200 360330 "-" "Go-http-client/1.1"
57.129.16.41 - - [02/Apr/2026:12:53:43 +1000] "HEAD /MT_Backups/AWS_Multisite/BACKUP-Amazon-Agrogation%20VPN%20Server%20-2022aug25-203607.rsc HTTP/1.1" 200 - "-" "Go-http-client/1.1"
57.129.16.41 - - [02/Apr/2026:12:53:43 +1000] "HEAD /MT_Backups/AWS_Multisite/BACKUP-Amazon-Agrogation%20VPN%20Server%20-2022aug25-203607.rsc HTTP/1.1" 200 - "-" "Go-http-client/1.1"
57.129.16.41 - - [02/Apr/2026:12:53:43 +1000] "GET /MT_Backups/AWS_Multisite/BACKUP-Amazon-Agrogation%20VPN%20Server%20-2022aug25-203607.rsc HTTP/1.1" 200 10970 "-" "Go-http-client/1.1"
57.129.16.41 - - [02/Apr/2026:12:53:43 +1000] "GET /MT_Backups/AWS_Multisite/BACKUP-Amazon-Agrogation%20VPN%20Server%20-2022aug25-203607.rsc HTTP/1.1" 200 10970 "-" "Go-http-client/1.1"
57.129.16.41 - - [02/Apr/2026:12:53:43 +1000] "HEAD /MT_Backups/AWS_Multisite/BACKUP-Amazon-Agrogation%20VPN%20Server%20-2022feb03-203607.backup HTTP/1.1" 200 - "-" "Go-http-client/1.1"
57.129.16.41 - - [02/Apr/2026:12:53:43 +1000] "HEAD /MT_Backups/AWS_Multisite/BACKUP-Amazon-Agrogation%20VPN%20Server%20-2022feb03-203607.backup HTTP/1.1" 200 - "-" "Go-http-client/1.1"
57.129.16.41 - - [02/Apr/2026:12:53:44 +1000] "GET /MT_Backups/AWS_Multisite/BACKUP-Amazon-Agrogation%20VPN%20Server%20-2022feb03-203607.backup HTTP/1.1" 200 51967 "-" "Go-http-client/1.1"
57.129.16.41 - - [02/Apr/2026:12:53:44 +1000] "GET /MT_Backups/AWS_Multisite/BACKUP-Amazon-Agrogation%20VPN%20Server%20-2022feb03-203607.backup HTTP/1.1" 200 51967 "-" "Go-http-client/1.1"
57.129.16.41 - - [02/Apr/2026:12:53:44 +1000] "HEAD /MT_Backups/AWS_Multisite/BACKUP-Amazon-Agrogation%20VPN%20Server%20-2022feb03-203607.rsc HTTP/1.1" 200 - "-" "Go-http-client/1.1"
57.129.16.41 - - [02/Apr/2026:12:53:44 +1000] "HEAD /MT_Backups/AWS_Multisite/BACKUP-Amazon-Agrogation%20VPN%20Server%20-2022feb03-203607.rsc HTTP/1.1" 200 - "-" "Go-http-client/1.1"
57.129.16.41 - - [02/Apr/2026:12:53:44 +1000] "GET /MT_Backups/AWS_Multisite/BACKUP-Amazon-Agrogation%20VPN%20Server%20-2022feb03-203607.rsc HTTP/1.1" 200 8034 "-" "Go-http-client/1.1"
57.129.16.41 - - [02/Apr/2026:12:53:44 +1000] "GET /MT_Backups/AWS_Multisite/BACKUP-Amazon-Agrogation%20VPN%20Server%20-2022feb03-203607.rsc HTTP/1.1" 200 8034 "-" "Go-http-client/1.1"
57.129.16.41 - - [02/Apr/2026:12:53:45 +1000] "HEAD /MT_Backups/AWS_Multisite/BACKUP-Amazon-Agrogation%20VPN%20Server%20-2022feb10-203607.backup HTTP/1.1" 200 - "-" "Go-http-client/1.1"
57.129.16.41 - - [02/Apr/2026:12:53:45 +1000] "HEAD /MT_Backups/AWS_Multisite/BACKUP-Amazon-Agrogation%20VPN%20Server%20-2022feb10-203607.backup HTTP/1.1" 200 - "-" "Go-http-client/1.1"
57.129.16.41 - - [02/Apr/2026:12:53:45 +1000] "GET /MT_Backups/AWS_Multisite/BACKUP-Amazon-Agrogation%20VPN%20Server%20-2022feb10-203607.backup HTTP/1.1" 200 51967 "-" "Go-http-client/1.1"
57.129.16.41 - - [02/Apr/2026:12:53:45 +1000] "GET /MT_Backups/AWS_Multisite/BACKUP-Amazon-Agrogation%20VPN%20Server%20-2022feb10-203607.backup HTTP/1.1" 200 51967 "-" "Go-http-client/1.1"
57.129.16.41 - - [02/Apr/2026:12:53:45 +1000] "HEAD /MT_Backups/AWS_Multisite/BACKUP-Amazon-Agrogation%20VPN%20Server%20-2022feb10-203607.rsc HTTP/1.1" 200 - "-" "Go-http-client/1.1"
57.129.16.41 - - [02/Apr/2026:12:53:45 +1000] "HEAD /MT_Backups/AWS_Multisite/BACKUP-Amazon-Agrogation%20VPN%20Server%20-2022feb10-203607.rsc HTTP/1.1" 200 - "-" "Go-http-client/1.1"
57.129.16.41 - - [02/Apr/2026:12:53:46 +1000] "GET /MT_Backups/AWS_Multisite/BACKUP-Amazon-Agrogation%20VPN%20Server%20-2022feb10-203607.rsc HTTP/1.1" 200 8034 "-" "Go-http-client/1.1"
