118.127.40.73 - - [08/Apr/2026:06:15:37 +1000] "GET / HTTP/1.1" 500 442320 "-" "Python/3.11 aiohttp/3.9.2"
66.132.172.184 - - [08/Apr/2026:06:22:33 +1000] "GET / HTTP/1.1" 500 1046885 "-" "Mozilla/5.0 (compatible; CensysInspect/1.1; +https://about.censys.io/)"
66.132.172.184 - - [08/Apr/2026:06:23:45 +1000] "GET / HTTP/1.1" 421 362 "-" "Mozilla/5.0 (compatible; CensysInspect/1.1; +https://about.censys.io/)"
118.127.40.73 - - [08/Apr/2026:06:45:38 +1000] "GET / HTTP/1.1" 500 180208 "-" "Python/3.11 aiohttp/3.9.2"
118.127.40.73 - - [08/Apr/2026:07:15:38 +1000] "GET / HTTP/1.1" 500 241320 "-" "Python/3.11 aiohttp/3.9.2"
118.127.40.73 - - [08/Apr/2026:07:45:38 +1000] "GET / HTTP/1.1" 500 147440 "-" "Python/3.11 aiohttp/3.9.2"
118.127.40.73 - - [08/Apr/2026:08:15:38 +1000] "GET / HTTP/1.1" 500 73720 "-" "Python/3.11 aiohttp/3.9.2"
118.127.40.73 - - [08/Apr/2026:08:45:38 +1000] "GET / HTTP/1.1" 500 344024 "-" "Python/3.11 aiohttp/3.9.2"
118.127.40.73 - - [08/Apr/2026:09:15:41 +1000] "GET / HTTP/1.1" 500 98296 "-" "Python/3.11 aiohttp/3.9.2"
118.127.40.73 - - [08/Apr/2026:09:45:38 +1000] "GET / HTTP/1.1" 500 172016 "-" "Python/3.11 aiohttp/3.9.2"
118.127.40.73 - - [08/Apr/2026:10:15:38 +1000] "GET / HTTP/1.1" 500 172016 "-" "Python/3.11 aiohttp/3.9.2"
118.127.40.73 - - [08/Apr/2026:10:45:41 +1000] "GET / HTTP/1.1" 500 257704 "-" "Python/3.11 aiohttp/3.9.2"
118.127.40.73 - - [08/Apr/2026:11:15:39 +1000] "GET / HTTP/1.1" 500 147440 "-" "Python/3.11 aiohttp/3.9.2"
118.127.40.73 - - [08/Apr/2026:11:45:39 +1000] "GET / HTTP/1.1" 500 384984 "-" "Python/3.11 aiohttp/3.9.2"
118.127.40.73 - - [08/Apr/2026:12:15:39 +1000] "GET / HTTP/1.1" 500 241320 "-" "Python/3.11 aiohttp/3.9.2"
118.127.40.73 - - [08/Apr/2026:12:45:40 +1000] "GET / HTTP/1.1" 500 303072 "-" "Python/3.11 aiohttp/3.9.2"
118.127.40.73 - - [08/Apr/2026:13:15:40 +1000] "GET / HTTP/1.1" 500 241320 "-" "Python/3.11 aiohttp/3.9.2"
118.127.40.73 - - [08/Apr/2026:13:45:40 +1000] "GET / HTTP/1.1" 500 241320 "-" "Python/3.11 aiohttp/3.9.2"
118.127.40.73 - - [08/Apr/2026:14:15:41 +1000] "GET / HTTP/1.1" 500 241320 "-" "Python/3.11 aiohttp/3.9.2"
118.127.40.73 - - [08/Apr/2026:14:45:40 +1000] "GET / HTTP/1.1" 500 188400 "-" "Python/3.11 aiohttp/3.9.2"
118.127.40.73 - - [08/Apr/2026:15:15:41 +1000] "GET / HTTP/1.1" 500 409552 "-" "Python/3.11 aiohttp/3.9.2"
118.127.40.73 - - [08/Apr/2026:15:45:41 +1000] "GET / HTTP/1.1" 500 311264 "-" "Python/3.11 aiohttp/3.9.2"
118.127.40.73 - - [08/Apr/2026:16:15:42 +1000] "GET / HTTP/1.1" 500 241320 "-" "Python/3.11 aiohttp/3.9.2"
118.127.40.73 - - [08/Apr/2026:16:45:41 +1000] "GET / HTTP/1.1" 500 294880 "-" "Python/3.11 aiohttp/3.9.2"
118.127.40.73 - - [08/Apr/2026:17:15:42 +1000] "GET / HTTP/1.1" 500 49152 "-" "Python/3.11 aiohttp/3.9.2"
118.127.40.73 - - [08/Apr/2026:17:45:44 +1000] "GET / HTTP/1.1" 500 278496 "-" "Python/3.11 aiohttp/3.9.2"
118.127.40.73 - - [08/Apr/2026:18:15:42 +1000] "GET / HTTP/1.1" 500 466888 "-" "Python/3.11 aiohttp/3.9.2"
35.94.129.121 - - [08/Apr/2026:18:22:29 +1000] "GET /robots.txt HTTP/1.1" 200 24 "-" "Mozilla/5.0 (compatible; wpbot/1.4; +https://forms.gle/ajBaxygz9jSR8p8G9)"
35.94.129.121 - - [08/Apr/2026:18:22:29 +1000] "GET / HTTP/1.1" 500 1046889 "-" "Mozilla/5.0 (compatible; wpbot/1.4; +https://forms.gle/ajBaxygz9jSR8p8G9)"
118.127.40.73 - - [08/Apr/2026:18:45:46 +1000] "GET / HTTP/1.1" 500 319456 "-" "Python/3.11 aiohttp/3.9.2"
118.127.40.73 - - [08/Apr/2026:19:15:42 +1000] "GET / HTTP/1.1" 500 49152 "-" "Python/3.11 aiohttp/3.9.2"
118.127.40.73 - - [08/Apr/2026:19:45:43 +1000] "GET / HTTP/1.1" 500 278496 "-" "Python/3.11 aiohttp/3.9.2"
118.127.40.73 - - [08/Apr/2026:20:15:42 +1000] "GET / HTTP/1.1" 500 147440 "-" "Python/3.11 aiohttp/3.9.2"
118.127.40.73 - - [08/Apr/2026:20:45:42 +1000] "GET / HTTP/1.1" 500 172016 "-" "Python/3.11 aiohttp/3.9.2"
118.127.40.73 - - [08/Apr/2026:21:15:43 +1000] "GET / HTTP/1.1" 500 278496 "-" "Python/3.11 aiohttp/3.9.2"
118.127.40.73 - - [08/Apr/2026:21:45:44 +1000] "GET / HTTP/1.1" 500 49152 "-" "Python/3.11 aiohttp/3.9.2"
118.127.40.73 - - [08/Apr/2026:22:15:44 +1000] "GET / HTTP/1.1" 500 319456 "-" "Python/3.11 aiohttp/3.9.2"
118.127.40.73 - - [08/Apr/2026:22:45:45 +1000] "GET / HTTP/1.1" 500 671664 "-" "Python/3.11 aiohttp/3.9.2"
66.132.172.189 - - [08/Apr/2026:23:12:22 +1000] "GET / HTTP/1.1" 500 1040264 "-" "Mozilla/5.0 (compatible; CensysInspect/1.1; +https://about.censys.io/)"
66.132.172.189 - - [08/Apr/2026:23:13:07 +1000] "GET / HTTP/1.1" 421 362 "-" "Mozilla/5.0 (compatible; CensysInspect/1.1; +https://about.censys.io/)"
118.127.40.73 - - [08/Apr/2026:23:15:44 +1000] "GET / HTTP/1.1" 500 303072 "-" "Python/3.11 aiohttp/3.9.2"
118.127.40.73 - - [08/Apr/2026:23:45:44 +1000] "GET / HTTP/1.1" 500 180208 "-" "Python/3.11 aiohttp/3.9.2"
118.127.40.73 - - [09/Apr/2026:00:15:48 +1000] "GET / HTTP/1.1" 500 241320 "-" "Python/3.11 aiohttp/3.9.2"
118.127.40.73 - - [09/Apr/2026:00:45:45 +1000] "GET / HTTP/1.1" 500 294880 "-" "Python/3.11 aiohttp/3.9.2"
118.127.40.73 - - [09/Apr/2026:01:15:44 +1000] "GET / HTTP/1.1" 500 241320 "-" "Python/3.11 aiohttp/3.9.2"
118.127.40.73 - - [09/Apr/2026:01:45:44 +1000] "GET / HTTP/1.1" 500 352216 "-" "Python/3.11 aiohttp/3.9.2"
118.127.40.73 - - [09/Apr/2026:02:15:46 +1000] "GET / HTTP/1.1" 500 241320 "-" "Python/3.11 aiohttp/3.9.2"
118.127.40.73 - - [09/Apr/2026:02:45:46 +1000] "GET / HTTP/1.1" 500 270304 "-" "Python/3.11 aiohttp/3.9.2"
118.127.40.73 - - [09/Apr/2026:03:15:46 +1000] "GET / HTTP/1.1" 500 221160 "-" "Python/3.11 aiohttp/3.9.2"
118.127.40.73 - - [09/Apr/2026:03:45:48 +1000] "GET / HTTP/1.1" 500 90104 "-" "Python/3.11 aiohttp/3.9.2"
204.76.203.25 - - [09/Apr/2026:03:55:47 +1000] "GET / HTTP/1.1" 500 1047091 "-" "Mozilla/5.0 (Windows NT 10.0; Win64; x64) AppleWebKit/537.36 (KHTML, like Gecko) Chrome/134.0.0.0 Safari/537.3"
118.127.40.73 - - [09/Apr/2026:04:15:47 +1000] "GET / HTTP/1.1" 500 352216 "-" "Python/3.11 aiohttp/3.9.2"
118.127.40.73 - - [09/Apr/2026:04:45:46 +1000] "GET / HTTP/1.1" 500 241320 "-" "Python/3.11 aiohttp/3.9.2"
118.127.40.73 - - [09/Apr/2026:05:15:47 +1000] "GET / HTTP/1.1" 500 204776 "-" "Python/3.11 aiohttp/3.9.2"
118.127.40.73 - - [09/Apr/2026:05:45:48 +1000] "GET / HTTP/1.1" 500 221160 "-" "Python/3.11 aiohttp/3.9.2"
118.127.40.73 - - [09/Apr/2026:06:15:47 +1000] "GET / HTTP/1.1" 500 270304 "-" "Python/3.11 aiohttp/3.9.2"
118.127.40.73 - - [09/Apr/2026:06:45:46 +1000] "GET / HTTP/1.1" 500 81912 "-" "Python/3.11 aiohttp/3.9.2"
118.127.40.73 - - [09/Apr/2026:07:15:47 +1000] "GET / HTTP/1.1" 500 221160 "-" "Python/3.11 aiohttp/3.9.2"
118.127.40.73 - - [09/Apr/2026:07:45:48 +1000] "GET / HTTP/1.1" 500 311264 "-" "Python/3.11 aiohttp/3.9.2"
44.242.163.98 - - [09/Apr/2026:08:10:05 +1000] "GET /robots.txt HTTP/1.1" 200 24 "-" "Mozilla/5.0 (compatible; wpbot/1.4; +https://forms.gle/ajBaxygz9jSR8p8G9)"
44.242.163.98 - - [09/Apr/2026:08:10:05 +1000] "GET / HTTP/1.1" 500 1046865 "-" "Mozilla/5.0 (compatible; wpbot/1.4; +https://forms.gle/ajBaxygz9jSR8p8G9)"
118.127.40.73 - - [09/Apr/2026:08:15:48 +1000] "GET / HTTP/1.1" 500 172016 "-" "Python/3.11 aiohttp/3.9.2"
3.208.208.90 - - [09/Apr/2026:08:33:38 +1000] "GET / HTTP/1.1" 500 241320 "-" "Mozilla/5.0 (Macintosh; Intel Mac OS X 10_15_7) AppleWebKit/605.1.15 (KHTML, like Gecko) Version/18.5 Safari/605.1.15"
118.127.40.73 - - [09/Apr/2026:08:45:49 +1000] "GET / HTTP/1.1" 500 257704 "-" "Python/3.11 aiohttp/3.9.2"
118.127.40.73 - - [09/Apr/2026:09:15:47 +1000] "GET / HTTP/1.1" 500 278496 "-" "Python/3.11 aiohttp/3.9.2"
118.127.40.73 - - [09/Apr/2026:09:45:48 +1000] "GET / HTTP/1.1" 500 278496 "-" "Python/3.11 aiohttp/3.9.2"
147.185.132.82 - - [09/Apr/2026:09:56:53 +1000] "GET / HTTP/1.1" 500 1047087 "-" "Hello from Palo Alto Networks, find out more about our scans in https://docs-cortex.paloaltonetworks.com/r/1/Cortex-Xpanse/Scanning-activity"
118.127.40.73 - - [09/Apr/2026:10:15:49 +1000] "GET / HTTP/1.1" 500 241320 "-" "Python/3.11 aiohttp/3.9.2"
118.127.40.73 - - [09/Apr/2026:10:45:48 +1000] "GET / HTTP/1.1" 500 241320 "-" "Python/3.11 aiohttp/3.9.2"
118.127.40.73 - - [09/Apr/2026:11:15:48 +1000] "GET / HTTP/1.1" 500 32768 "-" "Python/3.11 aiohttp/3.9.2"
118.127.40.73 - - [09/Apr/2026:11:45:49 +1000] "GET / HTTP/1.1" 500 270304 "-" "Python/3.11 aiohttp/3.9.2"
118.127.40.73 - - [09/Apr/2026:12:15:48 +1000] "GET / HTTP/1.1" 500 147440 "-" "Python/3.11 aiohttp/3.9.2"
118.127.40.73 - - [09/Apr/2026:12:45:49 +1000] "GET / HTTP/1.1" 500 172016 "-" "Python/3.11 aiohttp/3.9.2"
118.127.40.73 - - [09/Apr/2026:13:15:50 +1000] "GET / HTTP/1.1" 500 81912 "-" "Python/3.11 aiohttp/3.9.2"
118.127.40.73 - - [09/Apr/2026:13:45:50 +1000] "GET / HTTP/1.1" 500 241320 "-" "Python/3.11 aiohttp/3.9.2"
118.127.40.73 - - [09/Apr/2026:14:15:50 +1000] "GET / HTTP/1.1" 500 212968 "-" "Python/3.11 aiohttp/3.9.2"
118.127.40.73 - - [09/Apr/2026:14:45:49 +1000] "GET / HTTP/1.1" 500 303072 "-" "Python/3.11 aiohttp/3.9.2"
118.127.40.73 - - [09/Apr/2026:15:15:50 +1000] "GET / HTTP/1.1" 500 49152 "-" "Python/3.11 aiohttp/3.9.2"
118.127.40.73 - - [09/Apr/2026:15:45:51 +1000] "GET / HTTP/1.1" 500 188400 "-" "Python/3.11 aiohttp/3.9.2"
118.127.40.73 - - [09/Apr/2026:16:15:50 +1000] "GET / HTTP/1.1" 500 147440 "-" "Python/3.11 aiohttp/3.9.2"
118.127.40.73 - - [09/Apr/2026:16:45:51 +1000] "GET / HTTP/1.1" 500 241320 "-" "Python/3.11 aiohttp/3.9.2"
118.127.40.73 - - [09/Apr/2026:17:15:50 +1000] "GET / HTTP/1.1" 500 278496 "-" "Python/3.11 aiohttp/3.9.2"
118.127.40.73 - - [09/Apr/2026:17:45:54 +1000] "GET / HTTP/1.1" 500 147440 "-" "Python/3.11 aiohttp/3.9.2"
118.127.40.73 - - [09/Apr/2026:18:15:51 +1000] "GET / HTTP/1.1" 500 172016 "-" "Python/3.11 aiohttp/3.9.2"
118.127.40.73 - - [09/Apr/2026:18:45:51 +1000] "GET / HTTP/1.1" 500 409552 "-" "Python/3.11 aiohttp/3.9.2"
118.127.40.73 - - [09/Apr/2026:19:15:50 +1000] "GET / HTTP/1.1" 500 319456 "-" "Python/3.11 aiohttp/3.9.2"
118.127.40.73 - - [09/Apr/2026:19:45:52 +1000] "GET / HTTP/1.1" 500 630712 "-" "Python/3.11 aiohttp/3.9.2"
118.127.40.73 - - [09/Apr/2026:20:15:52 +1000] "GET / HTTP/1.1" 500 303072 "-" "Python/3.11 aiohttp/3.9.2"
118.127.40.73 - - [09/Apr/2026:20:45:51 +1000] "GET / HTTP/1.1" 500 90104 "-" "Python/3.11 aiohttp/3.9.2"
118.127.40.73 - - [09/Apr/2026:21:15:52 +1000] "GET / HTTP/1.1" 500 303072 "-" "Python/3.11 aiohttp/3.9.2"
118.127.40.73 - - [09/Apr/2026:21:45:51 +1000] "GET / HTTP/1.1" 500 221160 "-" "Python/3.11 aiohttp/3.9.2"
74.7.244.30 - - [09/Apr/2026:22:01:45 +1000] "GET /robots.txt HTTP/1.1" 200 24 "-" "Mozilla/5.0 (Macintosh; Intel Mac OS X 10_15_7) AppleWebKit/537.36 (KHTML, like Gecko) Chrome/131.0.0.0 Safari/537.36; compatible; OAI-SearchBot/1.3; robots.txt; +https://openai.com/searchbot"
74.7.227.26 - - [09/Apr/2026:22:01:45 +1000] "GET / HTTP/1.1" 500 155632 "-" "Mozilla/5.0 AppleWebKit/537.36 (KHTML, like Gecko; compatible; GPTBot/1.3; +https://openai.com/gptbot)"
118.127.40.73 - - [09/Apr/2026:22:15:52 +1000] "GET / HTTP/1.1" 500 409552 "-" "Python/3.11 aiohttp/3.9.2"
118.127.40.73 - - [09/Apr/2026:22:45:55 +1000] "GET / HTTP/1.1" 500 237544 "-" "Python/3.11 aiohttp/3.9.2"
118.127.40.73 - - [09/Apr/2026:23:45:37 +1000] "GET / HTTP/1.1" 500 147440 "-" "Python/3.11 aiohttp/3.9.2"
118.127.40.73 - - [10/Apr/2026:00:15:44 +1000] "GET / HTTP/1.1" 500 257704 "-" "Python/3.11 aiohttp/3.9.2"
118.127.40.73 - - [10/Apr/2026:00:45:41 +1000] "GET / HTTP/1.1" 500 241320 "-" "Python/3.11 aiohttp/3.9.2"
118.127.40.73 - - [10/Apr/2026:01:15:38 +1000] "GET / HTTP/1.1" 500 241320 "-" "Python/3.11 aiohttp/3.9.2"
118.127.40.73 - - [10/Apr/2026:01:45:40 +1000] "GET / HTTP/1.1" 500 122872 "-" "Python/3.11 aiohttp/3.9.2"
118.127.40.73 - - [10/Apr/2026:02:15:39 +1000] "GET / HTTP/1.1" 500 257704 "-" "Python/3.11 aiohttp/3.9.2"
118.127.40.73 - - [10/Apr/2026:02:45:40 +1000] "GET / HTTP/1.1" 500 241320 "-" "Python/3.11 aiohttp/3.9.2"
118.127.40.73 - - [10/Apr/2026:03:15:39 +1000] "GET / HTTP/1.1" 500 32768 "-" "Python/3.11 aiohttp/3.9.2"
118.127.40.73 - - [10/Apr/2026:03:45:39 +1000] "GET / HTTP/1.1" 500 278496 "-" "Python/3.11 aiohttp/3.9.2"
118.127.40.73 - - [10/Apr/2026:04:15:39 +1000] "GET / HTTP/1.1" 500 335832 "-" "Python/3.11 aiohttp/3.9.2"
118.127.40.73 - - [10/Apr/2026:04:45:39 +1000] "GET / HTTP/1.1" 500 57344 "-" "Python/3.11 aiohttp/3.9.2"
118.127.40.73 - - [10/Apr/2026:05:15:40 +1000] "GET / HTTP/1.1" 500 204776 "-" "Python/3.11 aiohttp/3.9.2"
118.127.40.73 - - [10/Apr/2026:05:45:41 +1000] "GET / HTTP/1.1" 500 442320 "-" "Python/3.11 aiohttp/3.9.2"
118.127.40.73 - - [10/Apr/2026:06:15:40 +1000] "GET / HTTP/1.1" 500 270304 "-" "Python/3.11 aiohttp/3.9.2"
118.127.40.73 - - [10/Apr/2026:06:45:40 +1000] "GET / HTTP/1.1" 500 147440 "-" "Python/3.11 aiohttp/3.9.2"
118.127.40.73 - - [10/Apr/2026:07:15:44 +1000] "GET / HTTP/1.1" 500 221160 "-" "Python/3.11 aiohttp/3.9.2"
118.127.40.73 - - [10/Apr/2026:07:45:44 +1000] "GET / HTTP/1.1" 500 335832 "-" "Python/3.11 aiohttp/3.9.2"
118.127.40.73 - - [10/Apr/2026:08:15:52 +1000] "GET / HTTP/1.1" 500 425936 "-" "Python/3.11 aiohttp/3.9.2"
118.127.40.73 - - [10/Apr/2026:08:45:44 +1000] "GET / HTTP/1.1" 500 278496 "-" "Python/3.11 aiohttp/3.9.2"
118.127.40.73 - - [10/Apr/2026:09:15:41 +1000] "GET / HTTP/1.1" 500 81912 "-" "Python/3.11 aiohttp/3.9.2"
118.127.40.73 - - [10/Apr/2026:09:45:43 +1000] "GET / HTTP/1.1" 500 204776 "-" "Python/3.11 aiohttp/3.9.2"
118.127.40.73 - - [10/Apr/2026:10:15:42 +1000] "GET / HTTP/1.1" 500 172016 "-" "Python/3.11 aiohttp/3.9.2"
118.127.40.73 - - [10/Apr/2026:10:45:43 +1000] "GET / HTTP/1.1" 500 241320 "-" "Python/3.11 aiohttp/3.9.2"
118.127.40.73 - - [10/Apr/2026:11:15:44 +1000] "GET / HTTP/1.1" 500 229352 "-" "Python/3.11 aiohttp/3.9.2"
118.127.40.73 - - [10/Apr/2026:11:45:44 +1000] "GET / HTTP/1.1" 500 241320 "-" "Python/3.11 aiohttp/3.9.2"
118.127.40.73 - - [10/Apr/2026:12:15:43 +1000] "GET / HTTP/1.1" 500 257704 "-" "Python/3.11 aiohttp/3.9.2"
118.127.40.73 - - [10/Apr/2026:12:45:43 +1000] "GET / HTTP/1.1" 500 212968 "-" "Python/3.11 aiohttp/3.9.2"
103.215.74.213 - - [10/Apr/2026:12:54:05 +1000] "POST / HTTP/1.1" 500 401360 "-" "Mozilla/5.0 (Windows NT 10.0; Win64; x64) AppleWebKit/537.36 (KHTML, like Gecko) Chrome/131.0.0.0 Safari/537.36"
103.215.74.213 - - [10/Apr/2026:12:54:07 +1000] "GET / HTTP/1.1" 500 1047129 "-" "Mozilla/5.0 (X11; Ubuntu; Linux x86_64; rv:133.0) Gecko/20100101 Firefox/133.0"
103.215.74.213 - - [10/Apr/2026:12:54:11 +1000] "GET / HTTP/1.1" 500 1047231 "-" "Mozilla/5.0 (Windows NT 10.0; Win64; x64) AppleWebKit/537.36 (KHTML, like Gecko) Chrome/120.0.0.0 Safari/537.36"
118.127.40.73 - - [10/Apr/2026:13:15:43 +1000] "GET / HTTP/1.1" 500 73720 "-" "Python/3.11 aiohttp/3.9.2"
103.215.74.213 - - [10/Apr/2026:13:35:25 +1000] "POST / HTTP/1.1" 500 1047753 "-" "Mozilla/5.0 (Macintosh; Intel Mac OS X 10_15_7) AppleWebKit/537.36 (KHTML, like Gecko) Chrome/131.0.0.0 Safari/537.36"
103.215.74.213 - - [10/Apr/2026:13:35:27 +1000] "GET / HTTP/1.1" 500 1046993 "-" "Mozilla/5.0 (X11; Ubuntu; Linux x86_64; rv:133.0) Gecko/20100101 Firefox/133.0"
103.215.74.213 - - [10/Apr/2026:13:35:31 +1000] "GET / HTTP/1.1" 500 1047255 "-" "Mozilla/5.0 (Windows NT 10.0; Win64; x64) AppleWebKit/537.36 (KHTML, like Gecko) Chrome/120.0.0.0 Safari/537.36"
118.127.40.73 - - [10/Apr/2026:13:45:47 +1000] "GET / HTTP/1.1" 500 204776 "-" "Python/3.11 aiohttp/3.9.2"
118.127.40.73 - - [10/Apr/2026:14:15:43 +1000] "GET / HTTP/1.1" 500 335832 "-" "Python/3.11 aiohttp/3.9.2"
118.127.40.73 - - [10/Apr/2026:14:45:44 +1000] "GET / HTTP/1.1" 500 270304 "-" "Python/3.11 aiohttp/3.9.2"
118.127.40.73 - - [10/Apr/2026:15:15:45 +1000] "GET / HTTP/1.1" 500 270304 "-" "Python/3.11 aiohttp/3.9.2"
118.127.40.73 - - [10/Apr/2026:15:45:45 +1000] "GET / HTTP/1.1" 500 241320 "-" "Python/3.11 aiohttp/3.9.2"
118.127.40.73 - - [10/Apr/2026:16:15:45 +1000] "GET / HTTP/1.1" 500 241320 "-" "Python/3.11 aiohttp/3.9.2"
118.127.40.73 - - [10/Apr/2026:16:45:48 +1000] "GET / HTTP/1.1" 500 249512 "-" "Python/3.11 aiohttp/3.9.2"
103.153.183.69 - - [10/Apr/2026:17:11:28 +1000] "POST / HTTP/1.1" 500 1047665 "-" "Mozilla/5.0 (X11; Linux x86_64) AppleWebKit/537.36 (KHTML, like Gecko) Chrome/131.0.0.0 Safari/537.36"
103.153.183.69 - - [10/Apr/2026:17:11:30 +1000] "GET / HTTP/1.1" 500 1046969 "-" "Mozilla/5.0 (X11; Ubuntu; Linux x86_64; rv:133.0) Gecko/20100101 Firefox/133.0"
103.153.183.69 - - [10/Apr/2026:17:11:36 +1000] "GET / HTTP/1.1" 500 876440 "-" "Mozilla/5.0 (Windows NT 10.0; Win64; x64) AppleWebKit/537.36 (KHTML, like Gecko) Chrome/120.0.0.0 Safari/537.36"
118.127.40.73 - - [10/Apr/2026:17:15:45 +1000] "GET / HTTP/1.1" 500 335832 "-" "Python/3.11 aiohttp/3.9.2"
118.127.40.73 - - [10/Apr/2026:17:45:46 +1000] "GET / HTTP/1.1" 500 106488 "-" "Python/3.11 aiohttp/3.9.2"
103.153.183.69 - - [10/Apr/2026:17:50:00 +1000] "POST / HTTP/1.1" 500 1047689 "-" "Mozilla/5.0 (X11; Linux x86_64) AppleWebKit/537.36 (KHTML, like Gecko) Chrome/131.0.0.0 Safari/537.36"
103.153.183.69 - - [10/Apr/2026:17:50:01 +1000] "GET / HTTP/1.1" 500 1047089 "-" "Mozilla/5.0 (X11; Linux x86_64) AppleWebKit/537.36 (KHTML, like Gecko) Chrome/131.0.0.0 Safari/537.36"
103.153.183.69 - - [10/Apr/2026:17:50:04 +1000] "GET / HTTP/1.1" 500 810912 "-" "Mozilla/5.0 (Windows NT 10.0; Win64; x64) AppleWebKit/537.36 (KHTML, like Gecko) Chrome/120.0.0.0 Safari/537.36"
118.127.40.73 - - [10/Apr/2026:18:15:45 +1000] "GET / HTTP/1.1" 500 303072 "-" "Python/3.11 aiohttp/3.9.2"
118.127.40.73 - - [10/Apr/2026:18:45:45 +1000] "GET / HTTP/1.1" 500 204776 "-" "Python/3.11 aiohttp/3.9.2"
118.127.40.73 - - [10/Apr/2026:19:15:46 +1000] "GET / HTTP/1.1" 500 163824 "-" "Python/3.11 aiohttp/3.9.2"
118.127.40.73 - - [10/Apr/2026:19:45:48 +1000] "GET / HTTP/1.1" 500 32768 "-" "Python/3.11 aiohttp/3.9.2"
118.127.40.73 - - [10/Apr/2026:20:15:46 +1000] "GET / HTTP/1.1" 500 241320 "-" "Python/3.11 aiohttp/3.9.2"
118.127.40.73 - - [10/Apr/2026:20:45:46 +1000] "GET / HTTP/1.1" 500 147440 "-" "Python/3.11 aiohttp/3.9.2"
118.127.40.73 - - [10/Apr/2026:21:15:46 +1000] "GET / HTTP/1.1" 500 303072 "-" "Python/3.11 aiohttp/3.9.2"
34.245.36.1 - - [10/Apr/2026:21:40:38 +1000] "GET / HTTP/1.0" 500 204776 "-" "Mozilla/5.0 (compatible; NetcraftSurveyAgent/1.0; +info@netcraft.com)"
118.127.40.73 - - [10/Apr/2026:21:45:47 +1000] "GET / HTTP/1.1" 500 311264 "-" "Python/3.11 aiohttp/3.9.2"
118.127.40.73 - - [10/Apr/2026:22:15:47 +1000] "GET / HTTP/1.1" 500 172016 "-" "Python/3.11 aiohttp/3.9.2"
118.127.40.73 - - [10/Apr/2026:22:45:49 +1000] "GET / HTTP/1.1" 500 278496 "-" "Python/3.11 aiohttp/3.9.2"
118.127.40.73 - - [10/Apr/2026:23:15:47 +1000] "GET / HTTP/1.1" 500 241320 "-" "Python/3.11 aiohttp/3.9.2"
118.127.40.73 - - [10/Apr/2026:23:45:48 +1000] "GET / HTTP/1.1" 500 249512 "-" "Python/3.11 aiohttp/3.9.2"
118.127.40.73 - - [11/Apr/2026:00:15:49 +1000] "GET / HTTP/1.1" 500 278496 "-" "Python/3.11 aiohttp/3.9.2"
118.127.40.73 - - [11/Apr/2026:00:45:48 +1000] "GET / HTTP/1.1" 500 319456 "-" "Python/3.11 aiohttp/3.9.2"
195.178.110.133 - - [11/Apr/2026:01:07:58 +1000] "POST / HTTP/1.1" 500 1047825 "-" "Mozilla/5.0 (X11; Linux x86_64) AppleWebKit/537.36 (KHTML, like Gecko) Chrome/131.0.0.0 Safari/537.36"
195.178.110.133 - - [11/Apr/2026:01:08:01 +1000] "GET / HTTP/1.1" 500 688048 "-" "Mozilla/5.0 (X11; Linux x86_64) AppleWebKit/537.36 (KHTML, like Gecko) Chrome/131.0.0.0 Safari/537.36"
195.178.110.133 - - [11/Apr/2026:01:08:06 +1000] "GET / HTTP/1.1" 500 1047231 "-" "Mozilla/5.0 (Windows NT 10.0; Win64; x64) AppleWebKit/537.36 (KHTML, like Gecko) Chrome/120.0.0.0 Safari/537.36"
118.127.40.73 - - [11/Apr/2026:01:15:48 +1000] "GET / HTTP/1.1" 500 172016 "-" "Python/3.11 aiohttp/3.9.2"
34.255.179.108 - - [11/Apr/2026:01:17:47 +1000] "GET / HTTP/1.0" 500 212968 "-" "Mozilla/5.0 (compatible; NetcraftSurveyAgent/1.0; +info@netcraft.com)"
138.68.178.186 - - [11/Apr/2026:01:27:18 +1000] "GET / HTTP/1.1" 500 1047451 "-" "Mozilla/5.0 (X11; Linux x86_64; rv:142.0) Gecko/20100101 Firefox/142.0"
138.68.178.186 - - [11/Apr/2026:01:27:26 +1000] "GET /favicon.ico HTTP/1.1" 200 - "https://testbydaven.posscales.com.au/" "Mozilla/5.0 (X11; Linux x86_64; rv:142.0) Gecko/20100101 Firefox/142.0"
195.178.110.133 - - [11/Apr/2026:01:32:15 +1000] "POST / HTTP/1.1" 500 860056 "-" "Mozilla/5.0 (Macintosh; Intel Mac OS X 10_15_7) AppleWebKit/537.36 (KHTML, like Gecko) Chrome/131.0.0.0 Safari/537.36"
195.178.110.133 - - [11/Apr/2026:01:32:18 +1000] "GET / HTTP/1.1" 500 941968 "-" "Mozilla/5.0 (X11; Ubuntu; Linux x86_64; rv:133.0) Gecko/20100101 Firefox/133.0"
195.178.110.133 - - [11/Apr/2026:01:32:22 +1000] "GET / HTTP/1.1" 500 270304 "-" "Mozilla/5.0 (Windows NT 10.0; Win64; x64) AppleWebKit/537.36 (KHTML, like Gecko) Chrome/120.0.0.0 Safari/537.36"
118.127.40.73 - - [11/Apr/2026:01:45:48 +1000] "GET / HTTP/1.1" 500 688048 "-" "Python/3.11 aiohttp/3.9.2"
118.127.40.73 - - [11/Apr/2026:02:15:49 +1000] "GET / HTTP/1.1" 500 270304 "-" "Python/3.11 aiohttp/3.9.2"
118.127.40.73 - - [11/Apr/2026:02:45:48 +1000] "GET / HTTP/1.1" 500 303072 "-" "Python/3.11 aiohttp/3.9.2"
118.127.40.73 - - [11/Apr/2026:03:15:48 +1000] "GET / HTTP/1.1" 500 442320 "-" "Python/3.11 aiohttp/3.9.2"
118.127.40.73 - - [11/Apr/2026:03:45:50 +1000] "GET / HTTP/1.1" 500 466888 "-" "Python/3.11 aiohttp/3.9.2"
118.127.40.73 - - [11/Apr/2026:04:15:49 +1000] "GET / HTTP/1.1" 500 221160 "-" "Python/3.11 aiohttp/3.9.2"
118.127.40.73 - - [11/Apr/2026:04:45:50 +1000] "GET / HTTP/1.1" 500 241320 "-" "Python/3.11 aiohttp/3.9.2"
118.127.40.73 - - [11/Apr/2026:05:15:50 +1000] "GET / HTTP/1.1" 500 40960 "-" "Python/3.11 aiohttp/3.9.2"
118.127.40.73 - - [11/Apr/2026:05:45:55 +1000] "GET / HTTP/1.1" 500 147440 "-" "Python/3.11 aiohttp/3.9.2"
118.127.40.73 - - [11/Apr/2026:06:16:10 +1000] "GET / HTTP/1.1" 500 286688 "-" "Python/3.11 aiohttp/3.9.2"
89.163.146.197 - - [11/Apr/2026:06:20:11 +1000] "GET /txets.php HTTP/1.1" 500 1047759 "www.google.com" "Mozlila/5.0 (Linux; Android 7.0; SM-G892A Bulid/NRD90M; wv) AppleWebKit/537.36 (KHTML, like Gecko) Version/4.0 Chrome/60.0.3112.107 Moblie Safari/537.36"
89.163.146.197 - - [11/Apr/2026:06:20:27 +1000] "GET /wp-content/txets.php HTTP/1.1" 500 1047807 "www.google.com" "Mozlila/5.0 (Linux; Android 7.0; SM-G892A Bulid/NRD90M; wv) AppleWebKit/537.36 (KHTML, like Gecko) Version/4.0 Chrome/60.0.3112.107 Moblie Safari/537.36"
89.163.146.197 - - [11/Apr/2026:06:20:51 +1000] "GET /wp-content/txets.php HTTP/1.1" 500 1047807 "www.google.com" "Mozlila/5.0 (Linux; Android 7.0; SM-G892A Bulid/NRD90M; wv) AppleWebKit/537.36 (KHTML, like Gecko) Version/4.0 Chrome/60.0.3112.107 Moblie Safari/537.36"
118.127.40.73 - - [11/Apr/2026:06:45:51 +1000] "GET / HTTP/1.1" 500 147440 "-" "Python/3.11 aiohttp/3.9.2"
118.127.40.73 - - [11/Apr/2026:07:15:50 +1000] "GET / HTTP/1.1" 500 147440 "-" "Python/3.11 aiohttp/3.9.2"
118.127.40.73 - - [11/Apr/2026:07:45:52 +1000] "GET / HTTP/1.1" 500 278496 "-" "Python/3.11 aiohttp/3.9.2"
118.127.40.73 - - [11/Apr/2026:08:15:51 +1000] "GET / HTTP/1.1" 500 229352 "-" "Python/3.11 aiohttp/3.9.2"
118.127.40.73 - - [11/Apr/2026:08:45:52 +1000] "GET / HTTP/1.1" 500 257704 "-" "Python/3.11 aiohttp/3.9.2"
118.127.40.73 - - [11/Apr/2026:09:15:51 +1000] "GET / HTTP/1.1" 500 40960 "-" "Python/3.11 aiohttp/3.9.2"
118.127.40.73 - - [11/Apr/2026:09:45:53 +1000] "GET / HTTP/1.1" 500 155632 "-" "Python/3.11 aiohttp/3.9.2"
118.127.40.73 - - [11/Apr/2026:10:15:55 +1000] "GET / HTTP/1.1" 500 114680 "-" "Python/3.11 aiohttp/3.9.2"
118.127.40.73 - - [11/Apr/2026:10:45:52 +1000] "GET / HTTP/1.1" 500 172016 "-" "Python/3.11 aiohttp/3.9.2"
118.127.40.73 - - [11/Apr/2026:11:15:53 +1000] "GET / HTTP/1.1" 500 241320 "-" "Python/3.11 aiohttp/3.9.2"
118.127.40.73 - - [11/Apr/2026:11:45:54 +1000] "GET / HTTP/1.1" 500 344024 "-" "Python/3.11 aiohttp/3.9.2"
118.127.40.73 - - [11/Apr/2026:12:15:53 +1000] "GET / HTTP/1.1" 500 172016 "-" "Python/3.11 aiohttp/3.9.2"
118.127.40.73 - - [11/Apr/2026:12:45:53 +1000] "GET / HTTP/1.1" 500 180208 "-" "Python/3.11 aiohttp/3.9.2"
118.127.40.73 - - [11/Apr/2026:13:15:53 +1000] "GET / HTTP/1.1" 500 344024 "-" "Python/3.11 aiohttp/3.9.2"
118.127.40.73 - - [11/Apr/2026:13:45:53 +1000] "GET / HTTP/1.1" 500 671664 "-" "Python/3.11 aiohttp/3.9.2"
118.127.40.73 - - [11/Apr/2026:14:15:54 +1000] "GET / HTTP/1.1" 500 147440 "-" "Python/3.11 aiohttp/3.9.2"
118.127.40.73 - - [11/Apr/2026:14:45:54 +1000] "GET / HTTP/1.1" 500 241320 "-" "Python/3.11 aiohttp/3.9.2"
118.127.40.73 - - [11/Apr/2026:15:15:53 +1000] "GET / HTTP/1.1" 500 172016 "-" "Python/3.11 aiohttp/3.9.2"
118.127.40.73 - - [11/Apr/2026:15:45:54 +1000] "GET / HTTP/1.1" 500 241320 "-" "Python/3.11 aiohttp/3.9.2"
118.127.40.73 - - [11/Apr/2026:16:15:54 +1000] "GET / HTTP/1.1" 500 49152 "-" "Python/3.11 aiohttp/3.9.2"
118.127.40.73 - - [11/Apr/2026:16:45:54 +1000] "GET / HTTP/1.1" 500 212968 "-" "Python/3.11 aiohttp/3.9.2"
118.127.40.73 - - [11/Apr/2026:17:15:54 +1000] "GET / HTTP/1.1" 500 172016 "-" "Python/3.11 aiohttp/3.9.2"
74.7.241.192 - - [11/Apr/2026:17:45:09 +1000] "GET /robots.txt HTTP/1.1" 200 24 "-" "Mozilla/5.0 (Macintosh; Intel Mac OS X 10_15_7) AppleWebKit/537.36 (KHTML, like Gecko) Chrome/131.0.0.0 Safari/537.36; compatible; OAI-SearchBot/1.3; robots.txt; +https://openai.com/searchbot"
118.127.40.73 - - [11/Apr/2026:17:45:55 +1000] "GET / HTTP/1.1" 500 257704 "-" "Python/3.11 aiohttp/3.9.2"
118.127.40.73 - - [11/Apr/2026:18:15:55 +1000] "GET / HTTP/1.1" 500 57344 "-" "Python/3.11 aiohttp/3.9.2"
118.127.40.73 - - [11/Apr/2026:18:45:55 +1000] "GET / HTTP/1.1" 500 257704 "-" "Python/3.11 aiohttp/3.9.2"
74.7.230.37 - - [11/Apr/2026:19:13:02 +1000] "GET /robots.txt HTTP/1.1" 200 24 "-" "Mozilla/5.0 (Macintosh; Intel Mac OS X 10_15_7) AppleWebKit/537.36 (KHTML, like Gecko) Chrome/131.0.0.0 Safari/537.36; compatible; OAI-SearchBot/1.3; robots.txt; +https://openai.com/searchbot"
74.7.241.42 - - [11/Apr/2026:19:13:02 +1000] "GET / HTTP/1.1" 500 122872 "-" "Mozilla/5.0 AppleWebKit/537.36 (KHTML, like Gecko; compatible; GPTBot/1.3; +https://openai.com/gptbot)"
118.127.40.73 - - [11/Apr/2026:19:15:55 +1000] "GET / HTTP/1.1" 500 319456 "-" "Python/3.11 aiohttp/3.9.2"
118.127.40.73 - - [11/Apr/2026:19:45:59 +1000] "GET / HTTP/1.1" 500 344024 "-" "Python/3.11 aiohttp/3.9.2"
118.127.40.73 - - [11/Apr/2026:20:15:56 +1000] "GET / HTTP/1.1" 500 409552 "-" "Python/3.11 aiohttp/3.9.2"
118.127.40.73 - - [11/Apr/2026:20:45:56 +1000] "GET / HTTP/1.1" 500 241320 "-" "Python/3.11 aiohttp/3.9.2"
118.127.40.73 - - [11/Apr/2026:21:15:55 +1000] "GET / HTTP/1.1" 500 163824 "-" "Python/3.11 aiohttp/3.9.2"
118.127.40.73 - - [11/Apr/2026:21:45:56 +1000] "GET / HTTP/1.1" 500 278496 "-" "Python/3.11 aiohttp/3.9.2"
118.127.40.73 - - [11/Apr/2026:22:15:56 +1000] "GET / HTTP/1.1" 500 212968 "-" "Python/3.11 aiohttp/3.9.2"
118.127.40.73 - - [11/Apr/2026:22:46:01 +1000] "GET / HTTP/1.1" 500 311264 "-" "Python/3.11 aiohttp/3.9.2"
118.127.40.73 - - [11/Apr/2026:23:15:58 +1000] "GET / HTTP/1.1" 500 172016 "-" "Python/3.11 aiohttp/3.9.2"
118.127.40.73 - - [11/Apr/2026:23:45:58 +1000] "GET / HTTP/1.1" 500 73720 "-" "Python/3.11 aiohttp/3.9.2"
118.127.40.73 - - [12/Apr/2026:00:15:57 +1000] "GET / HTTP/1.1" 500 49152 "-" "Python/3.11 aiohttp/3.9.2"
118.127.40.73 - - [12/Apr/2026:00:45:57 +1000] "GET / HTTP/1.1" 500 241320 "-" "Python/3.11 aiohttp/3.9.2"
118.127.40.73 - - [12/Apr/2026:01:15:58 +1000] "GET / HTTP/1.1" 500 147440 "-" "Python/3.11 aiohttp/3.9.2"
118.127.40.73 - - [12/Apr/2026:01:45:58 +1000] "GET / HTTP/1.1" 500 249512 "-" "Python/3.11 aiohttp/3.9.2"
118.127.40.73 - - [12/Apr/2026:02:15:59 +1000] "GET / HTTP/1.1" 500 221160 "-" "Python/3.11 aiohttp/3.9.2"
118.127.40.73 - - [12/Apr/2026:02:45:58 +1000] "GET / HTTP/1.1" 500 249512 "-" "Python/3.11 aiohttp/3.9.2"
118.127.40.73 - - [12/Apr/2026:03:15:59 +1000] "GET / HTTP/1.1" 500 241320 "-" "Python/3.11 aiohttp/3.9.2"
89.163.146.197 - - [12/Apr/2026:03:38:12 +1000] "GET /txets.php HTTP/1.1" 500 1047783 "www.google.com" "Mozlila/5.0 (Linux; Android 7.0; SM-G892A Bulid/NRD90M; wv) AppleWebKit/537.36 (KHTML, like Gecko) Version/4.0 Chrome/60.0.3112.107 Moblie Safari/537.36"
89.163.146.197 - - [12/Apr/2026:03:38:16 +1000] "GET /wp-content/txets.php HTTP/1.1" 500 1047831 "www.google.com" "Mozlila/5.0 (Linux; Android 7.0; SM-G892A Bulid/NRD90M; wv) AppleWebKit/537.36 (KHTML, like Gecko) Version/4.0 Chrome/60.0.3112.107 Moblie Safari/537.36"
89.163.146.197 - - [12/Apr/2026:03:38:26 +1000] "GET /wp-content/txets.php HTTP/1.1" 500 1047831 "www.google.com" "Mozlila/5.0 (Linux; Android 7.0; SM-G892A Bulid/NRD90M; wv) AppleWebKit/537.36 (KHTML, like Gecko) Version/4.0 Chrome/60.0.3112.107 Moblie Safari/537.36"
118.127.40.73 - - [12/Apr/2026:03:46:01 +1000] "GET / HTTP/1.1" 500 147440 "-" "Python/3.11 aiohttp/3.9.2"
118.127.40.73 - - [12/Apr/2026:04:15:59 +1000] "GET / HTTP/1.1" 500 241320 "-" "Python/3.11 aiohttp/3.9.2"
118.127.40.73 - - [12/Apr/2026:04:46:00 +1000] "GET / HTTP/1.1" 500 294880 "-" "Python/3.11 aiohttp/3.9.2"
118.127.40.73 - - [12/Apr/2026:05:16:03 +1000] "GET / HTTP/1.1" 500 241320 "-" "Python/3.11 aiohttp/3.9.2"
118.127.40.73 - - [12/Apr/2026:05:46:02 +1000] "GET / HTTP/1.1" 500 249512 "-" "Python/3.11 aiohttp/3.9.2"
118.127.40.73 - - [12/Apr/2026:06:16:01 +1000] "GET / HTTP/1.1" 500 229352 "-" "Python/3.11 aiohttp/3.9.2"
118.127.40.73 - - [12/Apr/2026:06:46:05 +1000] "GET / HTTP/1.1" 500 241320 "-" "Python/3.11 aiohttp/3.9.2"
118.127.40.73 - - [12/Apr/2026:07:16:02 +1000] "GET / HTTP/1.1" 500 163824 "-" "Python/3.11 aiohttp/3.9.2"
158.94.209.109 - - [12/Apr/2026:07:43:26 +1000] "GET /.git/HEAD HTTP/1.1" 500 163824 "-" "Mozilla/5.0 (Windows NT 10.0; Win64; x64) AppleWebKit/537.36"
158.94.209.109 - - [12/Apr/2026:07:43:27 +1000] "GET /.git/config HTTP/1.1" 500 163824 "-" "Mozilla/5.0 (Windows NT 10.0; Win64; x64) AppleWebKit/537.36"
118.127.40.73 - - [12/Apr/2026:07:46:11 +1000] "GET / HTTP/1.1" 500 212968 "-" "Python/3.11 aiohttp/3.9.2"
118.127.40.73 - - [12/Apr/2026:08:16:11 +1000] "GET / HTTP/1.1" 500 106488 "-" "Python/3.11 aiohttp/3.9.2"
118.127.40.73 - - [12/Apr/2026:08:46:06 +1000] "GET / HTTP/1.1" 500 294880 "-" "Python/3.11 aiohttp/3.9.2"
118.127.40.73 - - [12/Apr/2026:09:16:04 +1000] "GET / HTTP/1.1" 500 303072 "-" "Python/3.11 aiohttp/3.9.2"
118.127.40.73 - - [12/Apr/2026:09:46:05 +1000] "GET / HTTP/1.1" 500 241320 "-" "Python/3.11 aiohttp/3.9.2"
118.127.40.73 - - [12/Apr/2026:10:16:08 +1000] "GET / HTTP/1.1" 500 212968 "-" "Python/3.11 aiohttp/3.9.2"
118.127.40.73 - - [12/Apr/2026:10:46:02 +1000] "GET / HTTP/1.1" 500 335832 "-" "Python/3.11 aiohttp/3.9.2"
118.127.40.73 - - [12/Apr/2026:11:16:02 +1000] "GET / HTTP/1.1" 500 90104 "-" "Python/3.11 aiohttp/3.9.2"
118.127.40.73 - - [12/Apr/2026:11:46:05 +1000] "GET / HTTP/1.1" 500 335832 "-" "Python/3.11 aiohttp/3.9.2"
118.127.40.73 - - [12/Apr/2026:12:16:03 +1000] "GET / HTTP/1.1" 500 163824 "-" "Python/3.11 aiohttp/3.9.2"
118.127.40.73 - - [12/Apr/2026:12:46:08 +1000] "GET / HTTP/1.1" 500 40960 "-" "Python/3.11 aiohttp/3.9.2"
118.127.40.73 - - [12/Apr/2026:13:16:03 +1000] "GET / HTTP/1.1" 500 155632 "-" "Python/3.11 aiohttp/3.9.2"
89.222.112.8 - - [12/Apr/2026:13:28:45 +1000] "GET / HTTP/1.1" 500 1047125 "-" "Mozilla/5.0 (Macintosh; Intel Mac OS X 10_15_7) AppleWebKit/537.36 (KHTML, like Gecko) Chrome/129.0.0.0 Safari/537.3"
118.127.40.73 - - [12/Apr/2026:13:46:04 +1000] "GET / HTTP/1.1" 500 49152 "-" "Python/3.11 aiohttp/3.9.2"
118.127.40.73 - - [12/Apr/2026:14:16:03 +1000] "GET / HTTP/1.1" 500 172016 "-" "Python/3.11 aiohttp/3.9.2"
118.127.40.73 - - [12/Apr/2026:14:46:03 +1000] "GET / HTTP/1.1" 500 241320 "-" "Python/3.11 aiohttp/3.9.2"
118.127.40.73 - - [12/Apr/2026:15:16:05 +1000] "GET / HTTP/1.1" 500 241320 "-" "Python/3.11 aiohttp/3.9.2"
118.127.40.73 - - [12/Apr/2026:15:46:04 +1000] "GET / HTTP/1.1" 500 303072 "-" "Python/3.11 aiohttp/3.9.2"
118.127.40.73 - - [12/Apr/2026:16:16:04 +1000] "GET / HTTP/1.1" 500 163824 "-" "Python/3.11 aiohttp/3.9.2"
118.127.40.73 - - [12/Apr/2026:16:46:05 +1000] "GET / HTTP/1.1" 500 278496 "-" "Python/3.11 aiohttp/3.9.2"
118.127.40.73 - - [12/Apr/2026:17:16:05 +1000] "GET / HTTP/1.1" 500 241320 "-" "Python/3.11 aiohttp/3.9.2"
118.127.40.73 - - [12/Apr/2026:17:46:06 +1000] "GET / HTTP/1.1" 500 257704 "-" "Python/3.11 aiohttp/3.9.2"
118.127.40.73 - - [12/Apr/2026:18:16:05 +1000] "GET / HTTP/1.1" 500 241320 "-" "Python/3.11 aiohttp/3.9.2"
118.127.40.73 - - [12/Apr/2026:18:46:07 +1000] "GET / HTTP/1.1" 500 241320 "-" "Python/3.11 aiohttp/3.9.2"
118.127.40.73 - - [12/Apr/2026:19:16:05 +1000] "GET / HTTP/1.1" 500 294880 "-" "Python/3.11 aiohttp/3.9.2"
118.127.40.73 - - [12/Apr/2026:19:46:06 +1000] "GET / HTTP/1.1" 500 147440 "-" "Python/3.11 aiohttp/3.9.2"
118.127.40.73 - - [12/Apr/2026:20:16:05 +1000] "GET / HTTP/1.1" 500 147440 "-" "Python/3.11 aiohttp/3.9.2"
74.7.241.192 - - [12/Apr/2026:20:28:07 +1000] "GET /robots.txt HTTP/1.1" 200 24 "-" "Mozilla/5.0 (Macintosh; Intel Mac OS X 10_15_7) AppleWebKit/537.36 (KHTML, like Gecko) Chrome/131.0.0.0 Safari/537.36; compatible; OAI-SearchBot/1.3; robots.txt; +https://openai.com/searchbot"
118.127.40.73 - - [12/Apr/2026:20:46:08 +1000] "GET / HTTP/1.1" 500 139248 "-" "Python/3.11 aiohttp/3.9.2"
118.127.40.73 - - [12/Apr/2026:21:16:07 +1000] "GET / HTTP/1.1" 500 241320 "-" "Python/3.11 aiohttp/3.9.2"
118.127.40.73 - - [12/Apr/2026:21:46:07 +1000] "GET / HTTP/1.1" 500 294880 "-" "Python/3.11 aiohttp/3.9.2"
118.127.40.73 - - [12/Apr/2026:22:16:07 +1000] "GET / HTTP/1.1" 500 446096 "-" "Python/3.11 aiohttp/3.9.2"
74.7.230.37 - - [12/Apr/2026:22:19:35 +1000] "GET /robots.txt HTTP/1.1" 200 24 "-" "Mozilla/5.0 (Macintosh; Intel Mac OS X 10_15_7) AppleWebKit/537.36 (KHTML, like Gecko) Chrome/131.0.0.0 Safari/537.36; compatible; OAI-SearchBot/1.3; robots.txt; +https://openai.com/searchbot"
118.127.40.73 - - [12/Apr/2026:22:46:08 +1000] "GET / HTTP/1.1" 500 172016 "-" "Python/3.11 aiohttp/3.9.2"
118.127.40.73 - - [12/Apr/2026:23:16:10 +1000] "GET / HTTP/1.1" 500 122872 "-" "Python/3.11 aiohttp/3.9.2"
118.127.40.73 - - [12/Apr/2026:23:46:08 +1000] "GET / HTTP/1.1" 500 286688 "-" "Python/3.11 aiohttp/3.9.2"
103.153.183.69 - - [13/Apr/2026:00:06:43 +1000] "GET / HTTP/1.1" 500 1046969 "-" "Mozilla/5.0 (X11; Ubuntu; Linux x86_64; rv:133.0) Gecko/20100101 Firefox/133.0"
118.127.40.73 - - [13/Apr/2026:00:16:11 +1000] "GET / HTTP/1.1" 500 311264 "-" "Python/3.11 aiohttp/3.9.2"
118.127.40.73 - - [13/Apr/2026:00:46:12 +1000] "GET / HTTP/1.1" 500 188400 "-" "Python/3.11 aiohttp/3.9.2"
103.153.183.69 - - [13/Apr/2026:00:51:29 +1000] "GET / HTTP/1.1" 500 1047129 "-" "Mozilla/5.0 (Windows NT 10.0; Win64; x64) AppleWebKit/537.36 (KHTML, like Gecko) Chrome/131.0.0.0 Safari/537.36"
103.153.183.69 - - [13/Apr/2026:00:51:41 +1000] "GET / HTTP/1.1" 500 155632 "-" "Mozilla/5.0 (Windows NT 10.0; Win64; x64) AppleWebKit/537.36 (KHTML, like Gecko) Chrome/120.0.0.0 Safari/537.36"
118.127.40.73 - - [13/Apr/2026:01:16:08 +1000] "GET / HTTP/1.1" 500 147440 "-" "Python/3.11 aiohttp/3.9.2"
118.127.40.73 - - [13/Apr/2026:01:46:09 +1000] "GET / HTTP/1.1" 500 221160 "-" "Python/3.11 aiohttp/3.9.2"
118.127.40.73 - - [13/Apr/2026:02:16:09 +1000] "GET / HTTP/1.1" 500 90104 "-" "Python/3.11 aiohttp/3.9.2"
118.127.40.73 - - [13/Apr/2026:02:46:09 +1000] "GET / HTTP/1.1" 500 221160 "-" "Python/3.11 aiohttp/3.9.2"
74.7.241.192 - - [13/Apr/2026:03:05:12 +1000] "GET /robots.txt HTTP/1.1" 200 24 "-" "Mozilla/5.0 (Macintosh; Intel Mac OS X 10_15_7) AppleWebKit/537.36 (KHTML, like Gecko) Chrome/131.0.0.0 Safari/537.36; compatible; OAI-SearchBot/1.3; robots.txt; +https://openai.com/searchbot"
118.127.40.73 - - [13/Apr/2026:03:16:12 +1000] "GET / HTTP/1.1" 500 454288 "-" "Python/3.11 aiohttp/3.9.2"
118.127.40.73 - - [13/Apr/2026:03:46:15 +1000] "GET / HTTP/1.1" 500 147440 "-" "Python/3.11 aiohttp/3.9.2"
118.127.40.73 - - [13/Apr/2026:04:16:12 +1000] "GET / HTTP/1.1" 500 212968 "-" "Python/3.11 aiohttp/3.9.2"
204.76.203.25 - - [13/Apr/2026:04:23:12 +1000] "GET /.env HTTP/1.1" 500 241320 "-" "Mozilla/5.0 (Windows NT 10.0; Win64; x64) AppleWebKit/537.36 (KHTML, like Gecko) Chrome/134.0.0.0 Safari/537.3"
118.127.40.73 - - [13/Apr/2026:04:46:13 +1000] "GET / HTTP/1.1" 500 204776 "-" "Python/3.11 aiohttp/3.9.2"
118.127.40.73 - - [13/Apr/2026:05:16:10 +1000] "GET / HTTP/1.1" 500 172016 "-" "Python/3.11 aiohttp/3.9.2"
118.127.40.73 - - [13/Apr/2026:05:46:10 +1000] "GET / HTTP/1.1" 500 147440 "-" "Python/3.11 aiohttp/3.9.2"
118.127.40.73 - - [13/Apr/2026:06:16:11 +1000] "GET / HTTP/1.1" 500 229352 "-" "Python/3.11 aiohttp/3.9.2"
118.127.40.73 - - [13/Apr/2026:06:46:13 +1000] "GET / HTTP/1.1" 500 229352 "-" "Python/3.11 aiohttp/3.9.2"
118.127.40.73 - - [13/Apr/2026:07:16:10 +1000] "GET / HTTP/1.1" 500 147440 "-" "Python/3.11 aiohttp/3.9.2"
74.7.227.137 - - [13/Apr/2026:07:23:51 +1000] "GET / HTTP/1.1" 500 147440 "-" "Mozilla/5.0 AppleWebKit/537.36 (KHTML, like Gecko; compatible; GPTBot/1.3; +https://openai.com/gptbot)"
118.127.40.73 - - [13/Apr/2026:07:46:10 +1000] "GET / HTTP/1.1" 500 172016 "-" "Python/3.11 aiohttp/3.9.2"
118.127.40.73 - - [13/Apr/2026:08:16:17 +1000] "GET / HTTP/1.1" 500 204776 "-" "Python/3.11 aiohttp/3.9.2"
118.127.40.73 - - [13/Apr/2026:08:46:13 +1000] "GET / HTTP/1.1" 500 147440 "-" "Python/3.11 aiohttp/3.9.2"
45.61.148.248 - - [13/Apr/2026:08:47:42 +1000] "POST /xmlrpc.php HTTP/1.1" 500 1047279 "-" "Mozilla/5.0 (Windows NT 10.0; Win64; x64) AppleWebKit/537.36 Chrome/120.0.0.0 Safari/537.36"
118.127.40.73 - - [13/Apr/2026:09:16:12 +1000] "GET / HTTP/1.1" 500 229352 "-" "Python/3.11 aiohttp/3.9.2"
118.127.40.73 - - [13/Apr/2026:09:46:12 +1000] "GET / HTTP/1.1" 500 294880 "-" "Python/3.11 aiohttp/3.9.2"
118.127.40.73 - - [13/Apr/2026:10:16:12 +1000] "GET / HTTP/1.1" 500 172016 "-" "Python/3.11 aiohttp/3.9.2"
118.127.40.73 - - [13/Apr/2026:10:46:16 +1000] "GET / HTTP/1.1" 500 139248 "-" "Python/3.11 aiohttp/3.9.2"
118.127.40.73 - - [13/Apr/2026:11:16:13 +1000] "GET / HTTP/1.1" 500 147440 "-" "Python/3.11 aiohttp/3.9.2"
118.127.40.73 - - [13/Apr/2026:11:46:14 +1000] "GET / HTTP/1.1" 500 40960 "-" "Python/3.11 aiohttp/3.9.2"
118.127.40.73 - - [13/Apr/2026:12:16:13 +1000] "GET / HTTP/1.1" 500 81912 "-" "Python/3.11 aiohttp/3.9.2"
118.127.40.73 - - [13/Apr/2026:12:46:13 +1000] "GET / HTTP/1.1" 500 221160 "-" "Python/3.11 aiohttp/3.9.2"
118.127.40.73 - - [13/Apr/2026:13:16:14 +1000] "GET / HTTP/1.1" 500 229352 "-" "Python/3.11 aiohttp/3.9.2"
118.127.40.73 - - [13/Apr/2026:13:46:14 +1000] "GET / HTTP/1.1" 500 204776 "-" "Python/3.11 aiohttp/3.9.2"
118.127.40.73 - - [13/Apr/2026:14:16:17 +1000] "GET / HTTP/1.1" 500 40960 "-" "Python/3.11 aiohttp/3.9.2"
118.127.40.73 - - [13/Apr/2026:14:46:15 +1000] "GET / HTTP/1.1" 500 147440 "-" "Python/3.11 aiohttp/3.9.2"
118.127.40.73 - - [13/Apr/2026:15:16:15 +1000] "GET / HTTP/1.1" 500 172016 "-" "Python/3.11 aiohttp/3.9.2"
98.90.210.252 - - [13/Apr/2026:15:30:29 +1000] "GET / HTTP/1.1" 500 278496 "-" "Mozilla/5.0 (Windows NT 10.0; Win64; x64) AppleWebKit/537.36 (KHTML, like Gecko) Chrome/138.0.0.0 Safari/537.36 Edg/138.0.0.0"
118.127.40.73 - - [13/Apr/2026:15:46:16 +1000] "GET / HTTP/1.1" 500 311264 "-" "Python/3.11 aiohttp/3.9.2"
118.127.40.73 - - [13/Apr/2026:16:16:15 +1000] "GET / HTTP/1.1" 500 229352 "-" "Python/3.11 aiohttp/3.9.2"
118.127.40.73 - - [13/Apr/2026:16:46:16 +1000] "GET / HTTP/1.1" 500 437904 "-" "Python/3.11 aiohttp/3.9.2"
118.127.40.73 - - [13/Apr/2026:17:16:15 +1000] "GET / HTTP/1.1" 500 147440 "-" "Python/3.11 aiohttp/3.9.2"
118.127.40.73 - - [13/Apr/2026:17:46:16 +1000] "GET / HTTP/1.1" 500 229352 "-" "Python/3.11 aiohttp/3.9.2"
118.127.40.73 - - [13/Apr/2026:18:16:15 +1000] "GET / HTTP/1.1" 500 155632 "-" "Python/3.11 aiohttp/3.9.2"
118.127.40.73 - - [13/Apr/2026:18:46:17 +1000] "GET / HTTP/1.1" 500 257704 "-" "Python/3.11 aiohttp/3.9.2"
118.127.40.73 - - [13/Apr/2026:19:16:16 +1000] "GET / HTTP/1.1" 500 147440 "-" "Python/3.11 aiohttp/3.9.2"
118.127.40.73 - - [13/Apr/2026:19:46:17 +1000] "GET / HTTP/1.1" 500 163824 "-" "Python/3.11 aiohttp/3.9.2"
118.127.40.73 - - [13/Apr/2026:20:16:16 +1000] "GET / HTTP/1.1" 500 229352 "-" "Python/3.11 aiohttp/3.9.2"
54.86.115.253 - - [13/Apr/2026:20:28:30 +1000] "GET / HTTP/1.1" 421 362 "-" "RecordedFuture Global Inventory Crawler"
118.127.40.73 - - [13/Apr/2026:20:46:18 +1000] "GET / HTTP/1.1" 500 106488 "-" "Python/3.11 aiohttp/3.9.2"
118.127.40.73 - - [13/Apr/2026:21:16:18 +1000] "GET / HTTP/1.1" 500 163824 "-" "Python/3.11 aiohttp/3.9.2"
118.127.40.73 - - [13/Apr/2026:21:46:18 +1000] "GET / HTTP/1.1" 500 286688 "-" "Python/3.11 aiohttp/3.9.2"
118.127.40.73 - - [13/Apr/2026:22:16:19 +1000] "GET / HTTP/1.1" 500 241320 "-" "Python/3.11 aiohttp/3.9.2"
93.123.109.79 - - [13/Apr/2026:22:29:01 +1000] "GET /.git/config HTTP/1.1" 500 204776 "-" "Mozilla/5.0 (Windows NT 10.0; Win64; x64) AppleWebKit/537.36 (KHTML, like Gecko) Chrome/126.0.0.0 Safari/537.36"
118.127.40.73 - - [13/Apr/2026:22:46:18 +1000] "GET / HTTP/1.1" 500 163824 "-" "Python/3.11 aiohttp/3.9.2"
118.127.40.73 - - [13/Apr/2026:23:16:18 +1000] "GET / HTTP/1.1" 500 172016 "-" "Python/3.11 aiohttp/3.9.2"
118.127.40.73 - - [13/Apr/2026:23:46:18 +1000] "GET / HTTP/1.1" 500 204776 "-" "Python/3.11 aiohttp/3.9.2"
118.127.40.73 - - [14/Apr/2026:00:16:26 +1000] "GET / HTTP/1.1" 500 204776 "-" "Python/3.11 aiohttp/3.9.2"
118.127.40.73 - - [14/Apr/2026:00:46:20 +1000] "GET / HTTP/1.1" 500 204776 "-" "Python/3.11 aiohttp/3.9.2"
118.127.40.73 - - [14/Apr/2026:01:16:21 +1000] "GET / HTTP/1.1" 500 163824 "-" "Python/3.11 aiohttp/3.9.2"
118.127.40.73 - - [14/Apr/2026:01:46:21 +1000] "GET / HTTP/1.1" 500 241320 "-" "Python/3.11 aiohttp/3.9.2"
118.127.40.73 - - [14/Apr/2026:02:16:22 +1000] "GET / HTTP/1.1" 500 294880 "-" "Python/3.11 aiohttp/3.9.2"
79.127.171.213 - - [14/Apr/2026:02:27:21 +1000] "GET / HTTP/1.1" 500 1047153 "-" "Mozilla/5.0 (Macintosh; Intel Mac OS X 10_15_7) AppleWebKit/537.36 (KHTML, like Gecko) Chrome/123.0.0.0 Safari/537.36"
118.127.40.73 - - [14/Apr/2026:02:46:22 +1000] "GET / HTTP/1.1" 500 212968 "-" "Python/3.11 aiohttp/3.9.2"
118.127.40.73 - - [14/Apr/2026:03:16:23 +1000] "GET / HTTP/1.1" 500 40960 "-" "Python/3.11 aiohttp/3.9.2"
118.127.40.73 - - [14/Apr/2026:03:46:20 +1000] "GET / HTTP/1.1" 500 241320 "-" "Python/3.11 aiohttp/3.9.2"
118.127.40.73 - - [14/Apr/2026:04:16:21 +1000] "GET / HTTP/1.1" 500 172016 "-" "Python/3.11 aiohttp/3.9.2"
118.127.40.73 - - [14/Apr/2026:04:46:23 +1000] "GET / HTTP/1.1" 500 163824 "-" "Python/3.11 aiohttp/3.9.2"
118.127.40.73 - - [14/Apr/2026:05:16:22 +1000] "GET / HTTP/1.1" 500 180208 "-" "Python/3.11 aiohttp/3.9.2"
118.127.40.73 - - [14/Apr/2026:05:46:21 +1000] "GET / HTTP/1.1" 500 311264 "-" "Python/3.11 aiohttp/3.9.2"
118.127.40.73 - - [14/Apr/2026:06:16:20 +1000] "GET / HTTP/1.1" 500 294880 "-" "Python/3.11 aiohttp/3.9.2"
118.127.40.73 - - [14/Apr/2026:06:46:22 +1000] "GET / HTTP/1.1" 500 409552 "-" "Python/3.11 aiohttp/3.9.2"
118.127.40.73 - - [14/Apr/2026:07:16:22 +1000] "GET / HTTP/1.1" 500 204776 "-" "Python/3.11 aiohttp/3.9.2"
118.127.40.73 - - [14/Apr/2026:07:46:26 +1000] "GET / HTTP/1.1" 500 188400 "-" "Python/3.11 aiohttp/3.9.2"
118.127.40.73 - - [14/Apr/2026:08:16:22 +1000] "GET / HTTP/1.1" 500 180208 "-" "Python/3.11 aiohttp/3.9.2"
118.127.40.73 - - [14/Apr/2026:08:46:22 +1000] "GET / HTTP/1.1" 500 294880 "-" "Python/3.11 aiohttp/3.9.2"
118.127.40.73 - - [14/Apr/2026:09:16:22 +1000] "GET / HTTP/1.1" 500 73720 "-" "Python/3.11 aiohttp/3.9.2"
118.127.40.73 - - [14/Apr/2026:09:46:22 +1000] "GET / HTTP/1.1" 500 229352 "-" "Python/3.11 aiohttp/3.9.2"
118.127.40.73 - - [14/Apr/2026:10:16:24 +1000] "GET / HTTP/1.1" 500 147440 "-" "Python/3.11 aiohttp/3.9.2"
44.209.43.227 - - [14/Apr/2026:10:44:31 +1000] "GET / HTTP/1.1" 500 237544 "-" "Mozilla/5.0 (Windows NT 10.0; Win64; x64; rv:141.0) Gecko/20100101 Firefox/141.0"
118.127.40.73 - - [14/Apr/2026:10:46:23 +1000] "GET / HTTP/1.1" 500 286688 "-" "Python/3.11 aiohttp/3.9.2"
118.127.40.73 - - [14/Apr/2026:11:16:24 +1000] "GET / HTTP/1.1" 500 212968 "-" "Python/3.11 aiohttp/3.9.2"
118.127.40.73 - - [14/Apr/2026:11:46:24 +1000] "GET / HTTP/1.1" 500 147440 "-" "Python/3.11 aiohttp/3.9.2"
118.127.40.73 - - [14/Apr/2026:12:16:24 +1000] "GET / HTTP/1.1" 500 172016 "-" "Python/3.11 aiohttp/3.9.2"
118.127.40.73 - - [14/Apr/2026:12:46:23 +1000] "GET / HTTP/1.1" 500 172016 "-" "Python/3.11 aiohttp/3.9.2"
118.127.40.73 - - [14/Apr/2026:13:16:23 +1000] "GET / HTTP/1.1" 500 270304 "-" "Python/3.11 aiohttp/3.9.2"
118.127.40.73 - - [14/Apr/2026:13:46:25 +1000] "GET / HTTP/1.1" 500 147440 "-" "Python/3.11 aiohttp/3.9.2"
118.127.40.73 - - [14/Apr/2026:14:16:24 +1000] "GET / HTTP/1.1" 500 147440 "-" "Python/3.11 aiohttp/3.9.2"
118.127.40.73 - - [14/Apr/2026:14:46:24 +1000] "GET / HTTP/1.1" 500 241320 "-" "Python/3.11 aiohttp/3.9.2"
118.127.40.73 - - [14/Apr/2026:15:16:24 +1000] "GET / HTTP/1.1" 500 204776 "-" "Python/3.11 aiohttp/3.9.2"
118.127.40.73 - - [14/Apr/2026:15:46:24 +1000] "GET / HTTP/1.1" 500 319456 "-" "Python/3.11 aiohttp/3.9.2"
118.127.40.73 - - [14/Apr/2026:16:16:26 +1000] "GET / HTTP/1.1" 500 147440 "-" "Python/3.11 aiohttp/3.9.2"
118.127.40.73 - - [14/Apr/2026:16:46:25 +1000] "GET / HTTP/1.1" 500 172016 "-" "Python/3.11 aiohttp/3.9.2"
118.127.40.73 - - [14/Apr/2026:17:16:26 +1000] "GET / HTTP/1.1" 500 147440 "-" "Python/3.11 aiohttp/3.9.2"
118.127.40.73 - - [14/Apr/2026:17:46:25 +1000] "GET / HTTP/1.1" 500 40960 "-" "Python/3.11 aiohttp/3.9.2"
118.127.40.73 - - [14/Apr/2026:18:16:26 +1000] "GET / HTTP/1.1" 500 147440 "-" "Python/3.11 aiohttp/3.9.2"
118.127.40.73 - - [14/Apr/2026:18:46:27 +1000] "GET / HTTP/1.1" 500 437904 "-" "Python/3.11 aiohttp/3.9.2"
3.18.186.238 - - [14/Apr/2026:18:53:06 +1000] "GET / HTTP/1.1" 500 163824 "-" "visionheight.com/scan Mozilla/5.0 (Macintosh; Intel Mac OS X 10_15_7) Chrome/126.0.0.0 Safari/537.36"
103.153.183.69 - - [14/Apr/2026:19:01:01 +1000] "GET / HTTP/1.1" 500 1047111 "-" "Mozilla/5.0 (Macintosh; Intel Mac OS X 10_15_7) AppleWebKit/537.36 (KHTML, like Gecko) Chrome/131.0.0.0 Safari/537.36"
118.127.40.73 - - [14/Apr/2026:19:16:26 +1000] "GET / HTTP/1.1" 500 286688 "-" "Python/3.11 aiohttp/3.9.2"
118.127.40.73 - - [14/Apr/2026:19:46:25 +1000] "GET / HTTP/1.1" 500 147440 "-" "Python/3.11 aiohttp/3.9.2"
118.127.40.73 - - [14/Apr/2026:20:16:26 +1000] "GET / HTTP/1.1" 500 229352 "-" "Python/3.11 aiohttp/3.9.2"
118.127.40.73 - - [14/Apr/2026:20:46:28 +1000] "GET / HTTP/1.1" 500 241320 "-" "Python/3.11 aiohttp/3.9.2"
118.127.40.73 - - [14/Apr/2026:21:16:27 +1000] "GET / HTTP/1.1" 500 147440 "-" "Python/3.11 aiohttp/3.9.2"
118.127.40.73 - - [14/Apr/2026:21:46:28 +1000] "GET / HTTP/1.1" 500 270304 "-" "Python/3.11 aiohttp/3.9.2"
118.127.40.73 - - [14/Apr/2026:22:16:27 +1000] "GET / HTTP/1.1" 500 212968 "-" "Python/3.11 aiohttp/3.9.2"
118.127.40.73 - - [14/Apr/2026:22:46:30 +1000] "GET / HTTP/1.1" 500 172016 "-" "Python/3.11 aiohttp/3.9.2"
118.127.40.73 - - [14/Apr/2026:23:16:28 +1000] "GET / HTTP/1.1" 500 172016 "-" "Python/3.11 aiohttp/3.9.2"
118.127.40.73 - - [14/Apr/2026:23:46:28 +1000] "GET / HTTP/1.1" 500 188400 "-" "Python/3.11 aiohttp/3.9.2"
118.127.40.73 - - [15/Apr/2026:00:16:28 +1000] "GET / HTTP/1.1" 500 172016 "-" "Python/3.11 aiohttp/3.9.2"
118.127.40.73 - - [15/Apr/2026:00:46:29 +1000] "GET / HTTP/1.1" 500 147440 "-" "Python/3.11 aiohttp/3.9.2"
34.106.191.236 - - [15/Apr/2026:00:48:45 +1000] "GET /.git/config HTTP/1.1" 500 245736 "-" "-"
118.127.40.73 - - [15/Apr/2026:01:16:29 +1000] "GET / HTTP/1.1" 500 147440 "-" "Python/3.11 aiohttp/3.9.2"
118.127.40.73 - - [15/Apr/2026:01:46:29 +1000] "GET / HTTP/1.1" 500 221160 "-" "Python/3.11 aiohttp/3.9.2"
118.127.40.73 - - [15/Apr/2026:02:16:31 +1000] "GET / HTTP/1.1" 500 172016 "-" "Python/3.11 aiohttp/3.9.2"
118.127.40.73 - - [15/Apr/2026:02:46:31 +1000] "GET / HTTP/1.1" 500 172016 "-" "Python/3.11 aiohttp/3.9.2"
118.127.40.73 - - [15/Apr/2026:03:16:32 +1000] "GET / HTTP/1.1" 500 57344 "-" "Python/3.11 aiohttp/3.9.2"
118.127.40.73 - - [15/Apr/2026:03:46:33 +1000] "GET / HTTP/1.1" 500 172016 "-" "Python/3.11 aiohttp/3.9.2"
118.127.40.73 - - [15/Apr/2026:04:16:33 +1000] "GET / HTTP/1.1" 500 40960 "-" "Python/3.11 aiohttp/3.9.2"
118.127.40.73 - - [15/Apr/2026:04:46:31 +1000] "GET / HTTP/1.1" 500 204776 "-" "Python/3.11 aiohttp/3.9.2"
118.127.40.73 - - [15/Apr/2026:05:16:32 +1000] "GET / HTTP/1.1" 500 286688 "-" "Python/3.11 aiohttp/3.9.2"
118.127.40.73 - - [15/Apr/2026:05:46:30 +1000] "GET / HTTP/1.1" 500 294880 "-" "Python/3.11 aiohttp/3.9.2"
118.127.40.73 - - [15/Apr/2026:06:16:31 +1000] "GET / HTTP/1.1" 500 294880 "-" "Python/3.11 aiohttp/3.9.2"
65.87.7.61 - - [15/Apr/2026:06:26:28 +1000] "GET / HTTP/1.1" 500 237544 "-" "Mozilla/5.0 (Windows NT 10.0; Win64; x64) AppleWebKit/537.36 (KHTML, like Gecko) Chrome/124.0.0.0 Safari/537.36"
118.127.40.73 - - [15/Apr/2026:06:46:31 +1000] "GET / HTTP/1.1" 500 204776 "-" "Python/3.11 aiohttp/3.9.2"
118.127.40.73 - - [15/Apr/2026:07:16:31 +1000] "GET / HTTP/1.1" 500 180208 "-" "Python/3.11 aiohttp/3.9.2"
118.127.40.73 - - [15/Apr/2026:07:46:31 +1000] "GET / HTTP/1.1" 500 249512 "-" "Python/3.11 aiohttp/3.9.2"
118.127.40.73 - - [15/Apr/2026:08:16:35 +1000] "GET / HTTP/1.1" 500 344024 "-" "Python/3.11 aiohttp/3.9.2"
204.76.203.25 - - [15/Apr/2026:08:20:43 +1000] "GET / HTTP/1.1" 500 1047091 "-" "Mozilla/5.0 (Windows NT 10.0; Win64; x64) AppleWebKit/537.36 (KHTML, like Gecko) Chrome/134.0.0.0 Safari/537.3"
118.127.40.73 - - [15/Apr/2026:08:46:35 +1000] "GET / HTTP/1.1" 500 147440 "-" "Python/3.11 aiohttp/3.9.2"
118.127.40.73 - - [15/Apr/2026:09:16:33 +1000] "GET / HTTP/1.1" 500 147440 "-" "Python/3.11 aiohttp/3.9.2"
118.127.40.73 - - [15/Apr/2026:09:46:33 +1000] "GET / HTTP/1.1" 500 147440 "-" "Python/3.11 aiohttp/3.9.2"
199.45.154.120 - - [15/Apr/2026:10:15:57 +1000] "GET / HTTP/1.1" 500 622520 "-" "Mozilla/5.0 (compatible; CensysInspect/1.1; +https://about.censys.io/)"
199.45.154.120 - - [15/Apr/2026:10:16:19 +1000] "GET / HTTP/1.1" 421 362 "-" "Mozilla/5.0 (compatible; CensysInspect/1.1; +https://about.censys.io/)"
118.127.40.73 - - [15/Apr/2026:10:16:32 +1000] "GET / HTTP/1.1" 500 344024 "-" "Python/3.11 aiohttp/3.9.2"
