18.175.169.0 - - [02/Apr/2026:00:08:43 +1000] "GET /old_phpinfo.php HTTP/1.1" 500 1047301 "-" "Mozilla/5.0 (Windows NT 10.0; Win64; x64) AppleWebKit/537.36 (KHTML, like Gecko) Chrome/131.0.0.0 Safari/537.36"
18.175.169.0 - - [02/Apr/2026:00:08:48 +1000] "GET /_profiler/phpinfo HTTP/1.1" 500 1047313 "-" "Mozilla/5.0 (Windows NT 10.0; Win64; x64) AppleWebKit/537.36 (KHTML, like Gecko) Chrome/131.0.0.0 Safari/537.36"
18.175.169.0 - - [02/Apr/2026:00:08:53 +1000] "GET /_environment HTTP/1.1" 500 1047289 "-" "Mozilla/5.0 (Windows NT 10.0; Win64; x64) AppleWebKit/537.36 (KHTML, like Gecko) Chrome/131.0.0.0 Safari/537.36"
18.175.169.0 - - [02/Apr/2026:00:08:58 +1000] "GET /webroot/index.php/_environment HTTP/1.1" 500 1047369 "-" "Mozilla/5.0 (Windows NT 10.0; Win64; x64) AppleWebKit/537.36 (KHTML, like Gecko) Chrome/131.0.0.0 Safari/537.36"
18.175.169.0 - - [02/Apr/2026:00:09:03 +1000] "GET /.git/config HTTP/1.1" 500 1047289 "-" "Mozilla/5.0 (Windows NT 10.0; Win64; x64) AppleWebKit/537.36 (KHTML, like Gecko) Chrome/131.0.0.0 Safari/537.36"
18.175.169.0 - - [02/Apr/2026:00:09:09 +1000] "POST / HTTP/1.1" 500 1048771 "-" "Mozilla/5.0 (Windows NT 10.0; Win64; x64) AppleWebKit/537.36 (KHTML, like Gecko) Chrome/131.0.0.0 Safari/537.36"
18.175.169.0 - - [02/Apr/2026:00:09:15 +1000] "POST / HTTP/1.1" 500 1048869 "-" "Mozilla/5.0 (Windows NT 10.0; Win64; x64) AppleWebKit/537.36 (KHTML, like Gecko) Chrome/131.0.0.0 Safari/537.36"
18.175.169.0 - - [02/Apr/2026:00:09:20 +1000] "POST / HTTP/1.1" 500 1048527 "-" "Mozilla/5.0 (Windows NT 10.0; Win64; x64) AppleWebKit/537.36 (KHTML, like Gecko) Chrome/131.0.0.0 Safari/537.36"
118.127.40.73 - - [02/Apr/2026:00:35:20 +1000] "GET / HTTP/1.1" 500 335832 "-" "Python/3.11 aiohttp/3.9.2"
118.127.40.73 - - [02/Apr/2026:01:05:19 +1000] "GET / HTTP/1.1" 500 249512 "-" "Python/3.11 aiohttp/3.9.2"
118.127.40.73 - - [02/Apr/2026:01:35:21 +1000] "GET / HTTP/1.1" 500 241320 "-" "Python/3.11 aiohttp/3.9.2"
118.127.40.73 - - [02/Apr/2026:02:05:19 +1000] "GET / HTTP/1.1" 500 303072 "-" "Python/3.11 aiohttp/3.9.2"
118.127.40.73 - - [02/Apr/2026:02:35:18 +1000] "GET / HTTP/1.1" 500 249512 "-" "Python/3.11 aiohttp/3.9.2"
118.127.40.73 - - [02/Apr/2026:03:05:19 +1000] "GET / HTTP/1.1" 500 155632 "-" "Python/3.11 aiohttp/3.9.2"
118.127.40.73 - - [02/Apr/2026:03:35:18 +1000] "GET / HTTP/1.1" 500 73720 "-" "Python/3.11 aiohttp/3.9.2"
118.127.40.73 - - [02/Apr/2026:04:05:24 +1000] "GET / HTTP/1.1" 500 278496 "-" "Python/3.11 aiohttp/3.9.2"
118.127.40.73 - - [02/Apr/2026:04:35:19 +1000] "GET / HTTP/1.1" 500 249512 "-" "Python/3.11 aiohttp/3.9.2"
118.127.40.73 - - [02/Apr/2026:05:05:20 +1000] "GET / HTTP/1.1" 500 311264 "-" "Python/3.11 aiohttp/3.9.2"
118.127.40.73 - - [02/Apr/2026:05:35:21 +1000] "GET / HTTP/1.1" 500 344024 "-" "Python/3.11 aiohttp/3.9.2"
118.127.40.73 - - [02/Apr/2026:06:05:21 +1000] "GET / HTTP/1.1" 500 241320 "-" "Python/3.11 aiohttp/3.9.2"
118.127.40.73 - - [02/Apr/2026:06:35:21 +1000] "GET / HTTP/1.1" 500 73720 "-" "Python/3.11 aiohttp/3.9.2"
118.127.40.73 - - [02/Apr/2026:07:05:20 +1000] "GET / HTTP/1.1" 500 344024 "-" "Python/3.11 aiohttp/3.9.2"
118.127.40.73 - - [02/Apr/2026:07:35:24 +1000] "GET / HTTP/1.1" 500 241320 "-" "Python/3.11 aiohttp/3.9.2"
118.127.40.73 - - [02/Apr/2026:08:05:21 +1000] "GET / HTTP/1.1" 500 360408 "-" "Python/3.11 aiohttp/3.9.2"
118.127.40.73 - - [02/Apr/2026:08:35:21 +1000] "GET / HTTP/1.1" 500 147440 "-" "Python/3.11 aiohttp/3.9.2"
118.127.40.73 - - [02/Apr/2026:09:05:21 +1000] "GET / HTTP/1.1" 500 98296 "-" "Python/3.11 aiohttp/3.9.2"
118.127.40.73 - - [02/Apr/2026:09:35:22 +1000] "GET / HTTP/1.1" 500 40960 "-" "Python/3.11 aiohttp/3.9.2"
118.127.40.73 - - [02/Apr/2026:10:05:21 +1000] "GET / HTTP/1.1" 500 172016 "-" "Python/3.11 aiohttp/3.9.2"
118.127.40.73 - - [02/Apr/2026:10:35:22 +1000] "GET / HTTP/1.1" 500 278496 "-" "Python/3.11 aiohttp/3.9.2"
89.222.112.31 - - [02/Apr/2026:10:44:34 +1000] "GET / HTTP/1.1" 500 1046977 "-" "Mozilla/5.0 (Windows NT 10.0; Win64; x64; rv:107.0) Gecko/20100101 Firefox/107.0"
118.127.40.73 - - [02/Apr/2026:11:05:22 +1000] "GET / HTTP/1.1" 500 139248 "-" "Python/3.11 aiohttp/3.9.2"
118.127.40.73 - - [02/Apr/2026:11:35:24 +1000] "GET / HTTP/1.1" 500 303072 "-" "Python/3.11 aiohttp/3.9.2"
118.127.40.73 - - [02/Apr/2026:12:05:23 +1000] "GET / HTTP/1.1" 500 249512 "-" "Python/3.11 aiohttp/3.9.2"
74.7.242.8 - - [02/Apr/2026:12:17:43 +1000] "GET / HTTP/1.1" 500 114680 "-" "Mozilla/5.0 AppleWebKit/537.36 (KHTML, like Gecko; compatible; GPTBot/1.3; +https://openai.com/gptbot)"
74.7.175.170 - - [02/Apr/2026:12:25:00 +1000] "GET /robots.txt HTTP/1.1" 200 24 "-" "Mozilla/5.0 (Macintosh; Intel Mac OS X 10_15_7) AppleWebKit/537.36 (KHTML, like Gecko) Chrome/131.0.0.0 Safari/537.36; compatible; OAI-SearchBot/1.3; robots.txt; +https://openai.com/searchbot"
74.7.243.231 - - [02/Apr/2026:12:25:00 +1000] "GET / HTTP/1.1" 500 147440 "-" "Mozilla/5.0 AppleWebKit/537.36 (KHTML, like Gecko; compatible; GPTBot/1.3; +https://openai.com/gptbot)"
118.127.40.73 - - [02/Apr/2026:12:35:22 +1000] "GET / HTTP/1.1" 500 409552 "-" "Python/3.11 aiohttp/3.9.2"
118.127.40.73 - - [02/Apr/2026:13:05:22 +1000] "GET / HTTP/1.1" 500 241320 "-" "Python/3.11 aiohttp/3.9.2"
118.127.40.73 - - [02/Apr/2026:13:35:24 +1000] "GET / HTTP/1.1" 500 303072 "-" "Python/3.11 aiohttp/3.9.2"
118.127.40.73 - - [02/Apr/2026:14:05:24 +1000] "GET / HTTP/1.1" 500 57344 "-" "Python/3.11 aiohttp/3.9.2"
118.127.40.73 - - [02/Apr/2026:14:35:23 +1000] "GET / HTTP/1.1" 500 434128 "-" "Python/3.11 aiohttp/3.9.2"
118.127.40.73 - - [02/Apr/2026:15:05:23 +1000] "GET / HTTP/1.1" 500 122872 "-" "Python/3.11 aiohttp/3.9.2"
118.127.40.73 - - [02/Apr/2026:15:35:26 +1000] "GET / HTTP/1.1" 500 434128 "-" "Python/3.11 aiohttp/3.9.2"
118.127.40.73 - - [02/Apr/2026:16:05:24 +1000] "GET / HTTP/1.1" 500 344024 "-" "Python/3.11 aiohttp/3.9.2"
118.127.40.73 - - [02/Apr/2026:16:35:25 +1000] "GET / HTTP/1.1" 500 204776 "-" "Python/3.11 aiohttp/3.9.2"
118.127.40.73 - - [02/Apr/2026:17:05:24 +1000] "GET / HTTP/1.1" 500 163824 "-" "Python/3.11 aiohttp/3.9.2"
118.127.40.73 - - [02/Apr/2026:17:35:26 +1000] "GET / HTTP/1.1" 500 516040 "-" "Python/3.11 aiohttp/3.9.2"
118.127.40.73 - - [02/Apr/2026:18:05:26 +1000] "GET / HTTP/1.1" 500 122872 "-" "Python/3.11 aiohttp/3.9.2"
118.127.40.73 - - [02/Apr/2026:18:35:25 +1000] "GET / HTTP/1.1" 500 368600 "-" "Python/3.11 aiohttp/3.9.2"
118.127.40.73 - - [02/Apr/2026:19:05:27 +1000] "GET / HTTP/1.1" 500 319456 "-" "Python/3.11 aiohttp/3.9.2"
118.127.40.73 - - [02/Apr/2026:19:35:25 +1000] "GET / HTTP/1.1" 500 257704 "-" "Python/3.11 aiohttp/3.9.2"
118.127.40.73 - - [02/Apr/2026:20:05:25 +1000] "GET / HTTP/1.1" 500 212968 "-" "Python/3.11 aiohttp/3.9.2"
118.127.40.73 - - [02/Apr/2026:20:35:28 +1000] "GET / HTTP/1.1" 500 172016 "-" "Python/3.11 aiohttp/3.9.2"
118.127.40.73 - - [02/Apr/2026:21:05:26 +1000] "GET / HTTP/1.1" 500 516040 "-" "Python/3.11 aiohttp/3.9.2"
118.127.40.73 - - [02/Apr/2026:21:35:26 +1000] "GET / HTTP/1.1" 500 475080 "-" "Python/3.11 aiohttp/3.9.2"
118.127.40.73 - - [02/Apr/2026:22:05:27 +1000] "GET / HTTP/1.1" 500 311264 "-" "Python/3.11 aiohttp/3.9.2"
118.127.40.73 - - [02/Apr/2026:22:35:27 +1000] "GET / HTTP/1.1" 500 212968 "-" "Python/3.11 aiohttp/3.9.2"
118.127.40.73 - - [02/Apr/2026:23:05:27 +1000] "GET / HTTP/1.1" 500 229352 "-" "Python/3.11 aiohttp/3.9.2"
118.127.40.73 - - [02/Apr/2026:23:35:27 +1000] "GET / HTTP/1.1" 500 241320 "-" "Python/3.11 aiohttp/3.9.2"
118.127.40.73 - - [03/Apr/2026:00:05:28 +1000] "GET / HTTP/1.1" 500 303072 "-" "Python/3.11 aiohttp/3.9.2"
118.127.40.73 - - [03/Apr/2026:00:35:29 +1000] "GET / HTTP/1.1" 500 147440 "-" "Python/3.11 aiohttp/3.9.2"
118.127.40.73 - - [03/Apr/2026:01:05:28 +1000] "GET / HTTP/1.1" 500 81912 "-" "Python/3.11 aiohttp/3.9.2"
118.127.40.73 - - [03/Apr/2026:01:35:28 +1000] "GET / HTTP/1.1" 500 450512 "-" "Python/3.11 aiohttp/3.9.2"
118.127.40.73 - - [03/Apr/2026:02:05:29 +1000] "GET / HTTP/1.1" 500 172016 "-" "Python/3.11 aiohttp/3.9.2"
118.127.40.73 - - [03/Apr/2026:02:35:29 +1000] "GET / HTTP/1.1" 500 446096 "-" "Python/3.11 aiohttp/3.9.2"
118.127.40.73 - - [03/Apr/2026:03:05:30 +1000] "GET / HTTP/1.1" 500 368600 "-" "Python/3.11 aiohttp/3.9.2"
118.127.40.73 - - [03/Apr/2026:03:35:30 +1000] "GET / HTTP/1.1" 500 278496 "-" "Python/3.11 aiohttp/3.9.2"
74.7.175.170 - - [03/Apr/2026:03:36:33 +1000] "GET /robots.txt HTTP/1.1" 200 24 "-" "Mozilla/5.0 (Macintosh; Intel Mac OS X 10_15_7) AppleWebKit/537.36 (KHTML, like Gecko) Chrome/131.0.0.0 Safari/537.36; compatible; OAI-SearchBot/1.3; robots.txt; +https://openai.com/searchbot"
118.127.40.73 - - [03/Apr/2026:04:05:37 +1000] "GET / HTTP/1.1" 500 245736 "-" "Python/3.11 aiohttp/3.9.2"
118.127.40.73 - - [03/Apr/2026:04:35:30 +1000] "GET / HTTP/1.1" 500 257704 "-" "Python/3.11 aiohttp/3.9.2"
118.127.40.73 - - [03/Apr/2026:05:05:30 +1000] "GET / HTTP/1.1" 500 335832 "-" "Python/3.11 aiohttp/3.9.2"
34.24.111.171 - - [03/Apr/2026:05:26:33 +1000] "GET /.git/config HTTP/1.1" 500 466888 "-" "-"
118.127.40.73 - - [03/Apr/2026:05:35:32 +1000] "GET / HTTP/1.1" 500 204776 "-" "Python/3.11 aiohttp/3.9.2"
118.127.40.73 - - [03/Apr/2026:06:05:30 +1000] "GET / HTTP/1.1" 500 147440 "-" "Python/3.11 aiohttp/3.9.2"
118.127.40.73 - - [03/Apr/2026:06:35:31 +1000] "GET / HTTP/1.1" 500 249512 "-" "Python/3.11 aiohttp/3.9.2"
118.127.40.73 - - [03/Apr/2026:07:05:30 +1000] "GET / HTTP/1.1" 500 204776 "-" "Python/3.11 aiohttp/3.9.2"
204.76.203.25 - - [03/Apr/2026:07:10:24 +1000] "GET / HTTP/1.1" 500 1047091 "-" "Mozilla/5.0 (Windows NT 10.0; Win64; x64) AppleWebKit/537.36 (KHTML, like Gecko) Chrome/134.0.0.0 Safari/537.3"
118.127.40.73 - - [03/Apr/2026:07:35:33 +1000] "GET / HTTP/1.1" 500 270304 "-" "Python/3.11 aiohttp/3.9.2"
118.127.40.73 - - [03/Apr/2026:08:05:31 +1000] "GET / HTTP/1.1" 500 212968 "-" "Python/3.11 aiohttp/3.9.2"
118.127.40.73 - - [03/Apr/2026:08:35:34 +1000] "GET / HTTP/1.1" 500 294880 "-" "Python/3.11 aiohttp/3.9.2"
74.7.228.3 - - [03/Apr/2026:08:52:41 +1000] "GET /robots.txt HTTP/1.1" 200 24 "-" "Mozilla/5.0 (Macintosh; Intel Mac OS X 10_15_7) AppleWebKit/537.36 (KHTML, like Gecko) Chrome/131.0.0.0 Safari/537.36; compatible; OAI-SearchBot/1.3; robots.txt; +https://openai.com/searchbot"
118.127.40.73 - - [03/Apr/2026:09:05:32 +1000] "GET / HTTP/1.1" 500 180208 "-" "Python/3.11 aiohttp/3.9.2"
118.127.40.73 - - [03/Apr/2026:09:35:34 +1000] "GET / HTTP/1.1" 500 180208 "-" "Python/3.11 aiohttp/3.9.2"
118.127.40.73 - - [03/Apr/2026:10:05:33 +1000] "GET / HTTP/1.1" 500 294880 "-" "Python/3.11 aiohttp/3.9.2"
118.127.40.73 - - [03/Apr/2026:10:35:32 +1000] "GET / HTTP/1.1" 500 335832 "-" "Python/3.11 aiohttp/3.9.2"
118.127.40.73 - - [03/Apr/2026:11:05:32 +1000] "GET / HTTP/1.1" 500 241320 "-" "Python/3.11 aiohttp/3.9.2"
118.127.40.73 - - [03/Apr/2026:11:35:35 +1000] "GET / HTTP/1.1" 500 32768 "-" "Python/3.11 aiohttp/3.9.2"
118.127.40.73 - - [03/Apr/2026:12:05:33 +1000] "GET / HTTP/1.1" 500 303072 "-" "Python/3.11 aiohttp/3.9.2"
118.127.40.73 - - [03/Apr/2026:12:35:33 +1000] "GET / HTTP/1.1" 500 425936 "-" "Python/3.11 aiohttp/3.9.2"
118.127.40.73 - - [03/Apr/2026:13:05:33 +1000] "GET / HTTP/1.1" 500 212968 "-" "Python/3.11 aiohttp/3.9.2"
118.127.40.73 - - [03/Apr/2026:13:35:36 +1000] "GET / HTTP/1.1" 500 57344 "-" "Python/3.11 aiohttp/3.9.2"
118.127.40.73 - - [03/Apr/2026:14:05:34 +1000] "GET / HTTP/1.1" 500 212968 "-" "Python/3.11 aiohttp/3.9.2"
118.127.40.73 - - [03/Apr/2026:14:35:33 +1000] "GET / HTTP/1.1" 500 344024 "-" "Python/3.11 aiohttp/3.9.2"
118.127.40.73 - - [03/Apr/2026:15:05:34 +1000] "GET / HTTP/1.1" 500 303072 "-" "Python/3.11 aiohttp/3.9.2"
118.127.40.73 - - [03/Apr/2026:15:35:36 +1000] "GET / HTTP/1.1" 500 344024 "-" "Python/3.11 aiohttp/3.9.2"
118.127.40.73 - - [03/Apr/2026:16:05:34 +1000] "GET / HTTP/1.1" 500 212968 "-" "Python/3.11 aiohttp/3.9.2"
118.127.40.73 - - [03/Apr/2026:17:00:51 +1000] "GET / HTTP/1.1" 500 81912 "-" "Python/3.11 aiohttp/3.9.2"
118.127.40.73 - - [03/Apr/2026:17:30:53 +1000] "GET / HTTP/1.1" 500 98296 "-" "Python/3.11 aiohttp/3.9.2"
118.127.40.73 - - [03/Apr/2026:18:00:52 +1000] "GET / HTTP/1.1" 500 270304 "-" "Python/3.11 aiohttp/3.9.2"
118.127.40.73 - - [03/Apr/2026:18:30:53 +1000] "GET / HTTP/1.1" 500 319456 "-" "Python/3.11 aiohttp/3.9.2"
118.127.40.73 - - [03/Apr/2026:19:00:52 +1000] "GET / HTTP/1.1" 500 434128 "-" "Python/3.11 aiohttp/3.9.2"
118.127.40.73 - - [03/Apr/2026:19:30:53 +1000] "GET / HTTP/1.1" 500 437904 "-" "Python/3.11 aiohttp/3.9.2"
118.127.40.73 - - [03/Apr/2026:20:00:56 +1000] "GET / HTTP/1.1" 500 249512 "-" "Python/3.11 aiohttp/3.9.2"
118.127.40.73 - - [03/Apr/2026:20:30:57 +1000] "GET / HTTP/1.1" 500 40960 "-" "Python/3.11 aiohttp/3.9.2"
118.127.40.73 - - [03/Apr/2026:21:00:52 +1000] "GET / HTTP/1.1" 500 507848 "-" "Python/3.11 aiohttp/3.9.2"
118.127.40.73 - - [03/Apr/2026:21:30:52 +1000] "GET / HTTP/1.1" 500 73720 "-" "Python/3.11 aiohttp/3.9.2"
118.127.40.73 - - [03/Apr/2026:22:00:53 +1000] "GET / HTTP/1.1" 500 40960 "-" "Python/3.11 aiohttp/3.9.2"
118.127.40.73 - - [03/Apr/2026:22:30:54 +1000] "GET / HTTP/1.1" 500 278496 "-" "Python/3.11 aiohttp/3.9.2"
185.247.137.171 - - [03/Apr/2026:22:46:42 +1000] "GET / HTTP/1.1" 500 1046987 "-" "Mozilla/5.0 (compatible; InternetMeasurement/1.0; +https://internet-measurement.com/)"
118.127.40.73 - - [03/Apr/2026:23:00:55 +1000] "GET / HTTP/1.1" 500 49152 "-" "Python/3.11 aiohttp/3.9.2"
118.127.40.73 - - [03/Apr/2026:23:30:54 +1000] "GET / HTTP/1.1" 500 221160 "-" "Python/3.11 aiohttp/3.9.2"
118.127.40.73 - - [04/Apr/2026:00:00:54 +1000] "GET / HTTP/1.1" 500 40960 "-" "Python/3.11 aiohttp/3.9.2"
118.127.40.73 - - [04/Apr/2026:00:41:47 +1000] "GET / HTTP/1.1" 500 172016 "-" "Python/3.11 aiohttp/3.9.2"
118.127.40.73 - - [04/Apr/2026:01:11:48 +1000] "GET / HTTP/1.1" 500 212968 "-" "Python/3.11 aiohttp/3.9.2"
118.127.40.73 - - [04/Apr/2026:01:41:48 +1000] "GET / HTTP/1.1" 500 249512 "-" "Python/3.11 aiohttp/3.9.2"
118.127.40.73 - - [04/Apr/2026:02:11:48 +1000] "GET / HTTP/1.1" 500 597944 "-" "Python/3.11 aiohttp/3.9.2"
118.127.40.73 - - [04/Apr/2026:02:41:48 +1000] "GET / HTTP/1.1" 500 241320 "-" "Python/3.11 aiohttp/3.9.2"
118.127.40.73 - - [04/Apr/2026:03:11:52 +1000] "GET / HTTP/1.1" 500 344024 "-" "Python/3.11 aiohttp/3.9.2"
118.127.40.73 - - [04/Apr/2026:03:41:50 +1000] "GET / HTTP/1.1" 500 344024 "-" "Python/3.11 aiohttp/3.9.2"
118.127.40.73 - - [04/Apr/2026:04:11:49 +1000] "GET / HTTP/1.1" 500 90104 "-" "Python/3.11 aiohttp/3.9.2"
118.127.40.73 - - [04/Apr/2026:04:41:49 +1000] "GET / HTTP/1.1" 500 344024 "-" "Python/3.11 aiohttp/3.9.2"
118.127.40.73 - - [04/Apr/2026:05:11:50 +1000] "GET / HTTP/1.1" 500 221160 "-" "Python/3.11 aiohttp/3.9.2"
118.127.40.73 - - [04/Apr/2026:05:41:50 +1000] "GET / HTTP/1.1" 500 163824 "-" "Python/3.11 aiohttp/3.9.2"
118.127.40.73 - - [04/Apr/2026:06:11:50 +1000] "GET / HTTP/1.1" 500 221160 "-" "Python/3.11 aiohttp/3.9.2"
118.127.40.73 - - [04/Apr/2026:06:41:51 +1000] "GET / HTTP/1.1" 500 249512 "-" "Python/3.11 aiohttp/3.9.2"
118.127.40.73 - - [04/Apr/2026:07:11:51 +1000] "GET / HTTP/1.1" 500 437904 "-" "Python/3.11 aiohttp/3.9.2"
118.127.40.73 - - [04/Apr/2026:07:41:51 +1000] "GET / HTTP/1.1" 500 163824 "-" "Python/3.11 aiohttp/3.9.2"
118.127.40.73 - - [04/Apr/2026:08:11:51 +1000] "GET / HTTP/1.1" 500 81912 "-" "Python/3.11 aiohttp/3.9.2"
118.127.40.73 - - [04/Apr/2026:08:41:51 +1000] "GET / HTTP/1.1" 500 409552 "-" "Python/3.11 aiohttp/3.9.2"
118.127.40.73 - - [04/Apr/2026:09:11:51 +1000] "GET / HTTP/1.1" 500 147440 "-" "Python/3.11 aiohttp/3.9.2"
118.127.40.73 - - [04/Apr/2026:09:41:51 +1000] "GET / HTTP/1.1" 500 532416 "-" "Python/3.11 aiohttp/3.9.2"
118.127.40.73 - - [04/Apr/2026:10:11:52 +1000] "GET / HTTP/1.1" 500 241320 "-" "Python/3.11 aiohttp/3.9.2"
74.7.228.3 - - [04/Apr/2026:10:14:55 +1000] "GET /robots.txt HTTP/1.1" 200 24 "-" "Mozilla/5.0 (Macintosh; Intel Mac OS X 10_15_7) AppleWebKit/537.36 (KHTML, like Gecko) Chrome/131.0.0.0 Safari/537.36; compatible; OAI-SearchBot/1.3; robots.txt; +https://openai.com/searchbot"
118.127.40.73 - - [04/Apr/2026:10:41:52 +1000] "GET / HTTP/1.1" 500 57344 "-" "Python/3.11 aiohttp/3.9.2"
118.127.40.73 - - [04/Apr/2026:11:11:52 +1000] "GET / HTTP/1.1" 500 241320 "-" "Python/3.11 aiohttp/3.9.2"
118.127.40.73 - - [04/Apr/2026:11:41:52 +1000] "GET / HTTP/1.1" 500 212968 "-" "Python/3.11 aiohttp/3.9.2"
172.121.219.24 - - [04/Apr/2026:11:47:47 +1000] "HEAD / HTTP/1.1" 500 - "-" "Mozilla/5.0 (Windows NT 10.0; Win64; x64) AppleWebKit/537.36 (KHTML, like Gecko) Chrome/121.0.0.0 Safari/537.36 Edg/121.0.0.0 GLS/100.10.9850.99"
45.5.67.30 - - [04/Apr/2026:11:47:47 +1000] "HEAD / HTTP/1.1" 500 - "-" "Mozilla/5.0 (iPhone; CPU iPhone OS 17_2 like Mac OS X) AppleWebKit/605.1.15 (KHTML, like Gecko) EdgiOS/120.0.2210.86 Version/17.0 Mobile/15E148 Safari/604.1"
172.121.219.24 - - [04/Apr/2026:11:47:48 +1000] "GET / HTTP/1.1" 500 1047673 "-" "Mozilla/5.0 (Windows NT 10.0; Win64; x64) AppleWebKit/537.36 (KHTML, like Gecko) Chrome/121.0.0.0 Safari/537.36 Edg/121.0.0.0 GLS/100.10.9850.99"
45.5.67.30 - - [04/Apr/2026:11:47:48 +1000] "GET / HTTP/1.1" 500 1047745 "-" "Mozilla/5.0 (iPhone; CPU iPhone OS 17_2 like Mac OS X) AppleWebKit/605.1.15 (KHTML, like Gecko) EdgiOS/120.0.2210.86 Version/17.0 Mobile/15E148 Safari/604.1"
45.5.67.10 - - [04/Apr/2026:11:47:53 +1000] "GET / HTTP/1.1" 500 1047745 "-" "Mozilla/5.0 (Windows NT 10.0; Win64; x64) AppleWebKit/537.36 (KHTML, like Gecko) Chrome/120.0.0.0 Safari/537.36 Edg/120.0.2210.133"
45.5.67.10 - - [04/Apr/2026:11:47:56 +1000] "GET /robots.txt HTTP/1.1" 200 24 "-" "Mozilla/5.0 (Windows NT 10.0; Win64; x64) AppleWebKit/537.36 (KHTML, like Gecko) Chrome/120.0.0.0 Safari/537.36 Edg/120.0.2210.133"
45.5.67.10 - - [04/Apr/2026:11:47:57 +1000] "GET / HTTP/1.1" 500 1047745 "-" "Mozilla/5.0 (Windows NT 10.0; Win64; x64) AppleWebKit/537.36 (KHTML, like Gecko) Chrome/120.0.0.0 Safari/537.36 Edg/120.0.2210.133"
45.5.67.10 - - [04/Apr/2026:11:47:59 +1000] "GET / HTTP/1.1" 500 1047745 "-" "Mozilla/5.0 (Windows NT 10.0; Win64; x64) AppleWebKit/537.36 (KHTML, like Gecko) Chrome/120.0.0.0 Safari/537.36 Edg/120.0.2210.133"
45.5.65.9 - - [04/Apr/2026:11:48:41 +1000] "GET / HTTP/1.1" 500 1047485 "-" "Mozilla/5.0 (X11; U; Linux i686; en-US; rv:1.4) Gecko/20030624"
45.5.65.9 - - [04/Apr/2026:11:48:43 +1000] "GET /robots.txt HTTP/1.1" 200 24 "-" "Mozilla/5.0 (X11; U; Linux i686; en-US; rv:1.4) Gecko/20030624"
45.5.65.9 - - [04/Apr/2026:11:48:44 +1000] "GET / HTTP/1.1" 500 1047485 "-" "Mozilla/5.0 (X11; U; Linux i686; en-US; rv:1.4) Gecko/20030624"
45.5.65.9 - - [04/Apr/2026:11:48:46 +1000] "GET / HTTP/1.1" 500 1047485 "-" "Mozilla/5.0 (X11; U; Linux i686; en-US; rv:1.4) Gecko/20030624"
118.127.40.73 - - [04/Apr/2026:12:11:52 +1000] "GET / HTTP/1.1" 500 335832 "-" "Python/3.11 aiohttp/3.9.2"
118.127.40.73 - - [04/Apr/2026:12:41:53 +1000] "GET / HTTP/1.1" 500 90104 "-" "Python/3.11 aiohttp/3.9.2"
89.222.112.31 - - [04/Apr/2026:12:42:20 +1000] "GET / HTTP/1.1" 500 1047101 "-" "Mozilla/5.0 (Ubuntu; Linux x86_64) AppleWebKit/537.36 (KHTML, like Gecko) Chrome/129.0.0.0 Safari/537.36"
118.127.40.73 - - [04/Apr/2026:13:11:53 +1000] "GET / HTTP/1.1" 500 335832 "-" "Python/3.11 aiohttp/3.9.2"
74.7.243.231 - - [04/Apr/2026:13:34:02 +1000] "GET / HTTP/1.1" 500 147440 "-" "Mozilla/5.0 AppleWebKit/537.36 (KHTML, like Gecko; compatible; GPTBot/1.3; +https://openai.com/gptbot)"
118.127.40.73 - - [04/Apr/2026:13:41:53 +1000] "GET / HTTP/1.1" 500 172016 "-" "Python/3.11 aiohttp/3.9.2"
118.127.40.73 - - [04/Apr/2026:14:11:53 +1000] "GET / HTTP/1.1" 500 172016 "-" "Python/3.11 aiohttp/3.9.2"
118.127.40.73 - - [04/Apr/2026:14:41:53 +1000] "GET / HTTP/1.1" 500 344024 "-" "Python/3.11 aiohttp/3.9.2"
118.127.40.73 - - [04/Apr/2026:15:11:53 +1000] "GET / HTTP/1.1" 500 172016 "-" "Python/3.11 aiohttp/3.9.2"
118.127.40.73 - - [04/Apr/2026:15:41:54 +1000] "GET / HTTP/1.1" 500 221160 "-" "Python/3.11 aiohttp/3.9.2"
118.127.40.73 - - [04/Apr/2026:16:11:54 +1000] "GET / HTTP/1.1" 500 376792 "-" "Python/3.11 aiohttp/3.9.2"
118.127.40.73 - - [04/Apr/2026:16:41:54 +1000] "GET / HTTP/1.1" 500 40960 "-" "Python/3.11 aiohttp/3.9.2"
118.127.40.73 - - [04/Apr/2026:17:11:54 +1000] "GET / HTTP/1.1" 500 286688 "-" "Python/3.11 aiohttp/3.9.2"
118.127.40.73 - - [04/Apr/2026:17:41:54 +1000] "GET / HTTP/1.1" 500 172016 "-" "Python/3.11 aiohttp/3.9.2"
118.127.40.73 - - [04/Apr/2026:18:11:55 +1000] "GET / HTTP/1.1" 500 335832 "-" "Python/3.11 aiohttp/3.9.2"
118.127.40.73 - - [04/Apr/2026:18:41:55 +1000] "GET / HTTP/1.1" 500 249512 "-" "Python/3.11 aiohttp/3.9.2"
118.127.40.73 - - [04/Apr/2026:19:11:55 +1000] "GET / HTTP/1.1" 500 437904 "-" "Python/3.11 aiohttp/3.9.2"
118.127.40.73 - - [04/Apr/2026:19:41:55 +1000] "GET / HTTP/1.1" 500 212968 "-" "Python/3.11 aiohttp/3.9.2"
118.127.40.73 - - [04/Apr/2026:20:11:56 +1000] "GET / HTTP/1.1" 500 147440 "-" "Python/3.11 aiohttp/3.9.2"
118.127.40.73 - - [04/Apr/2026:20:41:56 +1000] "GET / HTTP/1.1" 500 475080 "-" "Python/3.11 aiohttp/3.9.2"
118.127.40.73 - - [04/Apr/2026:21:11:56 +1000] "GET / HTTP/1.1" 500 147440 "-" "Python/3.11 aiohttp/3.9.2"
118.127.40.73 - - [04/Apr/2026:21:41:56 +1000] "GET / HTTP/1.1" 500 172016 "-" "Python/3.11 aiohttp/3.9.2"
118.127.40.73 - - [04/Apr/2026:22:11:56 +1000] "GET / HTTP/1.1" 500 241320 "-" "Python/3.11 aiohttp/3.9.2"
118.127.40.73 - - [04/Apr/2026:22:41:57 +1000] "GET / HTTP/1.1" 500 278496 "-" "Python/3.11 aiohttp/3.9.2"
118.127.40.73 - - [04/Apr/2026:23:11:57 +1000] "GET / HTTP/1.1" 500 163824 "-" "Python/3.11 aiohttp/3.9.2"
185.247.137.94 - - [04/Apr/2026:23:14:33 +1000] "GET / HTTP/1.1" 500 1046987 "-" "Mozilla/5.0 (compatible; InternetMeasurement/1.0; +https://internet-measurement.com/)"
118.127.40.73 - - [04/Apr/2026:23:41:57 +1000] "GET / HTTP/1.1" 500 147440 "-" "Python/3.11 aiohttp/3.9.2"
118.127.40.73 - - [05/Apr/2026:00:11:57 +1000] "GET / HTTP/1.1" 500 352216 "-" "Python/3.11 aiohttp/3.9.2"
87.236.176.151 - - [05/Apr/2026:00:19:00 +1000] "GET / HTTP/1.1" 500 1047011 "-" "Mozilla/5.0 (compatible; InternetMeasurement/1.0; +https://internet-measurement.com/)"
118.127.40.73 - - [05/Apr/2026:00:41:57 +1000] "GET / HTTP/1.1" 500 257704 "-" "Python/3.11 aiohttp/3.9.2"
118.127.40.73 - - [05/Apr/2026:01:11:57 +1000] "GET / HTTP/1.1" 500 81912 "-" "Python/3.11 aiohttp/3.9.2"
118.127.40.73 - - [05/Apr/2026:01:41:58 +1000] "GET / HTTP/1.1" 500 57344 "-" "Python/3.11 aiohttp/3.9.2"
118.127.40.73 - - [05/Apr/2026:02:11:58 +1000] "GET / HTTP/1.1" 500 249512 "-" "Python/3.11 aiohttp/3.9.2"
118.127.40.73 - - [05/Apr/2026:02:41:58 +1000] "GET / HTTP/1.1" 500 311264 "-" "Python/3.11 aiohttp/3.9.2"
118.127.40.73 - - [05/Apr/2026:03:11:58 +1000] "GET / HTTP/1.1" 500 294880 "-" "Python/3.11 aiohttp/3.9.2"
118.127.40.73 - - [05/Apr/2026:03:41:58 +1000] "GET / HTTP/1.1" 500 212968 "-" "Python/3.11 aiohttp/3.9.2"
118.127.40.73 - - [05/Apr/2026:04:11:59 +1000] "GET / HTTP/1.1" 500 319456 "-" "Python/3.11 aiohttp/3.9.2"
172.70.243.201 - - [05/Apr/2026:04:20:54 +1000] "GET /.git/refs/heads/main HTTP/1.1" 500 212968 "-" "-"
172.70.243.202 - - [05/Apr/2026:04:20:54 +1000] "GET /.git/logs/HEAD HTTP/1.1" 500 212968 "-" "-"
172.68.192.225 - - [05/Apr/2026:04:20:54 +1000] "GET /.git/index HTTP/1.1" 500 212968 "-" "-"
172.70.243.201 - - [05/Apr/2026:04:20:54 +1000] "GET /.git/config HTTP/1.1" 500 212968 "-" "-"
172.68.192.225 - - [05/Apr/2026:04:20:54 +1000] "GET /.git/refs/heads/master HTTP/1.1" 500 212968 "-" "-"
172.70.243.58 - - [05/Apr/2026:04:20:54 +1000] "GET /.git/HEAD HTTP/1.1" 500 212968 "-" "-"
172.70.243.58 - - [05/Apr/2026:04:20:55 +1000] "GET /.env HTTP/1.1" 500 212968 "-" "-"
172.70.243.201 - - [05/Apr/2026:04:20:55 +1000] "GET /.env.development HTTP/1.1" 500 212968 "-" "-"
172.70.243.57 - - [05/Apr/2026:04:20:55 +1000] "GET /.env.local HTTP/1.1" 500 212968 "-" "-"
172.70.243.202 - - [05/Apr/2026:04:20:55 +1000] "GET /.env.production HTTP/1.1" 500 204776 "-" "-"
172.70.243.58 - - [05/Apr/2026:04:20:55 +1000] "GET /.env.dev HTTP/1.1" 500 212968 "-" "-"
172.68.192.225 - - [05/Apr/2026:04:20:56 +1000] "GET /.env.test HTTP/1.1" 500 212968 "-" "-"
172.68.192.225 - - [05/Apr/2026:04:20:56 +1000] "GET /.env.staging HTTP/1.1" 500 212968 "-" "-"
172.70.243.202 - - [05/Apr/2026:04:20:56 +1000] "GET /.env.backup HTTP/1.1" 500 212968 "-" "-"
172.68.192.224 - - [05/Apr/2026:04:20:56 +1000] "GET /.env.old HTTP/1.1" 500 212968 "-" "-"
172.70.243.201 - - [05/Apr/2026:04:20:56 +1000] "GET /.env.bak HTTP/1.1" 500 212968 "-" "-"
172.68.192.225 - - [05/Apr/2026:04:20:56 +1000] "GET /.env.save HTTP/1.1" 500 212968 "-" "-"
172.70.243.202 - - [05/Apr/2026:04:20:57 +1000] "GET /.env.tmp HTTP/1.1" 500 212968 "-" "-"
172.70.243.202 - - [05/Apr/2026:04:20:57 +1000] "GET /.env.example HTTP/1.1" 500 212968 "-" "-"
172.68.192.225 - - [05/Apr/2026:04:20:57 +1000] "GET /config/.env HTTP/1.1" 500 204776 "-" "-"
172.68.192.225 - - [05/Apr/2026:04:20:57 +1000] "GET /.env.development.local HTTP/1.1" 500 212968 "-" "-"
172.68.192.225 - - [05/Apr/2026:04:20:57 +1000] "GET /.env.production.local HTTP/1.1" 500 212968 "-" "-"
172.68.192.225 - - [05/Apr/2026:04:20:57 +1000] "GET /app/.env HTTP/1.1" 500 204776 "-" "-"
172.70.243.201 - - [05/Apr/2026:04:20:57 +1000] "GET /backend/.env HTTP/1.1" 500 212968 "-" "-"
172.70.243.58 - - [05/Apr/2026:04:20:58 +1000] "GET /api/.env HTTP/1.1" 500 212968 "-" "-"
172.70.243.57 - - [05/Apr/2026:04:20:58 +1000] "GET /core/.env HTTP/1.1" 500 212968 "-" "-"
172.70.243.201 - - [05/Apr/2026:04:20:58 +1000] "GET /admin/.env HTTP/1.1" 500 212968 "-" "-"
172.70.243.201 - - [05/Apr/2026:04:20:58 +1000] "GET /public/.env HTTP/1.1" 500 212968 "-" "-"
172.68.192.225 - - [05/Apr/2026:04:20:58 +1000] "GET /private/.env HTTP/1.1" 500 212968 "-" "-"
172.70.243.58 - - [05/Apr/2026:04:20:58 +1000] "GET /config/env HTTP/1.1" 500 212968 "-" "-"
172.70.243.58 - - [05/Apr/2026:04:20:58 +1000] "GET /config/.env.local HTTP/1.1" 500 212968 "-" "-"
172.70.243.202 - - [05/Apr/2026:04:20:59 +1000] "GET /.env_backup HTTP/1.1" 500 212968 "-" "-"
172.68.192.224 - - [05/Apr/2026:04:20:59 +1000] "GET /.env.json HTTP/1.1" 500 212968 "-" "-"
172.68.192.225 - - [05/Apr/2026:04:20:59 +1000] "GET /.env.php HTTP/1.1" 500 212968 "-" "-"
172.70.243.57 - - [05/Apr/2026:04:20:59 +1000] "GET /.env~ HTTP/1.1" 500 212968 "-" "-"
172.70.243.57 - - [05/Apr/2026:04:20:59 +1000] "GET /.env1 HTTP/1.1" 500 212968 "-" "-"
172.68.192.225 - - [05/Apr/2026:04:20:59 +1000] "GET /.env2 HTTP/1.1" 500 212968 "-" "-"
172.68.192.224 - - [05/Apr/2026:04:20:59 +1000] "GET /.envrc HTTP/1.1" 500 212968 "-" "-"
172.70.243.202 - - [05/Apr/2026:04:20:59 +1000] "GET /.env.dist HTTP/1.1" 500 212968 "-" "-"
172.70.243.58 - - [05/Apr/2026:04:20:59 +1000] "GET /.env.orig HTTP/1.1" 500 212968 "-" "-"
172.68.192.225 - - [05/Apr/2026:04:21:00 +1000] "GET /.env.production.bak HTTP/1.1" 500 212968 "-" "-"
172.70.243.58 - - [05/Apr/2026:04:21:00 +1000] "GET /.env.prod HTTP/1.1" 500 212968 "-" "-"
172.70.243.57 - - [05/Apr/2026:04:21:00 +1000] "GET /.env.dev.local HTTP/1.1" 500 212968 "-" "-"
172.68.192.225 - - [05/Apr/2026:04:21:00 +1000] "GET /.env.docker HTTP/1.1" 500 212968 "-" "-"
172.68.192.224 - - [05/Apr/2026:04:21:00 +1000] "GET /.env.container HTTP/1.1" 500 212968 "-" "-"
172.68.192.225 - - [05/Apr/2026:04:21:00 +1000] "GET /docker/.env HTTP/1.1" 500 212968 "-" "-"
172.70.243.57 - - [05/Apr/2026:04:21:00 +1000] "GET /docker-compose.env HTTP/1.1" 500 212968 "-" "-"
172.70.243.58 - - [05/Apr/2026:04:21:01 +1000] "GET /docker/.env.local HTTP/1.1" 500 212968 "-" "-"
172.70.243.58 - - [05/Apr/2026:04:21:01 +1000] "GET /web/.env HTTP/1.1" 500 212968 "-" "-"
172.70.243.201 - - [05/Apr/2026:04:21:01 +1000] "GET /site/.env HTTP/1.1" 500 212968 "-" "-"
172.70.243.202 - - [05/Apr/2026:04:21:01 +1000] "GET /srv/.env HTTP/1.1" 500 212968 "-" "-"
172.70.243.58 - - [05/Apr/2026:04:21:01 +1000] "GET /server/.env HTTP/1.1" 500 212968 "-" "-"
172.70.243.57 - - [05/Apr/2026:04:21:01 +1000] "GET /www/.env HTTP/1.1" 500 212968 "-" "-"
172.68.192.224 - - [05/Apr/2026:04:21:01 +1000] "GET /var/www/.env HTTP/1.1" 500 212968 "-" "-"
172.70.243.57 - - [05/Apr/2026:04:21:02 +1000] "GET /var/www/html/.env HTTP/1.1" 500 212968 "-" "-"
172.70.243.202 - - [05/Apr/2026:04:21:02 +1000] "GET /root/.env HTTP/1.1" 500 212968 "-" "-"
172.70.243.58 - - [05/Apr/2026:04:21:02 +1000] "GET /home/.env HTTP/1.1" 500 212968 "-" "-"
172.70.243.202 - - [05/Apr/2026:04:21:02 +1000] "GET /.env_config HTTP/1.1" 500 212968 "-" "-"
172.68.192.225 - - [05/Apr/2026:04:21:02 +1000] "GET /.env_secret HTTP/1.1" 500 212968 "-" "-"
172.70.243.57 - - [05/Apr/2026:04:21:02 +1000] "GET /.env_settings HTTP/1.1" 500 212968 "-" "-"
172.68.192.224 - - [05/Apr/2026:04:21:03 +1000] "GET /.env.local.backup HTTP/1.1" 500 212968 "-" "-"
118.127.40.73 - - [05/Apr/2026:04:41:59 +1000] "GET / HTTP/1.1" 500 73720 "-" "Python/3.11 aiohttp/3.9.2"
118.127.40.73 - - [05/Apr/2026:05:11:59 +1000] "GET / HTTP/1.1" 500 241320 "-" "Python/3.11 aiohttp/3.9.2"
118.127.40.73 - - [05/Apr/2026:05:41:59 +1000] "GET / HTTP/1.1" 500 270304 "-" "Python/3.11 aiohttp/3.9.2"
118.127.40.73 - - [05/Apr/2026:06:11:59 +1000] "GET / HTTP/1.1" 500 241320 "-" "Python/3.11 aiohttp/3.9.2"
118.127.40.73 - - [05/Apr/2026:06:42:00 +1000] "GET / HTTP/1.1" 500 344024 "-" "Python/3.11 aiohttp/3.9.2"
74.7.228.3 - - [05/Apr/2026:06:53:57 +1000] "GET /robots.txt HTTP/1.1" 200 24 "-" "Mozilla/5.0 (Macintosh; Intel Mac OS X 10_15_7) AppleWebKit/537.36 (KHTML, like Gecko) Chrome/131.0.0.0 Safari/537.36; compatible; OAI-SearchBot/1.3; robots.txt; +https://openai.com/searchbot"
74.7.242.8 - - [05/Apr/2026:06:53:57 +1000] "GET / HTTP/1.1" 500 147440 "-" "Mozilla/5.0 AppleWebKit/537.36 (KHTML, like Gecko; compatible; GPTBot/1.3; +https://openai.com/gptbot)"
147.185.132.85 - - [05/Apr/2026:07:09:55 +1000] "GET / HTTP/1.1" 500 1047087 "-" "Hello from Palo Alto Networks, find out more about our scans in https://docs-cortex.paloaltonetworks.com/r/1/Cortex-Xpanse/Scanning-activity"
118.127.40.73 - - [05/Apr/2026:07:12:00 +1000] "GET / HTTP/1.1" 500 344024 "-" "Python/3.11 aiohttp/3.9.2"
118.127.40.73 - - [05/Apr/2026:07:42:00 +1000] "GET / HTTP/1.1" 500 335832 "-" "Python/3.11 aiohttp/3.9.2"
118.127.40.73 - - [05/Apr/2026:08:12:00 +1000] "GET / HTTP/1.1" 500 376792 "-" "Python/3.11 aiohttp/3.9.2"
118.127.40.73 - - [05/Apr/2026:08:42:01 +1000] "GET / HTTP/1.1" 500 147440 "-" "Python/3.11 aiohttp/3.9.2"
118.127.40.73 - - [05/Apr/2026:09:12:01 +1000] "GET / HTTP/1.1" 500 172016 "-" "Python/3.11 aiohttp/3.9.2"
118.127.40.73 - - [05/Apr/2026:09:42:01 +1000] "GET / HTTP/1.1" 500 638904 "-" "Python/3.11 aiohttp/3.9.2"
118.127.40.73 - - [05/Apr/2026:10:12:01 +1000] "GET / HTTP/1.1" 500 49152 "-" "Python/3.11 aiohttp/3.9.2"
118.127.40.73 - - [05/Apr/2026:10:42:01 +1000] "GET / HTTP/1.1" 500 241320 "-" "Python/3.11 aiohttp/3.9.2"
118.127.40.73 - - [05/Apr/2026:11:12:01 +1000] "GET / HTTP/1.1" 500 172016 "-" "Python/3.11 aiohttp/3.9.2"
118.127.40.73 - - [05/Apr/2026:11:42:02 +1000] "GET / HTTP/1.1" 500 40960 "-" "Python/3.11 aiohttp/3.9.2"
118.127.40.73 - - [05/Apr/2026:12:12:02 +1000] "GET / HTTP/1.1" 500 241320 "-" "Python/3.11 aiohttp/3.9.2"
74.7.175.170 - - [05/Apr/2026:12:19:31 +1000] "GET /robots.txt HTTP/1.1" 200 24 "-" "Mozilla/5.0 (Macintosh; Intel Mac OS X 10_15_7) AppleWebKit/537.36 (KHTML, like Gecko) Chrome/131.0.0.0 Safari/537.36; compatible; OAI-SearchBot/1.3; robots.txt; +https://openai.com/searchbot"
118.127.40.73 - - [05/Apr/2026:12:42:02 +1000] "GET / HTTP/1.1" 500 90104 "-" "Python/3.11 aiohttp/3.9.2"
118.127.40.73 - - [05/Apr/2026:13:12:02 +1000] "GET / HTTP/1.1" 500 40960 "-" "Python/3.11 aiohttp/3.9.2"
118.127.40.73 - - [05/Apr/2026:13:42:02 +1000] "GET / HTTP/1.1" 500 24576 "-" "Python/3.11 aiohttp/3.9.2"
118.127.40.73 - - [05/Apr/2026:14:12:03 +1000] "GET / HTTP/1.1" 500 57344 "-" "Python/3.11 aiohttp/3.9.2"
118.127.40.73 - - [05/Apr/2026:14:42:03 +1000] "GET / HTTP/1.1" 500 286688 "-" "Python/3.11 aiohttp/3.9.2"
118.127.40.73 - - [05/Apr/2026:15:12:03 +1000] "GET / HTTP/1.1" 500 241320 "-" "Python/3.11 aiohttp/3.9.2"
118.127.40.73 - - [05/Apr/2026:15:42:03 +1000] "GET / HTTP/1.1" 500 344024 "-" "Python/3.11 aiohttp/3.9.2"
118.127.40.73 - - [05/Apr/2026:16:12:03 +1000] "GET / HTTP/1.1" 500 466888 "-" "Python/3.11 aiohttp/3.9.2"
118.127.40.73 - - [05/Apr/2026:16:42:04 +1000] "GET / HTTP/1.1" 500 212968 "-" "Python/3.11 aiohttp/3.9.2"
118.127.40.73 - - [05/Apr/2026:17:12:04 +1000] "GET / HTTP/1.1" 500 172016 "-" "Python/3.11 aiohttp/3.9.2"
118.127.40.73 - - [05/Apr/2026:17:42:04 +1000] "GET / HTTP/1.1" 500 249512 "-" "Python/3.11 aiohttp/3.9.2"
118.127.40.73 - - [05/Apr/2026:18:12:04 +1000] "GET / HTTP/1.1" 500 647096 "-" "Python/3.11 aiohttp/3.9.2"
118.127.40.73 - - [05/Apr/2026:18:42:04 +1000] "GET / HTTP/1.1" 500 188400 "-" "Python/3.11 aiohttp/3.9.2"
118.127.40.73 - - [05/Apr/2026:19:12:05 +1000] "GET / HTTP/1.1" 500 311264 "-" "Python/3.11 aiohttp/3.9.2"
118.127.40.73 - - [05/Apr/2026:19:42:05 +1000] "GET / HTTP/1.1" 500 73720 "-" "Python/3.11 aiohttp/3.9.2"
118.127.40.73 - - [05/Apr/2026:20:12:05 +1000] "GET / HTTP/1.1" 500 241320 "-" "Python/3.11 aiohttp/3.9.2"
118.127.40.73 - - [05/Apr/2026:20:42:05 +1000] "GET / HTTP/1.1" 500 221160 "-" "Python/3.11 aiohttp/3.9.2"
118.127.40.73 - - [05/Apr/2026:21:12:05 +1000] "GET / HTTP/1.1" 500 180208 "-" "Python/3.11 aiohttp/3.9.2"
118.127.40.73 - - [05/Apr/2026:21:42:06 +1000] "GET / HTTP/1.1" 500 212968 "-" "Python/3.11 aiohttp/3.9.2"
118.127.40.73 - - [05/Apr/2026:22:12:06 +1000] "GET / HTTP/1.1" 500 319456 "-" "Python/3.11 aiohttp/3.9.2"
118.127.40.73 - - [05/Apr/2026:22:42:06 +1000] "GET / HTTP/1.1" 500 311264 "-" "Python/3.11 aiohttp/3.9.2"
118.127.40.73 - - [05/Apr/2026:23:12:06 +1000] "GET / HTTP/1.1" 500 212968 "-" "Python/3.11 aiohttp/3.9.2"
118.127.40.73 - - [05/Apr/2026:23:42:06 +1000] "GET / HTTP/1.1" 500 344024 "-" "Python/3.11 aiohttp/3.9.2"
118.127.40.73 - - [06/Apr/2026:00:12:07 +1000] "GET / HTTP/1.1" 500 172016 "-" "Python/3.11 aiohttp/3.9.2"
118.127.40.73 - - [06/Apr/2026:00:42:07 +1000] "GET / HTTP/1.1" 500 344024 "-" "Python/3.11 aiohttp/3.9.2"
118.127.40.73 - - [06/Apr/2026:01:12:07 +1000] "GET / HTTP/1.1" 500 270304 "-" "Python/3.11 aiohttp/3.9.2"
45.148.10.245 - - [06/Apr/2026:01:25:26 +1000] "GET / HTTP/1.1" 500 241320 "-" "Mozilla/5.0 (Windows NT 10.0; Win64; x64) AppleWebKit/537.36 (KHTML, like Gecko) Chrome/120.0.0.0 Safari/537.36"
118.127.40.73 - - [06/Apr/2026:01:42:08 +1000] "GET / HTTP/1.1" 500 278496 "-" "Python/3.11 aiohttp/3.9.2"
118.127.40.73 - - [06/Apr/2026:02:12:08 +1000] "GET / HTTP/1.1" 500 172016 "-" "Python/3.11 aiohttp/3.9.2"
118.127.40.73 - - [06/Apr/2026:02:42:08 +1000] "GET / HTTP/1.1" 500 40960 "-" "Python/3.11 aiohttp/3.9.2"
118.127.40.73 - - [06/Apr/2026:03:12:09 +1000] "GET / HTTP/1.1" 500 172016 "-" "Python/3.11 aiohttp/3.9.2"
118.127.40.73 - - [06/Apr/2026:03:42:09 +1000] "GET / HTTP/1.1" 500 241320 "-" "Python/3.11 aiohttp/3.9.2"
74.7.175.170 - - [06/Apr/2026:03:48:18 +1000] "GET /robots.txt HTTP/1.1" 200 24 "-" "Mozilla/5.0 (Macintosh; Intel Mac OS X 10_15_7) AppleWebKit/537.36 (KHTML, like Gecko) Chrome/131.0.0.0 Safari/537.36; compatible; OAI-SearchBot/1.3; robots.txt; +https://openai.com/searchbot"
118.127.40.73 - - [06/Apr/2026:04:12:09 +1000] "GET / HTTP/1.1" 500 212968 "-" "Python/3.11 aiohttp/3.9.2"
118.127.40.73 - - [06/Apr/2026:04:42:09 +1000] "GET / HTTP/1.1" 500 212968 "-" "Python/3.11 aiohttp/3.9.2"
118.127.40.73 - - [06/Apr/2026:05:12:09 +1000] "GET / HTTP/1.1" 500 245736 "-" "Python/3.11 aiohttp/3.9.2"
118.127.40.73 - - [06/Apr/2026:05:42:09 +1000] "GET / HTTP/1.1" 500 147440 "-" "Python/3.11 aiohttp/3.9.2"
118.127.40.73 - - [06/Apr/2026:06:12:09 +1000] "GET / HTTP/1.1" 500 249512 "-" "Python/3.11 aiohttp/3.9.2"
118.127.40.73 - - [06/Apr/2026:06:42:10 +1000] "GET / HTTP/1.1" 500 163824 "-" "Python/3.11 aiohttp/3.9.2"
118.127.40.73 - - [06/Apr/2026:07:12:10 +1000] "GET / HTTP/1.1" 500 991112 "-" "Python/3.11 aiohttp/3.9.2"
118.127.40.73 - - [06/Apr/2026:07:42:10 +1000] "GET / HTTP/1.1" 500 147440 "-" "Python/3.11 aiohttp/3.9.2"
118.127.40.73 - - [06/Apr/2026:08:12:10 +1000] "GET / HTTP/1.1" 500 257704 "-" "Python/3.11 aiohttp/3.9.2"
118.127.40.73 - - [06/Apr/2026:08:42:11 +1000] "GET / HTTP/1.1" 500 180208 "-" "Python/3.11 aiohttp/3.9.2"
118.127.40.73 - - [06/Apr/2026:09:12:11 +1000] "GET / HTTP/1.1" 500 172016 "-" "Python/3.11 aiohttp/3.9.2"
118.127.40.73 - - [06/Apr/2026:09:42:11 +1000] "GET / HTTP/1.1" 500 704432 "-" "Python/3.11 aiohttp/3.9.2"
74.7.228.3 - - [06/Apr/2026:10:02:43 +1000] "GET /robots.txt HTTP/1.1" 200 24 "-" "Mozilla/5.0 (Macintosh; Intel Mac OS X 10_15_7) AppleWebKit/537.36 (KHTML, like Gecko) Chrome/131.0.0.0 Safari/537.36; compatible; OAI-SearchBot/1.3; robots.txt; +https://openai.com/searchbot"
118.127.40.73 - - [06/Apr/2026:10:12:11 +1000] "GET / HTTP/1.1" 500 249512 "-" "Python/3.11 aiohttp/3.9.2"
118.127.40.73 - - [06/Apr/2026:10:42:11 +1000] "GET / HTTP/1.1" 500 147440 "-" "Python/3.11 aiohttp/3.9.2"
118.127.40.73 - - [06/Apr/2026:11:12:12 +1000] "GET / HTTP/1.1" 500 249512 "-" "Python/3.11 aiohttp/3.9.2"
118.127.40.73 - - [06/Apr/2026:11:42:12 +1000] "GET / HTTP/1.1" 500 147440 "-" "Python/3.11 aiohttp/3.9.2"
118.127.40.73 - - [06/Apr/2026:12:12:12 +1000] "GET / HTTP/1.1" 500 172016 "-" "Python/3.11 aiohttp/3.9.2"
118.127.40.73 - - [06/Apr/2026:12:42:12 +1000] "GET / HTTP/1.1" 500 249512 "-" "Python/3.11 aiohttp/3.9.2"
118.127.40.73 - - [06/Apr/2026:13:12:12 +1000] "GET / HTTP/1.1" 500 172016 "-" "Python/3.11 aiohttp/3.9.2"
118.127.40.73 - - [06/Apr/2026:13:42:13 +1000] "GET / HTTP/1.1" 500 270304 "-" "Python/3.11 aiohttp/3.9.2"
118.127.40.73 - - [06/Apr/2026:14:12:13 +1000] "GET / HTTP/1.1" 500 241320 "-" "Python/3.11 aiohttp/3.9.2"
118.127.40.73 - - [06/Apr/2026:14:42:13 +1000] "GET / HTTP/1.1" 500 475080 "-" "Python/3.11 aiohttp/3.9.2"
118.127.40.73 - - [06/Apr/2026:15:12:13 +1000] "GET / HTTP/1.1" 500 270304 "-" "Python/3.11 aiohttp/3.9.2"
168.144.65.173 - - [06/Apr/2026:15:35:35 +1000] "GET / HTTP/1.1" 500 1048071 "-" "Mozilla/5.0 (X11; Linux x86_64) AppleWebKit/537.36 (KHTML, like Gecko) Chrome/142.0.0.0 Safari/537.36"
168.144.65.173 - - [06/Apr/2026:15:35:39 +1000] "GET /favicon.ico HTTP/1.1" 200 - "https://www.testbydaven.posscales.com.au/" "Mozilla/5.0 (X11; Linux x86_64) AppleWebKit/537.36 (KHTML, like Gecko) Chrome/142.0.0.0 Safari/537.36"
118.127.40.73 - - [06/Apr/2026:15:42:13 +1000] "GET / HTTP/1.1" 500 278496 "-" "Python/3.11 aiohttp/3.9.2"
118.127.40.73 - - [06/Apr/2026:16:12:14 +1000] "GET / HTTP/1.1" 500 257704 "-" "Python/3.11 aiohttp/3.9.2"
118.127.40.73 - - [06/Apr/2026:16:42:14 +1000] "GET / HTTP/1.1" 500 270304 "-" "Python/3.11 aiohttp/3.9.2"
118.127.40.73 - - [06/Apr/2026:17:12:14 +1000] "GET / HTTP/1.1" 500 172016 "-" "Python/3.11 aiohttp/3.9.2"
118.127.40.73 - - [06/Apr/2026:17:42:14 +1000] "GET / HTTP/1.1" 500 147440 "-" "Python/3.11 aiohttp/3.9.2"
118.127.40.73 - - [06/Apr/2026:18:12:14 +1000] "GET / HTTP/1.1" 500 360408 "-" "Python/3.11 aiohttp/3.9.2"
118.127.40.73 - - [06/Apr/2026:18:42:15 +1000] "GET / HTTP/1.1" 500 311264 "-" "Python/3.11 aiohttp/3.9.2"
118.127.40.73 - - [06/Apr/2026:19:12:15 +1000] "GET / HTTP/1.1" 500 241320 "-" "Python/3.11 aiohttp/3.9.2"
118.127.40.73 - - [06/Apr/2026:19:42:15 +1000] "GET / HTTP/1.1" 500 270304 "-" "Python/3.11 aiohttp/3.9.2"
118.127.40.73 - - [06/Apr/2026:20:12:16 +1000] "GET / HTTP/1.1" 500 221160 "-" "Python/3.11 aiohttp/3.9.2"
118.127.40.73 - - [06/Apr/2026:20:42:16 +1000] "GET / HTTP/1.1" 500 204776 "-" "Python/3.11 aiohttp/3.9.2"
118.127.40.73 - - [06/Apr/2026:21:12:16 +1000] "GET / HTTP/1.1" 500 241320 "-" "Python/3.11 aiohttp/3.9.2"
118.127.40.73 - - [06/Apr/2026:21:42:16 +1000] "GET / HTTP/1.1" 500 204776 "-" "Python/3.11 aiohttp/3.9.2"
118.127.40.73 - - [06/Apr/2026:22:12:17 +1000] "GET / HTTP/1.1" 500 352216 "-" "Python/3.11 aiohttp/3.9.2"
118.127.40.73 - - [06/Apr/2026:22:42:17 +1000] "GET / HTTP/1.1" 500 278496 "-" "Python/3.11 aiohttp/3.9.2"
118.127.40.73 - - [06/Apr/2026:23:12:17 +1000] "GET / HTTP/1.1" 500 212968 "-" "Python/3.11 aiohttp/3.9.2"
118.127.40.73 - - [06/Apr/2026:23:42:17 +1000] "GET / HTTP/1.1" 500 257704 "-" "Python/3.11 aiohttp/3.9.2"
118.127.40.73 - - [07/Apr/2026:00:12:18 +1000] "GET / HTTP/1.1" 500 172016 "-" "Python/3.11 aiohttp/3.9.2"
74.7.175.175 - - [07/Apr/2026:00:42:41 +1000] "GET /robots.txt HTTP/1.1" 200 24 "-" "Mozilla/5.0 (Macintosh; Intel Mac OS X 10_15_7) AppleWebKit/537.36 (KHTML, like Gecko) Chrome/131.0.0.0 Safari/537.36; compatible; OAI-SearchBot/1.3; robots.txt; +https://openai.com/searchbot"
74.7.227.42 - - [07/Apr/2026:00:42:41 +1000] "GET / HTTP/1.1" 500 147440 "-" "Mozilla/5.0 AppleWebKit/537.36 (KHTML, like Gecko; compatible; GPTBot/1.3; +https://openai.com/gptbot)"
118.127.40.73 - - [07/Apr/2026:00:45:28 +1000] "GET / HTTP/1.1" 500 303072 "-" "Python/3.11 aiohttp/3.9.2"
118.127.40.73 - - [07/Apr/2026:01:15:29 +1000] "GET / HTTP/1.1" 500 241320 "-" "Python/3.11 aiohttp/3.9.2"
118.127.40.73 - - [07/Apr/2026:01:45:28 +1000] "GET / HTTP/1.1" 500 286688 "-" "Python/3.11 aiohttp/3.9.2"
66.163.112.229 - - [07/Apr/2026:02:05:04 +1000] "HEAD / HTTP/1.1" 500 - "-" "ct2ips/1.0"
66.163.112.229 - - [07/Apr/2026:02:05:41 +1000] "HEAD / HTTP/1.1" 500 - "-" "ct2ips/1.0"
204.76.203.25 - - [07/Apr/2026:02:15:03 +1000] "GET /.env HTTP/1.1" 500 212968 "-" "Mozilla/5.0 (Windows NT 10.0; Win64; x64) AppleWebKit/537.36 (KHTML, like Gecko) Chrome/134.0.0.0 Safari/537.3"
118.127.40.73 - - [07/Apr/2026:02:15:28 +1000] "GET / HTTP/1.1" 500 257704 "-" "Python/3.11 aiohttp/3.9.2"
65.87.7.61 - - [07/Apr/2026:02:24:37 +1000] "GET / HTTP/1.1" 500 147440 "-" "Mozilla/5.0 (Windows NT 10.0; Win64; x64; rv:125.0) Gecko/20100101 Firefox/125.0"
118.127.40.73 - - [07/Apr/2026:02:45:28 +1000] "GET / HTTP/1.1" 500 57344 "-" "Python/3.11 aiohttp/3.9.2"
65.87.7.61 - - [07/Apr/2026:03:00:15 +1000] "GET / HTTP/1.1" 500 147440 "-" "Mozilla/5.0 (Windows NT 10.0; Win64; x64; rv:125.0) Gecko/20100101 Firefox/125.0"
118.127.40.73 - - [07/Apr/2026:03:15:30 +1000] "GET / HTTP/1.1" 500 221160 "-" "Python/3.11 aiohttp/3.9.2"
118.127.40.73 - - [07/Apr/2026:03:45:30 +1000] "GET / HTTP/1.1" 500 212968 "-" "Python/3.11 aiohttp/3.9.2"
118.127.40.73 - - [07/Apr/2026:04:15:29 +1000] "GET / HTTP/1.1" 500 114680 "-" "Python/3.11 aiohttp/3.9.2"
118.127.40.73 - - [07/Apr/2026:04:45:29 +1000] "GET / HTTP/1.1" 500 344024 "-" "Python/3.11 aiohttp/3.9.2"
118.127.40.73 - - [07/Apr/2026:05:15:31 +1000] "GET / HTTP/1.1" 500 344024 "-" "Python/3.11 aiohttp/3.9.2"
3.139.242.79 - - [07/Apr/2026:05:37:39 +1000] "GET / HTTP/1.1" 500 241320 "-" "visionheight.com/scan Mozilla/5.0 (Macintosh; Intel Mac OS X 10_15_7) Chrome/126.0.0.0 Safari/537.36"
118.127.40.73 - - [07/Apr/2026:05:45:28 +1000] "GET / HTTP/1.1" 500 335832 "-" "Python/3.11 aiohttp/3.9.2"
203.55.131.5 - - [07/Apr/2026:05:41:24 +1000] "GET / HTTP/1.1" 500 237544 "-" "Mozilla/5.0 (Windows NT 10.0; Win64; x64) AppleWebKit/537.36 (KHTML, like Gecko) Chrome/133.0.0.0 Safari/537.36"
118.127.40.73 - - [07/Apr/2026:06:15:27 +1000] "GET / HTTP/1.1" 500 319456 "-" "Python/3.11 aiohttp/3.9.2"
118.127.40.73 - - [07/Apr/2026:06:45:28 +1000] "GET / HTTP/1.1" 500 73720 "-" "Python/3.11 aiohttp/3.9.2"
118.127.40.73 - - [07/Apr/2026:07:15:29 +1000] "GET / HTTP/1.1" 500 172016 "-" "Python/3.11 aiohttp/3.9.2"
118.127.40.73 - - [07/Apr/2026:07:45:29 +1000] "GET / HTTP/1.1" 500 229352 "-" "Python/3.11 aiohttp/3.9.2"
74.7.244.49 - - [07/Apr/2026:08:15:25 +1000] "GET /robots.txt HTTP/1.1" 200 24 "-" "Mozilla/5.0 (Macintosh; Intel Mac OS X 10_15_7) AppleWebKit/537.36 (KHTML, like Gecko) Chrome/131.0.0.0 Safari/537.36; compatible; OAI-SearchBot/1.3; robots.txt; +https://openai.com/searchbot"
74.7.227.155 - - [07/Apr/2026:08:15:25 +1000] "GET / HTTP/1.1" 500 155632 "-" "Mozilla/5.0 AppleWebKit/537.36 (KHTML, like Gecko; compatible; GPTBot/1.3; +https://openai.com/gptbot)"
118.127.40.73 - - [07/Apr/2026:08:15:30 +1000] "GET / HTTP/1.1" 500 212968 "-" "Python/3.11 aiohttp/3.9.2"
118.127.40.73 - - [07/Apr/2026:08:45:29 +1000] "GET / HTTP/1.1" 500 319456 "-" "Python/3.11 aiohttp/3.9.2"
118.127.40.73 - - [07/Apr/2026:09:15:29 +1000] "GET / HTTP/1.1" 500 204776 "-" "Python/3.11 aiohttp/3.9.2"
118.127.40.73 - - [07/Apr/2026:09:45:30 +1000] "GET / HTTP/1.1" 500 319456 "-" "Python/3.11 aiohttp/3.9.2"
118.127.40.73 - - [07/Apr/2026:10:15:29 +1000] "GET / HTTP/1.1" 500 180208 "-" "Python/3.11 aiohttp/3.9.2"
118.127.40.73 - - [07/Apr/2026:10:45:32 +1000] "GET / HTTP/1.1" 500 204776 "-" "Python/3.11 aiohttp/3.9.2"
118.127.40.73 - - [07/Apr/2026:11:15:30 +1000] "GET / HTTP/1.1" 500 188400 "-" "Python/3.11 aiohttp/3.9.2"
118.127.40.73 - - [07/Apr/2026:11:45:30 +1000] "GET / HTTP/1.1" 500 319456 "-" "Python/3.11 aiohttp/3.9.2"
118.127.40.73 - - [07/Apr/2026:12:15:30 +1000] "GET / HTTP/1.1" 500 286688 "-" "Python/3.11 aiohttp/3.9.2"
118.127.40.73 - - [07/Apr/2026:12:45:31 +1000] "GET / HTTP/1.1" 500 204776 "-" "Python/3.11 aiohttp/3.9.2"
118.127.40.73 - - [07/Apr/2026:13:15:31 +1000] "GET / HTTP/1.1" 500 319456 "-" "Python/3.11 aiohttp/3.9.2"
3.233.59.216 - - [07/Apr/2026:13:38:05 +1000] "GET / HTTP/1.1" 421 362 "-" "RecordedFuture Global Inventory Crawler"
118.127.40.73 - - [07/Apr/2026:13:45:33 +1000] "GET / HTTP/1.1" 500 319456 "-" "Python/3.11 aiohttp/3.9.2"
118.127.40.73 - - [07/Apr/2026:14:15:32 +1000] "GET / HTTP/1.1" 500 188400 "-" "Python/3.11 aiohttp/3.9.2"
118.127.40.73 - - [07/Apr/2026:14:45:31 +1000] "GET / HTTP/1.1" 500 241320 "-" "Python/3.11 aiohttp/3.9.2"
118.127.40.73 - - [07/Apr/2026:15:15:31 +1000] "GET / HTTP/1.1" 500 241320 "-" "Python/3.11 aiohttp/3.9.2"
118.127.40.73 - - [07/Apr/2026:15:45:31 +1000] "GET / HTTP/1.1" 500 221160 "-" "Python/3.11 aiohttp/3.9.2"
118.127.40.73 - - [07/Apr/2026:16:15:35 +1000] "GET / HTTP/1.1" 500 303072 "-" "Python/3.11 aiohttp/3.9.2"
216.81.248.197 - - [07/Apr/2026:16:38:42 +1000] "GET /.git/config HTTP/1.1" 500 1047305 "-" "Mozilla/5.0 (Linux; U; Android 1.5; en-us; T-Mobile G1 Build/CRB43) AppleWebKit/528.5 (KHTML, like Gecko) Version/3.1.2 Mobile Safari 525.20.1"
118.127.40.73 - - [07/Apr/2026:16:45:31 +1000] "GET / HTTP/1.1" 500 270304 "-" "Python/3.11 aiohttp/3.9.2"
118.127.40.73 - - [07/Apr/2026:17:15:32 +1000] "GET / HTTP/1.1" 500 98296 "-" "Python/3.11 aiohttp/3.9.2"
118.127.40.73 - - [07/Apr/2026:17:45:33 +1000] "GET / HTTP/1.1" 500 212968 "-" "Python/3.11 aiohttp/3.9.2"
118.127.40.73 - - [07/Apr/2026:18:15:32 +1000] "GET / HTTP/1.1" 500 278496 "-" "Python/3.11 aiohttp/3.9.2"
118.127.40.73 - - [07/Apr/2026:18:45:32 +1000] "GET / HTTP/1.1" 500 270304 "-" "Python/3.11 aiohttp/3.9.2"
71.6.134.230 - - [07/Apr/2026:19:02:40 +1000] "GET /favicon.ico HTTP/1.1" 200 - "-" "Mozilla/5.0 (Windows NT 10.0; Win64; x64) AppleWebKit/537.36 (KHTML, like Gecko) Chrome/133.0.0.0 Safari/537.36"
71.6.134.230 - - [07/Apr/2026:19:02:19 +1000] "GET / HTTP/1.1" 500 237544 "-" "Mozilla/5.0 (Windows NT 10.0; Win64; x64) AppleWebKit/537.36 (KHTML, like Gecko) Chrome/133.0.0.0 Safari/537.36"
118.127.40.73 - - [07/Apr/2026:19:15:33 +1000] "GET / HTTP/1.1" 500 319456 "-" "Python/3.11 aiohttp/3.9.2"
118.127.40.73 - - [07/Apr/2026:19:45:33 +1000] "GET / HTTP/1.1" 500 278496 "-" "Python/3.11 aiohttp/3.9.2"
118.127.40.73 - - [07/Apr/2026:20:15:33 +1000] "GET / HTTP/1.1" 500 221160 "-" "Python/3.11 aiohttp/3.9.2"
118.127.40.73 - - [07/Apr/2026:20:45:36 +1000] "GET / HTTP/1.1" 500 172016 "-" "Python/3.11 aiohttp/3.9.2"
87.236.176.173 - - [07/Apr/2026:20:47:47 +1000] "GET / HTTP/1.1" 500 1046987 "-" "Mozilla/5.0 (compatible; InternetMeasurement/1.0; +https://internet-measurement.com/)"
118.127.40.73 - - [07/Apr/2026:21:15:40 +1000] "GET / HTTP/1.1" 500 172016 "-" "Python/3.11 aiohttp/3.9.2"
118.127.40.73 - - [07/Apr/2026:21:45:37 +1000] "GET / HTTP/1.1" 500 204776 "-" "Python/3.11 aiohttp/3.9.2"
118.127.40.73 - - [07/Apr/2026:22:15:35 +1000] "GET / HTTP/1.1" 500 106488 "-" "Python/3.11 aiohttp/3.9.2"
118.127.40.73 - - [07/Apr/2026:22:45:35 +1000] "GET / HTTP/1.1" 500 73720 "-" "Python/3.11 aiohttp/3.9.2"
118.127.40.73 - - [07/Apr/2026:23:15:35 +1000] "GET / HTTP/1.1" 500 188400 "-" "Python/3.11 aiohttp/3.9.2"
118.127.40.73 - - [07/Apr/2026:23:45:37 +1000] "GET / HTTP/1.1" 500 212968 "-" "Python/3.11 aiohttp/3.9.2"
118.127.40.73 - - [08/Apr/2026:00:15:35 +1000] "GET / HTTP/1.1" 500 475080 "-" "Python/3.11 aiohttp/3.9.2"
118.127.40.73 - - [08/Apr/2026:00:45:35 +1000] "GET / HTTP/1.1" 500 344024 "-" "Python/3.11 aiohttp/3.9.2"
74.7.244.53 - - [08/Apr/2026:01:03:58 +1000] "GET /robots.txt HTTP/1.1" 200 24 "-" "Mozilla/5.0 (Macintosh; Intel Mac OS X 10_15_7) AppleWebKit/537.36 (KHTML, like Gecko) Chrome/131.0.0.0 Safari/537.36; compatible; OAI-SearchBot/1.3; robots.txt; +https://openai.com/searchbot"
118.127.40.73 - - [08/Apr/2026:01:15:35 +1000] "GET / HTTP/1.1" 500 237544 "-" "Python/3.11 aiohttp/3.9.2"
118.127.40.73 - - [08/Apr/2026:01:45:37 +1000] "GET / HTTP/1.1" 500 241320 "-" "Python/3.11 aiohttp/3.9.2"
118.127.40.73 - - [08/Apr/2026:02:15:35 +1000] "GET / HTTP/1.1" 500 241320 "-" "Python/3.11 aiohttp/3.9.2"
118.127.40.73 - - [08/Apr/2026:02:45:42 +1000] "GET / HTTP/1.1" 500 270304 "-" "Python/3.11 aiohttp/3.9.2"
118.127.40.73 - - [08/Apr/2026:03:15:39 +1000] "GET / HTTP/1.1" 500 204776 "-" "Python/3.11 aiohttp/3.9.2"
118.127.40.73 - - [08/Apr/2026:03:45:37 +1000] "GET / HTTP/1.1" 500 286688 "-" "Python/3.11 aiohttp/3.9.2"
118.127.40.73 - - [08/Apr/2026:04:15:38 +1000] "GET / HTTP/1.1" 500 270304 "-" "Python/3.11 aiohttp/3.9.2"
118.127.40.73 - - [08/Apr/2026:04:45:38 +1000] "GET / HTTP/1.1" 500 147440 "-" "Python/3.11 aiohttp/3.9.2"
74.7.244.30 - - [08/Apr/2026:04:59:28 +1000] "GET /robots.txt HTTP/1.1" 200 24 "-" "Mozilla/5.0 (Macintosh; Intel Mac OS X 10_15_7) AppleWebKit/537.36 (KHTML, like Gecko) Chrome/131.0.0.0 Safari/537.36; compatible; OAI-SearchBot/1.3; robots.txt; +https://openai.com/searchbot"
118.127.40.73 - - [08/Apr/2026:05:15:38 +1000] "GET / HTTP/1.1" 500 319456 "-" "Python/3.11 aiohttp/3.9.2"
118.127.40.73 - - [08/Apr/2026:05:45:39 +1000] "GET / HTTP/1.1" 500 319456 "-" "Python/3.11 aiohttp/3.9.2"
