18.169.106.224 - - [12/Apr/2026:17:07:51 +1000] "GET /debug.php HTTP/1.1" 404 16 "-" "Mozilla/5.0 (X11; Linux x86_64) AppleWebKit/537.36 (KHTML, like Gecko) Chrome/131.0.0.0 Safari/537.36"
18.169.106.224 - - [12/Apr/2026:17:07:51 +1000] "GET /admin/phpinfo.php HTTP/1.1" 404 - "-" "Mozilla/5.0 (X11; Linux x86_64) AppleWebKit/537.36 (KHTML, like Gecko) Chrome/131.0.0.0 Safari/537.36"
18.169.106.224 - - [12/Apr/2026:17:07:52 +1000] "GET /test/phpinfo.php HTTP/1.1" 404 - "-" "Mozilla/5.0 (X11; Linux x86_64) AppleWebKit/537.36 (KHTML, like Gecko) Chrome/131.0.0.0 Safari/537.36"
18.169.106.224 - - [12/Apr/2026:17:07:52 +1000] "GET /dev/phpinfo.php HTTP/1.1" 404 - "-" "Mozilla/5.0 (X11; Linux x86_64) AppleWebKit/537.36 (KHTML, like Gecko) Chrome/131.0.0.0 Safari/537.36"
18.169.106.224 - - [12/Apr/2026:17:07:52 +1000] "GET /old/phpinfo.php HTTP/1.1" 404 - "-" "Mozilla/5.0 (X11; Linux x86_64) AppleWebKit/537.36 (KHTML, like Gecko) Chrome/131.0.0.0 Safari/537.36"
18.169.106.224 - - [12/Apr/2026:17:07:52 +1000] "GET /tmp/phpinfo.php HTTP/1.1" 404 - "-" "Mozilla/5.0 (X11; Linux x86_64) AppleWebKit/537.36 (KHTML, like Gecko) Chrome/131.0.0.0 Safari/537.36"
18.169.106.224 - - [12/Apr/2026:17:07:53 +1000] "GET /public/phpinfo.php HTTP/1.1" 404 - "-" "Mozilla/5.0 (X11; Linux x86_64) AppleWebKit/537.36 (KHTML, like Gecko) Chrome/131.0.0.0 Safari/537.36"
18.169.106.224 - - [12/Apr/2026:17:07:53 +1000] "GET /info HTTP/1.1" 404 - "-" "Mozilla/5.0 (X11; Linux x86_64) AppleWebKit/537.36 (KHTML, like Gecko) Chrome/131.0.0.0 Safari/537.36"
18.169.106.224 - - [12/Apr/2026:17:07:53 +1000] "GET /php-info.php HTTP/1.1" 404 16 "-" "Mozilla/5.0 (X11; Linux x86_64) AppleWebKit/537.36 (KHTML, like Gecko) Chrome/131.0.0.0 Safari/537.36"
18.169.106.224 - - [12/Apr/2026:17:07:53 +1000] "GET /phpversion.php HTTP/1.1" 404 16 "-" "Mozilla/5.0 (X11; Linux x86_64) AppleWebKit/537.36 (KHTML, like Gecko) Chrome/131.0.0.0 Safari/537.36"
18.169.106.224 - - [12/Apr/2026:17:07:54 +1000] "GET /_phpinfo.php HTTP/1.1" 404 16 "-" "Mozilla/5.0 (X11; Linux x86_64) AppleWebKit/537.36 (KHTML, like Gecko) Chrome/131.0.0.0 Safari/537.36"
18.169.106.224 - - [12/Apr/2026:17:07:54 +1000] "GET /old_phpinfo.php HTTP/1.1" 404 16 "-" "Mozilla/5.0 (X11; Linux x86_64) AppleWebKit/537.36 (KHTML, like Gecko) Chrome/131.0.0.0 Safari/537.36"
18.169.106.224 - - [12/Apr/2026:17:07:54 +1000] "GET /server-info.php HTTP/1.1" 404 16 "-" "Mozilla/5.0 (X11; Linux x86_64) AppleWebKit/537.36 (KHTML, like Gecko) Chrome/131.0.0.0 Safari/537.36"
18.169.106.224 - - [12/Apr/2026:17:07:55 +1000] "GET /server-status.php HTTP/1.1" 404 16 "-" "Mozilla/5.0 (X11; Linux x86_64) AppleWebKit/537.36 (KHTML, like Gecko) Chrome/131.0.0.0 Safari/537.36"
18.169.106.224 - - [12/Apr/2026:17:07:55 +1000] "GET /_profiler/phpinfo HTTP/1.1" 404 - "-" "Mozilla/5.0 (X11; Linux x86_64) AppleWebKit/537.36 (KHTML, like Gecko) Chrome/131.0.0.0 Safari/537.36"
18.169.106.224 - - [12/Apr/2026:17:07:55 +1000] "GET /_environment HTTP/1.1" 404 - "-" "Mozilla/5.0 (X11; Linux x86_64) AppleWebKit/537.36 (KHTML, like Gecko) Chrome/131.0.0.0 Safari/537.36"
18.169.106.224 - - [12/Apr/2026:17:07:55 +1000] "GET /webroot/index.php/_environment HTTP/1.1" 404 - "-" "Mozilla/5.0 (X11; Linux x86_64) AppleWebKit/537.36 (KHTML, like Gecko) Chrome/131.0.0.0 Safari/537.36"
18.169.106.224 - - [12/Apr/2026:17:07:56 +1000] "GET /mail/phpinfo.php HTTP/1.1" 404 - "-" "Mozilla/5.0 (X11; Linux x86_64) AppleWebKit/537.36 (KHTML, like Gecko) Chrome/131.0.0.0 Safari/537.36"
18.169.106.224 - - [12/Apr/2026:17:07:56 +1000] "GET /cpanel/phpinfo.php HTTP/1.1" 404 - "-" "Mozilla/5.0 (X11; Linux x86_64) AppleWebKit/537.36 (KHTML, like Gecko) Chrome/131.0.0.0 Safari/537.36"
18.169.106.224 - - [12/Apr/2026:17:07:56 +1000] "GET /hosting/phpinfo.php HTTP/1.1" 404 - "-" "Mozilla/5.0 (X11; Linux x86_64) AppleWebKit/537.36 (KHTML, like Gecko) Chrome/131.0.0.0 Safari/537.36"
18.169.106.224 - - [12/Apr/2026:17:07:56 +1000] "GET /webmail/phpinfo.php HTTP/1.1" 200 34886 "-" "Mozilla/5.0 (X11; Linux x86_64) AppleWebKit/537.36 (KHTML, like Gecko) Chrome/131.0.0.0 Safari/537.36"
18.169.106.224 - - [12/Apr/2026:17:07:57 +1000] "GET /smtp/phpinfo.php HTTP/1.1" 404 - "-" "Mozilla/5.0 (X11; Linux x86_64) AppleWebKit/537.36 (KHTML, like Gecko) Chrome/131.0.0.0 Safari/537.36"
118.127.40.73 - - [12/Apr/2026:17:16:01 +1000] "GET / HTTP/1.1" 200 658 "-" "Python/3.11 aiohttp/3.9.2"
118.127.40.73 - - [12/Apr/2026:17:46:01 +1000] "GET / HTTP/1.1" 200 658 "-" "Python/3.11 aiohttp/3.9.2"
118.127.40.73 - - [12/Apr/2026:18:16:02 +1000] "GET / HTTP/1.1" 200 658 "-" "Python/3.11 aiohttp/3.9.2"
118.127.40.73 - - [12/Apr/2026:18:46:02 +1000] "GET / HTTP/1.1" 200 658 "-" "Python/3.11 aiohttp/3.9.2"
118.127.40.73 - - [12/Apr/2026:19:16:02 +1000] "GET / HTTP/1.1" 200 658 "-" "Python/3.11 aiohttp/3.9.2"
118.127.40.73 - - [12/Apr/2026:19:46:02 +1000] "GET / HTTP/1.1" 200 658 "-" "Python/3.11 aiohttp/3.9.2"
74.7.228.46 - - [12/Apr/2026:19:57:49 +1000] "GET /robots.txt HTTP/1.1" 404 - "-" "Mozilla/5.0 (Macintosh; Intel Mac OS X 10_15_7) AppleWebKit/537.36 (KHTML, like Gecko) Chrome/131.0.0.0 Safari/537.36; compatible; OAI-SearchBot/1.3; robots.txt; +https://openai.com/searchbot"
118.127.40.73 - - [12/Apr/2026:20:16:02 +1000] "GET / HTTP/1.1" 200 658 "-" "Python/3.11 aiohttp/3.9.2"
118.127.40.73 - - [12/Apr/2026:20:46:03 +1000] "GET / HTTP/1.1" 200 658 "-" "Python/3.11 aiohttp/3.9.2"
74.7.228.46 - - [12/Apr/2026:21:05:18 +1000] "GET /robots.txt HTTP/1.1" 404 - "-" "Mozilla/5.0 (Macintosh; Intel Mac OS X 10_15_7) AppleWebKit/537.36 (KHTML, like Gecko) Chrome/131.0.0.0 Safari/537.36; compatible; OAI-SearchBot/1.3; robots.txt; +https://openai.com/searchbot"
118.127.40.73 - - [12/Apr/2026:21:16:03 +1000] "GET / HTTP/1.1" 200 658 "-" "Python/3.11 aiohttp/3.9.2"
74.7.241.136 - - [12/Apr/2026:21:27:29 +1000] "GET /robots.txt HTTP/1.1" 404 - "-" "Mozilla/5.0 (Macintosh; Intel Mac OS X 10_15_7) AppleWebKit/537.36 (KHTML, like Gecko) Chrome/131.0.0.0 Safari/537.36; compatible; OAI-SearchBot/1.3; robots.txt; +https://openai.com/searchbot"
118.127.40.73 - - [12/Apr/2026:21:46:03 +1000] "GET / HTTP/1.1" 200 658 "-" "Python/3.11 aiohttp/3.9.2"
118.127.40.73 - - [12/Apr/2026:22:16:03 +1000] "GET / HTTP/1.1" 200 658 "-" "Python/3.11 aiohttp/3.9.2"
74.7.228.46 - - [12/Apr/2026:22:29:36 +1000] "GET /robots.txt HTTP/1.1" 404 - "-" "Mozilla/5.0 (Macintosh; Intel Mac OS X 10_15_7) AppleWebKit/537.36 (KHTML, like Gecko) Chrome/131.0.0.0 Safari/537.36; compatible; OAI-SearchBot/1.3; robots.txt; +https://openai.com/searchbot"
118.127.40.73 - - [12/Apr/2026:22:46:03 +1000] "GET / HTTP/1.1" 200 658 "-" "Python/3.11 aiohttp/3.9.2"
118.127.40.73 - - [12/Apr/2026:23:16:04 +1000] "GET / HTTP/1.1" 200 658 "-" "Python/3.11 aiohttp/3.9.2"
74.7.228.46 - - [12/Apr/2026:23:44:24 +1000] "GET /robots.txt HTTP/1.1" 404 - "-" "Mozilla/5.0 (Macintosh; Intel Mac OS X 10_15_7) AppleWebKit/537.36 (KHTML, like Gecko) Chrome/131.0.0.0 Safari/537.36; compatible; OAI-SearchBot/1.3; robots.txt; +https://openai.com/searchbot"
118.127.40.73 - - [12/Apr/2026:23:46:04 +1000] "GET / HTTP/1.1" 200 658 "-" "Python/3.11 aiohttp/3.9.2"
118.127.40.73 - - [13/Apr/2026:00:16:04 +1000] "GET / HTTP/1.1" 200 658 "-" "Python/3.11 aiohttp/3.9.2"
118.127.40.73 - - [13/Apr/2026:00:46:05 +1000] "GET / HTTP/1.1" 200 658 "-" "Python/3.11 aiohttp/3.9.2"
74.7.228.46 - - [13/Apr/2026:01:02:16 +1000] "GET /robots.txt HTTP/1.1" 404 - "-" "Mozilla/5.0 (Macintosh; Intel Mac OS X 10_15_7) AppleWebKit/537.36 (KHTML, like Gecko) Chrome/131.0.0.0 Safari/537.36; compatible; OAI-SearchBot/1.3; robots.txt; +https://openai.com/searchbot"
118.127.40.73 - - [13/Apr/2026:01:16:05 +1000] "GET / HTTP/1.1" 200 658 "-" "Python/3.11 aiohttp/3.9.2"
3.139.242.79 - - [13/Apr/2026:01:26:52 +1000] "GET / HTTP/1.1" 200 658 "-" "visionheight.com/scan Mozilla/5.0 (Macintosh; Intel Mac OS X 10_15_7) Chrome/126.0.0.0 Safari/537.36"
118.127.40.73 - - [13/Apr/2026:01:46:05 +1000] "GET / HTTP/1.1" 200 658 "-" "Python/3.11 aiohttp/3.9.2"
118.127.40.73 - - [13/Apr/2026:02:16:05 +1000] "GET / HTTP/1.1" 200 658 "-" "Python/3.11 aiohttp/3.9.2"
74.7.228.46 - - [13/Apr/2026:02:21:36 +1000] "GET /robots.txt HTTP/1.1" 404 - "-" "Mozilla/5.0 (Macintosh; Intel Mac OS X 10_15_7) AppleWebKit/537.36 (KHTML, like Gecko) Chrome/131.0.0.0 Safari/537.36; compatible; OAI-SearchBot/1.3; robots.txt; +https://openai.com/searchbot"
118.127.40.73 - - [13/Apr/2026:02:46:05 +1000] "GET / HTTP/1.1" 200 658 "-" "Python/3.11 aiohttp/3.9.2"
118.127.40.73 - - [13/Apr/2026:03:16:05 +1000] "GET / HTTP/1.1" 200 658 "-" "Python/3.11 aiohttp/3.9.2"
74.7.228.46 - - [13/Apr/2026:03:38:09 +1000] "GET /robots.txt HTTP/1.1" 404 - "-" "Mozilla/5.0 (Macintosh; Intel Mac OS X 10_15_7) AppleWebKit/537.36 (KHTML, like Gecko) Chrome/131.0.0.0 Safari/537.36; compatible; OAI-SearchBot/1.3; robots.txt; +https://openai.com/searchbot"
198.235.24.19 - - [13/Apr/2026:03:40:48 +1000] "GET / HTTP/1.1" 200 658 "-" "Hello from Palo Alto Networks, find out more about our scans in https://docs-cortex.paloaltonetworks.com/r/1/Cortex-Xpanse/Scanning-activity"
118.127.40.73 - - [13/Apr/2026:03:46:09 +1000] "GET / HTTP/1.1" 200 658 "-" "Python/3.11 aiohttp/3.9.2"
118.127.40.73 - - [13/Apr/2026:04:16:07 +1000] "GET / HTTP/1.1" 200 658 "-" "Python/3.11 aiohttp/3.9.2"
118.127.40.73 - - [13/Apr/2026:04:46:06 +1000] "GET / HTTP/1.1" 200 658 "-" "Python/3.11 aiohttp/3.9.2"
74.7.228.46 - - [13/Apr/2026:04:57:30 +1000] "GET /robots.txt HTTP/1.1" 404 - "-" "Mozilla/5.0 (Macintosh; Intel Mac OS X 10_15_7) AppleWebKit/537.36 (KHTML, like Gecko) Chrome/131.0.0.0 Safari/537.36; compatible; OAI-SearchBot/1.3; robots.txt; +https://openai.com/searchbot"
118.127.40.73 - - [13/Apr/2026:05:16:06 +1000] "GET / HTTP/1.1" 200 658 "-" "Python/3.11 aiohttp/3.9.2"
118.127.40.73 - - [13/Apr/2026:05:46:06 +1000] "GET / HTTP/1.1" 200 658 "-" "Python/3.11 aiohttp/3.9.2"
204.76.203.25 - - [13/Apr/2026:06:01:22 +1000] "GET /.env HTTP/1.1" 404 - "-" "Mozilla/5.0 (Windows NT 10.0; Win64; x64) AppleWebKit/537.36 (KHTML, like Gecko) Chrome/134.0.0.0 Safari/537.3"
118.127.40.73 - - [13/Apr/2026:06:16:07 +1000] "GET / HTTP/1.1" 200 658 "-" "Python/3.11 aiohttp/3.9.2"
74.7.228.46 - - [13/Apr/2026:06:17:13 +1000] "GET /robots.txt HTTP/1.1" 404 - "-" "Mozilla/5.0 (Macintosh; Intel Mac OS X 10_15_7) AppleWebKit/537.36 (KHTML, like Gecko) Chrome/131.0.0.0 Safari/537.36; compatible; OAI-SearchBot/1.3; robots.txt; +https://openai.com/searchbot"
118.127.40.73 - - [13/Apr/2026:06:46:07 +1000] "GET / HTTP/1.1" 200 658 "-" "Python/3.11 aiohttp/3.9.2"
118.127.40.73 - - [13/Apr/2026:07:16:07 +1000] "GET / HTTP/1.1" 200 658 "-" "Python/3.11 aiohttp/3.9.2"
74.7.228.46 - - [13/Apr/2026:07:23:45 +1000] "GET /robots.txt HTTP/1.1" 404 - "-" "Mozilla/5.0 (Macintosh; Intel Mac OS X 10_15_7) AppleWebKit/537.36 (KHTML, like Gecko) Chrome/131.0.0.0 Safari/537.36; compatible; OAI-SearchBot/1.3; robots.txt; +https://openai.com/searchbot"
74.7.227.143 - - [13/Apr/2026:07:24:45 +1000] "GET / HTTP/1.1" 200 658 "-" "Mozilla/5.0 AppleWebKit/537.36 (KHTML, like Gecko; compatible; GPTBot/1.3; +https://openai.com/gptbot)"
74.7.227.143 - - [13/Apr/2026:07:24:59 +1000] "GET /?C=M;O=A HTTP/1.1" 200 658 "https://mydata1.posscales.com.au/" "Mozilla/5.0 AppleWebKit/537.36 (KHTML, like Gecko; compatible; GPTBot/1.3; +https://openai.com/gptbot)"
74.7.227.143 - - [13/Apr/2026:07:25:10 +1000] "GET /?C=D;O=A HTTP/1.1" 200 658 "https://mydata1.posscales.com.au/" "Mozilla/5.0 AppleWebKit/537.36 (KHTML, like Gecko; compatible; GPTBot/1.3; +https://openai.com/gptbot)"
74.7.227.143 - - [13/Apr/2026:07:25:21 +1000] "GET /?C=S;O=A HTTP/1.1" 200 658 "https://mydata1.posscales.com.au/" "Mozilla/5.0 AppleWebKit/537.36 (KHTML, like Gecko; compatible; GPTBot/1.3; +https://openai.com/gptbot)"
74.7.227.143 - - [13/Apr/2026:07:25:33 +1000] "GET /?C=N;O=D HTTP/1.1" 200 658 "https://mydata1.posscales.com.au/" "Mozilla/5.0 AppleWebKit/537.36 (KHTML, like Gecko; compatible; GPTBot/1.3; +https://openai.com/gptbot)"
74.7.227.143 - - [13/Apr/2026:07:25:43 +1000] "GET /?C=D;O=D HTTP/1.1" 200 658 "https://mydata1.posscales.com.au/?C=D;O=A" "Mozilla/5.0 AppleWebKit/537.36 (KHTML, like Gecko; compatible; GPTBot/1.3; +https://openai.com/gptbot)"
74.7.227.143 - - [13/Apr/2026:07:25:52 +1000] "GET /?C=M;O=D HTTP/1.1" 200 658 "https://mydata1.posscales.com.au/?C=M;O=A" "Mozilla/5.0 AppleWebKit/537.36 (KHTML, like Gecko; compatible; GPTBot/1.3; +https://openai.com/gptbot)"
74.7.227.143 - - [13/Apr/2026:07:26:02 +1000] "GET /?C=S;O=D HTTP/1.1" 200 658 "https://mydata1.posscales.com.au/?C=S;O=A" "Mozilla/5.0 AppleWebKit/537.36 (KHTML, like Gecko; compatible; GPTBot/1.3; +https://openai.com/gptbot)"
118.127.40.73 - - [13/Apr/2026:07:46:07 +1000] "GET / HTTP/1.1" 200 658 "-" "Python/3.11 aiohttp/3.9.2"
118.127.40.73 - - [13/Apr/2026:08:16:09 +1000] "GET / HTTP/1.1" 200 658 "-" "Python/3.11 aiohttp/3.9.2"
118.127.40.73 - - [13/Apr/2026:08:46:08 +1000] "GET / HTTP/1.1" 200 658 "-" "Python/3.11 aiohttp/3.9.2"
118.127.40.73 - - [13/Apr/2026:09:16:08 +1000] "GET / HTTP/1.1" 200 658 "-" "Python/3.11 aiohttp/3.9.2"
118.127.40.73 - - [13/Apr/2026:09:46:09 +1000] "GET / HTTP/1.1" 200 658 "-" "Python/3.11 aiohttp/3.9.2"
118.127.40.73 - - [13/Apr/2026:10:16:09 +1000] "GET / HTTP/1.1" 200 658 "-" "Python/3.11 aiohttp/3.9.2"
118.127.40.73 - - [13/Apr/2026:10:46:09 +1000] "GET / HTTP/1.1" 200 658 "-" "Python/3.11 aiohttp/3.9.2"
118.127.40.73 - - [13/Apr/2026:11:16:09 +1000] "GET / HTTP/1.1" 200 658 "-" "Python/3.11 aiohttp/3.9.2"
118.127.40.73 - - [13/Apr/2026:11:46:09 +1000] "GET / HTTP/1.1" 200 658 "-" "Python/3.11 aiohttp/3.9.2"
118.127.40.73 - - [13/Apr/2026:12:16:10 +1000] "GET / HTTP/1.1" 200 658 "-" "Python/3.11 aiohttp/3.9.2"
118.127.40.73 - - [13/Apr/2026:12:46:10 +1000] "GET / HTTP/1.1" 200 658 "-" "Python/3.11 aiohttp/3.9.2"
118.127.40.73 - - [13/Apr/2026:13:16:10 +1000] "GET / HTTP/1.1" 200 658 "-" "Python/3.11 aiohttp/3.9.2"
118.127.40.73 - - [13/Apr/2026:13:46:10 +1000] "GET / HTTP/1.1" 200 658 "-" "Python/3.11 aiohttp/3.9.2"
118.127.40.73 - - [13/Apr/2026:14:16:11 +1000] "GET / HTTP/1.1" 200 658 "-" "Python/3.11 aiohttp/3.9.2"
118.127.40.73 - - [13/Apr/2026:14:46:11 +1000] "GET / HTTP/1.1" 200 658 "-" "Python/3.11 aiohttp/3.9.2"
118.127.40.73 - - [13/Apr/2026:15:16:11 +1000] "GET / HTTP/1.1" 200 658 "-" "Python/3.11 aiohttp/3.9.2"
118.127.40.73 - - [13/Apr/2026:15:46:11 +1000] "GET / HTTP/1.1" 200 658 "-" "Python/3.11 aiohttp/3.9.2"
118.127.40.73 - - [13/Apr/2026:16:16:12 +1000] "GET / HTTP/1.1" 200 658 "-" "Python/3.11 aiohttp/3.9.2"
100.55.71.27 - - [13/Apr/2026:16:36:55 +1000] "GET / HTTP/1.1" 200 658 "-" "python-requests/2.32.4"
118.127.40.73 - - [13/Apr/2026:16:46:12 +1000] "GET / HTTP/1.1" 200 658 "-" "Python/3.11 aiohttp/3.9.2"
118.127.40.73 - - [13/Apr/2026:17:16:12 +1000] "GET / HTTP/1.1" 200 658 "-" "Python/3.11 aiohttp/3.9.2"
118.127.40.73 - - [13/Apr/2026:17:46:12 +1000] "GET / HTTP/1.1" 200 658 "-" "Python/3.11 aiohttp/3.9.2"
205.210.31.177 - - [13/Apr/2026:17:49:53 +1000] "GET / HTTP/1.1" 200 658 "-" "Hello from Palo Alto Networks, find out more about our scans in https://docs-cortex.paloaltonetworks.com/r/1/Cortex-Xpanse/Scanning-activity"
118.127.40.73 - - [13/Apr/2026:18:16:12 +1000] "GET / HTTP/1.1" 200 658 "-" "Python/3.11 aiohttp/3.9.2"
118.127.40.73 - - [13/Apr/2026:18:46:13 +1000] "GET / HTTP/1.1" 200 658 "-" "Python/3.11 aiohttp/3.9.2"
118.127.40.73 - - [13/Apr/2026:19:16:13 +1000] "GET / HTTP/1.1" 200 658 "-" "Python/3.11 aiohttp/3.9.2"
118.127.40.73 - - [13/Apr/2026:19:46:13 +1000] "GET / HTTP/1.1" 200 658 "-" "Python/3.11 aiohttp/3.9.2"
118.127.40.73 - - [13/Apr/2026:20:16:13 +1000] "GET / HTTP/1.1" 200 658 "-" "Python/3.11 aiohttp/3.9.2"
118.127.40.73 - - [13/Apr/2026:20:46:13 +1000] "GET / HTTP/1.1" 200 658 "-" "Python/3.11 aiohttp/3.9.2"
118.127.40.73 - - [13/Apr/2026:21:16:14 +1000] "GET / HTTP/1.1" 200 658 "-" "Python/3.11 aiohttp/3.9.2"
118.127.40.73 - - [13/Apr/2026:21:46:14 +1000] "GET / HTTP/1.1" 200 658 "-" "Python/3.11 aiohttp/3.9.2"
45.148.10.243 - - [13/Apr/2026:22:11:33 +1000] "GET /.env HTTP/1.1" 404 - "-" "Mozilla/5.0 (Macintosh; Intel Mac OS X 10_9_5) AppleWebKit/601.4.4 (KHTML, like Gecko) Version/9.0.3 Safari/537.86.4"
118.127.40.73 - - [13/Apr/2026:22:16:14 +1000] "GET / HTTP/1.1" 200 658 "-" "Python/3.11 aiohttp/3.9.2"
118.127.40.73 - - [13/Apr/2026:22:46:14 +1000] "GET / HTTP/1.1" 200 658 "-" "Python/3.11 aiohttp/3.9.2"
118.127.40.73 - - [13/Apr/2026:23:16:14 +1000] "GET / HTTP/1.1" 200 658 "-" "Python/3.11 aiohttp/3.9.2"
64.23.164.163 - - [13/Apr/2026:23:21:05 +1000] "GET / HTTP/1.1" 200 658 "-" "Mozilla/5.0 (X11; Linux x86_64; rv:142.0) Gecko/20100101 Firefox/142.0"
64.23.164.163 - - [13/Apr/2026:23:21:08 +1000] "GET /favicon.ico HTTP/1.1" 404 - "https://www.mydata1.posscales.com.au/" "Mozilla/5.0 (X11; Linux x86_64; rv:142.0) Gecko/20100101 Firefox/142.0"
118.127.40.73 - - [13/Apr/2026:23:46:14 +1000] "GET / HTTP/1.1" 200 658 "-" "Python/3.11 aiohttp/3.9.2"
118.127.40.73 - - [14/Apr/2026:00:16:15 +1000] "GET / HTTP/1.1" 200 658 "-" "Python/3.11 aiohttp/3.9.2"
118.127.40.73 - - [14/Apr/2026:00:46:15 +1000] "GET / HTTP/1.1" 200 658 "-" "Python/3.11 aiohttp/3.9.2"
118.127.40.73 - - [14/Apr/2026:01:16:15 +1000] "GET / HTTP/1.1" 200 658 "-" "Python/3.11 aiohttp/3.9.2"
118.127.40.73 - - [14/Apr/2026:01:46:15 +1000] "GET / HTTP/1.1" 200 658 "-" "Python/3.11 aiohttp/3.9.2"
118.127.40.73 - - [14/Apr/2026:02:16:16 +1000] "GET / HTTP/1.1" 200 658 "-" "Python/3.11 aiohttp/3.9.2"
118.127.40.73 - - [14/Apr/2026:02:46:16 +1000] "GET / HTTP/1.1" 200 658 "-" "Python/3.11 aiohttp/3.9.2"
118.127.40.73 - - [14/Apr/2026:03:16:16 +1000] "GET / HTTP/1.1" 200 658 "-" "Python/3.11 aiohttp/3.9.2"
118.127.40.73 - - [14/Apr/2026:03:46:16 +1000] "GET / HTTP/1.1" 200 658 "-" "Python/3.11 aiohttp/3.9.2"
118.127.40.73 - - [14/Apr/2026:04:16:17 +1000] "GET / HTTP/1.1" 200 658 "-" "Python/3.11 aiohttp/3.9.2"
118.127.40.73 - - [14/Apr/2026:04:46:17 +1000] "GET / HTTP/1.1" 200 658 "-" "Python/3.11 aiohttp/3.9.2"
118.127.40.73 - - [14/Apr/2026:05:16:17 +1000] "GET / HTTP/1.1" 200 658 "-" "Python/3.11 aiohttp/3.9.2"
118.127.40.73 - - [14/Apr/2026:05:46:17 +1000] "GET / HTTP/1.1" 200 658 "-" "Python/3.11 aiohttp/3.9.2"
118.127.40.73 - - [14/Apr/2026:06:16:17 +1000] "GET / HTTP/1.1" 200 658 "-" "Python/3.11 aiohttp/3.9.2"
185.177.72.60 - - [14/Apr/2026:06:18:08 +1000] "GET / HTTP/1.1" 200 658 "-" "Mozilla/5.0 (Windows NT 10.0; Win64; x64) AppleWebKit/537.36 (KHTML, like Gecko) Chrome/131.0.0.0 Safari/537.36"
185.177.72.60 - - [14/Apr/2026:06:18:09 +1000] "GET /.env HTTP/1.1" 404 - "-" "Mozilla/5.0 (X11; Linux x86_64) AppleWebKit/537.36 (KHTML, like Gecko) Chrome/131.0.0.0 Safari/537.36"
185.177.72.60 - - [14/Apr/2026:06:18:09 +1000] "GET /.env.bak HTTP/1.1" 404 - "-" "Mozilla/5.0 (X11; Linux x86_64) AppleWebKit/537.36 (KHTML, like Gecko) Chrome/131.0.0.0 Safari/537.36"
185.177.72.60 - - [14/Apr/2026:06:18:09 +1000] "GET /.env.save HTTP/1.1" 404 - "-" "Mozilla/5.0 (Windows NT 10.0; Win64; x64; rv:133.0) Gecko/20100101 Firefox/133.0"
185.177.72.60 - - [14/Apr/2026:06:18:10 +1000] "GET /.env.local HTTP/1.1" 404 - "-" "Mozilla/5.0 (Windows NT 10.0; Win64; x64) AppleWebKit/537.36 (KHTML, like Gecko) Chrome/131.0.0.0 Safari/537.36"
185.177.72.60 - - [14/Apr/2026:06:18:10 +1000] "GET /backend/.env HTTP/1.1" 404 - "-" "Mozilla/5.0 (Windows NT 10.0; Win64; x64) AppleWebKit/537.36 (KHTML, like Gecko) Chrome/131.0.0.0 Safari/537.36"
185.177.72.60 - - [14/Apr/2026:06:18:10 +1000] "GET /admin/.env HTTP/1.1" 404 - "-" "Mozilla/5.0 (Windows NT 10.0; Win64; x64) AppleWebKit/537.36 (KHTML, like Gecko) Chrome/131.0.0.0 Safari/537.36"
185.177.72.60 - - [14/Apr/2026:06:18:11 +1000] "GET /.git/config HTTP/1.1" 404 - "-" "Mozilla/5.0 (Macintosh; Intel Mac OS X 10_15_7) AppleWebKit/537.36 (KHTML, like Gecko) Chrome/131.0.0.0 Safari/537.36"
185.177.72.60 - - [14/Apr/2026:06:18:11 +1000] "GET /wp-config.php HTTP/1.1" 404 - "-" "Mozilla/5.0 (Macintosh; Intel Mac OS X 10_15_7) AppleWebKit/537.36 (KHTML, like Gecko) Chrome/131.0.0.0 Safari/537.36"
185.177.72.60 - - [14/Apr/2026:06:18:11 +1000] "GET /wp-config.php.old HTTP/1.1" 404 - "-" "Mozilla/5.0 (Macintosh; Intel Mac OS X 10_15_7) AppleWebKit/537.36 (KHTML, like Gecko) Chrome/131.0.0.0 Safari/537.36"
185.177.72.60 - - [14/Apr/2026:06:18:12 +1000] "GET /config.php HTTP/1.1" 404 16 "-" "Mozilla/5.0 (Windows NT 10.0; Win64; x64; rv:133.0) Gecko/20100101 Firefox/133.0"
185.177.72.60 - - [14/Apr/2026:06:18:12 +1000] "GET /config.php.bak HTTP/1.1" 404 - "-" "Mozilla/5.0 (Windows NT 10.0; Win64; x64) AppleWebKit/537.36 (KHTML, like Gecko) Chrome/131.0.0.0 Safari/537.36"
185.177.72.60 - - [14/Apr/2026:06:18:12 +1000] "GET /config.js HTTP/1.1" 404 - "-" "Mozilla/5.0 (Macintosh; Intel Mac OS X 10_15_7) AppleWebKit/537.36 (KHTML, like Gecko) Chrome/131.0.0.0 Safari/537.36"
185.177.72.60 - - [14/Apr/2026:06:18:13 +1000] "GET /aws-config.js HTTP/1.1" 404 - "-" "Mozilla/5.0 (Windows NT 10.0; Win64; x64; rv:133.0) Gecko/20100101 Firefox/133.0"
185.177.72.60 - - [14/Apr/2026:06:18:13 +1000] "GET /aws.config.js HTTP/1.1" 404 - "-" "Mozilla/5.0 (Windows NT 10.0; Win64; x64; rv:133.0) Gecko/20100101 Firefox/133.0"
185.177.72.60 - - [14/Apr/2026:06:18:13 +1000] "GET /.git/HEAD HTTP/1.1" 404 - "-" "Mozilla/5.0 (Windows NT 10.0; Win64; x64) AppleWebKit/537.36 (KHTML, like Gecko) Chrome/131.0.0.0 Safari/537.36"
185.177.72.60 - - [14/Apr/2026:06:18:14 +1000] "GET /.git/config HTTP/1.1" 404 - "-" "Mozilla/5.0 (Windows NT 10.0; Win64; x64; rv:133.0) Gecko/20100101 Firefox/133.0"
89.222.112.66 - - [14/Apr/2026:06:18:17 +1000] "GET / HTTP/1.1" 200 658 "-" "Mozilla/5.0 (Macintosh; Intel Mac OS X 14_3) AppleWebKit/605.1.15 (KHTML, like Gecko) Version/17.2 Safari/605.1.15"
118.127.40.73 - - [14/Apr/2026:06:46:17 +1000] "GET / HTTP/1.1" 200 658 "-" "Python/3.11 aiohttp/3.9.2"
118.127.40.73 - - [14/Apr/2026:07:16:19 +1000] "GET / HTTP/1.1" 200 658 "-" "Python/3.11 aiohttp/3.9.2"
118.127.40.73 - - [14/Apr/2026:07:46:18 +1000] "GET / HTTP/1.1" 200 658 "-" "Python/3.11 aiohttp/3.9.2"
185.177.72.60 - - [14/Apr/2026:08:04:08 +1000] "GET / HTTP/1.1" 200 658 "-" "Mozilla/5.0 (Macintosh; Intel Mac OS X 10_15_7) AppleWebKit/537.36 (KHTML, like Gecko) Chrome/131.0.0.0 Safari/537.36"
185.177.72.60 - - [14/Apr/2026:08:04:08 +1000] "GET /.env HTTP/1.1" 404 - "-" "Mozilla/5.0 (Windows NT 10.0; Win64; x64) AppleWebKit/537.36 (KHTML, like Gecko) Chrome/131.0.0.0 Safari/537.36"
185.177.72.60 - - [14/Apr/2026:08:04:08 +1000] "GET /.env.bak HTTP/1.1" 404 - "-" "Mozilla/5.0 (Macintosh; Intel Mac OS X 10_15_7) AppleWebKit/537.36 (KHTML, like Gecko) Chrome/131.0.0.0 Safari/537.36"
185.177.72.60 - - [14/Apr/2026:08:04:09 +1000] "GET /.env.save HTTP/1.1" 404 - "-" "Mozilla/5.0 (Windows NT 10.0; Win64; x64; rv:133.0) Gecko/20100101 Firefox/133.0"
185.177.72.60 - - [14/Apr/2026:08:04:09 +1000] "GET /.env.local HTTP/1.1" 404 - "-" "Mozilla/5.0 (Macintosh; Intel Mac OS X 10_15_7) AppleWebKit/537.36 (KHTML, like Gecko) Chrome/131.0.0.0 Safari/537.36"
185.177.72.60 - - [14/Apr/2026:08:04:09 +1000] "GET /backend/.env HTTP/1.1" 404 - "-" "Mozilla/5.0 (Macintosh; Intel Mac OS X 10_15_7) AppleWebKit/537.36 (KHTML, like Gecko) Chrome/131.0.0.0 Safari/537.36"
185.177.72.60 - - [14/Apr/2026:08:04:10 +1000] "GET /admin/.env HTTP/1.1" 404 - "-" "Mozilla/5.0 (Macintosh; Intel Mac OS X 10_15_7) AppleWebKit/537.36 (KHTML, like Gecko) Chrome/131.0.0.0 Safari/537.36"
185.177.72.60 - - [14/Apr/2026:08:04:10 +1000] "GET /.git/config HTTP/1.1" 404 - "-" "Mozilla/5.0 (Macintosh; Intel Mac OS X 10_15_7) AppleWebKit/537.36 (KHTML, like Gecko) Chrome/131.0.0.0 Safari/537.36"
185.177.72.60 - - [14/Apr/2026:08:04:10 +1000] "GET /wp-config.php HTTP/1.1" 404 - "-" "Mozilla/5.0 (Macintosh; Intel Mac OS X 10_15_7) AppleWebKit/537.36 (KHTML, like Gecko) Chrome/131.0.0.0 Safari/537.36"
185.177.72.60 - - [14/Apr/2026:08:04:10 +1000] "GET /wp-config.php.old HTTP/1.1" 404 - "-" "Mozilla/5.0 (Macintosh; Intel Mac OS X 10_15_7) AppleWebKit/537.36 (KHTML, like Gecko) Chrome/131.0.0.0 Safari/537.36"
185.177.72.60 - - [14/Apr/2026:08:04:11 +1000] "GET /config.php HTTP/1.1" 404 16 "-" "Mozilla/5.0 (Windows NT 10.0; Win64; x64; rv:133.0) Gecko/20100101 Firefox/133.0"
185.177.72.60 - - [14/Apr/2026:08:04:11 +1000] "GET /config.php.bak HTTP/1.1" 404 - "-" "Mozilla/5.0 (X11; Linux x86_64) AppleWebKit/537.36 (KHTML, like Gecko) Chrome/131.0.0.0 Safari/537.36"
185.177.72.60 - - [14/Apr/2026:08:04:11 +1000] "GET /config.js HTTP/1.1" 404 - "-" "Mozilla/5.0 (X11; Linux x86_64) AppleWebKit/537.36 (KHTML, like Gecko) Chrome/131.0.0.0 Safari/537.36"
185.177.72.60 - - [14/Apr/2026:08:04:11 +1000] "GET /aws-config.js HTTP/1.1" 404 - "-" "Mozilla/5.0 (Macintosh; Intel Mac OS X 10_15_7) AppleWebKit/537.36 (KHTML, like Gecko) Chrome/131.0.0.0 Safari/537.36"
185.177.72.60 - - [14/Apr/2026:08:04:12 +1000] "GET /aws.config.js HTTP/1.1" 404 - "-" "Mozilla/5.0 (X11; Linux x86_64) AppleWebKit/537.36 (KHTML, like Gecko) Chrome/131.0.0.0 Safari/537.36"
185.177.72.60 - - [14/Apr/2026:08:04:12 +1000] "GET /.git/HEAD HTTP/1.1" 404 - "-" "Mozilla/5.0 (X11; Linux x86_64) AppleWebKit/537.36 (KHTML, like Gecko) Chrome/131.0.0.0 Safari/537.36"
185.177.72.60 - - [14/Apr/2026:08:04:12 +1000] "GET /.git/config HTTP/1.1" 404 - "-" "Mozilla/5.0 (X11; Linux x86_64) AppleWebKit/537.36 (KHTML, like Gecko) Chrome/131.0.0.0 Safari/537.36"
118.127.40.73 - - [14/Apr/2026:08:16:18 +1000] "GET / HTTP/1.1" 200 658 "-" "Python/3.11 aiohttp/3.9.2"
118.127.40.73 - - [14/Apr/2026:08:46:18 +1000] "GET / HTTP/1.1" 200 658 "-" "Python/3.11 aiohttp/3.9.2"
118.127.40.73 - - [14/Apr/2026:09:16:18 +1000] "GET / HTTP/1.1" 200 658 "-" "Python/3.11 aiohttp/3.9.2"
118.127.40.73 - - [14/Apr/2026:09:46:18 +1000] "GET / HTTP/1.1" 200 658 "-" "Python/3.11 aiohttp/3.9.2"
65.87.7.61 - - [14/Apr/2026:10:10:10 +1000] "GET / HTTP/1.1" 200 658 "-" "Mozilla/5.0 (Windows NT 10.0; Win64; x64; rv:125.0) Gecko/20100101 Firefox/125.0"
118.127.40.73 - - [14/Apr/2026:10:16:19 +1000] "GET / HTTP/1.1" 200 658 "-" "Python/3.11 aiohttp/3.9.2"
118.127.40.73 - - [14/Apr/2026:10:46:19 +1000] "GET / HTTP/1.1" 200 658 "-" "Python/3.11 aiohttp/3.9.2"
118.127.40.73 - - [14/Apr/2026:11:16:19 +1000] "GET / HTTP/1.1" 200 658 "-" "Python/3.11 aiohttp/3.9.2"
44.209.43.227 - - [14/Apr/2026:11:39:21 +1000] "GET / HTTP/1.1" 200 658 "-" "Mozilla/5.0 (Macintosh; Intel Mac OS X 10_15_7) AppleWebKit/537.36 (KHTML, like Gecko) Chrome/138.0.0.0 Safari/537.36"
118.127.40.73 - - [14/Apr/2026:11:46:19 +1000] "GET / HTTP/1.1" 200 658 "-" "Python/3.11 aiohttp/3.9.2"
118.127.40.73 - - [14/Apr/2026:12:16:19 +1000] "GET / HTTP/1.1" 200 658 "-" "Python/3.11 aiohttp/3.9.2"
118.127.40.73 - - [14/Apr/2026:12:46:20 +1000] "GET / HTTP/1.1" 200 658 "-" "Python/3.11 aiohttp/3.9.2"
118.127.40.73 - - [14/Apr/2026:13:16:20 +1000] "GET / HTTP/1.1" 200 658 "-" "Python/3.11 aiohttp/3.9.2"
118.127.40.73 - - [14/Apr/2026:13:46:20 +1000] "GET / HTTP/1.1" 200 658 "-" "Python/3.11 aiohttp/3.9.2"
118.127.40.73 - - [14/Apr/2026:14:16:20 +1000] "GET / HTTP/1.1" 200 658 "-" "Python/3.11 aiohttp/3.9.2"
118.127.40.73 - - [14/Apr/2026:14:46:20 +1000] "GET / HTTP/1.1" 200 658 "-" "Python/3.11 aiohttp/3.9.2"
118.127.40.73 - - [14/Apr/2026:15:16:20 +1000] "GET / HTTP/1.1" 200 658 "-" "Python/3.11 aiohttp/3.9.2"
118.127.40.73 - - [14/Apr/2026:15:46:21 +1000] "GET / HTTP/1.1" 200 658 "-" "Python/3.11 aiohttp/3.9.2"
118.127.40.73 - - [14/Apr/2026:16:16:21 +1000] "GET / HTTP/1.1" 200 658 "-" "Python/3.11 aiohttp/3.9.2"
118.127.40.73 - - [14/Apr/2026:16:46:21 +1000] "GET / HTTP/1.1" 200 658 "-" "Python/3.11 aiohttp/3.9.2"
118.127.40.73 - - [14/Apr/2026:17:16:21 +1000] "GET / HTTP/1.1" 200 658 "-" "Python/3.11 aiohttp/3.9.2"
118.127.40.73 - - [14/Apr/2026:17:46:22 +1000] "GET / HTTP/1.1" 200 658 "-" "Python/3.11 aiohttp/3.9.2"
118.127.40.73 - - [14/Apr/2026:18:16:22 +1000] "GET / HTTP/1.1" 200 658 "-" "Python/3.11 aiohttp/3.9.2"
118.127.40.73 - - [14/Apr/2026:18:46:22 +1000] "GET / HTTP/1.1" 200 658 "-" "Python/3.11 aiohttp/3.9.2"
118.127.40.73 - - [14/Apr/2026:19:16:22 +1000] "GET / HTTP/1.1" 200 658 "-" "Python/3.11 aiohttp/3.9.2"
118.127.40.73 - - [14/Apr/2026:19:46:22 +1000] "GET / HTTP/1.1" 200 658 "-" "Python/3.11 aiohttp/3.9.2"
118.127.40.73 - - [14/Apr/2026:20:16:23 +1000] "GET / HTTP/1.1" 200 658 "-" "Python/3.11 aiohttp/3.9.2"
118.127.40.73 - - [14/Apr/2026:20:46:23 +1000] "GET / HTTP/1.1" 200 658 "-" "Python/3.11 aiohttp/3.9.2"
118.127.40.73 - - [14/Apr/2026:21:16:23 +1000] "GET / HTTP/1.1" 200 658 "-" "Python/3.11 aiohttp/3.9.2"
118.127.40.73 - - [14/Apr/2026:21:46:23 +1000] "GET / HTTP/1.1" 200 658 "-" "Python/3.11 aiohttp/3.9.2"
118.127.40.73 - - [14/Apr/2026:22:16:23 +1000] "GET / HTTP/1.1" 200 658 "-" "Python/3.11 aiohttp/3.9.2"
118.127.40.73 - - [14/Apr/2026:22:46:24 +1000] "GET / HTTP/1.1" 200 658 "-" "Python/3.11 aiohttp/3.9.2"
118.127.40.73 - - [14/Apr/2026:23:16:24 +1000] "GET / HTTP/1.1" 200 658 "-" "Python/3.11 aiohttp/3.9.2"
118.127.40.73 - - [14/Apr/2026:23:46:24 +1000] "GET / HTTP/1.1" 200 658 "-" "Python/3.11 aiohttp/3.9.2"
118.127.40.73 - - [15/Apr/2026:00:16:24 +1000] "GET / HTTP/1.1" 200 658 "-" "Python/3.11 aiohttp/3.9.2"
118.127.40.73 - - [15/Apr/2026:00:46:24 +1000] "GET / HTTP/1.1" 200 658 "-" "Python/3.11 aiohttp/3.9.2"
118.127.40.73 - - [15/Apr/2026:01:16:25 +1000] "GET / HTTP/1.1" 200 658 "-" "Python/3.11 aiohttp/3.9.2"
118.127.40.73 - - [15/Apr/2026:01:46:25 +1000] "GET / HTTP/1.1" 200 658 "-" "Python/3.11 aiohttp/3.9.2"
118.127.40.73 - - [15/Apr/2026:02:16:25 +1000] "GET / HTTP/1.1" 200 658 "-" "Python/3.11 aiohttp/3.9.2"
118.127.40.73 - - [15/Apr/2026:02:46:25 +1000] "GET / HTTP/1.1" 200 658 "-" "Python/3.11 aiohttp/3.9.2"
195.178.110.241 - - [15/Apr/2026:02:58:10 +1000] "GET /.git/config HTTP/1.1" 404 - "-" "Mozilla/5.0 (Windows NT 10.0; Win64; x64; rv:109.0) Gecko/20100101 Firefox/117.0"
118.127.40.73 - - [15/Apr/2026:03:16:26 +1000] "GET / HTTP/1.1" 200 658 "-" "Python/3.11 aiohttp/3.9.2"
118.127.40.73 - - [15/Apr/2026:03:46:26 +1000] "GET / HTTP/1.1" 200 658 "-" "Python/3.11 aiohttp/3.9.2"
161.118.249.52 - - [15/Apr/2026:03:59:50 +1000] "GET /wp-login.php HTTP/1.1" 404 16 "https://wordpress.org/" "Mozilla/5.0 (Macintosh; Intel Mac OS X 10_15_7; rv:120.0) Gecko/20100101 Firefox/120.0"
161.118.249.52 - - [15/Apr/2026:03:59:50 +1000] "GET /wp-admin/ HTTP/1.1" 404 - "https://www.bing.com/" "Mozilla/5.0 (Macintosh; Intel Mac OS X 10_15_7) AppleWebKit/537.36 (KHTML, like Gecko) Chrome/121.0.0.0 Safari/537.36"
118.127.40.73 - - [15/Apr/2026:04:16:26 +1000] "GET / HTTP/1.1" 200 658 "-" "Python/3.11 aiohttp/3.9.2"
118.127.40.73 - - [15/Apr/2026:04:46:26 +1000] "GET / HTTP/1.1" 200 658 "-" "Python/3.11 aiohttp/3.9.2"
65.87.7.61 - - [15/Apr/2026:04:55:16 +1000] "GET / HTTP/1.1" 200 658 "-" "Mozilla/5.0 (Windows NT 10.0; Win64; x64) AppleWebKit/537.36 (KHTML, like Gecko) Chrome/124.0.0.0 Safari/537.36"
118.127.40.73 - - [15/Apr/2026:05:16:26 +1000] "GET / HTTP/1.1" 200 658 "-" "Python/3.11 aiohttp/3.9.2"
118.127.40.73 - - [15/Apr/2026:05:46:26 +1000] "GET / HTTP/1.1" 200 658 "-" "Python/3.11 aiohttp/3.9.2"
118.127.40.73 - - [15/Apr/2026:06:16:27 +1000] "GET / HTTP/1.1" 200 658 "-" "Python/3.11 aiohttp/3.9.2"
118.127.40.73 - - [15/Apr/2026:06:46:27 +1000] "GET / HTTP/1.1" 200 658 "-" "Python/3.11 aiohttp/3.9.2"
106.63.26.14 - - [15/Apr/2026:06:52:10 +1000] "GET / HTTP/1.1" 200 658 "-" "Mozilla/5.0 (Macintosh; Intel Mac OS X 10_15_7) AppleWebKit/537.36 (KHTML, like Gecko) Chrome/120.0.0.0 Safari/537.36 Edg/120.0.0.0"
118.127.40.73 - - [15/Apr/2026:07:16:27 +1000] "GET / HTTP/1.1" 200 658 "-" "Python/3.11 aiohttp/3.9.2"
118.127.40.73 - - [15/Apr/2026:07:46:27 +1000] "GET / HTTP/1.1" 200 658 "-" "Python/3.11 aiohttp/3.9.2"
118.127.40.73 - - [15/Apr/2026:08:16:28 +1000] "GET / HTTP/1.1" 200 658 "-" "Python/3.11 aiohttp/3.9.2"
118.127.40.73 - - [15/Apr/2026:08:46:28 +1000] "GET / HTTP/1.1" 200 658 "-" "Python/3.11 aiohttp/3.9.2"
118.127.40.73 - - [15/Apr/2026:09:16:28 +1000] "GET / HTTP/1.1" 200 658 "-" "Python/3.11 aiohttp/3.9.2"
118.127.40.73 - - [15/Apr/2026:09:46:28 +1000] "GET / HTTP/1.1" 200 658 "-" "Python/3.11 aiohttp/3.9.2"
204.76.203.25 - - [15/Apr/2026:09:59:29 +1000] "GET / HTTP/1.1" 200 658 "-" "Mozilla/5.0 (Windows NT 10.0; Win64; x64) AppleWebKit/537.36 (KHTML, like Gecko) Chrome/134.0.0.0 Safari/537.3"
118.127.40.73 - - [15/Apr/2026:10:16:28 +1000] "GET / HTTP/1.1" 200 658 "-" "Python/3.11 aiohttp/3.9.2"
118.127.40.73 - - [15/Apr/2026:10:46:29 +1000] "GET / HTTP/1.1" 200 658 "-" "Python/3.11 aiohttp/3.9.2"
118.127.40.73 - - [15/Apr/2026:11:16:29 +1000] "GET / HTTP/1.1" 200 658 "-" "Python/3.11 aiohttp/3.9.2"
118.127.40.73 - - [15/Apr/2026:11:46:29 +1000] "GET / HTTP/1.1" 200 658 "-" "Python/3.11 aiohttp/3.9.2"
118.127.40.73 - - [15/Apr/2026:12:16:29 +1000] "GET / HTTP/1.1" 200 658 "-" "Python/3.11 aiohttp/3.9.2"
118.127.40.73 - - [15/Apr/2026:12:46:29 +1000] "GET / HTTP/1.1" 200 658 "-" "Python/3.11 aiohttp/3.9.2"
118.127.40.73 - - [15/Apr/2026:13:16:30 +1000] "GET / HTTP/1.1" 200 658 "-" "Python/3.11 aiohttp/3.9.2"
118.127.40.73 - - [15/Apr/2026:13:46:30 +1000] "GET / HTTP/1.1" 200 658 "-" "Python/3.11 aiohttp/3.9.2"
118.127.40.73 - - [15/Apr/2026:14:16:30 +1000] "GET / HTTP/1.1" 200 658 "-" "Python/3.11 aiohttp/3.9.2"
118.127.40.73 - - [15/Apr/2026:14:46:30 +1000] "GET / HTTP/1.1" 200 658 "-" "Python/3.11 aiohttp/3.9.2"
118.127.40.73 - - [15/Apr/2026:15:16:35 +1000] "GET / HTTP/1.1" 200 658 "-" "Python/3.11 aiohttp/3.9.2"
118.127.40.73 - - [15/Apr/2026:15:46:30 +1000] "GET / HTTP/1.1" 200 658 "-" "Python/3.11 aiohttp/3.9.2"
118.127.40.73 - - [15/Apr/2026:16:16:31 +1000] "GET / HTTP/1.1" 200 658 "-" "Python/3.11 aiohttp/3.9.2"
118.127.40.73 - - [15/Apr/2026:16:46:31 +1000] "GET / HTTP/1.1" 200 658 "-" "Python/3.11 aiohttp/3.9.2"
118.127.40.73 - - [15/Apr/2026:17:16:31 +1000] "GET / HTTP/1.1" 200 658 "-" "Python/3.11 aiohttp/3.9.2"
118.127.40.73 - - [15/Apr/2026:17:46:31 +1000] "GET / HTTP/1.1" 200 658 "-" "Python/3.11 aiohttp/3.9.2"
118.127.40.73 - - [15/Apr/2026:18:16:31 +1000] "GET / HTTP/1.1" 200 658 "-" "Python/3.11 aiohttp/3.9.2"
118.127.40.73 - - [15/Apr/2026:18:46:31 +1000] "GET / HTTP/1.1" 200 658 "-" "Python/3.11 aiohttp/3.9.2"
118.127.40.73 - - [15/Apr/2026:19:16:32 +1000] "GET / HTTP/1.1" 200 658 "-" "Python/3.11 aiohttp/3.9.2"
118.127.40.73 - - [15/Apr/2026:19:46:32 +1000] "GET / HTTP/1.1" 200 658 "-" "Python/3.11 aiohttp/3.9.2"
118.127.40.73 - - [15/Apr/2026:20:16:32 +1000] "GET / HTTP/1.1" 200 658 "-" "Python/3.11 aiohttp/3.9.2"
93.123.109.79 - - [15/Apr/2026:20:19:44 +1000] "GET /.git/config HTTP/1.1" 404 - "-" "Mozilla/5.0 (Windows NT 10.0; Win64; x64) AppleWebKit/537.36 (KHTML, like Gecko) Chrome/126.0.0.0 Safari/537.36"
118.127.40.73 - - [15/Apr/2026:20:46:32 +1000] "GET / HTTP/1.1" 200 658 "-" "Python/3.11 aiohttp/3.9.2"
118.127.40.73 - - [15/Apr/2026:21:16:32 +1000] "GET / HTTP/1.1" 200 658 "-" "Python/3.11 aiohttp/3.9.2"
118.127.40.73 - - [15/Apr/2026:21:46:33 +1000] "GET / HTTP/1.1" 200 658 "-" "Python/3.11 aiohttp/3.9.2"
118.127.40.73 - - [15/Apr/2026:22:16:33 +1000] "GET / HTTP/1.1" 200 658 "-" "Python/3.11 aiohttp/3.9.2"
66.132.195.106 - - [15/Apr/2026:22:24:05 +1000] "GET / HTTP/1.1" 200 658 "-" "Mozilla/5.0 (compatible; CensysInspect/1.1; +https://about.censys.io/)"
66.132.195.106 - - [15/Apr/2026:22:24:08 +1000] "GET /favicon.ico HTTP/1.1" 404 - "-" "Mozilla/5.0 (compatible; CensysInspect/1.1; +https://about.censys.io/)"
66.132.195.106 - - [15/Apr/2026:22:24:20 +1000] "GET / HTTP/1.1" 200 658 "-" "Mozilla/5.0 (compatible; CensysInspect/1.1; +https://about.censys.io/)"
66.132.195.106 - - [15/Apr/2026:22:24:20 +1000] "GET /cgi-bin HTTP/1.1" 301 289 "-" "Mozilla/5.0 (compatible; CensysInspect/1.1; +https://about.censys.io/)"
66.132.195.106 - - [15/Apr/2026:22:24:20 +1000] "GET /cgi-bin/ HTTP/1.1" 404 - "https://mydata1.posscales.com.au:443/cgi-bin" "Mozilla/5.0 (compatible; CensysInspect/1.1; +https://about.censys.io/)"
66.132.172.192 - - [15/Apr/2026:22:44:04 +1000] "GET / HTTP/1.1" 200 658 "-" "Mozilla/5.0 (compatible; CensysInspect/1.1; +https://about.censys.io/)"
66.132.172.192 - - [15/Apr/2026:22:44:04 +1000] "GET /cgi-bin HTTP/1.1" 301 289 "-" "Mozilla/5.0 (compatible; CensysInspect/1.1; +https://about.censys.io/)"
66.132.172.192 - - [15/Apr/2026:22:44:05 +1000] "GET /cgi-bin/ HTTP/1.1" 404 - "https://mydata1.posscales.com.au:443/cgi-bin" "Mozilla/5.0 (compatible; CensysInspect/1.1; +https://about.censys.io/)"
118.127.40.73 - - [15/Apr/2026:22:46:34 +1000] "GET / HTTP/1.1" 200 658 "-" "Python/3.11 aiohttp/3.9.2"
118.127.40.73 - - [15/Apr/2026:23:16:33 +1000] "GET / HTTP/1.1" 200 658 "-" "Python/3.11 aiohttp/3.9.2"
118.127.40.73 - - [15/Apr/2026:23:46:34 +1000] "GET / HTTP/1.1" 200 658 "-" "Python/3.11 aiohttp/3.9.2"
118.127.40.73 - - [16/Apr/2026:00:16:42 +1000] "GET / HTTP/1.1" 200 658 "-" "Python/3.11 aiohttp/3.9.2"
118.127.40.73 - - [16/Apr/2026:00:46:35 +1000] "GET / HTTP/1.1" 200 658 "-" "Python/3.11 aiohttp/3.9.2"
160.30.137.9 - - [16/Apr/2026:00:53:50 +1000] "GET /wp-login.php HTTP/1.1" 404 16 "-" "Mozilla/5.0 (Windows NT 11.0; Win64; x64; rv:121.0) Gecko/20100101 Firefox/121.0"
160.30.137.9 - - [16/Apr/2026:00:53:51 +1000] "GET /wp-admin/ HTTP/1.1" 404 - "-" "Mozilla/5.0 (Windows NT 11.0; Win64; x64) AppleWebKit/537.36 (KHTML, like Gecko) Chrome/120.0.0.0 Safari/537.36"
118.127.40.73 - - [16/Apr/2026:01:16:36 +1000] "GET / HTTP/1.1" 200 658 "-" "Python/3.11 aiohttp/3.9.2"
118.127.40.73 - - [16/Apr/2026:01:46:35 +1000] "GET / HTTP/1.1" 200 658 "-" "Python/3.11 aiohttp/3.9.2"
118.127.40.73 - - [16/Apr/2026:02:16:35 +1000] "GET / HTTP/1.1" 200 658 "-" "Python/3.11 aiohttp/3.9.2"
34.141.254.56 - - [16/Apr/2026:02:30:35 +1000] "GET / HTTP/1.1" 200 658 "-" "Scrapy/2.13.4 (+https://scrapy.org)"
118.127.40.73 - - [16/Apr/2026:02:46:36 +1000] "GET / HTTP/1.1" 200 658 "-" "Python/3.11 aiohttp/3.9.2"
118.127.40.73 - - [16/Apr/2026:03:16:36 +1000] "GET / HTTP/1.1" 200 658 "-" "Python/3.11 aiohttp/3.9.2"
118.127.40.73 - - [16/Apr/2026:03:46:36 +1000] "GET / HTTP/1.1" 200 658 "-" "Python/3.11 aiohttp/3.9.2"
118.127.40.73 - - [16/Apr/2026:04:16:37 +1000] "GET / HTTP/1.1" 200 658 "-" "Python/3.11 aiohttp/3.9.2"
118.127.40.73 - - [16/Apr/2026:04:46:36 +1000] "GET / HTTP/1.1" 200 658 "-" "Python/3.11 aiohttp/3.9.2"
118.127.40.73 - - [16/Apr/2026:05:16:37 +1000] "GET / HTTP/1.1" 200 658 "-" "Python/3.11 aiohttp/3.9.2"
118.127.40.73 - - [16/Apr/2026:05:46:38 +1000] "GET / HTTP/1.1" 200 658 "-" "Python/3.11 aiohttp/3.9.2"
118.127.40.73 - - [16/Apr/2026:06:16:40 +1000] "GET / HTTP/1.1" 200 658 "-" "Python/3.11 aiohttp/3.9.2"
118.127.40.73 - - [16/Apr/2026:06:46:38 +1000] "GET / HTTP/1.1" 200 658 "-" "Python/3.11 aiohttp/3.9.2"
118.127.40.73 - - [16/Apr/2026:07:16:38 +1000] "GET / HTTP/1.1" 200 658 "-" "Python/3.11 aiohttp/3.9.2"
118.127.40.73 - - [16/Apr/2026:07:46:39 +1000] "GET / HTTP/1.1" 200 658 "-" "Python/3.11 aiohttp/3.9.2"
118.127.40.73 - - [16/Apr/2026:08:16:41 +1000] "GET / HTTP/1.1" 200 658 "-" "Python/3.11 aiohttp/3.9.2"
118.127.40.73 - - [16/Apr/2026:08:46:39 +1000] "GET / HTTP/1.1" 200 658 "-" "Python/3.11 aiohttp/3.9.2"
118.127.40.73 - - [16/Apr/2026:09:16:40 +1000] "GET / HTTP/1.1" 200 658 "-" "Python/3.11 aiohttp/3.9.2"
118.127.40.73 - - [16/Apr/2026:09:46:40 +1000] "GET / HTTP/1.1" 200 658 "-" "Python/3.11 aiohttp/3.9.2"
118.127.40.73 - - [16/Apr/2026:10:16:40 +1000] "GET / HTTP/1.1" 200 658 "-" "Python/3.11 aiohttp/3.9.2"
118.127.40.73 - - [16/Apr/2026:10:46:40 +1000] "GET / HTTP/1.1" 200 658 "-" "Python/3.11 aiohttp/3.9.2"
118.127.40.73 - - [16/Apr/2026:11:16:40 +1000] "GET / HTTP/1.1" 200 658 "-" "Python/3.11 aiohttp/3.9.2"
118.127.40.73 - - [16/Apr/2026:11:46:40 +1000] "GET / HTTP/1.1" 200 658 "-" "Python/3.11 aiohttp/3.9.2"
118.127.40.73 - - [16/Apr/2026:12:16:41 +1000] "GET / HTTP/1.1" 200 658 "-" "Python/3.11 aiohttp/3.9.2"
118.127.40.73 - - [16/Apr/2026:12:46:41 +1000] "GET / HTTP/1.1" 200 658 "-" "Python/3.11 aiohttp/3.9.2"
130.12.180.144 - - [16/Apr/2026:13:16:02 +1000] "GET /.git/HEAD HTTP/1.1" 404 - "-" "Mozilla/5.0 (Windows NT 10.0; Win64; x64) AppleWebKit/537.36"
130.12.180.144 - - [16/Apr/2026:13:16:03 +1000] "GET /.git/config HTTP/1.1" 404 - "-" "Mozilla/5.0 (Windows NT 10.0; Win64; x64) AppleWebKit/537.36"
118.127.40.73 - - [16/Apr/2026:13:16:41 +1000] "GET / HTTP/1.1" 200 658 "-" "Python/3.11 aiohttp/3.9.2"
118.127.40.73 - - [16/Apr/2026:13:46:41 +1000] "GET / HTTP/1.1" 200 658 "-" "Python/3.11 aiohttp/3.9.2"
118.127.40.73 - - [16/Apr/2026:14:16:42 +1000] "GET / HTTP/1.1" 200 658 "-" "Python/3.11 aiohttp/3.9.2"
118.127.40.73 - - [16/Apr/2026:14:46:41 +1000] "GET / HTTP/1.1" 200 658 "-" "Python/3.11 aiohttp/3.9.2"
118.127.40.73 - - [16/Apr/2026:15:16:42 +1000] "GET / HTTP/1.1" 200 658 "-" "Python/3.11 aiohttp/3.9.2"
118.127.40.73 - - [16/Apr/2026:15:46:42 +1000] "GET / HTTP/1.1" 200 658 "-" "Python/3.11 aiohttp/3.9.2"
118.127.40.73 - - [16/Apr/2026:16:16:42 +1000] "GET / HTTP/1.1" 200 658 "-" "Python/3.11 aiohttp/3.9.2"
118.127.40.73 - - [16/Apr/2026:16:46:42 +1000] "GET / HTTP/1.1" 200 658 "-" "Python/3.11 aiohttp/3.9.2"
118.127.40.73 - - [16/Apr/2026:17:16:43 +1000] "GET / HTTP/1.1" 200 658 "-" "Python/3.11 aiohttp/3.9.2"
118.127.40.73 - - [16/Apr/2026:17:46:42 +1000] "GET / HTTP/1.1" 200 658 "-" "Python/3.11 aiohttp/3.9.2"
118.127.40.73 - - [16/Apr/2026:18:16:43 +1000] "GET / HTTP/1.1" 200 658 "-" "Python/3.11 aiohttp/3.9.2"
103.215.74.213 - - [16/Apr/2026:18:35:57 +1000] "GET /.env.prod HTTP/1.1" 404 - "-" "Mozilla/5.0 (Windows NT 10.0; Win64; x64) AppleWebKit/537.36 (KHTML, like Gecko) Chrome/120.0.0.0 Safari/537.36"
103.215.74.213 - - [16/Apr/2026:18:35:57 +1000] "GET /.git/config HTTP/1.1" 404 - "-" "Mozilla/5.0 (compatible; SecurityScanner/1.0)"
103.215.74.213 - - [16/Apr/2026:18:35:57 +1000] "GET /test/phpinfo.php HTTP/1.1" 404 - "-" "Mozilla/5.0 (X11; Linux x86_64) AppleWebKit/537.36 (KHTML, like Gecko) Chrome/120.0.0.0 Safari/537.36"
103.215.74.213 - - [16/Apr/2026:18:35:57 +1000] "GET / HTTP/1.1" 200 658 "-" "Mozilla/5.0 (compatible; SecurityScanner/1.0)"
103.215.74.213 - - [16/Apr/2026:18:35:57 +1000] "GET /wp-config.php.bak HTTP/1.1" 404 - "-" "Mozilla/5.0 (Macintosh; Intel Mac OS X 10_15_7) AppleWebKit/537.36 (KHTML, like Gecko) Chrome/120.0.0.0 Safari/537.36"
103.215.74.213 - - [16/Apr/2026:18:35:57 +1000] "GET /.env HTTP/1.1" 404 - "-" "Mozilla/5.0 (compatible; SecurityScanner/1.0)"
103.215.74.213 - - [16/Apr/2026:18:35:57 +1000] "GET /.env.production HTTP/1.1" 404 - "-" "Mozilla/5.0 (Windows NT 10.0; Win64; x64; rv:121.0) Gecko/20100101 Firefox/121.0"
103.215.74.213 - - [16/Apr/2026:18:35:57 +1000] "GET /.aws/credentials HTTP/1.1" 404 - "-" "Mozilla/5.0 (Windows NT 10.0; Win64; x64; rv:121.0) Gecko/20100101 Firefox/121.0"
103.215.74.213 - - [16/Apr/2026:18:35:57 +1000] "GET /phpinfo.php HTTP/1.1" 404 16 "-" "Mozilla/5.0 (Windows NT 10.0; Win64; x64; rv:121.0) Gecko/20100101 Firefox/121.0"
103.215.74.213 - - [16/Apr/2026:18:35:57 +1000] "GET /info.php HTTP/1.1" 404 16 "-" "Mozilla/5.0 (X11; Linux x86_64) AppleWebKit/537.36 (KHTML, like Gecko) Chrome/120.0.0.0 Safari/537.36"
103.215.74.213 - - [16/Apr/2026:18:35:57 +1000] "GET /.env.local HTTP/1.1" 404 - "-" "Mozilla/5.0 (compatible; SecurityScanner/1.0)"
103.215.74.213 - - [16/Apr/2026:18:35:57 +1000] "GET /test.php HTTP/1.1" 404 16 "-" "Mozilla/5.0 (Windows NT 10.0; Win64; x64) AppleWebKit/537.36 (KHTML, like Gecko) Chrome/120.0.0.0 Safari/537.36"
103.215.74.213 - - [16/Apr/2026:18:35:57 +1000] "GET /wp-config.php.sample HTTP/1.1" 404 - "-" "Mozilla/5.0 (Windows NT 10.0; Win64; x64; rv:121.0) Gecko/20100101 Firefox/121.0"
103.215.74.213 - - [16/Apr/2026:18:35:57 +1000] "GET /.env.backup HTTP/1.1" 404 - "-" "Mozilla/5.0 (Windows NT 10.0; Win64; x64; rv:121.0) Gecko/20100101 Firefox/121.0"
103.215.74.213 - - [16/Apr/2026:18:35:57 +1000] "GET /.env.bak HTTP/1.1" 404 - "-" "Mozilla/5.0 (compatible; SecurityScanner/1.0)"
103.215.74.213 - - [16/Apr/2026:18:35:57 +1000] "GET /i.php HTTP/1.1" 404 16 "-" "Mozilla/5.0 (Macintosh; Intel Mac OS X 10_15_7) AppleWebKit/537.36 (KHTML, like Gecko) Chrome/120.0.0.0 Safari/537.36"
103.215.74.213 - - [16/Apr/2026:18:35:57 +1000] "GET /wp-config.php.old HTTP/1.1" 404 - "-" "Mozilla/5.0 (Windows NT 10.0; Win64; x64) AppleWebKit/537.36 (KHTML, like Gecko) Chrome/120.0.0.0 Safari/537.36"
103.215.74.213 - - [16/Apr/2026:18:35:57 +1000] "GET /_profiler/phpinfo HTTP/1.1" 404 - "-" "Mozilla/5.0 (X11; Linux x86_64) AppleWebKit/537.36 (KHTML, like Gecko) Chrome/120.0.0.0 Safari/537.36"
103.215.74.213 - - [16/Apr/2026:18:35:57 +1000] "GET /wp-config.php.save HTTP/1.1" 404 - "-" "Mozilla/5.0 (Windows NT 10.0; Win64; x64) AppleWebKit/537.36 (KHTML, like Gecko) Chrome/120.0.0.0 Safari/537.36"
103.215.74.213 - - [16/Apr/2026:18:35:57 +1000] "GET /.env.old HTTP/1.1" 404 - "-" "Mozilla/5.0 (Windows NT 10.0; Win64; x64) AppleWebKit/537.36 (KHTML, like Gecko) Chrome/120.0.0.0 Safari/537.36"
103.215.74.213 - - [16/Apr/2026:18:35:57 +1000] "GET /.env.dev HTTP/1.1" 404 - "-" "Mozilla/5.0 (X11; Linux x86_64) AppleWebKit/537.36 (KHTML, like Gecko) Chrome/120.0.0.0 Safari/537.36"
103.215.74.213 - - [16/Apr/2026:18:35:57 +1000] "GET /debug.php HTTP/1.1" 404 16 "-" "Mozilla/5.0 (Windows NT 10.0; Win64; x64) AppleWebKit/537.36 (KHTML, like Gecko) Chrome/120.0.0.0 Safari/537.36"
103.215.74.213 - - [16/Apr/2026:18:35:57 +1000] "GET /wp-config.php.txt HTTP/1.1" 404 - "-" "Mozilla/5.0 (Windows NT 10.0; Win64; x64) AppleWebKit/537.36 (KHTML, like Gecko) Chrome/120.0.0.0 Safari/537.36"
103.215.74.213 - - [16/Apr/2026:18:35:57 +1000] "GET /admin/phpinfo.php HTTP/1.1" 404 - "-" "Mozilla/5.0 (compatible; SecurityScanner/1.0)"
103.215.74.213 - - [16/Apr/2026:18:35:57 +1000] "GET /wp-config.php~ HTTP/1.1" 404 - "-" "Mozilla/5.0 (Windows NT 10.0; Win64; x64; rv:121.0) Gecko/20100101 Firefox/121.0"
103.215.74.213 - - [16/Apr/2026:18:35:57 +1000] "GET /wp-content/phpinfo.php HTTP/1.1" 404 - "-" "Mozilla/5.0 (Windows NT 10.0; Win64; x64; rv:121.0) Gecko/20100101 Firefox/121.0"
103.215.74.213 - - [16/Apr/2026:18:35:57 +1000] "GET /.env.development HTTP/1.1" 404 - "-" "Mozilla/5.0 (Windows NT 10.0; Win64; x64) AppleWebKit/537.36 (KHTML, like Gecko) Chrome/120.0.0.0 Safari/537.36"
103.215.74.213 - - [16/Apr/2026:18:35:57 +1000] "GET /config.json HTTP/1.1" 404 - "-" "Mozilla/5.0 (Macintosh; Intel Mac OS X 10_15_7) AppleWebKit/537.36 (KHTML, like Gecko) Chrome/120.0.0.0 Safari/537.36"
103.215.74.213 - - [16/Apr/2026:18:35:58 +1000] "GET /.env.staging HTTP/1.1" 404 - "-" "Mozilla/5.0 (Windows NT 10.0; Win64; x64) AppleWebKit/537.36 (KHTML, like Gecko) Chrome/120.0.0.0 Safari/537.36"
103.215.74.213 - - [16/Apr/2026:18:35:58 +1000] "GET /server.js HTTP/1.1" 404 - "-" "Mozilla/5.0 (X11; Linux x86_64) AppleWebKit/537.36 (KHTML, like Gecko) Chrome/120.0.0.0 Safari/537.36"
103.215.74.213 - - [16/Apr/2026:18:35:58 +1000] "GET /php_info.php HTTP/1.1" 404 16 "-" "Mozilla/5.0 (Windows NT 10.0; Win64; x64) AppleWebKit/537.36 (KHTML, like Gecko) Chrome/120.0.0.0 Safari/537.36"
103.215.74.213 - - [16/Apr/2026:18:35:58 +1000] "GET /.env.example HTTP/1.1" 404 - "-" "Mozilla/5.0 (Windows NT 10.0; Win64; x64) AppleWebKit/537.36 (KHTML, like Gecko) Chrome/120.0.0.0 Safari/537.36"
103.215.74.213 - - [16/Apr/2026:18:35:58 +1000] "GET /pinfo.php HTTP/1.1" 404 16 "-" "Mozilla/5.0 (compatible; SecurityScanner/1.0)"
103.215.74.213 - - [16/Apr/2026:18:35:58 +1000] "GET /api/.env HTTP/1.1" 404 - "-" "Mozilla/5.0 (Windows NT 10.0; Win64; x64) AppleWebKit/537.36 (KHTML, like Gecko) Chrome/120.0.0.0 Safari/537.36"
103.215.74.213 - - [16/Apr/2026:18:35:58 +1000] "GET /pi.php HTTP/1.1" 404 16 "-" "Mozilla/5.0 (Macintosh; Intel Mac OS X 10_15_7) AppleWebKit/537.36 (KHTML, like Gecko) Chrome/120.0.0.0 Safari/537.36"
103.215.74.213 - - [16/Apr/2026:18:35:58 +1000] "GET /db.php.bak HTTP/1.1" 404 - "-" "Mozilla/5.0 (compatible; SecurityScanner/1.0)"
103.215.74.213 - - [16/Apr/2026:18:35:58 +1000] "GET /config/default.json HTTP/1.1" 404 - "-" "Mozilla/5.0 (compatible; SecurityScanner/1.0)"
103.215.74.213 - - [16/Apr/2026:18:35:58 +1000] "GET /backend/.env HTTP/1.1" 404 - "-" "Mozilla/5.0 (Windows NT 10.0; Win64; x64) AppleWebKit/537.36 (KHTML, like Gecko) Chrome/120.0.0.0 Safari/537.36"
103.215.74.213 - - [16/Apr/2026:18:35:58 +1000] "GET /app/.env HTTP/1.1" 404 - "-" "Mozilla/5.0 (compatible; SecurityScanner/1.0)"
103.215.74.213 - - [16/Apr/2026:18:35:58 +1000] "GET /configuration.php.bak HTTP/1.1" 404 - "-" "Mozilla/5.0 (X11; Linux x86_64) AppleWebKit/537.36 (KHTML, like Gecko) Chrome/120.0.0.0 Safari/537.36"
103.215.74.213 - - [16/Apr/2026:18:35:58 +1000] "GET /php.php HTTP/1.1" 404 16 "-" "Mozilla/5.0 (compatible; SecurityScanner/1.0)"
103.215.74.213 - - [16/Apr/2026:18:35:58 +1000] "GET /temp.php HTTP/1.1" 404 16 "-" "Mozilla/5.0 (Macintosh; Intel Mac OS X 10_15_7) AppleWebKit/537.36 (KHTML, like Gecko) Chrome/120.0.0.0 Safari/537.36"
103.215.74.213 - - [16/Apr/2026:18:35:58 +1000] "GET /secrets.json HTTP/1.1" 404 - "-" "Mozilla/5.0 (Macintosh; Intel Mac OS X 10_15_7) AppleWebKit/537.36 (KHTML, like Gecko) Chrome/120.0.0.0 Safari/537.36"
103.215.74.213 - - [16/Apr/2026:18:35:58 +1000] "GET /public/.env HTTP/1.1" 404 - "-" "Mozilla/5.0 (compatible; SecurityScanner/1.0)"
103.215.74.213 - - [16/Apr/2026:18:35:58 +1000] "GET /old_phpinfo.php HTTP/1.1" 404 16 "-" "Mozilla/5.0 (Macintosh; Intel Mac OS X 10_15_7) AppleWebKit/537.36 (KHTML, like Gecko) Chrome/120.0.0.0 Safari/537.36"
103.215.74.213 - - [16/Apr/2026:18:35:58 +1000] "GET /config.php.bak HTTP/1.1" 404 - "-" "Mozilla/5.0 (compatible; SecurityScanner/1.0)"
103.215.74.213 - - [16/Apr/2026:18:35:58 +1000] "GET /laravel/.env HTTP/1.1" 404 - "-" "Mozilla/5.0 (Windows NT 10.0; Win64; x64) AppleWebKit/537.36 (KHTML, like Gecko) Chrome/120.0.0.0 Safari/537.36"
103.215.74.213 - - [16/Apr/2026:18:35:58 +1000] "GET /config/.env HTTP/1.1" 404 - "-" "Mozilla/5.0 (X11; Linux x86_64) AppleWebKit/537.36 (KHTML, like Gecko) Chrome/120.0.0.0 Safari/537.36"
