HEX
Server: Apache
System: Linux server2.voipitup.com.au 4.18.0-553.109.1.lve.el8.x86_64 #1 SMP Thu Mar 5 20:23:46 UTC 2026 x86_64
User: posscale (1027)
PHP: 8.2.30
Disabled: exec,passthru,shell_exec,system
Upload Files
File: //home/posscale/access-logs/mydata1.posscales.com.au-ssl_log
118.127.40.73 - - [31/Mar/2026:22:05:11 +1000] "GET / HTTP/1.1" 200 658 "-" "Python/3.11 aiohttp/3.9.2"
74.7.228.35 - - [31/Mar/2026:22:05:28 +1000] "GET /robots.txt HTTP/1.1" 404 - "-" "Mozilla/5.0 (Macintosh; Intel Mac OS X 10_15_7) AppleWebKit/537.36 (KHTML, like Gecko) Chrome/131.0.0.0 Safari/537.36; compatible; OAI-SearchBot/1.3; robots.txt; +https://openai.com/searchbot"
118.127.40.73 - - [31/Mar/2026:22:35:11 +1000] "GET / HTTP/1.1" 200 658 "-" "Python/3.11 aiohttp/3.9.2"
118.127.40.73 - - [31/Mar/2026:23:05:11 +1000] "GET / HTTP/1.1" 200 658 "-" "Python/3.11 aiohttp/3.9.2"
118.127.40.73 - - [31/Mar/2026:23:38:28 +1000] "GET / HTTP/1.1" 200 658 "-" "Python/3.11 aiohttp/3.9.2"
118.127.40.73 - - [01/Apr/2026:00:05:12 +1000] "GET / HTTP/1.1" 200 658 "-" "Python/3.11 aiohttp/3.9.2"
118.127.40.73 - - [01/Apr/2026:00:35:11 +1000] "GET / HTTP/1.1" 200 658 "-" "Python/3.11 aiohttp/3.9.2"
118.127.40.73 - - [01/Apr/2026:01:05:12 +1000] "GET / HTTP/1.1" 200 658 "-" "Python/3.11 aiohttp/3.9.2"
118.127.40.73 - - [01/Apr/2026:01:35:11 +1000] "GET / HTTP/1.1" 200 658 "-" "Python/3.11 aiohttp/3.9.2"
104.152.52.146 - - [01/Apr/2026:01:53:05 +1000] "GET / HTTP/1.1" 200 658 "-" "curl/7.61.1"
104.152.52.146 - - [01/Apr/2026:01:53:06 +1000] "GET /favicon.ico HTTP/1.1" 404 - "-" "curl/7.61.1"
118.127.40.73 - - [01/Apr/2026:02:05:13 +1000] "GET / HTTP/1.1" 200 658 "-" "Python/3.11 aiohttp/3.9.2"
118.127.40.73 - - [01/Apr/2026:02:35:14 +1000] "GET / HTTP/1.1" 200 658 "-" "Python/3.11 aiohttp/3.9.2"
118.127.40.73 - - [01/Apr/2026:03:05:13 +1000] "GET / HTTP/1.1" 200 658 "-" "Python/3.11 aiohttp/3.9.2"
118.127.40.73 - - [01/Apr/2026:03:35:13 +1000] "GET / HTTP/1.1" 200 658 "-" "Python/3.11 aiohttp/3.9.2"
74.7.175.188 - - [01/Apr/2026:03:50:53 +1000] "GET /robots.txt HTTP/1.1" 404 - "-" "Mozilla/5.0 (Macintosh; Intel Mac OS X 10_15_7) AppleWebKit/537.36 (KHTML, like Gecko) Chrome/131.0.0.0 Safari/537.36; compatible; OAI-SearchBot/1.3; robots.txt; +https://openai.com/searchbot"
118.127.40.73 - - [01/Apr/2026:04:05:15 +1000] "GET / HTTP/1.1" 200 658 "-" "Python/3.11 aiohttp/3.9.2"
118.127.40.73 - - [01/Apr/2026:04:35:15 +1000] "GET / HTTP/1.1" 200 658 "-" "Python/3.11 aiohttp/3.9.2"
118.127.40.73 - - [01/Apr/2026:05:05:14 +1000] "GET / HTTP/1.1" 200 658 "-" "Python/3.11 aiohttp/3.9.2"
118.127.40.73 - - [01/Apr/2026:05:35:15 +1000] "GET / HTTP/1.1" 200 658 "-" "Python/3.11 aiohttp/3.9.2"
118.127.40.73 - - [01/Apr/2026:06:05:15 +1000] "GET / HTTP/1.1" 200 658 "-" "Python/3.11 aiohttp/3.9.2"
118.127.40.73 - - [01/Apr/2026:06:35:14 +1000] "GET / HTTP/1.1" 200 658 "-" "Python/3.11 aiohttp/3.9.2"
118.127.40.73 - - [01/Apr/2026:07:05:13 +1000] "GET / HTTP/1.1" 200 658 "-" "Python/3.11 aiohttp/3.9.2"
118.127.40.73 - - [01/Apr/2026:07:35:16 +1000] "GET / HTTP/1.1" 200 658 "-" "Python/3.11 aiohttp/3.9.2"
118.127.40.73 - - [01/Apr/2026:08:05:14 +1000] "GET / HTTP/1.1" 200 658 "-" "Python/3.11 aiohttp/3.9.2"
118.127.40.73 - - [01/Apr/2026:08:35:19 +1000] "GET / HTTP/1.1" 200 658 "-" "Python/3.11 aiohttp/3.9.2"
118.127.40.73 - - [01/Apr/2026:09:05:14 +1000] "GET / HTTP/1.1" 200 658 "-" "Python/3.11 aiohttp/3.9.2"
118.127.40.73 - - [01/Apr/2026:09:35:18 +1000] "GET / HTTP/1.1" 200 658 "-" "Python/3.11 aiohttp/3.9.2"
118.127.40.73 - - [01/Apr/2026:10:05:15 +1000] "GET / HTTP/1.1" 200 658 "-" "Python/3.11 aiohttp/3.9.2"
118.127.40.73 - - [01/Apr/2026:10:35:15 +1000] "GET / HTTP/1.1" 200 658 "-" "Python/3.11 aiohttp/3.9.2"
118.127.40.73 - - [01/Apr/2026:11:05:18 +1000] "GET / HTTP/1.1" 200 658 "-" "Python/3.11 aiohttp/3.9.2"
66.132.224.90 - - [01/Apr/2026:11:08:02 +1000] "GET / HTTP/1.1" 200 658 "-" "Mozilla/5.0 (compatible; CensysInspect/1.1; +https://about.censys.io/)"
66.132.224.90 - - [01/Apr/2026:11:08:08 +1000] "GET /favicon.ico HTTP/1.1" 404 - "-" "Mozilla/5.0 (compatible; CensysInspect/1.1; +https://about.censys.io/)"
66.132.224.90 - - [01/Apr/2026:11:08:41 +1000] "GET / HTTP/1.1" 200 658 "-" "Mozilla/5.0 (compatible; CensysInspect/1.1; +https://about.censys.io/)"
66.132.224.90 - - [01/Apr/2026:11:08:43 +1000] "GET /cgi-bin HTTP/1.1" 301 289 "-" "Mozilla/5.0 (compatible; CensysInspect/1.1; +https://about.censys.io/)"
66.132.224.90 - - [01/Apr/2026:11:08:43 +1000] "GET /cgi-bin/ HTTP/1.1" 404 - "https://mydata1.posscales.com.au:443/cgi-bin" "Mozilla/5.0 (compatible; CensysInspect/1.1; +https://about.censys.io/)"
118.127.40.73 - - [01/Apr/2026:11:35:17 +1000] "GET / HTTP/1.1" 200 658 "-" "Python/3.11 aiohttp/3.9.2"
118.127.40.73 - - [01/Apr/2026:12:05:16 +1000] "GET / HTTP/1.1" 200 658 "-" "Python/3.11 aiohttp/3.9.2"
118.127.40.73 - - [01/Apr/2026:12:35:20 +1000] "GET / HTTP/1.1" 200 658 "-" "Python/3.11 aiohttp/3.9.2"
118.127.40.73 - - [01/Apr/2026:13:05:18 +1000] "GET / HTTP/1.1" 200 658 "-" "Python/3.11 aiohttp/3.9.2"
118.127.40.73 - - [01/Apr/2026:13:35:22 +1000] "GET / HTTP/1.1" 200 658 "-" "Python/3.11 aiohttp/3.9.2"
118.127.40.73 - - [01/Apr/2026:14:05:17 +1000] "GET / HTTP/1.1" 200 658 "-" "Python/3.11 aiohttp/3.9.2"
118.127.40.73 - - [01/Apr/2026:14:35:18 +1000] "GET / HTTP/1.1" 200 658 "-" "Python/3.11 aiohttp/3.9.2"
118.127.40.73 - - [01/Apr/2026:15:05:18 +1000] "GET / HTTP/1.1" 200 658 "-" "Python/3.11 aiohttp/3.9.2"
118.127.40.73 - - [01/Apr/2026:15:35:17 +1000] "GET / HTTP/1.1" 200 658 "-" "Python/3.11 aiohttp/3.9.2"
118.127.40.73 - - [01/Apr/2026:16:05:17 +1000] "GET / HTTP/1.1" 200 658 "-" "Python/3.11 aiohttp/3.9.2"
118.127.40.73 - - [01/Apr/2026:16:35:19 +1000] "GET / HTTP/1.1" 200 658 "-" "Python/3.11 aiohttp/3.9.2"
118.127.40.73 - - [01/Apr/2026:17:05:19 +1000] "GET / HTTP/1.1" 200 658 "-" "Python/3.11 aiohttp/3.9.2"
118.127.40.73 - - [01/Apr/2026:17:35:18 +1000] "GET / HTTP/1.1" 200 658 "-" "Python/3.11 aiohttp/3.9.2"
118.127.40.73 - - [01/Apr/2026:18:05:18 +1000] "GET / HTTP/1.1" 200 658 "-" "Python/3.11 aiohttp/3.9.2"
118.127.40.73 - - [01/Apr/2026:18:35:21 +1000] "GET / HTTP/1.1" 200 658 "-" "Python/3.11 aiohttp/3.9.2"
118.127.40.73 - - [01/Apr/2026:19:05:22 +1000] "GET / HTTP/1.1" 200 658 "-" "Python/3.11 aiohttp/3.9.2"
118.127.40.73 - - [01/Apr/2026:19:35:21 +1000] "GET / HTTP/1.1" 200 658 "-" "Python/3.11 aiohttp/3.9.2"
118.127.40.73 - - [01/Apr/2026:20:05:31 +1000] "GET / HTTP/1.1" 200 658 "-" "Python/3.11 aiohttp/3.9.2"
118.127.40.73 - - [01/Apr/2026:20:35:23 +1000] "GET / HTTP/1.1" 200 658 "-" "Python/3.11 aiohttp/3.9.2"
118.127.40.73 - - [01/Apr/2026:21:05:20 +1000] "GET / HTTP/1.1" 200 658 "-" "Python/3.11 aiohttp/3.9.2"
74.7.175.188 - - [01/Apr/2026:21:09:25 +1000] "GET /robots.txt HTTP/1.1" 404 - "-" "Mozilla/5.0 (Macintosh; Intel Mac OS X 10_15_7) AppleWebKit/537.36 (KHTML, like Gecko) Chrome/131.0.0.0 Safari/537.36; compatible; OAI-SearchBot/1.3; robots.txt; +https://openai.com/searchbot"
118.127.40.73 - - [01/Apr/2026:21:35:22 +1000] "GET / HTTP/1.1" 200 658 "-" "Python/3.11 aiohttp/3.9.2"
118.127.40.73 - - [01/Apr/2026:22:05:20 +1000] "GET / HTTP/1.1" 200 658 "-" "Python/3.11 aiohttp/3.9.2"
118.127.40.73 - - [01/Apr/2026:22:35:40 +1000] "GET / HTTP/1.1" 200 658 "-" "Python/3.11 aiohttp/3.9.2"
118.127.40.73 - - [01/Apr/2026:23:05:21 +1000] "GET / HTTP/1.1" 200 658 "-" "Python/3.11 aiohttp/3.9.2"
118.127.40.73 - - [01/Apr/2026:23:35:22 +1000] "GET / HTTP/1.1" 200 658 "-" "Python/3.11 aiohttp/3.9.2"
118.127.40.73 - - [02/Apr/2026:00:05:25 +1000] "GET / HTTP/1.1" 200 658 "-" "Python/3.11 aiohttp/3.9.2"
118.127.40.73 - - [02/Apr/2026:00:35:23 +1000] "GET / HTTP/1.1" 200 658 "-" "Python/3.11 aiohttp/3.9.2"
118.127.40.73 - - [02/Apr/2026:01:05:22 +1000] "GET / HTTP/1.1" 200 658 "-" "Python/3.11 aiohttp/3.9.2"
118.127.40.73 - - [02/Apr/2026:01:35:24 +1000] "GET / HTTP/1.1" 200 658 "-" "Python/3.11 aiohttp/3.9.2"
118.127.40.73 - - [02/Apr/2026:02:05:23 +1000] "GET / HTTP/1.1" 200 658 "-" "Python/3.11 aiohttp/3.9.2"
118.127.40.73 - - [02/Apr/2026:02:35:21 +1000] "GET / HTTP/1.1" 200 658 "-" "Python/3.11 aiohttp/3.9.2"
118.127.40.73 - - [02/Apr/2026:03:05:24 +1000] "GET / HTTP/1.1" 200 658 "-" "Python/3.11 aiohttp/3.9.2"
118.127.40.73 - - [02/Apr/2026:03:35:22 +1000] "GET / HTTP/1.1" 200 658 "-" "Python/3.11 aiohttp/3.9.2"
89.222.112.5 - - [02/Apr/2026:04:01:47 +1000] "GET / HTTP/1.1" 200 658 "-" "Mozilla/5.0 (Windows NT 10.0; Win64; x64; rv:130.0) Gecko/20100101 Firefox/130.0"
118.127.40.73 - - [02/Apr/2026:04:05:31 +1000] "GET / HTTP/1.1" 200 658 "-" "Python/3.11 aiohttp/3.9.2"
118.127.40.73 - - [02/Apr/2026:04:35:23 +1000] "GET / HTTP/1.1" 200 658 "-" "Python/3.11 aiohttp/3.9.2"
118.127.40.73 - - [02/Apr/2026:05:05:22 +1000] "GET / HTTP/1.1" 200 658 "-" "Python/3.11 aiohttp/3.9.2"
118.127.40.73 - - [02/Apr/2026:05:35:25 +1000] "GET / HTTP/1.1" 200 658 "-" "Python/3.11 aiohttp/3.9.2"
118.127.40.73 - - [02/Apr/2026:06:05:26 +1000] "GET / HTTP/1.1" 200 658 "-" "Python/3.11 aiohttp/3.9.2"
118.127.40.73 - - [02/Apr/2026:06:35:26 +1000] "GET / HTTP/1.1" 200 658 "-" "Python/3.11 aiohttp/3.9.2"
118.127.40.73 - - [02/Apr/2026:07:05:24 +1000] "GET / HTTP/1.1" 200 658 "-" "Python/3.11 aiohttp/3.9.2"
118.127.40.73 - - [02/Apr/2026:07:35:27 +1000] "GET / HTTP/1.1" 200 658 "-" "Python/3.11 aiohttp/3.9.2"
118.127.40.73 - - [02/Apr/2026:08:05:24 +1000] "GET / HTTP/1.1" 200 658 "-" "Python/3.11 aiohttp/3.9.2"
118.127.40.73 - - [02/Apr/2026:08:35:28 +1000] "GET / HTTP/1.1" 200 658 "-" "Python/3.11 aiohttp/3.9.2"
152.233.20.149 - - [02/Apr/2026:08:50:20 +1000] "GET / HTTP/1.1" 200 658 "-" "Mozilla/5.0 (Macintosh; Intel Mac OS X 10_15_7) AppleWebKit/605.1.15 (KHTML, like Gecko) Version/18.1 Safari/605.1.15"
118.127.40.73 - - [02/Apr/2026:09:05:25 +1000] "GET / HTTP/1.1" 200 658 "-" "Python/3.11 aiohttp/3.9.2"
118.127.40.73 - - [02/Apr/2026:09:35:25 +1000] "GET / HTTP/1.1" 200 658 "-" "Python/3.11 aiohttp/3.9.2"
138.246.253.24 - - [02/Apr/2026:09:37:11 +1000] "GET /robots.txt HTTP/1.1" 404 - "-" "Mozilla/5.0 (Windows NT 10.0; Win64; x64) AppleWebKit/537.36 (KHTML, like Gecko) Chrome/103.0.5060.134 Safari/537.36"
118.127.40.73 - - [02/Apr/2026:10:05:25 +1000] "GET / HTTP/1.1" 200 658 "-" "Python/3.11 aiohttp/3.9.2"
118.127.40.73 - - [02/Apr/2026:10:35:27 +1000] "GET / HTTP/1.1" 200 658 "-" "Python/3.11 aiohttp/3.9.2"
74.7.228.35 - - [02/Apr/2026:10:35:36 +1000] "GET /robots.txt HTTP/1.1" 404 - "-" "Mozilla/5.0 (Macintosh; Intel Mac OS X 10_15_7) AppleWebKit/537.36 (KHTML, like Gecko) Chrome/131.0.0.0 Safari/537.36; compatible; OAI-SearchBot/1.3; robots.txt; +https://openai.com/searchbot"
74.7.241.58 - - [02/Apr/2026:10:35:36 +1000] "GET / HTTP/1.1" 200 658 "-" "Mozilla/5.0 AppleWebKit/537.36 (KHTML, like Gecko; compatible; GPTBot/1.3; +https://openai.com/gptbot)"
74.7.241.58 - - [02/Apr/2026:10:35:39 +1000] "GET /?C=D;O=A HTTP/1.1" 200 658 "https://mydata1.posscales.com.au/" "Mozilla/5.0 AppleWebKit/537.36 (KHTML, like Gecko; compatible; GPTBot/1.3; +https://openai.com/gptbot)"
74.7.241.58 - - [02/Apr/2026:10:35:41 +1000] "GET /?C=N;O=D HTTP/1.1" 200 658 "https://mydata1.posscales.com.au/" "Mozilla/5.0 AppleWebKit/537.36 (KHTML, like Gecko; compatible; GPTBot/1.3; +https://openai.com/gptbot)"
74.7.241.58 - - [02/Apr/2026:10:35:44 +1000] "GET /?C=M;O=A HTTP/1.1" 200 658 "https://mydata1.posscales.com.au/" "Mozilla/5.0 AppleWebKit/537.36 (KHTML, like Gecko; compatible; GPTBot/1.3; +https://openai.com/gptbot)"
74.7.241.58 - - [02/Apr/2026:10:35:46 +1000] "GET /?C=S;O=A HTTP/1.1" 200 658 "https://mydata1.posscales.com.au/" "Mozilla/5.0 AppleWebKit/537.36 (KHTML, like Gecko; compatible; GPTBot/1.3; +https://openai.com/gptbot)"
74.7.241.58 - - [02/Apr/2026:10:35:48 +1000] "GET /?C=D;O=D HTTP/1.1" 200 658 "https://mydata1.posscales.com.au/?C=D;O=A" "Mozilla/5.0 AppleWebKit/537.36 (KHTML, like Gecko; compatible; GPTBot/1.3; +https://openai.com/gptbot)"
74.7.241.58 - - [02/Apr/2026:10:35:50 +1000] "GET /?C=M;O=D HTTP/1.1" 200 658 "https://mydata1.posscales.com.au/?C=M;O=A" "Mozilla/5.0 AppleWebKit/537.36 (KHTML, like Gecko; compatible; GPTBot/1.3; +https://openai.com/gptbot)"
74.7.241.58 - - [02/Apr/2026:10:35:52 +1000] "GET /?C=S;O=D HTTP/1.1" 200 658 "https://mydata1.posscales.com.au/?C=S;O=A" "Mozilla/5.0 AppleWebKit/537.36 (KHTML, like Gecko; compatible; GPTBot/1.3; +https://openai.com/gptbot)"
118.127.40.73 - - [02/Apr/2026:11:05:26 +1000] "GET / HTTP/1.1" 200 658 "-" "Python/3.11 aiohttp/3.9.2"
118.127.40.73 - - [02/Apr/2026:11:35:30 +1000] "GET / HTTP/1.1" 200 658 "-" "Python/3.11 aiohttp/3.9.2"
118.127.40.73 - - [02/Apr/2026:12:05:27 +1000] "GET / HTTP/1.1" 200 658 "-" "Python/3.11 aiohttp/3.9.2"
118.127.40.73 - - [02/Apr/2026:12:35:25 +1000] "GET / HTTP/1.1" 200 658 "-" "Python/3.11 aiohttp/3.9.2"
118.127.40.73 - - [02/Apr/2026:13:05:26 +1000] "GET / HTTP/1.1" 200 658 "-" "Python/3.11 aiohttp/3.9.2"
118.127.40.73 - - [02/Apr/2026:13:35:32 +1000] "GET / HTTP/1.1" 200 658 "-" "Python/3.11 aiohttp/3.9.2"
118.127.40.73 - - [02/Apr/2026:14:05:29 +1000] "GET / HTTP/1.1" 200 658 "-" "Python/3.11 aiohttp/3.9.2"
118.127.40.73 - - [02/Apr/2026:14:35:26 +1000] "GET / HTTP/1.1" 200 658 "-" "Python/3.11 aiohttp/3.9.2"
118.127.40.73 - - [02/Apr/2026:15:05:27 +1000] "GET / HTTP/1.1" 200 658 "-" "Python/3.11 aiohttp/3.9.2"
118.127.40.73 - - [02/Apr/2026:15:35:30 +1000] "GET / HTTP/1.1" 200 658 "-" "Python/3.11 aiohttp/3.9.2"
118.127.40.73 - - [02/Apr/2026:16:05:29 +1000] "GET / HTTP/1.1" 200 658 "-" "Python/3.11 aiohttp/3.9.2"
118.127.40.73 - - [02/Apr/2026:16:35:30 +1000] "GET / HTTP/1.1" 200 658 "-" "Python/3.11 aiohttp/3.9.2"
118.127.40.73 - - [02/Apr/2026:17:05:28 +1000] "GET / HTTP/1.1" 200 658 "-" "Python/3.11 aiohttp/3.9.2"
118.127.40.73 - - [02/Apr/2026:17:35:31 +1000] "GET / HTTP/1.1" 200 658 "-" "Python/3.11 aiohttp/3.9.2"
118.127.40.73 - - [02/Apr/2026:18:05:31 +1000] "GET / HTTP/1.1" 200 658 "-" "Python/3.11 aiohttp/3.9.2"
118.127.40.73 - - [02/Apr/2026:18:35:30 +1000] "GET / HTTP/1.1" 200 658 "-" "Python/3.11 aiohttp/3.9.2"
118.127.40.73 - - [02/Apr/2026:19:05:31 +1000] "GET / HTTP/1.1" 200 658 "-" "Python/3.11 aiohttp/3.9.2"
118.127.40.73 - - [02/Apr/2026:19:35:28 +1000] "GET / HTTP/1.1" 200 658 "-" "Python/3.11 aiohttp/3.9.2"
118.127.40.73 - - [02/Apr/2026:20:05:30 +1000] "GET / HTTP/1.1" 200 658 "-" "Python/3.11 aiohttp/3.9.2"
118.127.40.73 - - [02/Apr/2026:20:35:34 +1000] "GET / HTTP/1.1" 200 658 "-" "Python/3.11 aiohttp/3.9.2"
118.127.40.73 - - [02/Apr/2026:21:05:31 +1000] "GET / HTTP/1.1" 200 658 "-" "Python/3.11 aiohttp/3.9.2"
118.127.40.73 - - [02/Apr/2026:21:35:29 +1000] "GET / HTTP/1.1" 200 658 "-" "Python/3.11 aiohttp/3.9.2"
118.127.40.73 - - [02/Apr/2026:22:05:33 +1000] "GET / HTTP/1.1" 200 658 "-" "Python/3.11 aiohttp/3.9.2"
118.127.40.73 - - [02/Apr/2026:22:35:31 +1000] "GET / HTTP/1.1" 200 658 "-" "Python/3.11 aiohttp/3.9.2"
118.127.40.73 - - [02/Apr/2026:23:05:31 +1000] "GET / HTTP/1.1" 200 658 "-" "Python/3.11 aiohttp/3.9.2"
118.127.40.73 - - [02/Apr/2026:23:35:31 +1000] "GET / HTTP/1.1" 200 658 "-" "Python/3.11 aiohttp/3.9.2"
118.127.40.73 - - [03/Apr/2026:00:05:32 +1000] "GET / HTTP/1.1" 200 658 "-" "Python/3.11 aiohttp/3.9.2"
118.127.40.73 - - [03/Apr/2026:00:35:36 +1000] "GET / HTTP/1.1" 200 658 "-" "Python/3.11 aiohttp/3.9.2"
118.127.40.73 - - [03/Apr/2026:01:05:32 +1000] "GET / HTTP/1.1" 200 658 "-" "Python/3.11 aiohttp/3.9.2"
118.127.40.73 - - [03/Apr/2026:01:35:32 +1000] "GET / HTTP/1.1" 200 658 "-" "Python/3.11 aiohttp/3.9.2"
74.7.228.35 - - [03/Apr/2026:01:52:50 +1000] "GET /robots.txt HTTP/1.1" 404 - "-" "Mozilla/5.0 (Macintosh; Intel Mac OS X 10_15_7) AppleWebKit/537.36 (KHTML, like Gecko) Chrome/131.0.0.0 Safari/537.36; compatible; OAI-SearchBot/1.3; robots.txt; +https://openai.com/searchbot"
118.127.40.73 - - [03/Apr/2026:02:05:32 +1000] "GET / HTTP/1.1" 200 658 "-" "Python/3.11 aiohttp/3.9.2"
118.127.40.73 - - [03/Apr/2026:02:35:33 +1000] "GET / HTTP/1.1" 200 658 "-" "Python/3.11 aiohttp/3.9.2"
118.127.40.73 - - [03/Apr/2026:03:05:37 +1000] "GET / HTTP/1.1" 200 658 "-" "Python/3.11 aiohttp/3.9.2"
118.127.40.73 - - [03/Apr/2026:03:35:35 +1000] "GET / HTTP/1.1" 200 658 "-" "Python/3.11 aiohttp/3.9.2"
118.127.40.73 - - [03/Apr/2026:04:05:56 +1000] "GET / HTTP/1.1" 200 658 "-" "Python/3.11 aiohttp/3.9.2"
118.127.40.73 - - [03/Apr/2026:04:35:34 +1000] "GET / HTTP/1.1" 200 658 "-" "Python/3.11 aiohttp/3.9.2"
118.127.40.73 - - [03/Apr/2026:05:05:35 +1000] "GET / HTTP/1.1" 200 658 "-" "Python/3.11 aiohttp/3.9.2"
118.127.40.73 - - [03/Apr/2026:05:35:38 +1000] "GET / HTTP/1.1" 200 658 "-" "Python/3.11 aiohttp/3.9.2"
118.127.40.73 - - [03/Apr/2026:06:05:34 +1000] "GET / HTTP/1.1" 200 658 "-" "Python/3.11 aiohttp/3.9.2"
118.127.40.73 - - [03/Apr/2026:06:35:36 +1000] "GET / HTTP/1.1" 200 658 "-" "Python/3.11 aiohttp/3.9.2"
118.127.40.73 - - [03/Apr/2026:07:05:35 +1000] "GET / HTTP/1.1" 200 658 "-" "Python/3.11 aiohttp/3.9.2"
118.127.40.73 - - [03/Apr/2026:07:35:39 +1000] "GET / HTTP/1.1" 200 658 "-" "Python/3.11 aiohttp/3.9.2"
118.127.40.73 - - [03/Apr/2026:08:05:34 +1000] "GET / HTTP/1.1" 200 658 "-" "Python/3.11 aiohttp/3.9.2"
118.127.40.73 - - [03/Apr/2026:08:35:40 +1000] "GET / HTTP/1.1" 200 658 "-" "Python/3.11 aiohttp/3.9.2"
204.76.203.25 - - [03/Apr/2026:09:00:37 +1000] "GET / HTTP/1.1" 200 658 "-" "Mozilla/5.0 (Windows NT 10.0; Win64; x64) AppleWebKit/537.36 (KHTML, like Gecko) Chrome/134.0.0.0 Safari/537.3"
118.127.40.73 - - [03/Apr/2026:09:05:36 +1000] "GET / HTTP/1.1" 200 658 "-" "Python/3.11 aiohttp/3.9.2"
118.127.40.73 - - [03/Apr/2026:09:35:39 +1000] "GET / HTTP/1.1" 200 658 "-" "Python/3.11 aiohttp/3.9.2"
138.246.253.24 - - [03/Apr/2026:09:44:52 +1000] "GET /robots.txt HTTP/1.1" 404 - "-" "Mozilla/5.0 (Windows NT 10.0; Win64; x64) AppleWebKit/537.36 (KHTML, like Gecko) Chrome/103.0.5060.134 Safari/537.36"
118.127.40.73 - - [03/Apr/2026:10:05:40 +1000] "GET / HTTP/1.1" 200 658 "-" "Python/3.11 aiohttp/3.9.2"
93.123.109.79 - - [03/Apr/2026:10:08:07 +1000] "GET /.git/config HTTP/1.1" 404 - "-" "Mozilla/5.0 (Windows NT 10.0; Win64; x64) AppleWebKit/537.36 (KHTML, like Gecko) Chrome/126.0.0.0 Safari/537.36"
118.127.40.73 - - [03/Apr/2026:10:35:35 +1000] "GET / HTTP/1.1" 200 658 "-" "Python/3.11 aiohttp/3.9.2"
118.127.40.73 - - [03/Apr/2026:11:05:37 +1000] "GET / HTTP/1.1" 200 658 "-" "Python/3.11 aiohttp/3.9.2"
118.127.40.73 - - [03/Apr/2026:11:35:42 +1000] "GET / HTTP/1.1" 200 658 "-" "Python/3.11 aiohttp/3.9.2"
118.127.40.73 - - [03/Apr/2026:12:05:35 +1000] "GET / HTTP/1.1" 200 658 "-" "Python/3.11 aiohttp/3.9.2"
118.127.40.73 - - [03/Apr/2026:12:35:37 +1000] "GET / HTTP/1.1" 200 658 "-" "Python/3.11 aiohttp/3.9.2"
74.7.175.188 - - [03/Apr/2026:12:53:37 +1000] "GET /robots.txt HTTP/1.1" 404 - "-" "Mozilla/5.0 (Macintosh; Intel Mac OS X 10_15_7) AppleWebKit/537.36 (KHTML, like Gecko) Chrome/131.0.0.0 Safari/537.36; compatible; OAI-SearchBot/1.3; robots.txt; +https://openai.com/searchbot"
74.7.241.51 - - [03/Apr/2026:12:53:37 +1000] "GET / HTTP/1.1" 200 658 "-" "Mozilla/5.0 AppleWebKit/537.36 (KHTML, like Gecko; compatible; GPTBot/1.3; +https://openai.com/gptbot)"
74.7.241.51 - - [03/Apr/2026:12:53:40 +1000] "GET /?C=M;O=A HTTP/1.1" 200 658 "https://www.mydata1.posscales.com.au/" "Mozilla/5.0 AppleWebKit/537.36 (KHTML, like Gecko; compatible; GPTBot/1.3; +https://openai.com/gptbot)"
74.7.241.51 - - [03/Apr/2026:12:53:42 +1000] "GET /?C=N;O=D HTTP/1.1" 200 658 "https://www.mydata1.posscales.com.au/" "Mozilla/5.0 AppleWebKit/537.36 (KHTML, like Gecko; compatible; GPTBot/1.3; +https://openai.com/gptbot)"
74.7.241.51 - - [03/Apr/2026:12:53:45 +1000] "GET /?C=D;O=A HTTP/1.1" 200 658 "https://www.mydata1.posscales.com.au/" "Mozilla/5.0 AppleWebKit/537.36 (KHTML, like Gecko; compatible; GPTBot/1.3; +https://openai.com/gptbot)"
74.7.241.51 - - [03/Apr/2026:12:53:47 +1000] "GET /?C=S;O=A HTTP/1.1" 200 658 "https://www.mydata1.posscales.com.au/" "Mozilla/5.0 AppleWebKit/537.36 (KHTML, like Gecko; compatible; GPTBot/1.3; +https://openai.com/gptbot)"
74.7.241.51 - - [03/Apr/2026:12:53:49 +1000] "GET /?C=M;O=D HTTP/1.1" 200 658 "https://www.mydata1.posscales.com.au/?C=M;O=A" "Mozilla/5.0 AppleWebKit/537.36 (KHTML, like Gecko; compatible; GPTBot/1.3; +https://openai.com/gptbot)"
74.7.241.51 - - [03/Apr/2026:12:53:51 +1000] "GET /?C=D;O=D HTTP/1.1" 200 658 "https://www.mydata1.posscales.com.au/?C=D;O=A" "Mozilla/5.0 AppleWebKit/537.36 (KHTML, like Gecko; compatible; GPTBot/1.3; +https://openai.com/gptbot)"
74.7.241.51 - - [03/Apr/2026:12:53:53 +1000] "GET /?C=S;O=D HTTP/1.1" 200 658 "https://www.mydata1.posscales.com.au/?C=S;O=A" "Mozilla/5.0 AppleWebKit/537.36 (KHTML, like Gecko; compatible; GPTBot/1.3; +https://openai.com/gptbot)"
118.127.40.73 - - [03/Apr/2026:13:05:36 +1000] "GET / HTTP/1.1" 200 658 "-" "Python/3.11 aiohttp/3.9.2"
118.127.40.73 - - [03/Apr/2026:13:35:40 +1000] "GET / HTTP/1.1" 200 658 "-" "Python/3.11 aiohttp/3.9.2"
118.127.40.73 - - [03/Apr/2026:14:05:38 +1000] "GET / HTTP/1.1" 200 658 "-" "Python/3.11 aiohttp/3.9.2"
118.127.40.73 - - [03/Apr/2026:14:35:37 +1000] "GET / HTTP/1.1" 200 658 "-" "Python/3.11 aiohttp/3.9.2"
118.127.40.73 - - [03/Apr/2026:15:05:39 +1000] "GET / HTTP/1.1" 200 658 "-" "Python/3.11 aiohttp/3.9.2"
141.98.11.239 - - [03/Apr/2026:15:34:29 +1000] "GET /wp-login.php HTTP/1.1" 404 16 "-" "Mozilla/5.0 (Windows NT 11.0; Win64; x64) AppleWebKit/537.36 (KHTML, like Gecko) Chrome/121.0.0.0 Safari/537.36"
141.98.11.239 - - [03/Apr/2026:15:34:29 +1000] "GET /wp-admin/ HTTP/1.1" 404 - "-" "Mozilla/5.0 (Windows NT 10.0; Win64; x64) AppleWebKit/537.36 (KHTML, like Gecko) Chrome/120.0.0.0 Safari/537.36"
141.98.11.239 - - [03/Apr/2026:15:34:29 +1000] "GET /login HTTP/1.1" 404 - "-" "Mozilla/5.0 (Windows NT 10.0; Win64; x64) AppleWebKit/537.36 (KHTML, like Gecko) Chrome/120.0.0.0 Safari/537.36"
141.98.11.239 - - [03/Apr/2026:15:34:30 +1000] "GET /admin HTTP/1.1" 404 - "-" "Mozilla/5.0 (X11; Linux x86_64) AppleWebKit/537.36 (KHTML, like Gecko) Chrome/120.0.0.0 Safari/537.36"
141.98.11.239 - - [03/Apr/2026:15:34:30 +1000] "GET /wp-login HTTP/1.1" 404 - "-" "Mozilla/5.0 (Windows NT 10.0; Win64; x64) AppleWebKit/537.36 (KHTML, like Gecko) Chrome/120.0.0.0 Safari/537.36"
141.98.11.239 - - [03/Apr/2026:15:34:30 +1000] "GET /wordpress/wp-login.php HTTP/1.1" 404 - "-" "Mozilla/5.0 (Windows NT 10.0; Win64; x64; rv:121.0) Gecko/20100101 Firefox/121.0"
141.98.11.239 - - [03/Apr/2026:15:34:30 +1000] "GET /blog/wp-login.php HTTP/1.1" 404 - "-" "Mozilla/5.0 (Windows NT 10.0; Win64; x64) AppleWebKit/537.36 (KHTML, like Gecko) Chrome/120.0.0.0 Safari/537.36"
141.98.11.239 - - [03/Apr/2026:15:34:31 +1000] "GET /wp/wp-login.php HTTP/1.1" 404 - "-" "Mozilla/5.0 (Windows NT 10.0; Win64; x64; rv:121.0) Gecko/20100101 Firefox/121.0"
141.98.11.239 - - [03/Apr/2026:15:34:31 +1000] "GET /cms/wp-login.php HTTP/1.1" 404 - "-" "Mozilla/5.0 (Windows NT 10.0; Win64; x64; rv:121.0) Gecko/20100101 Firefox/121.0"
118.127.40.73 - - [03/Apr/2026:15:35:40 +1000] "GET / HTTP/1.1" 200 658 "-" "Python/3.11 aiohttp/3.9.2"
118.127.40.73 - - [03/Apr/2026:16:05:39 +1000] "GET / HTTP/1.1" 200 658 "-" "Python/3.11 aiohttp/3.9.2"
118.127.40.73 - - [03/Apr/2026:17:00:53 +1000] "GET / HTTP/1.1" 200 658 "-" "Python/3.11 aiohttp/3.9.2"
118.127.40.73 - - [03/Apr/2026:17:30:54 +1000] "GET / HTTP/1.1" 200 658 "-" "Python/3.11 aiohttp/3.9.2"
118.127.40.73 - - [03/Apr/2026:18:00:53 +1000] "GET / HTTP/1.1" 200 658 "-" "Python/3.11 aiohttp/3.9.2"
118.127.40.73 - - [03/Apr/2026:18:30:54 +1000] "GET / HTTP/1.1" 200 658 "-" "Python/3.11 aiohttp/3.9.2"
118.127.40.73 - - [03/Apr/2026:19:00:52 +1000] "GET / HTTP/1.1" 200 658 "-" "Python/3.11 aiohttp/3.9.2"
118.127.40.73 - - [03/Apr/2026:19:30:54 +1000] "GET / HTTP/1.1" 200 658 "-" "Python/3.11 aiohttp/3.9.2"
118.127.40.73 - - [03/Apr/2026:20:00:57 +1000] "GET / HTTP/1.1" 200 658 "-" "Python/3.11 aiohttp/3.9.2"
118.127.40.73 - - [03/Apr/2026:20:30:58 +1000] "GET / HTTP/1.1" 200 658 "-" "Python/3.11 aiohttp/3.9.2"
118.127.40.73 - - [03/Apr/2026:21:00:53 +1000] "GET / HTTP/1.1" 200 658 "-" "Python/3.11 aiohttp/3.9.2"
118.127.40.73 - - [03/Apr/2026:21:30:53 +1000] "GET / HTTP/1.1" 200 658 "-" "Python/3.11 aiohttp/3.9.2"
118.127.40.73 - - [03/Apr/2026:22:00:54 +1000] "GET / HTTP/1.1" 200 658 "-" "Python/3.11 aiohttp/3.9.2"
118.127.40.73 - - [03/Apr/2026:22:30:55 +1000] "GET / HTTP/1.1" 200 658 "-" "Python/3.11 aiohttp/3.9.2"
118.127.40.73 - - [03/Apr/2026:23:00:57 +1000] "GET / HTTP/1.1" 200 658 "-" "Python/3.11 aiohttp/3.9.2"
118.127.40.73 - - [03/Apr/2026:23:30:55 +1000] "GET / HTTP/1.1" 200 658 "-" "Python/3.11 aiohttp/3.9.2"
118.127.40.73 - - [04/Apr/2026:00:00:55 +1000] "GET / HTTP/1.1" 200 658 "-" "Python/3.11 aiohttp/3.9.2"
118.127.40.73 - - [04/Apr/2026:00:41:49 +1000] "GET / HTTP/1.1" 200 658 "-" "Python/3.11 aiohttp/3.9.2"
118.127.40.73 - - [04/Apr/2026:01:11:50 +1000] "GET / HTTP/1.1" 200 658 "-" "Python/3.11 aiohttp/3.9.2"
118.127.40.73 - - [04/Apr/2026:01:41:52 +1000] "GET / HTTP/1.1" 200 658 "-" "Python/3.11 aiohttp/3.9.2"
118.127.40.73 - - [04/Apr/2026:02:11:49 +1000] "GET / HTTP/1.1" 200 658 "-" "Python/3.11 aiohttp/3.9.2"
118.127.40.73 - - [04/Apr/2026:02:41:50 +1000] "GET / HTTP/1.1" 200 658 "-" "Python/3.11 aiohttp/3.9.2"
118.127.40.73 - - [04/Apr/2026:03:11:55 +1000] "GET / HTTP/1.1" 200 658 "-" "Python/3.11 aiohttp/3.9.2"
118.127.40.73 - - [04/Apr/2026:03:41:52 +1000] "GET / HTTP/1.1" 200 658 "-" "Python/3.11 aiohttp/3.9.2"
118.127.40.73 - - [04/Apr/2026:04:11:51 +1000] "GET / HTTP/1.1" 200 658 "-" "Python/3.11 aiohttp/3.9.2"
185.247.137.31 - - [04/Apr/2026:04:12:39 +1000] "GET / HTTP/1.1" 200 658 "-" "Mozilla/5.0 (compatible; InternetMeasurement/1.0; +https://internet-measurement.com/)"
104.152.52.212 - - [04/Apr/2026:04:12:48 +1000] "GET / HTTP/1.1" 200 658 "-" "curl/7.61.1"
104.152.52.212 - - [04/Apr/2026:04:12:48 +1000] "GET /favicon.ico HTTP/1.1" 404 - "-" "curl/7.61.1"
118.127.40.73 - - [04/Apr/2026:04:41:51 +1000] "GET / HTTP/1.1" 200 658 "-" "Python/3.11 aiohttp/3.9.2"
45.89.60.68 - - [04/Apr/2026:04:54:03 +1000] "GET /txets.php HTTP/1.1" 404 16 "www.google.com" "Mozlila/5.0 (Linux; Android 7.0; SM-G892A Bulid/NRD90M; wv) AppleWebKit/537.36 (KHTML, like Gecko) Version/4.0 Chrome/60.0.3112.107 Moblie Safari/537.36"
45.89.60.68 - - [04/Apr/2026:04:54:03 +1000] "GET /wp-content/txets.php HTTP/1.1" 404 - "www.google.com" "Mozlila/5.0 (Linux; Android 7.0; SM-G892A Bulid/NRD90M; wv) AppleWebKit/537.36 (KHTML, like Gecko) Version/4.0 Chrome/60.0.3112.107 Moblie Safari/537.36"
118.127.40.73 - - [04/Apr/2026:05:11:51 +1000] "GET / HTTP/1.1" 200 658 "-" "Python/3.11 aiohttp/3.9.2"
118.127.40.73 - - [04/Apr/2026:05:41:52 +1000] "GET / HTTP/1.1" 200 658 "-" "Python/3.11 aiohttp/3.9.2"
118.127.40.73 - - [04/Apr/2026:06:11:52 +1000] "GET / HTTP/1.1" 200 658 "-" "Python/3.11 aiohttp/3.9.2"
118.127.40.73 - - [04/Apr/2026:06:41:53 +1000] "GET / HTTP/1.1" 200 658 "-" "Python/3.11 aiohttp/3.9.2"
34.58.15.129 - - [04/Apr/2026:06:45:27 +1000] "GET /.git/config HTTP/1.1" 404 - "-" "-"
74.7.175.188 - - [04/Apr/2026:06:52:37 +1000] "GET /robots.txt HTTP/1.1" 404 - "-" "Mozilla/5.0 (Macintosh; Intel Mac OS X 10_15_7) AppleWebKit/537.36 (KHTML, like Gecko) Chrome/131.0.0.0 Safari/537.36; compatible; OAI-SearchBot/1.3; robots.txt; +https://openai.com/searchbot"
118.127.40.73 - - [04/Apr/2026:07:11:52 +1000] "GET / HTTP/1.1" 200 658 "-" "Python/3.11 aiohttp/3.9.2"
74.7.228.35 - - [04/Apr/2026:07:38:29 +1000] "GET /robots.txt HTTP/1.1" 404 - "-" "Mozilla/5.0 (Macintosh; Intel Mac OS X 10_15_7) AppleWebKit/537.36 (KHTML, like Gecko) Chrome/131.0.0.0 Safari/537.36; compatible; OAI-SearchBot/1.3; robots.txt; +https://openai.com/searchbot"
118.127.40.73 - - [04/Apr/2026:07:41:52 +1000] "GET / HTTP/1.1" 200 658 "-" "Python/3.11 aiohttp/3.9.2"
118.127.40.73 - - [04/Apr/2026:08:11:52 +1000] "GET / HTTP/1.1" 200 658 "-" "Python/3.11 aiohttp/3.9.2"
18.222.130.7 - - [04/Apr/2026:08:25:09 +1000] "GET / HTTP/1.1" 200 658 "-" "python-requests/2.32.4"
118.127.40.73 - - [04/Apr/2026:08:41:53 +1000] "GET / HTTP/1.1" 200 658 "-" "Python/3.11 aiohttp/3.9.2"
118.127.40.73 - - [04/Apr/2026:09:11:53 +1000] "GET / HTTP/1.1" 200 658 "-" "Python/3.11 aiohttp/3.9.2"
118.127.40.73 - - [04/Apr/2026:09:41:54 +1000] "GET / HTTP/1.1" 200 658 "-" "Python/3.11 aiohttp/3.9.2"
118.127.40.73 - - [04/Apr/2026:10:11:53 +1000] "GET / HTTP/1.1" 200 658 "-" "Python/3.11 aiohttp/3.9.2"
118.127.40.73 - - [04/Apr/2026:10:41:53 +1000] "GET / HTTP/1.1" 200 658 "-" "Python/3.11 aiohttp/3.9.2"
118.127.40.73 - - [04/Apr/2026:11:11:54 +1000] "GET / HTTP/1.1" 200 658 "-" "Python/3.11 aiohttp/3.9.2"
118.127.40.73 - - [04/Apr/2026:11:41:55 +1000] "GET / HTTP/1.1" 200 658 "-" "Python/3.11 aiohttp/3.9.2"
104.224.66.250 - - [04/Apr/2026:11:47:47 +1000] "HEAD / HTTP/1.1" 200 - "-" "Mozilla/5.0 (iPhone; CPU iPhone OS 17_1 like Mac OS X) AppleWebKit/605.1.15 (KHTML, like Gecko) EdgiOS/121.0.2277.107 Version/17.0 Mobile/15E148 Safari/604.1"
104.224.66.250 - - [04/Apr/2026:11:47:48 +1000] "GET / HTTP/1.1" 200 658 "-" "Mozilla/5.0 (iPhone; CPU iPhone OS 17_1 like Mac OS X) AppleWebKit/605.1.15 (KHTML, like Gecko) EdgiOS/121.0.2277.107 Version/17.0 Mobile/15E148 Safari/604.1"
104.222.46.24 - - [04/Apr/2026:11:47:48 +1000] "HEAD / HTTP/1.1" 200 - "-" "Mozilla/5.0 (Linux; Android 11; moto e20 Build/RONS31.267-94-14) AppleWebKit/537.36 (KHTML, like Gecko) Chrome/122.0.6261.64 Mobile Safari/537.36"
104.222.46.24 - - [04/Apr/2026:11:47:49 +1000] "GET / HTTP/1.1" 200 658 "-" "Mozilla/5.0 (Linux; Android 11; moto e20 Build/RONS31.267-94-14) AppleWebKit/537.36 (KHTML, like Gecko) Chrome/122.0.6261.64 Mobile Safari/537.36"
45.5.66.200 - - [04/Apr/2026:11:50:55 +1000] "GET / HTTP/1.1" 200 658 "-" "Mozilla/5.0 (X11; U; Linux i686; en-US; rv:1.4) Gecko/20030624"
45.5.66.200 - - [04/Apr/2026:11:50:56 +1000] "GET /robots.txt HTTP/1.1" 404 - "https://mydata1.posscales.com.au/" "Mozilla/5.0 (X11; U; Linux i686; en-US; rv:1.4) Gecko/20030624"
45.5.66.200 - - [04/Apr/2026:11:50:57 +1000] "GET / HTTP/1.1" 200 658 "-" "Mozilla/5.0 (X11; U; Linux i686; en-US; rv:1.4) Gecko/20030624"
45.5.66.200 - - [04/Apr/2026:11:50:58 +1000] "GET /robots.txt HTTP/1.1" 404 - "https://mydata1.posscales.com.au/" "Mozilla/5.0 (X11; U; Linux i686; en-US; rv:1.4) Gecko/20030624"
45.5.66.200 - - [04/Apr/2026:11:50:59 +1000] "GET /?C=S%3BO=A HTTP/1.1" 200 658 "-" "Mozilla/5.0 (X11; U; Linux i686; en-US; rv:1.4) Gecko/20030624"
45.5.66.200 - - [04/Apr/2026:11:51:00 +1000] "GET /cgi-bin/ HTTP/1.1" 404 - "-" "Mozilla/5.0 (X11; U; Linux i686; en-US; rv:1.4) Gecko/20030624"
45.5.66.200 - - [04/Apr/2026:11:51:01 +1000] "GET /robots.txt HTTP/1.1" 404 - "https://mydata1.posscales.com.au/?C=S%3BO=A" "Mozilla/5.0 (X11; U; Linux i686; en-US; rv:1.4) Gecko/20030624"
45.5.66.200 - - [04/Apr/2026:11:51:02 +1000] "GET /?C=M%3BO=A HTTP/1.1" 200 658 "-" "Mozilla/5.0 (X11; U; Linux i686; en-US; rv:1.4) Gecko/20030624"
45.5.66.200 - - [04/Apr/2026:11:51:03 +1000] "GET /robots.txt HTTP/1.1" 404 - "https://mydata1.posscales.com.au/?C=M%3BO=A" "Mozilla/5.0 (X11; U; Linux i686; en-US; rv:1.4) Gecko/20030624"
45.5.66.200 - - [04/Apr/2026:11:51:03 +1000] "GET /?C=D%3BO=A HTTP/1.1" 200 658 "-" "Mozilla/5.0 (X11; U; Linux i686; en-US; rv:1.4) Gecko/20030624"
45.5.66.200 - - [04/Apr/2026:11:51:05 +1000] "GET /robots.txt HTTP/1.1" 404 - "https://mydata1.posscales.com.au/?C=D%3BO=A" "Mozilla/5.0 (X11; U; Linux i686; en-US; rv:1.4) Gecko/20030624"
45.5.66.200 - - [04/Apr/2026:11:51:05 +1000] "GET /?C=N%3BO=D HTTP/1.1" 200 658 "-" "Mozilla/5.0 (X11; U; Linux i686; en-US; rv:1.4) Gecko/20030624"
45.5.65.176 - - [04/Apr/2026:11:51:08 +1000] "GET / HTTP/1.1" 200 658 "-" "Mozilla/5.0 (Windows NT 10.0; Win64; x64; rv:109.0) Gecko/20100101 Firefox/121.0"
45.5.65.176 - - [04/Apr/2026:11:51:09 +1000] "GET /robots.txt HTTP/1.1" 404 - "https://www.mydata1.posscales.com.au/" "Mozilla/5.0 (Windows NT 10.0; Win64; x64; rv:109.0) Gecko/20100101 Firefox/121.0"
45.5.65.176 - - [04/Apr/2026:11:51:10 +1000] "GET / HTTP/1.1" 200 658 "-" "Mozilla/5.0 (Windows NT 10.0; Win64; x64; rv:109.0) Gecko/20100101 Firefox/121.0"
45.5.65.176 - - [04/Apr/2026:11:51:11 +1000] "GET /robots.txt HTTP/1.1" 404 - "https://www.mydata1.posscales.com.au/" "Mozilla/5.0 (Windows NT 10.0; Win64; x64; rv:109.0) Gecko/20100101 Firefox/121.0"
45.5.65.176 - - [04/Apr/2026:11:51:12 +1000] "GET /?C=M%3BO=A HTTP/1.1" 200 658 "-" "Mozilla/5.0 (Windows NT 10.0; Win64; x64; rv:109.0) Gecko/20100101 Firefox/121.0"
45.5.65.176 - - [04/Apr/2026:11:51:13 +1000] "GET /robots.txt HTTP/1.1" 404 - "https://www.mydata1.posscales.com.au/?C=M%3BO=A" "Mozilla/5.0 (Windows NT 10.0; Win64; x64; rv:109.0) Gecko/20100101 Firefox/121.0"
45.5.65.176 - - [04/Apr/2026:11:51:14 +1000] "GET /?C=N%3BO=D HTTP/1.1" 200 658 "-" "Mozilla/5.0 (Windows NT 10.0; Win64; x64; rv:109.0) Gecko/20100101 Firefox/121.0"
45.5.65.176 - - [04/Apr/2026:11:51:15 +1000] "GET /robots.txt HTTP/1.1" 404 - "https://www.mydata1.posscales.com.au/?C=N%3BO=D" "Mozilla/5.0 (Windows NT 10.0; Win64; x64; rv:109.0) Gecko/20100101 Firefox/121.0"
45.5.65.176 - - [04/Apr/2026:11:51:15 +1000] "GET /?C=D%3BO=A HTTP/1.1" 200 658 "-" "Mozilla/5.0 (Windows NT 10.0; Win64; x64; rv:109.0) Gecko/20100101 Firefox/121.0"
45.5.65.176 - - [04/Apr/2026:11:51:16 +1000] "GET /cgi-bin/ HTTP/1.1" 404 - "-" "Mozilla/5.0 (Windows NT 10.0; Win64; x64; rv:109.0) Gecko/20100101 Firefox/121.0"
45.5.65.176 - - [04/Apr/2026:11:51:17 +1000] "GET /robots.txt HTTP/1.1" 404 - "https://www.mydata1.posscales.com.au/?C=D%3BO=A" "Mozilla/5.0 (Windows NT 10.0; Win64; x64; rv:109.0) Gecko/20100101 Firefox/121.0"
45.5.65.176 - - [04/Apr/2026:11:51:18 +1000] "GET /?C=S%3BO=A HTTP/1.1" 200 658 "-" "Mozilla/5.0 (Windows NT 10.0; Win64; x64; rv:109.0) Gecko/20100101 Firefox/121.0"
118.127.40.73 - - [04/Apr/2026:12:11:54 +1000] "GET / HTTP/1.1" 200 658 "-" "Python/3.11 aiohttp/3.9.2"
118.127.40.73 - - [04/Apr/2026:12:41:54 +1000] "GET / HTTP/1.1" 200 658 "-" "Python/3.11 aiohttp/3.9.2"
118.127.40.73 - - [04/Apr/2026:13:11:54 +1000] "GET / HTTP/1.1" 200 658 "-" "Python/3.11 aiohttp/3.9.2"
118.127.40.73 - - [04/Apr/2026:13:41:55 +1000] "GET / HTTP/1.1" 200 658 "-" "Python/3.11 aiohttp/3.9.2"
118.127.40.73 - - [04/Apr/2026:14:11:55 +1000] "GET / HTTP/1.1" 200 658 "-" "Python/3.11 aiohttp/3.9.2"
118.127.40.73 - - [04/Apr/2026:14:41:55 +1000] "GET / HTTP/1.1" 200 658 "-" "Python/3.11 aiohttp/3.9.2"
118.127.40.73 - - [04/Apr/2026:15:11:55 +1000] "GET / HTTP/1.1" 200 658 "-" "Python/3.11 aiohttp/3.9.2"
118.127.40.73 - - [04/Apr/2026:15:41:56 +1000] "GET / HTTP/1.1" 200 658 "-" "Python/3.11 aiohttp/3.9.2"
65.87.7.61 - - [04/Apr/2026:16:02:54 +1000] "GET / HTTP/1.1" 200 658 "-" "Mozilla/5.0 (Windows NT 10.0; Win64; x64; rv:125.0) Gecko/20100101 Firefox/125.0"
118.127.40.73 - - [04/Apr/2026:16:11:56 +1000] "GET / HTTP/1.1" 200 658 "-" "Python/3.11 aiohttp/3.9.2"
118.127.40.73 - - [04/Apr/2026:16:41:56 +1000] "GET / HTTP/1.1" 200 658 "-" "Python/3.11 aiohttp/3.9.2"
118.127.40.73 - - [04/Apr/2026:17:11:56 +1000] "GET / HTTP/1.1" 200 658 "-" "Python/3.11 aiohttp/3.9.2"
118.127.40.73 - - [04/Apr/2026:17:41:56 +1000] "GET / HTTP/1.1" 200 658 "-" "Python/3.11 aiohttp/3.9.2"
118.127.40.73 - - [04/Apr/2026:18:11:56 +1000] "GET / HTTP/1.1" 200 658 "-" "Python/3.11 aiohttp/3.9.2"
118.127.40.73 - - [04/Apr/2026:18:41:57 +1000] "GET / HTTP/1.1" 200 658 "-" "Python/3.11 aiohttp/3.9.2"
118.127.40.73 - - [04/Apr/2026:19:11:57 +1000] "GET / HTTP/1.1" 200 658 "-" "Python/3.11 aiohttp/3.9.2"
65.87.7.61 - - [04/Apr/2026:19:32:09 +1000] "GET / HTTP/1.1" 200 658 "-" "Mozilla/5.0 (Windows NT 10.0; Win64; x64; rv:125.0) Gecko/20100101 Firefox/125.0"
118.127.40.73 - - [04/Apr/2026:19:41:57 +1000] "GET / HTTP/1.1" 200 658 "-" "Python/3.11 aiohttp/3.9.2"
118.127.40.73 - - [04/Apr/2026:20:11:57 +1000] "GET / HTTP/1.1" 200 658 "-" "Python/3.11 aiohttp/3.9.2"
118.127.40.73 - - [04/Apr/2026:20:41:58 +1000] "GET / HTTP/1.1" 200 658 "-" "Python/3.11 aiohttp/3.9.2"
118.127.40.73 - - [04/Apr/2026:21:11:58 +1000] "GET / HTTP/1.1" 200 658 "-" "Python/3.11 aiohttp/3.9.2"
118.127.40.73 - - [04/Apr/2026:21:41:59 +1000] "GET / HTTP/1.1" 200 658 "-" "Python/3.11 aiohttp/3.9.2"
118.127.40.73 - - [04/Apr/2026:22:11:58 +1000] "GET / HTTP/1.1" 200 658 "-" "Python/3.11 aiohttp/3.9.2"
118.127.40.73 - - [04/Apr/2026:22:41:58 +1000] "GET / HTTP/1.1" 200 658 "-" "Python/3.11 aiohttp/3.9.2"
74.7.228.35 - - [04/Apr/2026:22:54:51 +1000] "GET /robots.txt HTTP/1.1" 404 - "-" "Mozilla/5.0 (Macintosh; Intel Mac OS X 10_15_7) AppleWebKit/537.36 (KHTML, like Gecko) Chrome/131.0.0.0 Safari/537.36; compatible; OAI-SearchBot/1.3; robots.txt; +https://openai.com/searchbot"
74.7.241.58 - - [04/Apr/2026:22:54:52 +1000] "GET / HTTP/1.1" 200 658 "-" "Mozilla/5.0 AppleWebKit/537.36 (KHTML, like Gecko; compatible; GPTBot/1.3; +https://openai.com/gptbot)"
74.7.241.58 - - [04/Apr/2026:22:54:54 +1000] "GET /?C=N;O=D HTTP/1.1" 200 658 "https://mydata1.posscales.com.au/" "Mozilla/5.0 AppleWebKit/537.36 (KHTML, like Gecko; compatible; GPTBot/1.3; +https://openai.com/gptbot)"
74.7.241.58 - - [04/Apr/2026:22:54:57 +1000] "GET /?C=S;O=A HTTP/1.1" 200 658 "https://mydata1.posscales.com.au/" "Mozilla/5.0 AppleWebKit/537.36 (KHTML, like Gecko; compatible; GPTBot/1.3; +https://openai.com/gptbot)"
74.7.241.58 - - [04/Apr/2026:22:55:00 +1000] "GET /?C=D;O=A HTTP/1.1" 200 658 "https://mydata1.posscales.com.au/" "Mozilla/5.0 AppleWebKit/537.36 (KHTML, like Gecko; compatible; GPTBot/1.3; +https://openai.com/gptbot)"
74.7.241.58 - - [04/Apr/2026:22:55:02 +1000] "GET /?C=M;O=A HTTP/1.1" 200 658 "https://mydata1.posscales.com.au/" "Mozilla/5.0 AppleWebKit/537.36 (KHTML, like Gecko; compatible; GPTBot/1.3; +https://openai.com/gptbot)"
74.7.241.58 - - [04/Apr/2026:22:55:04 +1000] "GET /?C=D;O=D HTTP/1.1" 200 658 "https://mydata1.posscales.com.au/?C=D;O=A" "Mozilla/5.0 AppleWebKit/537.36 (KHTML, like Gecko; compatible; GPTBot/1.3; +https://openai.com/gptbot)"
74.7.241.58 - - [04/Apr/2026:22:55:06 +1000] "GET /?C=S;O=D HTTP/1.1" 200 658 "https://mydata1.posscales.com.au/?C=S;O=A" "Mozilla/5.0 AppleWebKit/537.36 (KHTML, like Gecko; compatible; GPTBot/1.3; +https://openai.com/gptbot)"
74.7.241.58 - - [04/Apr/2026:22:55:08 +1000] "GET /?C=M;O=D HTTP/1.1" 200 658 "https://mydata1.posscales.com.au/?C=M;O=A" "Mozilla/5.0 AppleWebKit/537.36 (KHTML, like Gecko; compatible; GPTBot/1.3; +https://openai.com/gptbot)"
118.127.40.73 - - [04/Apr/2026:23:11:58 +1000] "GET / HTTP/1.1" 200 658 "-" "Python/3.11 aiohttp/3.9.2"
118.127.40.73 - - [04/Apr/2026:23:41:59 +1000] "GET / HTTP/1.1" 200 658 "-" "Python/3.11 aiohttp/3.9.2"
118.127.40.73 - - [05/Apr/2026:00:11:59 +1000] "GET / HTTP/1.1" 200 658 "-" "Python/3.11 aiohttp/3.9.2"
118.127.40.73 - - [05/Apr/2026:00:41:59 +1000] "GET / HTTP/1.1" 200 658 "-" "Python/3.11 aiohttp/3.9.2"
118.127.40.73 - - [05/Apr/2026:01:11:59 +1000] "GET / HTTP/1.1" 200 658 "-" "Python/3.11 aiohttp/3.9.2"
118.127.40.73 - - [05/Apr/2026:01:42:01 +1000] "GET / HTTP/1.1" 200 658 "-" "Python/3.11 aiohttp/3.9.2"
104.152.52.110 - - [05/Apr/2026:01:45:56 +1000] "GET / HTTP/1.1" 200 658 "-" "curl/7.61.1"
104.152.52.110 - - [05/Apr/2026:01:45:57 +1000] "GET /favicon.ico HTTP/1.1" 404 - "-" "curl/7.61.1"
118.127.40.73 - - [05/Apr/2026:02:11:59 +1000] "GET / HTTP/1.1" 200 658 "-" "Python/3.11 aiohttp/3.9.2"
118.127.40.73 - - [05/Apr/2026:02:42:00 +1000] "GET / HTTP/1.1" 200 658 "-" "Python/3.11 aiohttp/3.9.2"
118.127.40.73 - - [05/Apr/2026:03:11:59 +1000] "GET / HTTP/1.1" 200 658 "-" "Python/3.11 aiohttp/3.9.2"
118.127.40.73 - - [05/Apr/2026:03:42:00 +1000] "GET / HTTP/1.1" 200 658 "-" "Python/3.11 aiohttp/3.9.2"
118.127.40.73 - - [05/Apr/2026:04:12:00 +1000] "GET / HTTP/1.1" 200 658 "-" "Python/3.11 aiohttp/3.9.2"
74.7.175.188 - - [05/Apr/2026:04:29:39 +1000] "GET /robots.txt HTTP/1.1" 404 - "-" "Mozilla/5.0 (Macintosh; Intel Mac OS X 10_15_7) AppleWebKit/537.36 (KHTML, like Gecko) Chrome/131.0.0.0 Safari/537.36; compatible; OAI-SearchBot/1.3; robots.txt; +https://openai.com/searchbot"
118.127.40.73 - - [05/Apr/2026:04:42:01 +1000] "GET / HTTP/1.1" 200 658 "-" "Python/3.11 aiohttp/3.9.2"
66.132.186.161 - - [05/Apr/2026:05:03:44 +1000] "GET / HTTP/1.1" 200 658 "-" "Mozilla/5.0 (compatible; CensysInspect/1.1; +https://about.censys.io/)"
118.127.40.73 - - [05/Apr/2026:05:12:01 +1000] "GET / HTTP/1.1" 200 658 "-" "Python/3.11 aiohttp/3.9.2"
118.127.40.73 - - [05/Apr/2026:05:42:03 +1000] "GET / HTTP/1.1" 200 658 "-" "Python/3.11 aiohttp/3.9.2"
94.26.106.219 - - [05/Apr/2026:06:11:04 +1000] "GET /wp-login.php HTTP/1.1" 404 16 "-" "Mozilla/5.0 (Windows NT 10.0; Win64; x64) Gecko/20100101 Firefox/119.0.1"
94.26.106.219 - - [05/Apr/2026:06:11:05 +1000] "GET /administrator/ HTTP/1.1" 404 - "-" "Mozilla/5.0 (Windows NT 11.0; Win64; x64) AppleWebKit/537.36 (KHTML, like Gecko) Chrome/118.0.5993.88 Safari/537.36"
118.127.40.73 - - [05/Apr/2026:06:12:01 +1000] "GET / HTTP/1.1" 200 658 "-" "Python/3.11 aiohttp/3.9.2"
118.127.40.73 - - [05/Apr/2026:06:42:01 +1000] "GET / HTTP/1.1" 200 658 "-" "Python/3.11 aiohttp/3.9.2"
118.127.40.73 - - [05/Apr/2026:07:12:01 +1000] "GET / HTTP/1.1" 200 658 "-" "Python/3.11 aiohttp/3.9.2"
66.132.195.83 - - [05/Apr/2026:07:40:19 +1000] "GET / HTTP/1.1" 200 658 "-" "Mozilla/5.0 (compatible; CensysInspect/1.1; +https://about.censys.io/)"
66.132.195.83 - - [05/Apr/2026:07:40:19 +1000] "GET /cgi-bin HTTP/1.1" 301 293 "-" "Mozilla/5.0 (compatible; CensysInspect/1.1; +https://about.censys.io/)"
66.132.195.83 - - [05/Apr/2026:07:40:20 +1000] "GET /cgi-bin/ HTTP/1.1" 404 - "https://www.mydata1.posscales.com.au:443/cgi-bin" "Mozilla/5.0 (compatible; CensysInspect/1.1; +https://about.censys.io/)"
118.127.40.73 - - [05/Apr/2026:07:42:02 +1000] "GET / HTTP/1.1" 200 658 "-" "Python/3.11 aiohttp/3.9.2"
118.127.40.73 - - [05/Apr/2026:08:12:02 +1000] "GET / HTTP/1.1" 200 658 "-" "Python/3.11 aiohttp/3.9.2"
118.127.40.73 - - [05/Apr/2026:08:42:03 +1000] "GET / HTTP/1.1" 200 658 "-" "Python/3.11 aiohttp/3.9.2"
118.127.40.73 - - [05/Apr/2026:09:12:02 +1000] "GET / HTTP/1.1" 200 658 "-" "Python/3.11 aiohttp/3.9.2"
118.127.40.73 - - [05/Apr/2026:09:42:04 +1000] "GET / HTTP/1.1" 200 658 "-" "Python/3.11 aiohttp/3.9.2"
185.177.72.50 - - [05/Apr/2026:09:52:46 +1000] "GET /dashboard HTTP/1.1" 404 - "-" "Mozilla/5.0 (Windows NT 10.0; Win64; x64) AppleWebKit/537.36, Mozilla/5.0 (Windows NT 10.0; Win64; x64) AppleWebKit/537.36 (KHTML, like Gecko) Chrome/120.0.0.0 Safari/537.36"
185.177.72.50 - - [05/Apr/2026:09:52:46 +1000] "GET /index.html HTTP/1.1" 404 - "-" "Mozilla/5.0 (Windows NT 10.0; Win64; x64) AppleWebKit/537.36, Mozilla/5.0 (Windows NT 10.0; Win64; x64) AppleWebKit/537.36 (KHTML, like Gecko) Chrome/120.0.0.0 Safari/537.36"
185.177.72.50 - - [05/Apr/2026:09:52:46 +1000] "GET /shop HTTP/1.1" 404 - "-" "Mozilla/5.0 (Windows NT 10.0; Win64; x64) AppleWebKit/537.36, Mozilla/5.0 (Windows NT 10.0; Win64; x64) AppleWebKit/537.36 (KHTML, like Gecko) Chrome/120.0.0.0 Safari/537.36"
185.177.72.50 - - [05/Apr/2026:09:52:47 +1000] "GET /robots.txt HTTP/1.1" 404 - "-" "Mozilla/5.0 (Windows NT 10.0; Win64; x64) AppleWebKit/537.36"
185.177.72.50 - - [05/Apr/2026:09:52:47 +1000] "GET / HTTP/1.1" 200 658 "-" "Mozilla/5.0 (Windows NT 10.0; Win64; x64) AppleWebKit/537.36, Mozilla/5.0 (Windows NT 10.0; Win64; x64) AppleWebKit/537.36 (KHTML, like Gecko) Chrome/120.0.0.0 Safari/537.36"
185.177.72.50 - - [05/Apr/2026:09:52:47 +1000] "GET /billing HTTP/1.1" 404 - "-" "Mozilla/5.0 (Windows NT 10.0; Win64; x64) AppleWebKit/537.36, Mozilla/5.0 (Windows NT 10.0; Win64; x64) AppleWebKit/537.36 (KHTML, like Gecko) Chrome/120.0.0.0 Safari/537.36"
185.177.72.50 - - [05/Apr/2026:09:52:47 +1000] "GET /donate HTTP/1.1" 404 - "-" "Mozilla/5.0 (Windows NT 10.0; Win64; x64) AppleWebKit/537.36, Mozilla/5.0 (Windows NT 10.0; Win64; x64) AppleWebKit/537.36 (KHTML, like Gecko) Chrome/120.0.0.0 Safari/537.36"
185.177.72.50 - - [05/Apr/2026:09:52:47 +1000] "GET /donate HTTP/1.1" 404 - "-" "Mozilla/5.0 (Windows NT 10.0; Win64; x64) AppleWebKit/537.36, Mozilla/5.0 (Windows NT 10.0; Win64; x64) AppleWebKit/537.36 (KHTML, like Gecko) Chrome/120.0.0.0 Safari/537.36"
185.177.72.50 - - [05/Apr/2026:09:52:47 +1000] "GET /register HTTP/1.1" 404 - "-" "Mozilla/5.0 (Windows NT 10.0; Win64; x64) AppleWebKit/537.36, Mozilla/5.0 (Windows NT 10.0; Win64; x64) AppleWebKit/537.36 (KHTML, like Gecko) Chrome/120.0.0.0 Safari/537.36"
185.177.72.50 - - [05/Apr/2026:09:52:48 +1000] "GET /.env HTTP/1.1" 404 - "-" "Mozilla/5.0 (Windows NT 10.0; Win64; x64) AppleWebKit/537.36, curl/8.4.0"
185.177.72.50 - - [05/Apr/2026:09:52:49 +1000] "GET / HTTP/1.1" 200 658 "-" "Mozilla/5.0 (Windows NT 10.0; Win64; x64) AppleWebKit/537.36, Mozilla/5.0 (Windows NT 10.0; Win64; x64) AppleWebKit/537.36 (KHTML, like Gecko) Chrome/120.0.0.0 Safari/537.36"
185.177.72.50 - - [05/Apr/2026:09:52:49 +1000] "GET /admin HTTP/1.1" 404 - "-" "Mozilla/5.0 (Windows NT 10.0; Win64; x64) AppleWebKit/537.36, Mozilla/5.0 (Windows NT 10.0; Win64; x64) AppleWebKit/537.36 (KHTML, like Gecko) Chrome/120.0.0.0 Safari/537.36"
185.177.72.50 - - [05/Apr/2026:09:52:49 +1000] "GET /subscribe HTTP/1.1" 404 - "-" "Mozilla/5.0 (Windows NT 10.0; Win64; x64) AppleWebKit/537.36, Mozilla/5.0 (Windows NT 10.0; Win64; x64) AppleWebKit/537.36 (KHTML, like Gecko) Chrome/120.0.0.0 Safari/537.36"
185.177.72.50 - - [05/Apr/2026:09:52:49 +1000] "GET /subscribe HTTP/1.1" 404 - "-" "Mozilla/5.0 (Windows NT 10.0; Win64; x64) AppleWebKit/537.36, Mozilla/5.0 (Windows NT 10.0; Win64; x64) AppleWebKit/537.36 (KHTML, like Gecko) Chrome/120.0.0.0 Safari/537.36"
138.68.82.23 - - [05/Apr/2026:09:52:49 +1000] "GET / HTTP/1.1" 200 658 "-" "Mozilla/5.0 (l9scan/2.0.330313e20343e2732313e2831313; +https://leakix.net)"
185.177.72.50 - - [05/Apr/2026:09:52:49 +1000] "GET /.env HTTP/1.1" 404 - "-" "Mozilla/5.0 (Windows NT 10.0; Win64; x64) AppleWebKit/537.36, curl/8.4.0"
138.68.82.23 - - [05/Apr/2026:09:52:49 +1000] "GET / HTTP/1.1" 200 658 "-" "Mozilla/5.0 (l9scan/2.0.330313e20343e2732313e2831313; +https://leakix.net)"
185.177.72.50 - - [05/Apr/2026:09:52:49 +1000] "GET /index.html HTTP/1.1" 404 - "-" "Mozilla/5.0 (Windows NT 10.0; Win64; x64) AppleWebKit/537.36, Mozilla/5.0 (Windows NT 10.0; Win64; x64) AppleWebKit/537.36 (KHTML, like Gecko) Chrome/120.0.0.0 Safari/537.36"
185.177.72.50 - - [05/Apr/2026:09:52:49 +1000] "GET /pricing HTTP/1.1" 404 - "-" "Mozilla/5.0 (Windows NT 10.0; Win64; x64) AppleWebKit/537.36, Mozilla/5.0 (Windows NT 10.0; Win64; x64) AppleWebKit/537.36 (KHTML, like Gecko) Chrome/120.0.0.0 Safari/537.36"
138.68.82.23 - - [05/Apr/2026:09:52:50 +1000] "GET /console/ HTTP/1.1" 404 - "-" "Mozilla/5.0 (l9scan/2.0.330313e20343e2732313e2831313; +https://leakix.net)"
138.68.82.23 - - [05/Apr/2026:09:52:50 +1000] "GET /console/ HTTP/1.1" 404 - "-" "Mozilla/5.0 (l9scan/2.0.330313e20343e2732313e2831313; +https://leakix.net)"
57.129.16.41 - - [05/Apr/2026:09:52:50 +1000] "GET / HTTP/1.1" 200 658 "-" "Go-http-client/1.1"
57.129.16.41 - - [05/Apr/2026:09:52:51 +1000] "GET /cgi-bin/ HTTP/1.1" 404 - "-" "Go-http-client/1.1"
138.68.82.23 - - [05/Apr/2026:09:52:51 +1000] "GET /server HTTP/1.1" 404 - "-" "Mozilla/5.0 (l9scan/2.0.330313e20343e2732313e2831313; +https://leakix.net)"
138.68.82.23 - - [05/Apr/2026:09:52:51 +1000] "GET /server HTTP/1.1" 404 - "-" "Mozilla/5.0 (l9scan/2.0.330313e20343e2732313e2831313; +https://leakix.net)"
138.68.82.23 - - [05/Apr/2026:09:52:52 +1000] "GET /server-status HTTP/1.1" 404 - "-" "Mozilla/5.0 (l9scan/2.0.330313e20343e2732313e2831313; +https://leakix.net)"
138.68.82.23 - - [05/Apr/2026:09:52:52 +1000] "GET /server-status HTTP/1.1" 404 - "-" "Mozilla/5.0 (l9scan/2.0.330313e20343e2732313e2831313; +https://leakix.net)"
138.68.82.23 - - [05/Apr/2026:09:52:54 +1000] "GET /about HTTP/1.1" 404 - "-" "Mozilla/5.0 (l9scan/2.0.330313e20343e2732313e2831313; +https://leakix.net)"
138.68.82.23 - - [05/Apr/2026:09:52:54 +1000] "GET /about HTTP/1.1" 404 - "-" "Mozilla/5.0 (l9scan/2.0.330313e20343e2732313e2831313; +https://leakix.net)"
138.68.82.23 - - [05/Apr/2026:09:52:55 +1000] "GET /login.action HTTP/1.1" 404 - "-" "Mozilla/5.0 (l9scan/2.0.330313e20343e2732313e2831313; +https://leakix.net)"
138.68.82.23 - - [05/Apr/2026:09:52:55 +1000] "GET /login.action HTTP/1.1" 404 - "-" "Mozilla/5.0 (l9scan/2.0.330313e20343e2732313e2831313; +https://leakix.net)"
138.68.82.23 - - [05/Apr/2026:09:52:56 +1000] "GET /v2/_catalog HTTP/1.1" 404 - "-" "Mozilla/5.0 (l9scan/2.0.330313e20343e2732313e2831313; +https://leakix.net)"
138.68.82.23 - - [05/Apr/2026:09:52:56 +1000] "GET /v2/_catalog HTTP/1.1" 404 - "-" "Mozilla/5.0 (l9scan/2.0.330313e20343e2732313e2831313; +https://leakix.net)"
138.68.82.23 - - [05/Apr/2026:09:52:57 +1000] "GET /.DS_Store HTTP/1.1" 404 - "-" "Mozilla/5.0 (l9scan/2.0.330313e20343e2732313e2831313; +https://leakix.net)"
138.68.82.23 - - [05/Apr/2026:09:52:57 +1000] "GET /.DS_Store HTTP/1.1" 404 - "-" "Mozilla/5.0 (l9scan/2.0.330313e20343e2732313e2831313; +https://leakix.net)"
138.68.82.23 - - [05/Apr/2026:09:52:58 +1000] "GET /.env HTTP/1.1" 404 - "-" "Mozilla/5.0 (l9scan/2.0.330313e20343e2732313e2831313; +https://leakix.net)"
138.68.82.23 - - [05/Apr/2026:09:52:58 +1000] "GET /.env HTTP/1.1" 404 - "-" "Mozilla/5.0 (l9scan/2.0.330313e20343e2732313e2831313; +https://leakix.net)"
138.68.82.23 - - [05/Apr/2026:09:53:00 +1000] "GET /ecp/Current/exporttool/microsoft.exchange.ediscovery.exporttool.application HTTP/1.1" 404 - "-" "Mozilla/5.0 (l9scan/2.0.330313e20343e2732313e2831313; +https://leakix.net)"
138.68.82.23 - - [05/Apr/2026:09:53:00 +1000] "GET /ecp/Current/exporttool/microsoft.exchange.ediscovery.exporttool.application HTTP/1.1" 404 - "-" "Mozilla/5.0 (l9scan/2.0.330313e20343e2732313e2831313; +https://leakix.net)"
57.129.16.41 - - [05/Apr/2026:09:53:00 +1000] "GET / HTTP/1.1" 200 658 "-" "Go-http-client/1.1"
57.129.16.41 - - [05/Apr/2026:09:53:00 +1000] "GET /cgi-bin/ HTTP/1.1" 404 - "-" "Go-http-client/1.1"
