118.127.40.73 - - [07/Apr/2026:14:45:30 +1000] "GET / HTTP/1.1" 200 116593 "-" "Python/3.11 aiohttp/3.9.2"
118.127.40.73 - - [07/Apr/2026:15:15:30 +1000] "GET / HTTP/1.1" 200 116593 "-" "Python/3.11 aiohttp/3.9.2"
118.127.40.73 - - [07/Apr/2026:15:45:30 +1000] "GET / HTTP/1.1" 200 116593 "-" "Python/3.11 aiohttp/3.9.2"
118.127.40.73 - - [07/Apr/2026:16:15:32 +1000] "GET / HTTP/1.1" 200 33208 "-" "Python/3.11 aiohttp/3.9.2"
118.127.40.73 - - [07/Apr/2026:16:45:30 +1000] "GET / HTTP/1.1" 200 116593 "-" "Python/3.11 aiohttp/3.9.2"
118.127.40.73 - - [07/Apr/2026:17:15:31 +1000] "GET / HTTP/1.1" 200 116593 "-" "Python/3.11 aiohttp/3.9.2"
118.127.40.73 - - [07/Apr/2026:17:45:31 +1000] "GET / HTTP/1.1" 200 116593 "-" "Python/3.11 aiohttp/3.9.2"
205.210.31.41 - - [07/Apr/2026:17:47:36 +1000] "GET / HTTP/1.1" 200 116593 "-" "Hello from Palo Alto Networks, find out more about our scans in https://docs-cortex.paloaltonetworks.com/r/1/Cortex-Xpanse/Scanning-activity"
118.127.40.73 - - [07/Apr/2026:18:15:31 +1000] "GET / HTTP/1.1" 200 116593 "-" "Python/3.11 aiohttp/3.9.2"
118.127.40.73 - - [07/Apr/2026:18:45:31 +1000] "GET / HTTP/1.1" 200 116593 "-" "Python/3.11 aiohttp/3.9.2"
118.127.40.73 - - [07/Apr/2026:19:15:31 +1000] "GET / HTTP/1.1" 200 116593 "-" "Python/3.11 aiohttp/3.9.2"
118.127.40.73 - - [07/Apr/2026:19:45:32 +1000] "GET / HTTP/1.1" 200 116593 "-" "Python/3.11 aiohttp/3.9.2"
118.127.40.73 - - [07/Apr/2026:20:15:32 +1000] "GET / HTTP/1.1" 200 90544 "-" "Python/3.11 aiohttp/3.9.2"
118.127.40.73 - - [07/Apr/2026:20:45:33 +1000] "GET / HTTP/1.1" 200 116593 "-" "Python/3.11 aiohttp/3.9.2"
118.127.40.73 - - [07/Apr/2026:21:15:36 +1000] "GET / HTTP/1.1" 200 116593 "-" "Python/3.11 aiohttp/3.9.2"
118.127.40.73 - - [07/Apr/2026:21:45:35 +1000] "GET / HTTP/1.1" 200 116593 "-" "Python/3.11 aiohttp/3.9.2"
118.127.40.73 - - [07/Apr/2026:22:15:33 +1000] "GET / HTTP/1.1" 200 116593 "-" "Python/3.11 aiohttp/3.9.2"
118.127.40.73 - - [07/Apr/2026:22:45:33 +1000] "GET / HTTP/1.1" 200 116593 "-" "Python/3.11 aiohttp/3.9.2"
118.127.40.73 - - [07/Apr/2026:23:15:33 +1000] "GET / HTTP/1.1" 200 116593 "-" "Python/3.11 aiohttp/3.9.2"
118.127.40.73 - - [07/Apr/2026:23:45:34 +1000] "GET / HTTP/1.1" 200 49592 "-" "Python/3.11 aiohttp/3.9.2"
118.127.40.73 - - [08/Apr/2026:00:15:33 +1000] "GET / HTTP/1.1" 200 41400 "-" "Python/3.11 aiohttp/3.9.2"
118.127.40.73 - - [08/Apr/2026:00:45:33 +1000] "GET / HTTP/1.1" 200 116593 "-" "Python/3.11 aiohttp/3.9.2"
118.127.40.73 - - [08/Apr/2026:01:15:34 +1000] "GET / HTTP/1.1" 200 116593 "-" "Python/3.11 aiohttp/3.9.2"
118.127.40.73 - - [08/Apr/2026:01:45:34 +1000] "GET / HTTP/1.1" 200 116593 "-" "Python/3.11 aiohttp/3.9.2"
118.127.40.73 - - [08/Apr/2026:02:15:34 +1000] "GET / HTTP/1.1" 200 116593 "-" "Python/3.11 aiohttp/3.9.2"
118.127.40.73 - - [08/Apr/2026:02:45:37 +1000] "GET / HTTP/1.1" 200 116593 "-" "Python/3.11 aiohttp/3.9.2"
74.7.244.38 - - [08/Apr/2026:03:06:08 +1000] "GET /robots.txt HTTP/1.1" 404 - "-" "Mozilla/5.0 (Macintosh; Intel Mac OS X 10_15_7) AppleWebKit/537.36 (KHTML, like Gecko) Chrome/131.0.0.0 Safari/537.36; compatible; OAI-SearchBot/1.3; robots.txt; +https://openai.com/searchbot"
118.127.40.73 - - [08/Apr/2026:03:15:36 +1000] "GET / HTTP/1.1" 200 116593 "-" "Python/3.11 aiohttp/3.9.2"
118.127.40.73 - - [08/Apr/2026:03:45:35 +1000] "GET / HTTP/1.1" 200 41400 "-" "Python/3.11 aiohttp/3.9.2"
118.127.40.73 - - [08/Apr/2026:04:15:36 +1000] "GET / HTTP/1.1" 200 116593 "-" "Python/3.11 aiohttp/3.9.2"
118.127.40.73 - - [08/Apr/2026:04:45:36 +1000] "GET / HTTP/1.1" 200 116593 "-" "Python/3.11 aiohttp/3.9.2"
118.127.40.73 - - [08/Apr/2026:05:15:36 +1000] "GET / HTTP/1.1" 200 116593 "-" "Python/3.11 aiohttp/3.9.2"
118.127.40.73 - - [08/Apr/2026:05:45:37 +1000] "GET / HTTP/1.1" 200 116593 "-" "Python/3.11 aiohttp/3.9.2"
118.127.40.73 - - [08/Apr/2026:06:15:37 +1000] "GET / HTTP/1.1" 200 115120 "-" "Python/3.11 aiohttp/3.9.2"
118.127.40.73 - - [08/Apr/2026:06:45:36 +1000] "GET / HTTP/1.1" 200 116593 "-" "Python/3.11 aiohttp/3.9.2"
118.127.40.73 - - [08/Apr/2026:07:15:37 +1000] "GET / HTTP/1.1" 200 116593 "-" "Python/3.11 aiohttp/3.9.2"
118.127.40.73 - - [08/Apr/2026:07:45:36 +1000] "GET / HTTP/1.1" 200 116593 "-" "Python/3.11 aiohttp/3.9.2"
118.127.40.73 - - [08/Apr/2026:08:15:37 +1000] "GET / HTTP/1.1" 200 116593 "-" "Python/3.11 aiohttp/3.9.2"
118.127.40.73 - - [08/Apr/2026:08:45:37 +1000] "GET / HTTP/1.1" 200 116593 "-" "Python/3.11 aiohttp/3.9.2"
118.127.40.73 - - [08/Apr/2026:09:15:37 +1000] "GET / HTTP/1.1" 200 116593 "-" "Python/3.11 aiohttp/3.9.2"
118.127.40.73 - - [08/Apr/2026:09:45:37 +1000] "GET / HTTP/1.1" 200 116593 "-" "Python/3.11 aiohttp/3.9.2"
118.127.40.73 - - [08/Apr/2026:10:15:37 +1000] "GET / HTTP/1.1" 200 116593 "-" "Python/3.11 aiohttp/3.9.2"
118.127.40.73 - - [08/Apr/2026:10:45:39 +1000] "GET / HTTP/1.1" 200 116593 "-" "Python/3.11 aiohttp/3.9.2"
118.127.40.73 - - [08/Apr/2026:11:15:37 +1000] "GET / HTTP/1.1" 200 116593 "-" "Python/3.11 aiohttp/3.9.2"
118.127.40.73 - - [08/Apr/2026:11:45:38 +1000] "GET / HTTP/1.1" 200 116593 "-" "Python/3.11 aiohttp/3.9.2"
118.127.40.73 - - [08/Apr/2026:12:15:38 +1000] "GET / HTTP/1.1" 200 116593 "-" "Python/3.11 aiohttp/3.9.2"
118.127.40.73 - - [08/Apr/2026:12:45:38 +1000] "GET / HTTP/1.1" 200 25016 "-" "Python/3.11 aiohttp/3.9.2"
118.127.40.73 - - [08/Apr/2026:13:15:38 +1000] "GET / HTTP/1.1" 200 116593 "-" "Python/3.11 aiohttp/3.9.2"
118.127.40.73 - - [08/Apr/2026:13:45:39 +1000] "GET / HTTP/1.1" 200 116593 "-" "Python/3.11 aiohttp/3.9.2"
118.127.40.73 - - [08/Apr/2026:14:15:39 +1000] "GET / HTTP/1.1" 200 116593 "-" "Python/3.11 aiohttp/3.9.2"
118.127.40.73 - - [08/Apr/2026:14:45:39 +1000] "GET / HTTP/1.1" 200 116593 "-" "Python/3.11 aiohttp/3.9.2"
118.127.40.73 - - [08/Apr/2026:15:15:39 +1000] "GET / HTTP/1.1" 200 116593 "-" "Python/3.11 aiohttp/3.9.2"
118.127.40.73 - - [08/Apr/2026:15:45:40 +1000] "GET / HTTP/1.1" 200 116593 "-" "Python/3.11 aiohttp/3.9.2"
118.127.40.73 - - [08/Apr/2026:16:15:40 +1000] "GET / HTTP/1.1" 200 116593 "-" "Python/3.11 aiohttp/3.9.2"
118.127.40.73 - - [08/Apr/2026:16:45:40 +1000] "GET / HTTP/1.1" 200 116593 "-" "Python/3.11 aiohttp/3.9.2"
118.127.40.73 - - [08/Apr/2026:17:15:41 +1000] "GET / HTTP/1.1" 200 116593 "-" "Python/3.11 aiohttp/3.9.2"
118.127.40.73 - - [08/Apr/2026:17:45:41 +1000] "GET / HTTP/1.1" 200 116593 "-" "Python/3.11 aiohttp/3.9.2"
118.127.40.73 - - [08/Apr/2026:18:15:40 +1000] "GET / HTTP/1.1" 200 116593 "-" "Python/3.11 aiohttp/3.9.2"
118.127.40.73 - - [08/Apr/2026:18:45:43 +1000] "GET / HTTP/1.1" 200 116593 "-" "Python/3.11 aiohttp/3.9.2"
118.127.40.73 - - [08/Apr/2026:19:15:41 +1000] "GET / HTTP/1.1" 200 116593 "-" "Python/3.11 aiohttp/3.9.2"
118.127.40.73 - - [08/Apr/2026:19:45:42 +1000] "GET / HTTP/1.1" 200 116593 "-" "Python/3.11 aiohttp/3.9.2"
118.127.40.73 - - [08/Apr/2026:20:15:41 +1000] "GET / HTTP/1.1" 200 116593 "-" "Python/3.11 aiohttp/3.9.2"
118.127.40.73 - - [08/Apr/2026:20:45:41 +1000] "GET / HTTP/1.1" 200 116593 "-" "Python/3.11 aiohttp/3.9.2"
118.127.40.73 - - [08/Apr/2026:21:15:42 +1000] "GET / HTTP/1.1" 200 116593 "-" "Python/3.11 aiohttp/3.9.2"
118.127.40.73 - - [08/Apr/2026:21:45:42 +1000] "GET / HTTP/1.1" 200 116593 "-" "Python/3.11 aiohttp/3.9.2"
118.127.40.73 - - [08/Apr/2026:22:15:42 +1000] "GET / HTTP/1.1" 200 116593 "-" "Python/3.11 aiohttp/3.9.2"
118.127.40.73 - - [08/Apr/2026:22:45:43 +1000] "GET / HTTP/1.1" 200 116593 "-" "Python/3.11 aiohttp/3.9.2"
118.127.40.73 - - [08/Apr/2026:23:15:43 +1000] "GET / HTTP/1.1" 200 116593 "-" "Python/3.11 aiohttp/3.9.2"
118.127.40.73 - - [08/Apr/2026:23:45:42 +1000] "GET / HTTP/1.1" 200 116593 "-" "Python/3.11 aiohttp/3.9.2"
118.127.40.73 - - [09/Apr/2026:00:15:45 +1000] "GET / HTTP/1.1" 200 116593 "-" "Python/3.11 aiohttp/3.9.2"
118.127.40.73 - - [09/Apr/2026:00:45:43 +1000] "GET / HTTP/1.1" 200 116593 "-" "Python/3.11 aiohttp/3.9.2"
118.127.40.73 - - [09/Apr/2026:01:15:43 +1000] "GET / HTTP/1.1" 200 116593 "-" "Python/3.11 aiohttp/3.9.2"
118.127.40.73 - - [09/Apr/2026:01:45:43 +1000] "GET / HTTP/1.1" 200 116593 "-" "Python/3.11 aiohttp/3.9.2"
118.127.40.73 - - [09/Apr/2026:02:15:44 +1000] "GET / HTTP/1.1" 200 116593 "-" "Python/3.11 aiohttp/3.9.2"
118.127.40.73 - - [09/Apr/2026:02:45:44 +1000] "GET / HTTP/1.1" 200 116593 "-" "Python/3.11 aiohttp/3.9.2"
204.76.203.25 - - [09/Apr/2026:03:01:02 +1000] "GET / HTTP/1.1" 200 116593 "-" "Mozilla/5.0 (Windows NT 10.0; Win64; x64) AppleWebKit/537.36 (KHTML, like Gecko) Chrome/134.0.0.0 Safari/537.3"
118.127.40.73 - - [09/Apr/2026:03:15:44 +1000] "GET / HTTP/1.1" 200 116593 "-" "Python/3.11 aiohttp/3.9.2"
118.127.40.73 - - [09/Apr/2026:03:45:46 +1000] "GET / HTTP/1.1" 200 116593 "-" "Python/3.11 aiohttp/3.9.2"
118.127.40.73 - - [09/Apr/2026:04:15:45 +1000] "GET / HTTP/1.1" 200 116593 "-" "Python/3.11 aiohttp/3.9.2"
118.127.40.73 - - [09/Apr/2026:04:45:45 +1000] "GET / HTTP/1.1" 200 49592 "-" "Python/3.11 aiohttp/3.9.2"
118.127.40.73 - - [09/Apr/2026:05:15:45 +1000] "GET / HTTP/1.1" 200 116593 "-" "Python/3.11 aiohttp/3.9.2"
118.127.40.73 - - [09/Apr/2026:05:45:46 +1000] "GET / HTTP/1.1" 200 116593 "-" "Python/3.11 aiohttp/3.9.2"
118.127.40.73 - - [09/Apr/2026:06:15:45 +1000] "GET / HTTP/1.1" 200 116593 "-" "Python/3.11 aiohttp/3.9.2"
152.42.216.14 - - [09/Apr/2026:06:44:39 +1000] "GET /wp-login.php HTTP/1.1" 404 16 "https://wordpress.org/" "Mozilla/5.0 (Windows NT 10.0; Win64; x64; rv:119.0) Gecko/20100101 Firefox/119.0"
152.42.216.14 - - [09/Apr/2026:06:44:46 +1000] "GET /wp-admin/ HTTP/1.1" 404 - "https://www.google.com/search?q=wordpress" "Mozilla/5.0 (X11; Linux x86_64) AppleWebKit/537.36 (KHTML, like Gecko) Chrome/119.0.0.0 Safari/537.36"
118.127.40.73 - - [09/Apr/2026:06:45:45 +1000] "GET / HTTP/1.1" 200 116593 "-" "Python/3.11 aiohttp/3.9.2"
118.127.40.73 - - [09/Apr/2026:07:15:45 +1000] "GET / HTTP/1.1" 200 116593 "-" "Python/3.11 aiohttp/3.9.2"
118.127.40.73 - - [09/Apr/2026:07:45:46 +1000] "GET / HTTP/1.1" 200 116593 "-" "Python/3.11 aiohttp/3.9.2"
118.127.40.73 - - [09/Apr/2026:08:15:46 +1000] "GET / HTTP/1.1" 200 116593 "-" "Python/3.11 aiohttp/3.9.2"
118.127.40.73 - - [09/Apr/2026:08:45:47 +1000] "GET / HTTP/1.1" 200 116593 "-" "Python/3.11 aiohttp/3.9.2"
118.127.40.73 - - [09/Apr/2026:09:15:46 +1000] "GET / HTTP/1.1" 200 116593 "-" "Python/3.11 aiohttp/3.9.2"
118.127.40.73 - - [09/Apr/2026:09:45:47 +1000] "GET / HTTP/1.1" 200 116593 "-" "Python/3.11 aiohttp/3.9.2"
118.127.40.73 - - [09/Apr/2026:10:15:47 +1000] "GET / HTTP/1.1" 200 116593 "-" "Python/3.11 aiohttp/3.9.2"
118.127.40.73 - - [09/Apr/2026:10:45:47 +1000] "GET / HTTP/1.1" 200 116593 "-" "Python/3.11 aiohttp/3.9.2"
118.127.40.73 - - [09/Apr/2026:11:15:47 +1000] "GET / HTTP/1.1" 200 116593 "-" "Python/3.11 aiohttp/3.9.2"
118.127.40.73 - - [09/Apr/2026:11:45:48 +1000] "GET / HTTP/1.1" 200 116593 "-" "Python/3.11 aiohttp/3.9.2"
118.127.40.73 - - [09/Apr/2026:12:15:47 +1000] "GET / HTTP/1.1" 200 116593 "-" "Python/3.11 aiohttp/3.9.2"
118.127.40.73 - - [09/Apr/2026:12:45:47 +1000] "GET / HTTP/1.1" 200 116593 "-" "Python/3.11 aiohttp/3.9.2"
152.42.216.14 - - [09/Apr/2026:12:57:12 +1000] "GET /wp-login.php HTTP/1.1" 404 16 "-" "Mozilla/5.0 (X11; Linux x86_64) Gecko/20100101 Firefox/120.0.1"
152.42.216.14 - - [09/Apr/2026:12:57:14 +1000] "GET /administrator/ HTTP/1.1" 404 - "-" "Mozilla/5.0 (X11; Linux x86_64) AppleWebKit/537.36 (KHTML, like Gecko) Chrome/119.0.6045.159 Safari/537.36"
118.127.40.73 - - [09/Apr/2026:13:15:48 +1000] "GET / HTTP/1.1" 200 116593 "-" "Python/3.11 aiohttp/3.9.2"
118.127.40.73 - - [09/Apr/2026:13:45:49 +1000] "GET / HTTP/1.1" 200 116593 "-" "Python/3.11 aiohttp/3.9.2"
118.127.40.73 - - [09/Apr/2026:14:15:48 +1000] "GET / HTTP/1.1" 200 41400 "-" "Python/3.11 aiohttp/3.9.2"
118.127.40.73 - - [09/Apr/2026:14:45:48 +1000] "GET / HTTP/1.1" 200 116593 "-" "Python/3.11 aiohttp/3.9.2"
118.127.40.73 - - [09/Apr/2026:15:15:48 +1000] "GET / HTTP/1.1" 200 41400 "-" "Python/3.11 aiohttp/3.9.2"
35.87.230.186 - - [09/Apr/2026:15:37:35 +1000] "GET /robots.txt HTTP/1.1" 404 - "-" "Mozilla/5.0 (compatible; wpbot/1.4; +https://forms.gle/ajBaxygz9jSR8p8G9)"
35.87.230.186 - - [09/Apr/2026:15:37:35 +1000] "GET / HTTP/1.1" 200 116593 "-" "Mozilla/5.0 (compatible; wpbot/1.4; +https://forms.gle/ajBaxygz9jSR8p8G9)"
118.127.40.73 - - [09/Apr/2026:15:45:49 +1000] "GET / HTTP/1.1" 200 90544 "-" "Python/3.11 aiohttp/3.9.2"
118.127.40.73 - - [09/Apr/2026:16:15:49 +1000] "GET / HTTP/1.1" 200 116593 "-" "Python/3.11 aiohttp/3.9.2"
118.127.40.73 - - [09/Apr/2026:16:45:49 +1000] "GET / HTTP/1.1" 200 116593 "-" "Python/3.11 aiohttp/3.9.2"
93.123.109.79 - - [09/Apr/2026:16:50:40 +1000] "GET /.git/config HTTP/1.1" 404 - "-" "Mozilla/5.0 (Windows NT 10.0; Win64; x64) AppleWebKit/537.36 (KHTML, like Gecko) Chrome/126.0.0.0 Safari/537.36"
118.127.40.73 - - [09/Apr/2026:17:15:49 +1000] "GET / HTTP/1.1" 200 116593 "-" "Python/3.11 aiohttp/3.9.2"
118.127.40.73 - - [09/Apr/2026:17:45:51 +1000] "GET / HTTP/1.1" 200 116593 "-" "Python/3.11 aiohttp/3.9.2"
118.127.40.73 - - [09/Apr/2026:18:15:50 +1000] "GET / HTTP/1.1" 200 116593 "-" "Python/3.11 aiohttp/3.9.2"
118.127.40.73 - - [09/Apr/2026:18:45:50 +1000] "GET / HTTP/1.1" 200 116593 "-" "Python/3.11 aiohttp/3.9.2"
118.127.40.73 - - [09/Apr/2026:19:15:49 +1000] "GET / HTTP/1.1" 200 116593 "-" "Python/3.11 aiohttp/3.9.2"
118.127.40.73 - - [09/Apr/2026:19:45:50 +1000] "GET / HTTP/1.1" 200 116593 "-" "Python/3.11 aiohttp/3.9.2"
118.127.40.73 - - [09/Apr/2026:20:15:51 +1000] "GET / HTTP/1.1" 200 116593 "-" "Python/3.11 aiohttp/3.9.2"
118.127.40.73 - - [09/Apr/2026:20:45:50 +1000] "GET / HTTP/1.1" 200 116593 "-" "Python/3.11 aiohttp/3.9.2"
118.127.40.73 - - [09/Apr/2026:21:15:51 +1000] "GET / HTTP/1.1" 200 116593 "-" "Python/3.11 aiohttp/3.9.2"
74.7.228.18 - - [09/Apr/2026:21:30:24 +1000] "GET /robots.txt HTTP/1.1" 404 - "-" "Mozilla/5.0 (Macintosh; Intel Mac OS X 10_15_7) AppleWebKit/537.36 (KHTML, like Gecko) Chrome/131.0.0.0 Safari/537.36; compatible; OAI-SearchBot/1.3; robots.txt; +https://openai.com/searchbot"
74.7.227.14 - - [09/Apr/2026:21:30:25 +1000] "GET / HTTP/1.1" 200 116593 "-" "Mozilla/5.0 AppleWebKit/537.36 (KHTML, like Gecko; compatible; GPTBot/1.3; +https://openai.com/gptbot)"
118.127.40.73 - - [09/Apr/2026:21:45:50 +1000] "GET / HTTP/1.1" 200 116593 "-" "Python/3.11 aiohttp/3.9.2"
118.127.40.73 - - [09/Apr/2026:22:15:51 +1000] "GET / HTTP/1.1" 200 116593 "-" "Python/3.11 aiohttp/3.9.2"
118.127.40.73 - - [09/Apr/2026:22:45:53 +1000] "GET / HTTP/1.1" 200 98736 "-" "Python/3.11 aiohttp/3.9.2"
118.127.40.73 - - [09/Apr/2026:23:45:40 +1000] "GET / HTTP/1.1" 200 116593 "-" "Python/3.11 aiohttp/3.9.2"
118.127.40.73 - - [10/Apr/2026:00:15:49 +1000] "GET / HTTP/1.1" 200 74160 "-" "Python/3.11 aiohttp/3.9.2"
118.127.40.73 - - [10/Apr/2026:00:45:47 +1000] "GET / HTTP/1.1" 200 25016 "-" "Python/3.11 aiohttp/3.9.2"
118.127.40.73 - - [10/Apr/2026:01:15:41 +1000] "GET / HTTP/1.1" 200 74160 "-" "Python/3.11 aiohttp/3.9.2"
118.127.40.73 - - [10/Apr/2026:01:45:44 +1000] "GET / HTTP/1.1" 200 116593 "-" "Python/3.11 aiohttp/3.9.2"
138.246.253.24 - - [10/Apr/2026:02:02:54 +1000] "GET /robots.txt HTTP/1.1" 404 - "-" "Mozilla/5.0 (Windows NT 10.0; Win64; x64) AppleWebKit/537.36 (KHTML, like Gecko) Chrome/103.0.5060.134 Safari/537.36"
118.127.40.73 - - [10/Apr/2026:02:15:42 +1000] "GET / HTTP/1.1" 200 116593 "-" "Python/3.11 aiohttp/3.9.2"
118.127.40.73 - - [10/Apr/2026:02:45:47 +1000] "GET / HTTP/1.1" 200 116593 "-" "Python/3.11 aiohttp/3.9.2"
118.127.40.73 - - [10/Apr/2026:03:15:42 +1000] "GET / HTTP/1.1" 200 116593 "-" "Python/3.11 aiohttp/3.9.2"
118.127.40.73 - - [10/Apr/2026:03:45:42 +1000] "GET / HTTP/1.1" 200 74160 "-" "Python/3.11 aiohttp/3.9.2"
118.127.40.73 - - [10/Apr/2026:04:15:42 +1000] "GET / HTTP/1.1" 200 116593 "-" "Python/3.11 aiohttp/3.9.2"
118.127.40.73 - - [10/Apr/2026:04:45:42 +1000] "GET / HTTP/1.1" 200 116593 "-" "Python/3.11 aiohttp/3.9.2"
118.127.40.73 - - [10/Apr/2026:05:15:43 +1000] "GET / HTTP/1.1" 200 116593 "-" "Python/3.11 aiohttp/3.9.2"
118.127.40.73 - - [10/Apr/2026:05:45:45 +1000] "GET / HTTP/1.1" 200 116593 "-" "Python/3.11 aiohttp/3.9.2"
118.127.40.73 - - [10/Apr/2026:06:15:44 +1000] "GET / HTTP/1.1" 200 116593 "-" "Python/3.11 aiohttp/3.9.2"
118.127.40.73 - - [10/Apr/2026:06:45:43 +1000] "GET / HTTP/1.1" 200 116593 "-" "Python/3.11 aiohttp/3.9.2"
118.127.40.73 - - [10/Apr/2026:07:15:49 +1000] "GET / HTTP/1.1" 200 74160 "-" "Python/3.11 aiohttp/3.9.2"
66.132.195.93 - - [10/Apr/2026:07:39:15 +1000] "GET / HTTP/1.1" 200 116593 "-" "Mozilla/5.0 (compatible; CensysInspect/1.1; +https://about.censys.io/)"
66.132.195.93 - - [10/Apr/2026:07:39:24 +1000] "GET /favicon.ico HTTP/1.1" 404 - "-" "Mozilla/5.0 (compatible; CensysInspect/1.1; +https://about.censys.io/)"
118.127.40.73 - - [10/Apr/2026:07:45:52 +1000] "GET / HTTP/1.1" 200 116593 "-" "Python/3.11 aiohttp/3.9.2"
118.127.40.73 - - [10/Apr/2026:08:16:05 +1000] "GET / HTTP/1.1" 200 116593 "-" "Python/3.11 aiohttp/3.9.2"
118.127.40.73 - - [10/Apr/2026:08:45:50 +1000] "GET / HTTP/1.1" 200 116593 "-" "Python/3.11 aiohttp/3.9.2"
118.127.40.73 - - [10/Apr/2026:09:15:44 +1000] "GET / HTTP/1.1" 200 116593 "-" "Python/3.11 aiohttp/3.9.2"
118.127.40.73 - - [10/Apr/2026:09:45:46 +1000] "GET / HTTP/1.1" 200 116593 "-" "Python/3.11 aiohttp/3.9.2"
118.127.40.73 - - [10/Apr/2026:10:15:45 +1000] "GET / HTTP/1.1" 200 116593 "-" "Python/3.11 aiohttp/3.9.2"
118.127.40.73 - - [10/Apr/2026:10:45:50 +1000] "GET / HTTP/1.1" 200 116593 "-" "Python/3.11 aiohttp/3.9.2"
118.127.40.73 - - [10/Apr/2026:11:15:51 +1000] "GET / HTTP/1.1" 200 116593 "-" "Python/3.11 aiohttp/3.9.2"
195.178.110.161 - - [10/Apr/2026:11:21:01 +1000] "GET / HTTP/1.1" 200 116593 "-" "Mozilla/5.0 (Windows NT 10.0; Win64; x64) AppleWebKit/537.36 (KHTML, like Gecko) Chrome/122.0.0.0 Safari/537.36"
118.127.40.73 - - [10/Apr/2026:11:45:47 +1000] "GET / HTTP/1.1" 200 116593 "-" "Python/3.11 aiohttp/3.9.2"
118.127.40.73 - - [10/Apr/2026:12:15:45 +1000] "GET / HTTP/1.1" 200 116593 "-" "Python/3.11 aiohttp/3.9.2"
45.148.10.166 - - [10/Apr/2026:12:31:11 +1000] "POST / HTTP/1.1" 200 116593 "-" "Mozilla/5.0 (X11; Linux x86_64) AppleWebKit/537.36 (KHTML, like Gecko) Chrome/131.0.0.0 Safari/537.36"
118.127.40.73 - - [10/Apr/2026:12:45:47 +1000] "GET / HTTP/1.1" 200 116593 "-" "Python/3.11 aiohttp/3.9.2"
118.127.40.73 - - [10/Apr/2026:13:15:45 +1000] "GET / HTTP/1.1" 200 116593 "-" "Python/3.11 aiohttp/3.9.2"
118.127.40.73 - - [10/Apr/2026:13:45:55 +1000] "GET / HTTP/1.1" 200 116593 "-" "Python/3.11 aiohttp/3.9.2"
118.127.40.73 - - [10/Apr/2026:14:15:46 +1000] "GET / HTTP/1.1" 200 116593 "-" "Python/3.11 aiohttp/3.9.2"
118.127.40.73 - - [10/Apr/2026:14:45:47 +1000] "GET / HTTP/1.1" 200 116593 "-" "Python/3.11 aiohttp/3.9.2"
118.127.40.73 - - [10/Apr/2026:15:15:48 +1000] "GET / HTTP/1.1" 200 116593 "-" "Python/3.11 aiohttp/3.9.2"
118.127.40.73 - - [10/Apr/2026:15:45:48 +1000] "GET / HTTP/1.1" 200 116593 "-" "Python/3.11 aiohttp/3.9.2"
118.127.40.73 - - [10/Apr/2026:16:15:48 +1000] "GET / HTTP/1.1" 200 116593 "-" "Python/3.11 aiohttp/3.9.2"
118.127.40.73 - - [10/Apr/2026:16:45:53 +1000] "GET / HTTP/1.1" 200 116593 "-" "Python/3.11 aiohttp/3.9.2"
118.127.40.73 - - [10/Apr/2026:17:15:47 +1000] "GET / HTTP/1.1" 200 116593 "-" "Python/3.11 aiohttp/3.9.2"
118.127.40.73 - - [10/Apr/2026:17:45:51 +1000] "GET / HTTP/1.1" 200 116593 "-" "Python/3.11 aiohttp/3.9.2"
118.127.40.73 - - [10/Apr/2026:18:15:49 +1000] "GET / HTTP/1.1" 200 116593 "-" "Python/3.11 aiohttp/3.9.2"
118.127.40.73 - - [10/Apr/2026:18:45:49 +1000] "GET / HTTP/1.1" 200 116593 "-" "Python/3.11 aiohttp/3.9.2"
118.127.40.73 - - [10/Apr/2026:19:15:49 +1000] "GET / HTTP/1.1" 200 74160 "-" "Python/3.11 aiohttp/3.9.2"
118.127.40.73 - - [10/Apr/2026:19:45:53 +1000] "GET / HTTP/1.1" 200 116593 "-" "Python/3.11 aiohttp/3.9.2"
118.127.40.73 - - [10/Apr/2026:20:15:50 +1000] "GET / HTTP/1.1" 200 116593 "-" "Python/3.11 aiohttp/3.9.2"
118.127.40.73 - - [10/Apr/2026:20:45:48 +1000] "GET / HTTP/1.1" 200 116593 "-" "Python/3.11 aiohttp/3.9.2"
118.127.40.73 - - [10/Apr/2026:21:15:49 +1000] "GET / HTTP/1.1" 200 116593 "-" "Python/3.11 aiohttp/3.9.2"
118.127.40.73 - - [10/Apr/2026:21:45:51 +1000] "GET / HTTP/1.1" 200 116593 "-" "Python/3.11 aiohttp/3.9.2"
118.127.40.73 - - [10/Apr/2026:22:15:50 +1000] "GET / HTTP/1.1" 200 116593 "-" "Python/3.11 aiohttp/3.9.2"
118.127.40.73 - - [10/Apr/2026:22:45:54 +1000] "GET / HTTP/1.1" 200 116593 "-" "Python/3.11 aiohttp/3.9.2"
118.127.40.73 - - [10/Apr/2026:23:15:51 +1000] "GET / HTTP/1.1" 200 116593 "-" "Python/3.11 aiohttp/3.9.2"
118.127.40.73 - - [10/Apr/2026:23:45:52 +1000] "GET / HTTP/1.1" 200 116593 "-" "Python/3.11 aiohttp/3.9.2"
54.74.4.176 - - [11/Apr/2026:00:13:30 +1000] "GET / HTTP/1.0" 200 116593 "-" "Mozilla/5.0 (compatible; NetcraftSurveyAgent/1.0; +info@netcraft.com)"
118.127.40.73 - - [11/Apr/2026:00:15:56 +1000] "GET / HTTP/1.1" 200 116593 "-" "Python/3.11 aiohttp/3.9.2"
118.127.40.73 - - [11/Apr/2026:00:45:50 +1000] "GET / HTTP/1.1" 200 90544 "-" "Python/3.11 aiohttp/3.9.2"
209.38.241.46 - - [11/Apr/2026:01:09:05 +1000] "GET / HTTP/1.1" 200 116593 "-" "Mozilla/5.0 (X11; Linux x86_64; rv:142.0) Gecko/20100101 Firefox/142.0"
118.127.40.73 - - [11/Apr/2026:01:15:50 +1000] "GET / HTTP/1.1" 200 116593 "-" "Python/3.11 aiohttp/3.9.2"
118.127.40.73 - - [11/Apr/2026:01:45:52 +1000] "GET / HTTP/1.1" 200 116593 "-" "Python/3.11 aiohttp/3.9.2"
118.127.40.73 - - [11/Apr/2026:02:15:53 +1000] "GET / HTTP/1.1" 200 116593 "-" "Python/3.11 aiohttp/3.9.2"
118.127.40.73 - - [11/Apr/2026:02:45:51 +1000] "GET / HTTP/1.1" 200 116593 "-" "Python/3.11 aiohttp/3.9.2"
118.127.40.73 - - [11/Apr/2026:03:15:51 +1000] "GET / HTTP/1.1" 200 116593 "-" "Python/3.11 aiohttp/3.9.2"
118.127.40.73 - - [11/Apr/2026:03:45:53 +1000] "GET / HTTP/1.1" 200 116593 "-" "Python/3.11 aiohttp/3.9.2"
118.127.40.73 - - [11/Apr/2026:04:15:52 +1000] "GET / HTTP/1.1" 200 116593 "-" "Python/3.11 aiohttp/3.9.2"
118.127.40.73 - - [11/Apr/2026:04:45:53 +1000] "GET / HTTP/1.1" 200 116593 "-" "Python/3.11 aiohttp/3.9.2"
118.127.40.73 - - [11/Apr/2026:05:15:53 +1000] "GET / HTTP/1.1" 200 116593 "-" "Python/3.11 aiohttp/3.9.2"
118.127.40.73 - - [11/Apr/2026:05:46:01 +1000] "GET / HTTP/1.1" 200 116593 "-" "Python/3.11 aiohttp/3.9.2"
118.127.40.73 - - [11/Apr/2026:06:16:26 +1000] "GET / HTTP/1.1" 200 116593 "-" "Python/3.11 aiohttp/3.9.2"
118.127.40.73 - - [11/Apr/2026:06:45:53 +1000] "GET / HTTP/1.1" 200 116593 "-" "Python/3.11 aiohttp/3.9.2"
118.127.40.73 - - [11/Apr/2026:07:15:52 +1000] "GET / HTTP/1.1" 200 116593 "-" "Python/3.11 aiohttp/3.9.2"
118.127.40.73 - - [11/Apr/2026:07:45:56 +1000] "GET / HTTP/1.1" 200 82352 "-" "Python/3.11 aiohttp/3.9.2"
118.127.40.73 - - [11/Apr/2026:08:15:56 +1000] "GET / HTTP/1.1" 200 116593 "-" "Python/3.11 aiohttp/3.9.2"
118.127.40.73 - - [11/Apr/2026:08:45:55 +1000] "GET / HTTP/1.1" 200 116593 "-" "Python/3.11 aiohttp/3.9.2"
118.127.40.73 - - [11/Apr/2026:09:15:54 +1000] "GET / HTTP/1.1" 200 116593 "-" "Python/3.11 aiohttp/3.9.2"
118.127.40.73 - - [11/Apr/2026:09:45:57 +1000] "GET / HTTP/1.1" 200 116593 "-" "Python/3.11 aiohttp/3.9.2"
118.127.40.73 - - [11/Apr/2026:10:16:00 +1000] "GET / HTTP/1.1" 200 116593 "-" "Python/3.11 aiohttp/3.9.2"
118.127.40.73 - - [11/Apr/2026:10:45:56 +1000] "GET / HTTP/1.1" 200 82352 "-" "Python/3.11 aiohttp/3.9.2"
118.127.40.73 - - [11/Apr/2026:11:15:56 +1000] "GET / HTTP/1.1" 200 90544 "-" "Python/3.11 aiohttp/3.9.2"
118.127.40.73 - - [11/Apr/2026:11:45:58 +1000] "GET / HTTP/1.1" 200 49592 "-" "Python/3.11 aiohttp/3.9.2"
118.127.40.73 - - [11/Apr/2026:12:15:55 +1000] "GET / HTTP/1.1" 200 49592 "-" "Python/3.11 aiohttp/3.9.2"
118.127.40.73 - - [11/Apr/2026:12:45:56 +1000] "GET / HTTP/1.1" 200 116593 "-" "Python/3.11 aiohttp/3.9.2"
118.127.40.73 - - [11/Apr/2026:13:15:55 +1000] "GET / HTTP/1.1" 200 49592 "-" "Python/3.11 aiohttp/3.9.2"
118.127.40.73 - - [11/Apr/2026:13:45:56 +1000] "GET / HTTP/1.1" 200 116593 "-" "Python/3.11 aiohttp/3.9.2"
118.127.40.73 - - [11/Apr/2026:14:15:58 +1000] "GET / HTTP/1.1" 200 116593 "-" "Python/3.11 aiohttp/3.9.2"
118.127.40.73 - - [11/Apr/2026:14:45:57 +1000] "GET / HTTP/1.1" 200 116593 "-" "Python/3.11 aiohttp/3.9.2"
118.127.40.73 - - [11/Apr/2026:15:15:55 +1000] "GET / HTTP/1.1" 200 74160 "-" "Python/3.11 aiohttp/3.9.2"
118.127.40.73 - - [11/Apr/2026:15:45:57 +1000] "GET / HTTP/1.1" 200 116593 "-" "Python/3.11 aiohttp/3.9.2"
118.127.40.73 - - [11/Apr/2026:16:15:58 +1000] "GET / HTTP/1.1" 200 116593 "-" "Python/3.11 aiohttp/3.9.2"
118.127.40.73 - - [11/Apr/2026:16:45:56 +1000] "GET / HTTP/1.1" 200 116593 "-" "Python/3.11 aiohttp/3.9.2"
74.7.241.171 - - [11/Apr/2026:17:15:07 +1000] "GET /robots.txt HTTP/1.1" 404 - "-" "Mozilla/5.0 (Macintosh; Intel Mac OS X 10_15_7) AppleWebKit/537.36 (KHTML, like Gecko) Chrome/131.0.0.0 Safari/537.36; compatible; OAI-SearchBot/1.3; robots.txt; +https://openai.com/searchbot"
118.127.40.73 - - [11/Apr/2026:17:15:57 +1000] "GET / HTTP/1.1" 200 116593 "-" "Python/3.11 aiohttp/3.9.2"
118.127.40.73 - - [11/Apr/2026:17:45:57 +1000] "GET / HTTP/1.1" 200 116593 "-" "Python/3.11 aiohttp/3.9.2"
118.127.40.73 - - [11/Apr/2026:18:15:59 +1000] "GET / HTTP/1.1" 200 116593 "-" "Python/3.11 aiohttp/3.9.2"
118.127.40.73 - - [11/Apr/2026:18:45:58 +1000] "GET / HTTP/1.1" 200 116593 "-" "Python/3.11 aiohttp/3.9.2"
118.127.40.73 - - [11/Apr/2026:19:15:57 +1000] "GET / HTTP/1.1" 200 116593 "-" "Python/3.11 aiohttp/3.9.2"
118.127.40.73 - - [11/Apr/2026:19:46:05 +1000] "GET / HTTP/1.1" 200 116593 "-" "Python/3.11 aiohttp/3.9.2"
118.127.40.73 - - [11/Apr/2026:20:15:58 +1000] "GET / HTTP/1.1" 200 116593 "-" "Python/3.11 aiohttp/3.9.2"
118.127.40.73 - - [11/Apr/2026:20:45:58 +1000] "GET / HTTP/1.1" 200 116593 "-" "Python/3.11 aiohttp/3.9.2"
118.127.40.73 - - [11/Apr/2026:21:15:57 +1000] "GET / HTTP/1.1" 200 41400 "-" "Python/3.11 aiohttp/3.9.2"
118.127.40.73 - - [11/Apr/2026:21:45:59 +1000] "GET / HTTP/1.1" 200 116593 "-" "Python/3.11 aiohttp/3.9.2"
118.127.40.73 - - [11/Apr/2026:22:15:59 +1000] "GET / HTTP/1.1" 200 116593 "-" "Python/3.11 aiohttp/3.9.2"
118.127.40.73 - - [11/Apr/2026:22:46:07 +1000] "GET / HTTP/1.1" 200 116593 "-" "Python/3.11 aiohttp/3.9.2"
118.127.40.73 - - [11/Apr/2026:23:16:02 +1000] "GET / HTTP/1.1" 200 116593 "-" "Python/3.11 aiohttp/3.9.2"
118.127.40.73 - - [11/Apr/2026:23:46:01 +1000] "GET / HTTP/1.1" 200 116593 "-" "Python/3.11 aiohttp/3.9.2"
118.127.40.73 - - [12/Apr/2026:00:16:00 +1000] "GET / HTTP/1.1" 200 116593 "-" "Python/3.11 aiohttp/3.9.2"
118.127.40.73 - - [12/Apr/2026:00:46:00 +1000] "GET / HTTP/1.1" 200 116593 "-" "Python/3.11 aiohttp/3.9.2"
118.127.40.73 - - [12/Apr/2026:01:16:04 +1000] "GET / HTTP/1.1" 200 116593 "-" "Python/3.11 aiohttp/3.9.2"
118.127.40.73 - - [12/Apr/2026:01:46:01 +1000] "GET / HTTP/1.1" 200 116593 "-" "Python/3.11 aiohttp/3.9.2"
118.127.40.73 - - [12/Apr/2026:02:16:03 +1000] "GET / HTTP/1.1" 200 116593 "-" "Python/3.11 aiohttp/3.9.2"
118.127.40.73 - - [12/Apr/2026:02:46:00 +1000] "GET / HTTP/1.1" 200 116593 "-" "Python/3.11 aiohttp/3.9.2"
118.127.40.73 - - [12/Apr/2026:03:16:02 +1000] "GET / HTTP/1.1" 200 116593 "-" "Python/3.11 aiohttp/3.9.2"
118.127.40.73 - - [12/Apr/2026:03:46:07 +1000] "GET / HTTP/1.1" 200 116593 "-" "Python/3.11 aiohttp/3.9.2"
118.127.40.73 - - [12/Apr/2026:04:16:03 +1000] "GET / HTTP/1.1" 200 116593 "-" "Python/3.11 aiohttp/3.9.2"
118.127.40.73 - - [12/Apr/2026:04:46:04 +1000] "GET / HTTP/1.1" 200 116593 "-" "Python/3.11 aiohttp/3.9.2"
118.127.40.73 - - [12/Apr/2026:05:16:07 +1000] "GET / HTTP/1.1" 200 116593 "-" "Python/3.11 aiohttp/3.9.2"
118.127.40.73 - - [12/Apr/2026:05:46:05 +1000] "GET / HTTP/1.1" 200 74160 "-" "Python/3.11 aiohttp/3.9.2"
118.127.40.73 - - [12/Apr/2026:06:16:08 +1000] "GET / HTTP/1.1" 200 57784 "-" "Python/3.11 aiohttp/3.9.2"
118.127.40.73 - - [12/Apr/2026:06:46:10 +1000] "GET / HTTP/1.1" 200 116593 "-" "Python/3.11 aiohttp/3.9.2"
118.127.40.73 - - [12/Apr/2026:07:16:07 +1000] "GET / HTTP/1.1" 200 116593 "-" "Python/3.11 aiohttp/3.9.2"
118.127.40.73 - - [12/Apr/2026:07:46:24 +1000] "GET / HTTP/1.1" 200 116593 "-" "Python/3.11 aiohttp/3.9.2"
118.127.40.73 - - [12/Apr/2026:08:16:19 +1000] "GET / HTTP/1.1" 200 116593 "-" "Python/3.11 aiohttp/3.9.2"
118.127.40.73 - - [12/Apr/2026:08:46:12 +1000] "GET / HTTP/1.1" 200 116593 "-" "Python/3.11 aiohttp/3.9.2"
89.222.112.8 - - [12/Apr/2026:08:50:58 +1000] "GET / HTTP/1.1" 200 116593 "-" "Mozilla/5.0 (X11; Linux x86_64; rv:1.9.5.20) Gecko/ Firefox/15.0"
118.127.40.73 - - [12/Apr/2026:09:16:10 +1000] "GET / HTTP/1.1" 200 116593 "-" "Python/3.11 aiohttp/3.9.2"
118.127.40.73 - - [12/Apr/2026:09:46:12 +1000] "GET / HTTP/1.1" 200 116593 "-" "Python/3.11 aiohttp/3.9.2"
118.127.40.73 - - [12/Apr/2026:10:16:15 +1000] "GET / HTTP/1.1" 200 116593 "-" "Python/3.11 aiohttp/3.9.2"
118.127.40.73 - - [12/Apr/2026:10:46:05 +1000] "GET / HTTP/1.1" 200 116593 "-" "Python/3.11 aiohttp/3.9.2"
118.127.40.73 - - [12/Apr/2026:11:16:05 +1000] "GET / HTTP/1.1" 200 116593 "-" "Python/3.11 aiohttp/3.9.2"
118.127.40.73 - - [12/Apr/2026:11:46:10 +1000] "GET / HTTP/1.1" 200 116593 "-" "Python/3.11 aiohttp/3.9.2"
118.127.40.73 - - [12/Apr/2026:12:16:06 +1000] "GET / HTTP/1.1" 200 116593 "-" "Python/3.11 aiohttp/3.9.2"
118.127.40.73 - - [12/Apr/2026:12:46:14 +1000] "GET / HTTP/1.1" 200 116593 "-" "Python/3.11 aiohttp/3.9.2"
118.127.40.73 - - [12/Apr/2026:13:16:05 +1000] "GET / HTTP/1.1" 200 74160 "-" "Python/3.11 aiohttp/3.9.2"
118.127.40.73 - - [12/Apr/2026:13:46:07 +1000] "GET / HTTP/1.1" 200 116593 "-" "Python/3.11 aiohttp/3.9.2"
118.127.40.73 - - [12/Apr/2026:14:16:06 +1000] "GET / HTTP/1.1" 200 116593 "-" "Python/3.11 aiohttp/3.9.2"
118.127.40.73 - - [12/Apr/2026:14:46:06 +1000] "GET / HTTP/1.1" 200 116593 "-" "Python/3.11 aiohttp/3.9.2"
118.127.40.73 - - [12/Apr/2026:15:16:08 +1000] "GET / HTTP/1.1" 200 106928 "-" "Python/3.11 aiohttp/3.9.2"
118.127.40.73 - - [12/Apr/2026:15:46:07 +1000] "GET / HTTP/1.1" 200 116593 "-" "Python/3.11 aiohttp/3.9.2"
118.127.40.73 - - [12/Apr/2026:16:16:06 +1000] "GET / HTTP/1.1" 200 116593 "-" "Python/3.11 aiohttp/3.9.2"
118.127.40.73 - - [12/Apr/2026:16:46:08 +1000] "GET / HTTP/1.1" 200 116593 "-" "Python/3.11 aiohttp/3.9.2"
118.127.40.73 - - [12/Apr/2026:17:16:08 +1000] "GET / HTTP/1.1" 200 116593 "-" "Python/3.11 aiohttp/3.9.2"
74.7.241.171 - - [12/Apr/2026:17:31:18 +1000] "GET /robots.txt HTTP/1.1" 404 - "-" "Mozilla/5.0 (Macintosh; Intel Mac OS X 10_15_7) AppleWebKit/537.36 (KHTML, like Gecko) Chrome/131.0.0.0 Safari/537.36; compatible; OAI-SearchBot/1.3; robots.txt; +https://openai.com/searchbot"
118.127.40.73 - - [12/Apr/2026:17:46:09 +1000] "GET / HTTP/1.1" 200 116593 "-" "Python/3.11 aiohttp/3.9.2"
118.127.40.73 - - [12/Apr/2026:18:16:08 +1000] "GET / HTTP/1.1" 200 116593 "-" "Python/3.11 aiohttp/3.9.2"
74.7.241.171 - - [12/Apr/2026:18:35:56 +1000] "GET /robots.txt HTTP/1.1" 404 - "-" "Mozilla/5.0 (Macintosh; Intel Mac OS X 10_15_7) AppleWebKit/537.36 (KHTML, like Gecko) Chrome/131.0.0.0 Safari/537.36; compatible; OAI-SearchBot/1.3; robots.txt; +https://openai.com/searchbot"
118.127.40.73 - - [12/Apr/2026:18:46:11 +1000] "GET / HTTP/1.1" 200 116593 "-" "Python/3.11 aiohttp/3.9.2"
118.127.40.73 - - [12/Apr/2026:19:16:10 +1000] "GET / HTTP/1.1" 200 116593 "-" "Python/3.11 aiohttp/3.9.2"
74.7.241.171 - - [12/Apr/2026:19:37:09 +1000] "GET /robots.txt HTTP/1.1" 404 - "-" "Mozilla/5.0 (Macintosh; Intel Mac OS X 10_15_7) AppleWebKit/537.36 (KHTML, like Gecko) Chrome/131.0.0.0 Safari/537.36; compatible; OAI-SearchBot/1.3; robots.txt; +https://openai.com/searchbot"
118.127.40.73 - - [12/Apr/2026:19:46:11 +1000] "GET / HTTP/1.1" 200 116593 "-" "Python/3.11 aiohttp/3.9.2"
118.127.40.73 - - [12/Apr/2026:20:16:07 +1000] "GET / HTTP/1.1" 200 116593 "-" "Python/3.11 aiohttp/3.9.2"
3.139.242.79 - - [12/Apr/2026:20:28:05 +1000] "GET / HTTP/1.1" 200 116593 "-" "visionheight.com/scan Mozilla/5.0 (Macintosh; Intel Mac OS X 10_15_7) Chrome/126.0.0.0 Safari/537.36"
118.127.40.73 - - [12/Apr/2026:20:46:11 +1000] "GET / HTTP/1.1" 200 116593 "-" "Python/3.11 aiohttp/3.9.2"
74.7.241.171 - - [12/Apr/2026:20:52:25 +1000] "GET /robots.txt HTTP/1.1" 404 - "-" "Mozilla/5.0 (Macintosh; Intel Mac OS X 10_15_7) AppleWebKit/537.36 (KHTML, like Gecko) Chrome/131.0.0.0 Safari/537.36; compatible; OAI-SearchBot/1.3; robots.txt; +https://openai.com/searchbot"
158.94.209.109 - - [12/Apr/2026:20:59:41 +1000] "GET /.git/HEAD HTTP/1.1" 404 - "-" "Mozilla/5.0 (Windows NT 10.0; Win64; x64) AppleWebKit/537.36"
158.94.209.109 - - [12/Apr/2026:20:59:42 +1000] "GET /.git/config HTTP/1.1" 404 - "-" "Mozilla/5.0 (Windows NT 10.0; Win64; x64) AppleWebKit/537.36"
118.127.40.73 - - [12/Apr/2026:21:16:09 +1000] "GET / HTTP/1.1" 200 106928 "-" "Python/3.11 aiohttp/3.9.2"
118.127.40.73 - - [12/Apr/2026:21:46:11 +1000] "GET / HTTP/1.1" 200 116593 "-" "Python/3.11 aiohttp/3.9.2"
98.90.210.252 - - [12/Apr/2026:22:01:41 +1000] "GET / HTTP/1.1" 200 116593 "-" "Mozilla/5.0 (X11; Linux x86_64; rv:104.0) Gecko/20100101 Firefox/104.0"
74.7.241.171 - - [12/Apr/2026:22:06:59 +1000] "GET /robots.txt HTTP/1.1" 404 - "-" "Mozilla/5.0 (Macintosh; Intel Mac OS X 10_15_7) AppleWebKit/537.36 (KHTML, like Gecko) Chrome/131.0.0.0 Safari/537.36; compatible; OAI-SearchBot/1.3; robots.txt; +https://openai.com/searchbot"
118.127.40.73 - - [12/Apr/2026:22:16:10 +1000] "GET / HTTP/1.1" 200 116593 "-" "Python/3.11 aiohttp/3.9.2"
118.127.40.73 - - [12/Apr/2026:22:46:12 +1000] "GET / HTTP/1.1" 200 116593 "-" "Python/3.11 aiohttp/3.9.2"
118.127.40.73 - - [12/Apr/2026:23:16:16 +1000] "GET / HTTP/1.1" 200 116593 "-" "Python/3.11 aiohttp/3.9.2"
74.7.241.171 - - [12/Apr/2026:23:23:55 +1000] "GET /robots.txt HTTP/1.1" 404 - "-" "Mozilla/5.0 (Macintosh; Intel Mac OS X 10_15_7) AppleWebKit/537.36 (KHTML, like Gecko) Chrome/131.0.0.0 Safari/537.36; compatible; OAI-SearchBot/1.3; robots.txt; +https://openai.com/searchbot"
118.127.40.73 - - [12/Apr/2026:23:46:13 +1000] "GET / HTTP/1.1" 200 116593 "-" "Python/3.11 aiohttp/3.9.2"
205.210.31.158 - - [13/Apr/2026:00:02:05 +1000] "GET / HTTP/1.1" 200 116593 "-" "Hello from Palo Alto Networks, find out more about our scans in https://docs-cortex.paloaltonetworks.com/r/1/Cortex-Xpanse/Scanning-activity"
118.127.40.73 - - [13/Apr/2026:00:16:18 +1000] "GET / HTTP/1.1" 200 116593 "-" "Python/3.11 aiohttp/3.9.2"
74.7.241.171 - - [13/Apr/2026:00:39:21 +1000] "GET /robots.txt HTTP/1.1" 404 - "-" "Mozilla/5.0 (Macintosh; Intel Mac OS X 10_15_7) AppleWebKit/537.36 (KHTML, like Gecko) Chrome/131.0.0.0 Safari/537.36; compatible; OAI-SearchBot/1.3; robots.txt; +https://openai.com/searchbot"
118.127.40.73 - - [13/Apr/2026:00:46:17 +1000] "GET / HTTP/1.1" 200 116593 "-" "Python/3.11 aiohttp/3.9.2"
118.127.40.73 - - [13/Apr/2026:01:16:10 +1000] "GET / HTTP/1.1" 200 116593 "-" "Python/3.11 aiohttp/3.9.2"
118.127.40.73 - - [13/Apr/2026:01:46:12 +1000] "GET / HTTP/1.1" 200 116593 "-" "Python/3.11 aiohttp/3.9.2"
74.7.241.171 - - [13/Apr/2026:01:57:35 +1000] "GET /robots.txt HTTP/1.1" 404 - "-" "Mozilla/5.0 (Macintosh; Intel Mac OS X 10_15_7) AppleWebKit/537.36 (KHTML, like Gecko) Chrome/131.0.0.0 Safari/537.36; compatible; OAI-SearchBot/1.3; robots.txt; +https://openai.com/searchbot"
118.127.40.73 - - [13/Apr/2026:02:16:13 +1000] "GET / HTTP/1.1" 200 116593 "-" "Python/3.11 aiohttp/3.9.2"
118.127.40.73 - - [13/Apr/2026:02:46:12 +1000] "GET / HTTP/1.1" 200 116593 "-" "Python/3.11 aiohttp/3.9.2"
118.127.40.73 - - [13/Apr/2026:03:16:15 +1000] "GET / HTTP/1.1" 200 41400 "-" "Python/3.11 aiohttp/3.9.2"
74.7.241.171 - - [13/Apr/2026:03:17:40 +1000] "GET /robots.txt HTTP/1.1" 404 - "-" "Mozilla/5.0 (Macintosh; Intel Mac OS X 10_15_7) AppleWebKit/537.36 (KHTML, like Gecko) Chrome/131.0.0.0 Safari/537.36; compatible; OAI-SearchBot/1.3; robots.txt; +https://openai.com/searchbot"
204.76.203.25 - - [13/Apr/2026:03:29:19 +1000] "GET /.env HTTP/1.1" 404 - "-" "Mozilla/5.0 (Windows NT 10.0; Win64; x64) AppleWebKit/537.36 (KHTML, like Gecko) Chrome/134.0.0.0 Safari/537.3"
118.127.40.73 - - [13/Apr/2026:03:46:23 +1000] "GET / HTTP/1.1" 200 116593 "-" "Python/3.11 aiohttp/3.9.2"
118.127.40.73 - - [13/Apr/2026:04:16:19 +1000] "GET / HTTP/1.1" 200 116593 "-" "Python/3.11 aiohttp/3.9.2"
74.7.241.171 - - [13/Apr/2026:04:34:59 +1000] "GET /robots.txt HTTP/1.1" 404 - "-" "Mozilla/5.0 (Macintosh; Intel Mac OS X 10_15_7) AppleWebKit/537.36 (KHTML, like Gecko) Chrome/131.0.0.0 Safari/537.36; compatible; OAI-SearchBot/1.3; robots.txt; +https://openai.com/searchbot"
118.127.40.73 - - [13/Apr/2026:04:46:18 +1000] "GET / HTTP/1.1" 200 116593 "-" "Python/3.11 aiohttp/3.9.2"
118.127.40.73 - - [13/Apr/2026:05:16:13 +1000] "GET / HTTP/1.1" 200 116593 "-" "Python/3.11 aiohttp/3.9.2"
118.127.40.73 - - [13/Apr/2026:05:46:13 +1000] "GET / HTTP/1.1" 200 116593 "-" "Python/3.11 aiohttp/3.9.2"
74.7.241.171 - - [13/Apr/2026:05:56:34 +1000] "GET /robots.txt HTTP/1.1" 404 - "-" "Mozilla/5.0 (Macintosh; Intel Mac OS X 10_15_7) AppleWebKit/537.36 (KHTML, like Gecko) Chrome/131.0.0.0 Safari/537.36; compatible; OAI-SearchBot/1.3; robots.txt; +https://openai.com/searchbot"
118.127.40.73 - - [13/Apr/2026:06:16:17 +1000] "GET / HTTP/1.1" 200 116593 "-" "Python/3.11 aiohttp/3.9.2"
118.127.40.73 - - [13/Apr/2026:06:46:18 +1000] "GET / HTTP/1.1" 200 116593 "-" "Python/3.11 aiohttp/3.9.2"
118.127.40.73 - - [13/Apr/2026:07:16:13 +1000] "GET / HTTP/1.1" 200 25016 "-" "Python/3.11 aiohttp/3.9.2"
74.7.241.171 - - [13/Apr/2026:07:16:19 +1000] "GET /robots.txt HTTP/1.1" 404 - "-" "Mozilla/5.0 (Macintosh; Intel Mac OS X 10_15_7) AppleWebKit/537.36 (KHTML, like Gecko) Chrome/131.0.0.0 Safari/537.36; compatible; OAI-SearchBot/1.3; robots.txt; +https://openai.com/searchbot"
74.7.241.58 - - [13/Apr/2026:07:24:10 +1000] "GET / HTTP/1.1" 200 116593 "-" "Mozilla/5.0 AppleWebKit/537.36 (KHTML, like Gecko; compatible; GPTBot/1.3; +https://openai.com/gptbot)"
118.127.40.73 - - [13/Apr/2026:07:46:13 +1000] "GET / HTTP/1.1" 200 116593 "-" "Python/3.11 aiohttp/3.9.2"
118.127.40.73 - - [13/Apr/2026:08:16:25 +1000] "GET / HTTP/1.1" 200 116593 "-" "Python/3.11 aiohttp/3.9.2"
118.127.40.73 - - [13/Apr/2026:08:46:17 +1000] "GET / HTTP/1.1" 200 116593 "-" "Python/3.11 aiohttp/3.9.2"
118.127.40.73 - - [13/Apr/2026:09:16:14 +1000] "GET / HTTP/1.1" 200 116593 "-" "Python/3.11 aiohttp/3.9.2"
118.127.40.73 - - [13/Apr/2026:09:46:14 +1000] "GET / HTTP/1.1" 200 116593 "-" "Python/3.11 aiohttp/3.9.2"
118.127.40.73 - - [13/Apr/2026:10:16:16 +1000] "GET / HTTP/1.1" 200 116593 "-" "Python/3.11 aiohttp/3.9.2"
118.127.40.73 - - [13/Apr/2026:10:46:20 +1000] "GET / HTTP/1.1" 200 116593 "-" "Python/3.11 aiohttp/3.9.2"
118.127.40.73 - - [13/Apr/2026:11:16:16 +1000] "GET / HTTP/1.1" 200 116593 "-" "Python/3.11 aiohttp/3.9.2"
118.127.40.73 - - [13/Apr/2026:11:46:18 +1000] "GET / HTTP/1.1" 200 116593 "-" "Python/3.11 aiohttp/3.9.2"
118.127.40.73 - - [13/Apr/2026:12:16:16 +1000] "GET / HTTP/1.1" 200 116593 "-" "Python/3.11 aiohttp/3.9.2"
118.127.40.73 - - [13/Apr/2026:12:46:16 +1000] "GET / HTTP/1.1" 200 116593 "-" "Python/3.11 aiohttp/3.9.2"
118.127.40.73 - - [13/Apr/2026:13:16:16 +1000] "GET / HTTP/1.1" 200 116593 "-" "Python/3.11 aiohttp/3.9.2"
118.127.40.73 - - [13/Apr/2026:13:46:17 +1000] "GET / HTTP/1.1" 200 116593 "-" "Python/3.11 aiohttp/3.9.2"
118.127.40.73 - - [13/Apr/2026:14:16:24 +1000] "GET / HTTP/1.1" 200 116593 "-" "Python/3.11 aiohttp/3.9.2"
118.127.40.73 - - [13/Apr/2026:14:46:18 +1000] "GET / HTTP/1.1" 200 116593 "-" "Python/3.11 aiohttp/3.9.2"
118.127.40.73 - - [13/Apr/2026:15:16:20 +1000] "GET / HTTP/1.1" 200 116593 "-" "Python/3.11 aiohttp/3.9.2"
118.127.40.73 - - [13/Apr/2026:15:46:25 +1000] "GET / HTTP/1.1" 200 116593 "-" "Python/3.11 aiohttp/3.9.2"
118.127.40.73 - - [13/Apr/2026:16:16:18 +1000] "GET / HTTP/1.1" 200 116593 "-" "Python/3.11 aiohttp/3.9.2"
100.55.71.27 - - [13/Apr/2026:16:37:00 +1000] "GET / HTTP/1.1" 200 116593 "-" "python-requests/2.32.4"
118.127.40.73 - - [13/Apr/2026:16:46:19 +1000] "GET / HTTP/1.1" 200 116593 "-" "Python/3.11 aiohttp/3.9.2"
118.127.40.73 - - [13/Apr/2026:17:16:19 +1000] "GET / HTTP/1.1" 200 116593 "-" "Python/3.11 aiohttp/3.9.2"
118.127.40.73 - - [13/Apr/2026:17:46:21 +1000] "GET / HTTP/1.1" 200 116593 "-" "Python/3.11 aiohttp/3.9.2"
118.127.40.73 - - [13/Apr/2026:18:16:18 +1000] "GET / HTTP/1.1" 200 116593 "-" "Python/3.11 aiohttp/3.9.2"
118.127.40.73 - - [13/Apr/2026:18:46:22 +1000] "GET / HTTP/1.1" 200 116593 "-" "Python/3.11 aiohttp/3.9.2"
118.127.40.73 - - [13/Apr/2026:19:16:20 +1000] "GET / HTTP/1.1" 200 116593 "-" "Python/3.11 aiohttp/3.9.2"
118.127.40.73 - - [13/Apr/2026:19:46:21 +1000] "GET / HTTP/1.1" 200 116593 "-" "Python/3.11 aiohttp/3.9.2"
118.127.40.73 - - [13/Apr/2026:20:16:19 +1000] "GET / HTTP/1.1" 200 116593 "-" "Python/3.11 aiohttp/3.9.2"
118.127.40.73 - - [13/Apr/2026:20:46:21 +1000] "GET / HTTP/1.1" 200 116593 "-" "Python/3.11 aiohttp/3.9.2"
118.127.40.73 - - [13/Apr/2026:21:16:21 +1000] "GET / HTTP/1.1" 200 116593 "-" "Python/3.11 aiohttp/3.9.2"
118.127.40.73 - - [13/Apr/2026:21:46:20 +1000] "GET / HTTP/1.1" 200 116593 "-" "Python/3.11 aiohttp/3.9.2"
118.127.40.73 - - [13/Apr/2026:22:16:23 +1000] "GET / HTTP/1.1" 200 116593 "-" "Python/3.11 aiohttp/3.9.2"
118.127.40.73 - - [13/Apr/2026:22:46:21 +1000] "GET / HTTP/1.1" 200 57784 "-" "Python/3.11 aiohttp/3.9.2"
118.127.40.73 - - [13/Apr/2026:23:16:21 +1000] "GET / HTTP/1.1" 200 116593 "-" "Python/3.11 aiohttp/3.9.2"
118.127.40.73 - - [13/Apr/2026:23:46:22 +1000] "GET / HTTP/1.1" 200 116593 "-" "Python/3.11 aiohttp/3.9.2"
118.127.40.73 - - [14/Apr/2026:00:16:31 +1000] "GET / HTTP/1.1" 200 116593 "-" "Python/3.11 aiohttp/3.9.2"
118.127.40.73 - - [14/Apr/2026:00:46:23 +1000] "GET / HTTP/1.1" 200 116593 "-" "Python/3.11 aiohttp/3.9.2"
118.127.40.73 - - [14/Apr/2026:01:16:25 +1000] "GET / HTTP/1.1" 200 116593 "-" "Python/3.11 aiohttp/3.9.2"
118.127.40.73 - - [14/Apr/2026:01:46:28 +1000] "GET / HTTP/1.1" 200 57784 "-" "Python/3.11 aiohttp/3.9.2"
118.127.40.73 - - [14/Apr/2026:02:16:27 +1000] "GET / HTTP/1.1" 200 116593 "-" "Python/3.11 aiohttp/3.9.2"
118.127.40.73 - - [14/Apr/2026:02:46:28 +1000] "GET / HTTP/1.1" 200 116593 "-" "Python/3.11 aiohttp/3.9.2"
118.127.40.73 - - [14/Apr/2026:03:16:27 +1000] "GET / HTTP/1.1" 200 57784 "-" "Python/3.11 aiohttp/3.9.2"
118.127.40.73 - - [14/Apr/2026:03:46:23 +1000] "GET / HTTP/1.1" 200 116593 "-" "Python/3.11 aiohttp/3.9.2"
118.127.40.73 - - [14/Apr/2026:04:16:26 +1000] "GET / HTTP/1.1" 200 116593 "-" "Python/3.11 aiohttp/3.9.2"
118.127.40.73 - - [14/Apr/2026:04:46:29 +1000] "GET / HTTP/1.1" 200 116593 "-" "Python/3.11 aiohttp/3.9.2"
118.127.40.73 - - [14/Apr/2026:05:16:28 +1000] "GET / HTTP/1.1" 200 116593 "-" "Python/3.11 aiohttp/3.9.2"
118.127.40.73 - - [14/Apr/2026:05:46:25 +1000] "GET / HTTP/1.1" 200 116593 "-" "Python/3.11 aiohttp/3.9.2"
118.127.40.73 - - [14/Apr/2026:06:16:23 +1000] "GET / HTTP/1.1" 200 116593 "-" "Python/3.11 aiohttp/3.9.2"
118.127.40.73 - - [14/Apr/2026:06:46:29 +1000] "GET / HTTP/1.1" 200 116593 "-" "Python/3.11 aiohttp/3.9.2"
118.127.40.73 - - [14/Apr/2026:07:16:24 +1000] "GET / HTTP/1.1" 200 116593 "-" "Python/3.11 aiohttp/3.9.2"
118.127.40.73 - - [14/Apr/2026:07:46:33 +1000] "GET / HTTP/1.1" 200 116593 "-" "Python/3.11 aiohttp/3.9.2"
118.127.40.73 - - [14/Apr/2026:08:16:25 +1000] "GET / HTTP/1.1" 200 116593 "-" "Python/3.11 aiohttp/3.9.2"
118.127.40.73 - - [14/Apr/2026:08:46:25 +1000] "GET / HTTP/1.1" 200 116593 "-" "Python/3.11 aiohttp/3.9.2"
118.127.40.73 - - [14/Apr/2026:09:16:24 +1000] "GET / HTTP/1.1" 200 116593 "-" "Python/3.11 aiohttp/3.9.2"
118.127.40.73 - - [14/Apr/2026:09:46:26 +1000] "GET / HTTP/1.1" 200 116593 "-" "Python/3.11 aiohttp/3.9.2"
118.127.40.73 - - [14/Apr/2026:10:16:27 +1000] "GET / HTTP/1.1" 200 116593 "-" "Python/3.11 aiohttp/3.9.2"
118.127.40.73 - - [14/Apr/2026:10:46:26 +1000] "GET / HTTP/1.1" 200 116593 "-" "Python/3.11 aiohttp/3.9.2"
118.127.40.73 - - [14/Apr/2026:11:16:27 +1000] "GET / HTTP/1.1" 200 116593 "-" "Python/3.11 aiohttp/3.9.2"
118.127.40.73 - - [14/Apr/2026:11:46:29 +1000] "GET / HTTP/1.1" 200 116593 "-" "Python/3.11 aiohttp/3.9.2"
118.127.40.73 - - [14/Apr/2026:12:16:44 +1000] "GET / HTTP/1.1" 200 116593 "-" "Python/3.11 aiohttp/3.9.2"
118.127.40.73 - - [14/Apr/2026:12:46:25 +1000] "GET / HTTP/1.1" 200 116593 "-" "Python/3.11 aiohttp/3.9.2"
118.127.40.73 - - [14/Apr/2026:13:16:26 +1000] "GET / HTTP/1.1" 200 116593 "-" "Python/3.11 aiohttp/3.9.2"
118.127.40.73 - - [14/Apr/2026:13:46:28 +1000] "GET / HTTP/1.1" 200 106928 "-" "Python/3.11 aiohttp/3.9.2"
118.127.40.73 - - [14/Apr/2026:14:16:29 +1000] "GET / HTTP/1.1" 200 116593 "-" "Python/3.11 aiohttp/3.9.2"
118.127.40.73 - - [14/Apr/2026:14:46:27 +1000] "GET / HTTP/1.1" 200 116593 "-" "Python/3.11 aiohttp/3.9.2"
118.127.40.73 - - [14/Apr/2026:15:16:26 +1000] "GET / HTTP/1.1" 200 49592 "-" "Python/3.11 aiohttp/3.9.2"
118.127.40.73 - - [14/Apr/2026:15:46:27 +1000] "GET / HTTP/1.1" 200 116593 "-" "Python/3.11 aiohttp/3.9.2"
118.127.40.73 - - [14/Apr/2026:16:16:28 +1000] "GET / HTTP/1.1" 200 116593 "-" "Python/3.11 aiohttp/3.9.2"
118.127.40.73 - - [14/Apr/2026:16:46:28 +1000] "GET / HTTP/1.1" 200 116593 "-" "Python/3.11 aiohttp/3.9.2"
118.127.40.73 - - [14/Apr/2026:17:16:29 +1000] "GET / HTTP/1.1" 200 49592 "-" "Python/3.11 aiohttp/3.9.2"
118.127.40.73 - - [14/Apr/2026:17:46:27 +1000] "GET / HTTP/1.1" 200 116593 "-" "Python/3.11 aiohttp/3.9.2"
118.127.40.73 - - [14/Apr/2026:18:16:29 +1000] "GET / HTTP/1.1" 200 116593 "-" "Python/3.11 aiohttp/3.9.2"
118.127.40.73 - - [14/Apr/2026:18:46:29 +1000] "GET / HTTP/1.1" 200 116593 "-" "Python/3.11 aiohttp/3.9.2"
118.127.40.73 - - [14/Apr/2026:19:16:29 +1000] "GET / HTTP/1.1" 200 116593 "-" "Python/3.11 aiohttp/3.9.2"
118.127.40.73 - - [14/Apr/2026:19:46:28 +1000] "GET / HTTP/1.1" 200 116593 "-" "Python/3.11 aiohttp/3.9.2"
118.127.40.73 - - [14/Apr/2026:20:16:29 +1000] "GET / HTTP/1.1" 200 25016 "-" "Python/3.11 aiohttp/3.9.2"
118.127.40.73 - - [14/Apr/2026:20:46:31 +1000] "GET / HTTP/1.1" 200 116593 "-" "Python/3.11 aiohttp/3.9.2"
118.127.40.73 - - [14/Apr/2026:21:16:30 +1000] "GET / HTTP/1.1" 200 116593 "-" "Python/3.11 aiohttp/3.9.2"
118.127.40.73 - - [14/Apr/2026:21:46:31 +1000] "GET / HTTP/1.1" 200 116593 "-" "Python/3.11 aiohttp/3.9.2"
118.127.40.73 - - [14/Apr/2026:22:16:30 +1000] "GET / HTTP/1.1" 200 116593 "-" "Python/3.11 aiohttp/3.9.2"
118.127.40.73 - - [14/Apr/2026:22:46:37 +1000] "GET / HTTP/1.1" 200 116593 "-" "Python/3.11 aiohttp/3.9.2"
118.127.40.73 - - [14/Apr/2026:23:16:34 +1000] "GET / HTTP/1.1" 200 116593 "-" "Python/3.11 aiohttp/3.9.2"
118.127.40.73 - - [14/Apr/2026:23:46:32 +1000] "GET / HTTP/1.1" 200 116593 "-" "Python/3.11 aiohttp/3.9.2"
118.127.40.73 - - [15/Apr/2026:00:16:32 +1000] "GET / HTTP/1.1" 200 116593 "-" "Python/3.11 aiohttp/3.9.2"
118.127.40.73 - - [15/Apr/2026:00:46:33 +1000] "GET / HTTP/1.1" 200 116593 "-" "Python/3.11 aiohttp/3.9.2"
118.127.40.73 - - [15/Apr/2026:01:16:33 +1000] "GET / HTTP/1.1" 200 116593 "-" "Python/3.11 aiohttp/3.9.2"
118.127.40.73 - - [15/Apr/2026:01:46:33 +1000] "GET / HTTP/1.1" 200 116593 "-" "Python/3.11 aiohttp/3.9.2"
118.127.40.73 - - [15/Apr/2026:02:16:35 +1000] "GET / HTTP/1.1" 200 116593 "-" "Python/3.11 aiohttp/3.9.2"
118.127.40.73 - - [15/Apr/2026:02:46:37 +1000] "GET / HTTP/1.1" 200 116593 "-" "Python/3.11 aiohttp/3.9.2"
118.127.40.73 - - [15/Apr/2026:03:16:41 +1000] "GET / HTTP/1.1" 200 116593 "-" "Python/3.11 aiohttp/3.9.2"
118.127.40.73 - - [15/Apr/2026:03:46:39 +1000] "GET / HTTP/1.1" 200 116593 "-" "Python/3.11 aiohttp/3.9.2"
118.127.40.73 - - [15/Apr/2026:04:16:45 +1000] "GET / HTTP/1.1" 200 116593 "-" "Python/3.11 aiohttp/3.9.2"
118.127.40.73 - - [15/Apr/2026:04:46:34 +1000] "GET / HTTP/1.1" 200 116593 "-" "Python/3.11 aiohttp/3.9.2"
118.127.40.73 - - [15/Apr/2026:05:16:36 +1000] "GET / HTTP/1.1" 200 116593 "-" "Python/3.11 aiohttp/3.9.2"
118.127.40.73 - - [15/Apr/2026:05:46:34 +1000] "GET / HTTP/1.1" 200 116593 "-" "Python/3.11 aiohttp/3.9.2"
106.63.26.27 - - [15/Apr/2026:06:09:23 +1000] "GET / HTTP/1.1" 200 116593 "-" "Mozilla/5.0 (Macintosh; Intel Mac OS X 10_15_7) AppleWebKit/537.36 (KHTML, like Gecko) Chrome/120.0.0.0 Safari/537.36 Edg/120.0.0.0"
106.63.26.149 - - [15/Apr/2026:06:09:42 +1000] "GET /favicon.ico HTTP/1.1" 404 - "-" "Mozilla/5.0 (Macintosh; Intel Mac OS X 10_15_7) AppleWebKit/537.36 (KHTML, like Gecko) Chrome/120.0.0.0 Safari/537.36 Edg/120.0.0.0"
106.63.26.149 - - [15/Apr/2026:06:09:45 +1000] "GET /robots.txt HTTP/1.1" 404 - "-" "Mozilla/5.0 (Macintosh; Intel Mac OS X 10_15_7) AppleWebKit/537.36 (KHTML, like Gecko) Chrome/120.0.0.0 Safari/537.36 Edg/120.0.0.0"
106.63.26.156 - - [15/Apr/2026:06:09:46 +1000] "GET /sitemap.xml HTTP/1.1" 404 - "-" "Mozilla/5.0 (Macintosh; Intel Mac OS X 10_15_7) AppleWebKit/537.36 (KHTML, like Gecko) Chrome/120.0.0.0 Safari/537.36 Edg/120.0.0.0"
106.63.26.147 - - [15/Apr/2026:06:09:56 +1000] "GET /config.json HTTP/1.1" 404 - "-" "Mozilla/5.0 (Macintosh; Intel Mac OS X 10_7_0) AppleWebKit/535.11 (KHTML, like Gecko) Chrome/17.0.963.56 Safari/535.11"
118.127.40.73 - - [15/Apr/2026:06:16:34 +1000] "GET / HTTP/1.1" 200 116593 "-" "Python/3.11 aiohttp/3.9.2"
118.127.40.73 - - [15/Apr/2026:06:46:38 +1000] "GET / HTTP/1.1" 200 116593 "-" "Python/3.11 aiohttp/3.9.2"
118.127.40.73 - - [15/Apr/2026:07:16:34 +1000] "GET / HTTP/1.1" 200 49592 "-" "Python/3.11 aiohttp/3.9.2"
204.76.203.25 - - [15/Apr/2026:07:26:32 +1000] "GET / HTTP/1.1" 200 116593 "-" "Mozilla/5.0 (Windows NT 10.0; Win64; x64) AppleWebKit/537.36 (KHTML, like Gecko) Chrome/134.0.0.0 Safari/537.3"
118.127.40.73 - - [15/Apr/2026:07:46:35 +1000] "GET / HTTP/1.1" 200 116593 "-" "Python/3.11 aiohttp/3.9.2"
118.127.40.73 - - [15/Apr/2026:08:16:40 +1000] "GET / HTTP/1.1" 200 116593 "-" "Python/3.11 aiohttp/3.9.2"
118.127.40.73 - - [15/Apr/2026:08:46:41 +1000] "GET / HTTP/1.1" 200 116593 "-" "Python/3.11 aiohttp/3.9.2"
118.127.40.73 - - [15/Apr/2026:09:16:38 +1000] "GET / HTTP/1.1" 200 116593 "-" "Python/3.11 aiohttp/3.9.2"
118.127.40.73 - - [15/Apr/2026:09:46:37 +1000] "GET / HTTP/1.1" 200 116593 "-" "Python/3.11 aiohttp/3.9.2"
