3.236.150.245 - - [07/Apr/2026:21:06:47 +1000] "GET /cpanel/phpinfo.php HTTP/1.1" 500 1047283 "-" "Mozilla/5.0 (X11; Linux x86_64) AppleWebKit/537.36 (KHTML, like Gecko) Chrome/131.0.0.0 Safari/537.36"
3.236.150.245 - - [07/Apr/2026:21:06:48 +1000] "GET /hosting/phpinfo.php HTTP/1.1" 500 1047287 "-" "Mozilla/5.0 (X11; Linux x86_64) AppleWebKit/537.36 (KHTML, like Gecko) Chrome/131.0.0.0 Safari/537.36"
3.236.150.245 - - [07/Apr/2026:21:06:50 +1000] "GET /webmail/phpinfo.php HTTP/1.1" 200 34916 "-" "Mozilla/5.0 (X11; Linux x86_64) AppleWebKit/537.36 (KHTML, like Gecko) Chrome/131.0.0.0 Safari/537.36"
3.236.150.245 - - [07/Apr/2026:21:06:51 +1000] "GET /smtp/phpinfo.php HTTP/1.1" 500 1047275 "-" "Mozilla/5.0 (X11; Linux x86_64) AppleWebKit/537.36 (KHTML, like Gecko) Chrome/131.0.0.0 Safari/537.36"
3.236.150.245 - - [07/Apr/2026:21:06:52 +1000] "GET /.git/config HTTP/1.1" 500 1047255 "-" "Mozilla/5.0 (X11; Linux x86_64) AppleWebKit/537.36 (KHTML, like Gecko) Chrome/131.0.0.0 Safari/537.36"
3.236.150.245 - - [07/Apr/2026:21:06:54 +1000] "POST / HTTP/1.1" 500 1048737 "-" "Mozilla/5.0 (X11; Linux x86_64) AppleWebKit/537.36 (KHTML, like Gecko) Chrome/131.0.0.0 Safari/537.36"
3.236.150.245 - - [07/Apr/2026:21:06:56 +1000] "POST / HTTP/1.1" 500 1048835 "-" "Mozilla/5.0 (X11; Linux x86_64) AppleWebKit/537.36 (KHTML, like Gecko) Chrome/131.0.0.0 Safari/537.36"
3.236.150.245 - - [07/Apr/2026:21:06:58 +1000] "POST / HTTP/1.1" 500 1048493 "-" "Mozilla/5.0 (X11; Linux x86_64) AppleWebKit/537.36 (KHTML, like Gecko) Chrome/131.0.0.0 Safari/537.36"
118.127.40.73 - - [07/Apr/2026:21:10:02 +1000] "GET /sync-printers HTTP/1.1" 500 352216 "-" "Wget/1.19.5 (linux-gnu)"
118.127.40.73 - - [07/Apr/2026:21:15:01 +1000] "GET /sync-printers HTTP/1.1" 500 221160 "-" "Wget/1.19.5 (linux-gnu)"
118.127.40.73 - - [07/Apr/2026:21:15:30 +1000] "GET / HTTP/1.1" 500 147440 "-" "Python/3.11 aiohttp/3.9.2"
118.127.40.73 - - [07/Apr/2026:21:20:02 +1000] "GET /sync-printers HTTP/1.1" 500 303072 "-" "Wget/1.19.5 (linux-gnu)"
118.127.40.73 - - [07/Apr/2026:21:25:02 +1000] "GET /sync-printers HTTP/1.1" 500 241320 "-" "Wget/1.19.5 (linux-gnu)"
118.127.40.73 - - [07/Apr/2026:21:30:02 +1000] "GET /sync-printers HTTP/1.1" 500 270304 "-" "Wget/1.19.5 (linux-gnu)"
118.127.40.73 - - [07/Apr/2026:21:35:02 +1000] "GET /sync-printers HTTP/1.1" 500 147440 "-" "Wget/1.19.5 (linux-gnu)"
118.127.40.73 - - [07/Apr/2026:21:40:02 +1000] "GET /sync-printers HTTP/1.1" 500 147440 "-" "Wget/1.19.5 (linux-gnu)"
118.127.40.73 - - [07/Apr/2026:21:45:02 +1000] "GET /sync-printers HTTP/1.1" 500 147440 "-" "Wget/1.19.5 (linux-gnu)"
118.127.40.73 - - [07/Apr/2026:21:45:30 +1000] "GET / HTTP/1.1" 500 311264 "-" "Python/3.11 aiohttp/3.9.2"
118.127.40.73 - - [07/Apr/2026:21:50:02 +1000] "GET /sync-printers HTTP/1.1" 500 163824 "-" "Wget/1.19.5 (linux-gnu)"
65.49.27.185 - - [07/Apr/2026:21:53:39 +1000] "GET / HTTP/1.1" 500 1047413 "-" "Mozilla/5.0 (Macintosh; Intel Mac OS X 10_15_7) AppleWebKit/537.36 (KHTML, like Gecko) Chrome/121.0.0.0 Safari/537.36"
118.127.40.73 - - [07/Apr/2026:21:55:02 +1000] "GET /sync-printers HTTP/1.1" 500 147440 "-" "Wget/1.19.5 (linux-gnu)"
118.127.40.73 - - [07/Apr/2026:22:00:02 +1000] "GET /sync-printers HTTP/1.1" 500 32768 "-" "Wget/1.19.5 (linux-gnu)"
118.127.40.73 - - [07/Apr/2026:22:05:02 +1000] "GET /sync-printers HTTP/1.1" 500 212968 "-" "Wget/1.19.5 (linux-gnu)"
118.127.40.73 - - [07/Apr/2026:22:10:01 +1000] "GET /sync-printers HTTP/1.1" 500 24576 "-" "Wget/1.19.5 (linux-gnu)"
118.127.40.73 - - [07/Apr/2026:22:15:02 +1000] "GET /sync-printers HTTP/1.1" 500 286688 "-" "Wget/1.19.5 (linux-gnu)"
118.127.40.73 - - [07/Apr/2026:22:15:30 +1000] "GET / HTTP/1.1" 500 257704 "-" "Python/3.11 aiohttp/3.9.2"
118.127.40.73 - - [07/Apr/2026:22:20:01 +1000] "GET /sync-printers HTTP/1.1" 500 221160 "-" "Wget/1.19.5 (linux-gnu)"
118.127.40.73 - - [07/Apr/2026:22:25:02 +1000] "GET /sync-printers HTTP/1.1" 500 147440 "-" "Wget/1.19.5 (linux-gnu)"
118.127.40.73 - - [07/Apr/2026:22:30:02 +1000] "GET /sync-printers HTTP/1.1" 500 147440 "-" "Wget/1.19.5 (linux-gnu)"
118.127.40.73 - - [07/Apr/2026:22:35:02 +1000] "GET /sync-printers HTTP/1.1" 500 49152 "-" "Wget/1.19.5 (linux-gnu)"
118.127.40.73 - - [07/Apr/2026:22:40:02 +1000] "GET /sync-printers HTTP/1.1" 500 241320 "-" "Wget/1.19.5 (linux-gnu)"
118.127.40.73 - - [07/Apr/2026:22:45:02 +1000] "GET /sync-printers HTTP/1.1" 500 319456 "-" "Wget/1.19.5 (linux-gnu)"
118.127.40.73 - - [07/Apr/2026:22:45:30 +1000] "GET / HTTP/1.1" 500 286688 "-" "Python/3.11 aiohttp/3.9.2"
118.127.40.73 - - [07/Apr/2026:22:50:02 +1000] "GET /sync-printers HTTP/1.1" 500 204776 "-" "Wget/1.19.5 (linux-gnu)"
65.49.27.185 - - [07/Apr/2026:22:53:03 +1000] "GET / HTTP/1.1" 500 1047413 "-" "Mozilla/5.0 (Macintosh; Intel Mac OS X 10_15_7) AppleWebKit/537.36 (KHTML, like Gecko) Chrome/121.0.0.0 Safari/537.36"
118.127.40.73 - - [07/Apr/2026:22:55:01 +1000] "GET /sync-printers HTTP/1.1" 500 147440 "-" "Wget/1.19.5 (linux-gnu)"
118.127.40.73 - - [07/Apr/2026:23:00:03 +1000] "GET /sync-printers HTTP/1.1" 500 241320 "-" "Wget/1.19.5 (linux-gnu)"
118.127.40.73 - - [07/Apr/2026:23:05:01 +1000] "GET /sync-printers HTTP/1.1" 500 24576 "-" "Wget/1.19.5 (linux-gnu)"
118.127.40.73 - - [07/Apr/2026:23:10:01 +1000] "GET /sync-printers HTTP/1.1" 500 147440 "-" "Wget/1.19.5 (linux-gnu)"
118.127.40.73 - - [07/Apr/2026:23:15:02 +1000] "GET /sync-printers HTTP/1.1" 500 163824 "-" "Wget/1.19.5 (linux-gnu)"
118.127.40.73 - - [07/Apr/2026:23:15:31 +1000] "GET / HTTP/1.1" 500 180208 "-" "Python/3.11 aiohttp/3.9.2"
118.127.40.73 - - [07/Apr/2026:23:20:02 +1000] "GET /sync-printers HTTP/1.1" 500 147440 "-" "Wget/1.19.5 (linux-gnu)"
118.127.40.73 - - [07/Apr/2026:23:25:01 +1000] "GET /sync-printers HTTP/1.1" 500 163824 "-" "Wget/1.19.5 (linux-gnu)"
118.127.40.73 - - [07/Apr/2026:23:30:02 +1000] "GET /sync-printers HTTP/1.1" 500 241320 "-" "Wget/1.19.5 (linux-gnu)"
118.127.40.73 - - [07/Apr/2026:23:35:01 +1000] "GET /sync-printers HTTP/1.1" 500 147440 "-" "Wget/1.19.5 (linux-gnu)"
118.127.40.73 - - [07/Apr/2026:23:40:01 +1000] "GET /sync-printers HTTP/1.1" 500 147440 "-" "Wget/1.19.5 (linux-gnu)"
65.49.27.185 - - [07/Apr/2026:23:42:46 +1000] "GET / HTTP/1.1" 500 1047413 "-" "Mozilla/5.0 (Macintosh; Intel Mac OS X 10_15_7) AppleWebKit/537.36 (KHTML, like Gecko) Chrome/121.0.0.0 Safari/537.36"
93.123.109.214 - - [07/Apr/2026:23:44:10 +1000] "GET / HTTP/1.1" 500 1046915 "-" "Mozilla/5.0 (Windows NT 10.0; Win64; x64; rv:133.0) Gecko/20100101 Firefox/133.0"
93.123.109.214 - - [07/Apr/2026:23:44:13 +1000] "GET /.env HTTP/1.1" 500 1047019 "-" "Mozilla/5.0 (X11; Linux x86_64) AppleWebKit/537.36 (KHTML, like Gecko) Chrome/131.0.0.0 Safari/537.36"
93.123.109.214 - - [07/Apr/2026:23:44:15 +1000] "GET /.env.bak HTTP/1.1" 500 1047075 "-" "Mozilla/5.0 (Windows NT 10.0; Win64; x64) AppleWebKit/537.36 (KHTML, like Gecko) Chrome/131.0.0.0 Safari/537.36"
93.123.109.214 - - [07/Apr/2026:23:44:22 +1000] "GET /.env.local HTTP/1.1" 500 1047043 "-" "Mozilla/5.0 (X11; Linux x86_64) AppleWebKit/537.36 (KHTML, like Gecko) Chrome/131.0.0.0 Safari/537.36"
93.123.109.214 - - [07/Apr/2026:23:44:24 +1000] "GET /backend/.env HTTP/1.1" 500 1046967 "-" "Mozilla/5.0 (Windows NT 10.0; Win64; x64; rv:133.0) Gecko/20100101 Firefox/133.0"
93.123.109.214 - - [07/Apr/2026:23:44:27 +1000] "GET /admin/.env HTTP/1.1" 500 1047047 "-" "Mozilla/5.0 (X11; Linux x86_64) AppleWebKit/537.36 (KHTML, like Gecko) Chrome/131.0.0.0 Safari/537.36"
93.123.109.214 - - [07/Apr/2026:23:44:29 +1000] "GET /.git/config HTTP/1.1" 500 1047091 "-" "Mozilla/5.0 (Windows NT 10.0; Win64; x64) AppleWebKit/537.36 (KHTML, like Gecko) Chrome/131.0.0.0 Safari/537.36"
93.123.109.214 - - [07/Apr/2026:23:44:31 +1000] "GET /wp-config.php HTTP/1.1" 500 1047055 "-" "Mozilla/5.0 (X11; Linux x86_64) AppleWebKit/537.36 (KHTML, like Gecko) Chrome/131.0.0.0 Safari/537.36"
93.123.109.214 - - [07/Apr/2026:23:44:34 +1000] "GET /wp-config.php.old HTTP/1.1" 500 1047111 "-" "Mozilla/5.0 (Windows NT 10.0; Win64; x64) AppleWebKit/537.36 (KHTML, like Gecko) Chrome/131.0.0.0 Safari/537.36"
93.123.109.214 - - [07/Apr/2026:23:44:36 +1000] "GET /config.php HTTP/1.1" 500 1047043 "-" "Mozilla/5.0 (X11; Linux x86_64) AppleWebKit/537.36 (KHTML, like Gecko) Chrome/131.0.0.0 Safari/537.36"
93.123.109.214 - - [07/Apr/2026:23:44:39 +1000] "GET /config.php.bak HTTP/1.1" 500 1047123 "-" "Mozilla/5.0 (Macintosh; Intel Mac OS X 10_15_7) AppleWebKit/537.36 (KHTML, like Gecko) Chrome/131.0.0.0 Safari/537.36"
93.123.109.214 - - [07/Apr/2026:23:44:41 +1000] "GET /config.js HTTP/1.1" 500 1046951 "-" "Mozilla/5.0 (Windows NT 10.0; Win64; x64; rv:133.0) Gecko/20100101 Firefox/133.0"
93.123.109.214 - - [07/Apr/2026:23:44:44 +1000] "GET /aws-config.js HTTP/1.1" 500 1047095 "-" "Mozilla/5.0 (Windows NT 10.0; Win64; x64) AppleWebKit/537.36 (KHTML, like Gecko) Chrome/131.0.0.0 Safari/537.36"
93.123.109.214 - - [07/Apr/2026:23:44:46 +1000] "GET /aws.config.js HTTP/1.1" 500 1047119 "-" "Mozilla/5.0 (Macintosh; Intel Mac OS X 10_15_7) AppleWebKit/537.36 (KHTML, like Gecko) Chrome/131.0.0.0 Safari/537.36"
93.123.109.214 - - [07/Apr/2026:23:44:48 +1000] "GET /.git/HEAD HTTP/1.1" 500 1047083 "-" "Mozilla/5.0 (Windows NT 10.0; Win64; x64) AppleWebKit/537.36 (KHTML, like Gecko) Chrome/131.0.0.0 Safari/537.36"
93.123.109.214 - - [07/Apr/2026:23:44:51 +1000] "GET /.git/config HTTP/1.1" 500 1047115 "-" "Mozilla/5.0 (Macintosh; Intel Mac OS X 10_15_7) AppleWebKit/537.36 (KHTML, like Gecko) Chrome/131.0.0.0 Safari/537.36"
118.127.40.73 - - [07/Apr/2026:23:45:02 +1000] "GET /sync-printers HTTP/1.1" 500 278496 "-" "Wget/1.19.5 (linux-gnu)"
118.127.40.73 - - [07/Apr/2026:23:45:31 +1000] "GET / HTTP/1.1" 500 172016 "-" "Python/3.11 aiohttp/3.9.2"
118.127.40.73 - - [07/Apr/2026:23:50:02 +1000] "GET /sync-printers HTTP/1.1" 500 249512 "-" "Wget/1.19.5 (linux-gnu)"
118.127.40.73 - - [07/Apr/2026:23:55:01 +1000] "GET /sync-printers HTTP/1.1" 500 249512 "-" "Wget/1.19.5 (linux-gnu)"
118.127.40.73 - - [08/Apr/2026:00:00:02 +1000] "GET /sync-printers HTTP/1.1" 500 147440 "-" "Wget/1.19.5 (linux-gnu)"
118.127.40.73 - - [08/Apr/2026:00:05:02 +1000] "GET /sync-printers HTTP/1.1" 500 172016 "-" "Wget/1.19.5 (linux-gnu)"
118.127.40.73 - - [08/Apr/2026:00:10:01 +1000] "GET /sync-printers HTTP/1.1" 500 212968 "-" "Wget/1.19.5 (linux-gnu)"
118.127.40.73 - - [08/Apr/2026:00:15:02 +1000] "GET /sync-printers HTTP/1.1" 500 122872 "-" "Wget/1.19.5 (linux-gnu)"
118.127.40.73 - - [08/Apr/2026:00:15:31 +1000] "GET / HTTP/1.1" 500 257704 "-" "Python/3.11 aiohttp/3.9.2"
118.127.40.73 - - [08/Apr/2026:00:20:02 +1000] "GET /sync-printers HTTP/1.1" 500 155632 "-" "Wget/1.19.5 (linux-gnu)"
118.127.40.73 - - [08/Apr/2026:00:25:02 +1000] "GET /sync-printers HTTP/1.1" 500 278496 "-" "Wget/1.19.5 (linux-gnu)"
118.127.40.73 - - [08/Apr/2026:00:30:02 +1000] "GET /sync-printers HTTP/1.1" 500 147440 "-" "Wget/1.19.5 (linux-gnu)"
118.127.40.73 - - [08/Apr/2026:00:35:02 +1000] "GET /sync-printers HTTP/1.1" 500 155632 "-" "Wget/1.19.5 (linux-gnu)"
118.127.40.73 - - [08/Apr/2026:00:40:01 +1000] "GET /sync-printers HTTP/1.1" 500 237544 "-" "Wget/1.19.5 (linux-gnu)"
65.49.27.185 - - [08/Apr/2026:00:42:10 +1000] "GET / HTTP/1.1" 500 1047413 "-" "Mozilla/5.0 (Macintosh; Intel Mac OS X 10_15_7) AppleWebKit/537.36 (KHTML, like Gecko) Chrome/121.0.0.0 Safari/537.36"
118.127.40.73 - - [08/Apr/2026:00:45:02 +1000] "GET /sync-printers HTTP/1.1" 500 163824 "-" "Wget/1.19.5 (linux-gnu)"
118.127.40.73 - - [08/Apr/2026:00:45:31 +1000] "GET / HTTP/1.1" 500 212968 "-" "Python/3.11 aiohttp/3.9.2"
118.127.40.73 - - [08/Apr/2026:00:50:02 +1000] "GET /sync-printers HTTP/1.1" 500 163824 "-" "Wget/1.19.5 (linux-gnu)"
118.127.40.73 - - [08/Apr/2026:00:55:02 +1000] "GET /sync-printers HTTP/1.1" 500 40960 "-" "Wget/1.19.5 (linux-gnu)"
118.127.40.73 - - [08/Apr/2026:01:00:02 +1000] "GET /sync-printers HTTP/1.1" 500 335832 "-" "Wget/1.19.5 (linux-gnu)"
118.127.40.73 - - [08/Apr/2026:01:05:02 +1000] "GET /sync-printers HTTP/1.1" 500 319456 "-" "Wget/1.19.5 (linux-gnu)"
118.127.40.73 - - [08/Apr/2026:01:10:01 +1000] "GET /sync-printers HTTP/1.1" 500 241320 "-" "Wget/1.19.5 (linux-gnu)"
118.127.40.73 - - [08/Apr/2026:01:15:01 +1000] "GET /sync-printers HTTP/1.1" 500 204776 "-" "Wget/1.19.5 (linux-gnu)"
118.127.40.73 - - [08/Apr/2026:01:15:31 +1000] "GET / HTTP/1.1" 500 180208 "-" "Python/3.11 aiohttp/3.9.2"
118.127.40.73 - - [08/Apr/2026:01:20:01 +1000] "GET /sync-printers HTTP/1.1" 500 155632 "-" "Wget/1.19.5 (linux-gnu)"
118.127.40.73 - - [08/Apr/2026:01:25:02 +1000] "GET /sync-printers HTTP/1.1" 500 311264 "-" "Wget/1.19.5 (linux-gnu)"
118.127.40.73 - - [08/Apr/2026:01:30:02 +1000] "GET /sync-printers HTTP/1.1" 500 212968 "-" "Wget/1.19.5 (linux-gnu)"
203.55.131.3 - - [08/Apr/2026:01:26:24 +1000] "GET / HTTP/1.1" 500 237544 "-" "Mozilla/5.0 (Windows NT 10.0; Win64; x64) AppleWebKit/537.36 (KHTML, like Gecko) Chrome/133.0.0.0 Safari/537.36"
65.49.27.185 - - [08/Apr/2026:01:34:39 +1000] "GET / HTTP/1.1" 500 1047413 "-" "Mozilla/5.0 (Macintosh; Intel Mac OS X 10_15_7) AppleWebKit/537.36 (KHTML, like Gecko) Chrome/121.0.0.0 Safari/537.36"
118.127.40.73 - - [08/Apr/2026:01:35:02 +1000] "GET /sync-printers HTTP/1.1" 500 270304 "-" "Wget/1.19.5 (linux-gnu)"
118.127.40.73 - - [08/Apr/2026:01:40:01 +1000] "GET /sync-printers HTTP/1.1" 500 172016 "-" "Wget/1.19.5 (linux-gnu)"
118.127.40.73 - - [08/Apr/2026:01:45:02 +1000] "GET /sync-printers HTTP/1.1" 500 147440 "-" "Wget/1.19.5 (linux-gnu)"
118.127.40.73 - - [08/Apr/2026:01:45:32 +1000] "GET / HTTP/1.1" 500 249512 "-" "Python/3.11 aiohttp/3.9.2"
118.127.40.73 - - [08/Apr/2026:01:50:02 +1000] "GET /sync-printers HTTP/1.1" 500 204776 "-" "Wget/1.19.5 (linux-gnu)"
118.127.40.73 - - [08/Apr/2026:01:55:01 +1000] "GET /sync-printers HTTP/1.1" 500 147440 "-" "Wget/1.19.5 (linux-gnu)"
118.127.40.73 - - [08/Apr/2026:02:00:02 +1000] "GET /sync-printers HTTP/1.1" 500 163824 "-" "Wget/1.19.5 (linux-gnu)"
118.127.40.73 - - [08/Apr/2026:02:05:02 +1000] "GET /sync-printers HTTP/1.1" 500 147440 "-" "Wget/1.19.5 (linux-gnu)"
118.127.40.73 - - [08/Apr/2026:02:10:02 +1000] "GET /sync-printers HTTP/1.1" 500 286688 "-" "Wget/1.19.5 (linux-gnu)"
118.127.40.73 - - [08/Apr/2026:02:15:02 +1000] "GET /sync-printers HTTP/1.1" 500 241320 "-" "Wget/1.19.5 (linux-gnu)"
118.127.40.73 - - [08/Apr/2026:02:15:32 +1000] "GET / HTTP/1.1" 500 139248 "-" "Python/3.11 aiohttp/3.9.2"
118.127.40.73 - - [08/Apr/2026:02:20:01 +1000] "GET /sync-printers HTTP/1.1" 500 249512 "-" "Wget/1.19.5 (linux-gnu)"
118.127.40.73 - - [08/Apr/2026:02:25:02 +1000] "GET /sync-printers HTTP/1.1" 500 98296 "-" "Wget/1.19.5 (linux-gnu)"
118.127.40.73 - - [08/Apr/2026:02:30:02 +1000] "GET /sync-printers HTTP/1.1" 500 241320 "-" "Wget/1.19.5 (linux-gnu)"
65.49.27.185 - - [08/Apr/2026:02:33:48 +1000] "GET / HTTP/1.1" 500 1047413 "-" "Mozilla/5.0 (Macintosh; Intel Mac OS X 10_15_7) AppleWebKit/537.36 (KHTML, like Gecko) Chrome/121.0.0.0 Safari/537.36"
118.127.40.73 - - [08/Apr/2026:02:35:02 +1000] "GET /sync-printers HTTP/1.1" 500 147440 "-" "Wget/1.19.5 (linux-gnu)"
118.127.40.73 - - [08/Apr/2026:02:40:02 +1000] "GET /sync-printers HTTP/1.1" 500 270304 "-" "Wget/1.19.5 (linux-gnu)"
54.205.103.186 - - [08/Apr/2026:02:41:10 +1000] "GET /_ignition/execute-solution HTTP/1.1" 500 1047215 "-" "Mozilla/5.0 (Ubuntu; Linux x86_64) AppleWebKit/537.36 (KHTML, like Gecko) Chrome/134.0.0.0 Safari/537.36"
118.127.40.73 - - [08/Apr/2026:02:45:01 +1000] "GET /sync-printers HTTP/1.1" 500 278496 "-" "Wget/1.19.5 (linux-gnu)"
118.127.40.73 - - [08/Apr/2026:02:45:32 +1000] "GET / HTTP/1.1" 500 241320 "-" "Python/3.11 aiohttp/3.9.2"
118.127.40.73 - - [08/Apr/2026:02:50:02 +1000] "GET /sync-printers HTTP/1.1" 500 278496 "-" "Wget/1.19.5 (linux-gnu)"
118.127.40.73 - - [08/Apr/2026:02:55:01 +1000] "GET /sync-printers HTTP/1.1" 500 147440 "-" "Wget/1.19.5 (linux-gnu)"
118.127.40.73 - - [08/Apr/2026:03:00:02 +1000] "GET /sync-printers HTTP/1.1" 500 335832 "-" "Wget/1.19.5 (linux-gnu)"
118.127.40.73 - - [08/Apr/2026:03:05:01 +1000] "GET /sync-printers HTTP/1.1" 500 270304 "-" "Wget/1.19.5 (linux-gnu)"
118.127.40.73 - - [08/Apr/2026:03:10:02 +1000] "GET /sync-printers HTTP/1.1" 500 212968 "-" "Wget/1.19.5 (linux-gnu)"
118.127.40.73 - - [08/Apr/2026:03:15:02 +1000] "GET /sync-printers HTTP/1.1" 500 163824 "-" "Wget/1.19.5 (linux-gnu)"
118.127.40.73 - - [08/Apr/2026:03:15:32 +1000] "GET / HTTP/1.1" 500 257704 "-" "Python/3.11 aiohttp/3.9.2"
118.127.40.73 - - [08/Apr/2026:03:20:02 +1000] "GET /sync-printers HTTP/1.1" 500 204776 "-" "Wget/1.19.5 (linux-gnu)"
65.49.27.185 - - [08/Apr/2026:03:22:20 +1000] "GET / HTTP/1.1" 500 1047413 "-" "Mozilla/5.0 (Macintosh; Intel Mac OS X 10_15_7) AppleWebKit/537.36 (KHTML, like Gecko) Chrome/121.0.0.0 Safari/537.36"
118.127.40.73 - - [08/Apr/2026:03:25:02 +1000] "GET /sync-printers HTTP/1.1" 500 241320 "-" "Wget/1.19.5 (linux-gnu)"
118.127.40.73 - - [08/Apr/2026:03:30:02 +1000] "GET /sync-printers HTTP/1.1" 500 204776 "-" "Wget/1.19.5 (linux-gnu)"
54.205.103.186 - - [08/Apr/2026:03:34:27 +1000] "GET /_ignition/execute-solution HTTP/1.1" 500 1047023 "-" "Mozilla/5.0 (X11; Linux x86_64; rv:1.9.7.20) Gecko/ Firefox/3.8"
118.127.40.73 - - [08/Apr/2026:03:35:02 +1000] "GET /sync-printers HTTP/1.1" 500 270304 "-" "Wget/1.19.5 (linux-gnu)"
118.127.40.73 - - [08/Apr/2026:03:40:02 +1000] "GET /sync-printers HTTP/1.1" 500 57344 "-" "Wget/1.19.5 (linux-gnu)"
118.127.40.73 - - [08/Apr/2026:03:45:02 +1000] "GET /sync-printers HTTP/1.1" 500 221160 "-" "Wget/1.19.5 (linux-gnu)"
118.127.40.73 - - [08/Apr/2026:03:45:32 +1000] "GET / HTTP/1.1" 500 257704 "-" "Python/3.11 aiohttp/3.9.2"
65.49.27.185 - - [08/Apr/2026:03:48:02 +1000] "GET / HTTP/1.1" 500 1047413 "-" "Mozilla/5.0 (Macintosh; Intel Mac OS X 10_15_7) AppleWebKit/537.36 (KHTML, like Gecko) Chrome/121.0.0.0 Safari/537.36"
118.127.40.73 - - [08/Apr/2026:03:50:02 +1000] "GET /sync-printers HTTP/1.1" 500 73720 "-" "Wget/1.19.5 (linux-gnu)"
65.49.27.185 - - [08/Apr/2026:03:51:07 +1000] "GET / HTTP/1.1" 500 1047413 "-" "Mozilla/5.0 (Macintosh; Intel Mac OS X 10_15_7) AppleWebKit/537.36 (KHTML, like Gecko) Chrome/121.0.0.0 Safari/537.36"
118.127.40.73 - - [08/Apr/2026:03:55:02 +1000] "GET /sync-printers HTTP/1.1" 500 114680 "-" "Wget/1.19.5 (linux-gnu)"
118.127.40.73 - - [08/Apr/2026:04:00:02 +1000] "GET /sync-printers HTTP/1.1" 500 204776 "-" "Wget/1.19.5 (linux-gnu)"
118.127.40.73 - - [08/Apr/2026:04:05:02 +1000] "GET /sync-printers HTTP/1.1" 500 147440 "-" "Wget/1.19.5 (linux-gnu)"
118.127.40.73 - - [08/Apr/2026:04:10:02 +1000] "GET /sync-printers HTTP/1.1" 500 172016 "-" "Wget/1.19.5 (linux-gnu)"
118.127.40.73 - - [08/Apr/2026:04:15:01 +1000] "GET /sync-printers HTTP/1.1" 500 24576 "-" "Wget/1.19.5 (linux-gnu)"
118.127.40.73 - - [08/Apr/2026:04:15:33 +1000] "GET / HTTP/1.1" 500 147440 "-" "Python/3.11 aiohttp/3.9.2"
118.127.40.73 - - [08/Apr/2026:04:20:01 +1000] "GET /sync-printers HTTP/1.1" 500 249512 "-" "Wget/1.19.5 (linux-gnu)"
118.127.40.73 - - [08/Apr/2026:04:25:02 +1000] "GET /sync-printers HTTP/1.1" 500 249512 "-" "Wget/1.19.5 (linux-gnu)"
118.127.40.73 - - [08/Apr/2026:04:30:01 +1000] "GET /sync-printers HTTP/1.1" 500 286688 "-" "Wget/1.19.5 (linux-gnu)"
118.127.40.73 - - [08/Apr/2026:04:35:02 +1000] "GET /sync-printers HTTP/1.1" 500 270304 "-" "Wget/1.19.5 (linux-gnu)"
65.49.27.185 - - [08/Apr/2026:04:39:43 +1000] "GET / HTTP/1.1" 500 1047413 "-" "Mozilla/5.0 (Macintosh; Intel Mac OS X 10_15_7) AppleWebKit/537.36 (KHTML, like Gecko) Chrome/121.0.0.0 Safari/537.36"
118.127.40.73 - - [08/Apr/2026:04:40:02 +1000] "GET /sync-printers HTTP/1.1" 500 147440 "-" "Wget/1.19.5 (linux-gnu)"
118.127.40.73 - - [08/Apr/2026:04:45:01 +1000] "GET /sync-printers HTTP/1.1" 500 172016 "-" "Wget/1.19.5 (linux-gnu)"
118.127.40.73 - - [08/Apr/2026:04:45:33 +1000] "GET / HTTP/1.1" 500 257704 "-" "Python/3.11 aiohttp/3.9.2"
118.127.40.73 - - [08/Apr/2026:04:50:02 +1000] "GET /sync-printers HTTP/1.1" 500 172016 "-" "Wget/1.19.5 (linux-gnu)"
118.127.40.73 - - [08/Apr/2026:04:55:01 +1000] "GET /sync-printers HTTP/1.1" 500 147440 "-" "Wget/1.19.5 (linux-gnu)"
118.127.40.73 - - [08/Apr/2026:05:00:02 +1000] "GET /sync-printers HTTP/1.1" 500 241320 "-" "Wget/1.19.5 (linux-gnu)"
74.7.244.63 - - [08/Apr/2026:05:04:14 +1000] "GET /robots.txt HTTP/1.1" 200 24 "-" "Mozilla/5.0 (Macintosh; Intel Mac OS X 10_15_7) AppleWebKit/537.36 (KHTML, like Gecko) Chrome/131.0.0.0 Safari/537.36; compatible; OAI-SearchBot/1.3; robots.txt; +https://openai.com/searchbot"
118.127.40.73 - - [08/Apr/2026:05:05:02 +1000] "GET /sync-printers HTTP/1.1" 500 147440 "-" "Wget/1.19.5 (linux-gnu)"
118.127.40.73 - - [08/Apr/2026:05:10:01 +1000] "GET /sync-printers HTTP/1.1" 500 57344 "-" "Wget/1.19.5 (linux-gnu)"
118.127.40.73 - - [08/Apr/2026:05:15:01 +1000] "GET /sync-printers HTTP/1.1" 500 24576 "-" "Wget/1.19.5 (linux-gnu)"
118.127.40.73 - - [08/Apr/2026:05:15:33 +1000] "GET / HTTP/1.1" 500 172016 "-" "Python/3.11 aiohttp/3.9.2"
118.127.40.73 - - [08/Apr/2026:05:20:01 +1000] "GET /sync-printers HTTP/1.1" 500 241320 "-" "Wget/1.19.5 (linux-gnu)"
118.127.40.73 - - [08/Apr/2026:05:25:03 +1000] "GET /sync-printers HTTP/1.1" 500 241320 "-" "Wget/1.19.5 (linux-gnu)"
118.127.40.73 - - [08/Apr/2026:05:30:05 +1000] "GET /sync-printers HTTP/1.1" 500 163824 "-" "Wget/1.19.5 (linux-gnu)"
118.127.40.73 - - [08/Apr/2026:05:35:02 +1000] "GET /sync-printers HTTP/1.1" 500 172016 "-" "Wget/1.19.5 (linux-gnu)"
65.49.27.185 - - [08/Apr/2026:05:38:56 +1000] "GET / HTTP/1.1" 500 1047413 "-" "Mozilla/5.0 (Macintosh; Intel Mac OS X 10_15_7) AppleWebKit/537.36 (KHTML, like Gecko) Chrome/121.0.0.0 Safari/537.36"
118.127.40.73 - - [08/Apr/2026:05:40:02 +1000] "GET /sync-printers HTTP/1.1" 500 172016 "-" "Wget/1.19.5 (linux-gnu)"
118.127.40.73 - - [08/Apr/2026:05:45:02 +1000] "GET /sync-printers HTTP/1.1" 500 24576 "-" "Wget/1.19.5 (linux-gnu)"
118.127.40.73 - - [08/Apr/2026:05:45:33 +1000] "GET / HTTP/1.1" 500 425936 "-" "Python/3.11 aiohttp/3.9.2"
118.127.40.73 - - [08/Apr/2026:05:50:01 +1000] "GET /sync-printers HTTP/1.1" 500 147440 "-" "Wget/1.19.5 (linux-gnu)"
118.127.40.73 - - [08/Apr/2026:05:55:02 +1000] "GET /sync-printers HTTP/1.1" 500 163824 "-" "Wget/1.19.5 (linux-gnu)"
93.123.109.214 - - [08/Apr/2026:05:55:43 +1000] "GET / HTTP/1.1" 500 1047043 "-" "Mozilla/5.0 (Macintosh; Intel Mac OS X 10_15_7) AppleWebKit/537.36 (KHTML, like Gecko) Chrome/131.0.0.0 Safari/537.36"
93.123.109.214 - - [08/Apr/2026:05:55:46 +1000] "GET /.env HTTP/1.1" 500 1046995 "-" "Mozilla/5.0 (X11; Linux x86_64) AppleWebKit/537.36 (KHTML, like Gecko) Chrome/131.0.0.0 Safari/537.36"
93.123.109.214 - - [08/Apr/2026:05:55:48 +1000] "GET /.env.bak HTTP/1.1" 500 1047075 "-" "Mozilla/5.0 (Macintosh; Intel Mac OS X 10_15_7) AppleWebKit/537.36 (KHTML, like Gecko) Chrome/131.0.0.0 Safari/537.36"
93.123.109.214 - - [08/Apr/2026:05:55:51 +1000] "GET /.env.save HTTP/1.1" 500 1047079 "-" "Mozilla/5.0 (Macintosh; Intel Mac OS X 10_15_7) AppleWebKit/537.36 (KHTML, like Gecko) Chrome/131.0.0.0 Safari/537.36"
93.123.109.214 - - [08/Apr/2026:05:55:53 +1000] "GET /.env.local HTTP/1.1" 500 1046931 "-" "Mozilla/5.0 (Windows NT 10.0; Win64; x64; rv:133.0) Gecko/20100101 Firefox/133.0"
93.123.109.214 - - [08/Apr/2026:05:55:55 +1000] "GET /backend/.env HTTP/1.1" 500 1047031 "-" "Mozilla/5.0 (X11; Linux x86_64) AppleWebKit/537.36 (KHTML, like Gecko) Chrome/131.0.0.0 Safari/537.36"
93.123.109.214 - - [08/Apr/2026:05:55:58 +1000] "GET /admin/.env HTTP/1.1" 500 1046935 "-" "Mozilla/5.0 (Windows NT 10.0; Win64; x64; rv:133.0) Gecko/20100101 Firefox/133.0"
93.123.109.214 - - [08/Apr/2026:05:56:00 +1000] "GET /.git/config HTTP/1.1" 500 1047067 "-" "Mozilla/5.0 (Windows NT 10.0; Win64; x64) AppleWebKit/537.36 (KHTML, like Gecko) Chrome/131.0.0.0 Safari/537.36"
93.123.109.214 - - [08/Apr/2026:05:56:03 +1000] "GET /wp-config.php HTTP/1.1" 500 1047071 "-" "Mozilla/5.0 (Windows NT 10.0; Win64; x64) AppleWebKit/537.36 (KHTML, like Gecko) Chrome/131.0.0.0 Safari/537.36"
93.123.109.214 - - [08/Apr/2026:05:56:05 +1000] "GET /wp-config.php.old HTTP/1.1" 500 1047087 "-" "Mozilla/5.0 (Windows NT 10.0; Win64; x64) AppleWebKit/537.36 (KHTML, like Gecko) Chrome/131.0.0.0 Safari/537.36"
93.123.109.214 - - [08/Apr/2026:05:56:08 +1000] "GET /config.php HTTP/1.1" 500 1047083 "-" "Mozilla/5.0 (Macintosh; Intel Mac OS X 10_15_7) AppleWebKit/537.36 (KHTML, like Gecko) Chrome/131.0.0.0 Safari/537.36"
93.123.109.214 - - [08/Apr/2026:05:56:10 +1000] "GET /config.php.bak HTTP/1.1" 500 1047099 "-" "Mozilla/5.0 (Macintosh; Intel Mac OS X 10_15_7) AppleWebKit/537.36 (KHTML, like Gecko) Chrome/131.0.0.0 Safari/537.36"
93.123.109.214 - - [08/Apr/2026:05:56:12 +1000] "GET /config.js HTTP/1.1" 500 1047079 "-" "Mozilla/5.0 (Macintosh; Intel Mac OS X 10_15_7) AppleWebKit/537.36 (KHTML, like Gecko) Chrome/131.0.0.0 Safari/537.36"
93.123.109.214 - - [08/Apr/2026:05:56:15 +1000] "GET /aws-config.js HTTP/1.1" 500 1047031 "-" "Mozilla/5.0 (X11; Linux x86_64) AppleWebKit/537.36 (KHTML, like Gecko) Chrome/131.0.0.0 Safari/537.36"
93.123.109.214 - - [08/Apr/2026:05:56:17 +1000] "GET /aws.config.js HTTP/1.1" 500 1046943 "-" "Mozilla/5.0 (Windows NT 10.0; Win64; x64; rv:133.0) Gecko/20100101 Firefox/133.0"
93.123.109.214 - - [08/Apr/2026:05:56:20 +1000] "GET /.git/HEAD HTTP/1.1" 500 1047059 "-" "Mozilla/5.0 (Windows NT 10.0; Win64; x64) AppleWebKit/537.36 (KHTML, like Gecko) Chrome/131.0.0.0 Safari/537.36"
93.123.109.214 - - [08/Apr/2026:05:56:22 +1000] "GET /.git/config HTTP/1.1" 500 1046939 "-" "Mozilla/5.0 (Windows NT 10.0; Win64; x64; rv:133.0) Gecko/20100101 Firefox/133.0"
74.7.227.21 - - [08/Apr/2026:05:59:17 +1000] "GET / HTTP/1.1" 500 147440 "-" "Mozilla/5.0 AppleWebKit/537.36 (KHTML, like Gecko; compatible; GPTBot/1.3; +https://openai.com/gptbot)"
74.7.228.15 - - [08/Apr/2026:05:59:24 +1000] "GET /robots.txt HTTP/1.1" 200 24 "-" "Mozilla/5.0 (Macintosh; Intel Mac OS X 10_15_7) AppleWebKit/537.36 (KHTML, like Gecko) Chrome/131.0.0.0 Safari/537.36; compatible; OAI-SearchBot/1.3; robots.txt; +https://openai.com/searchbot"
118.127.40.73 - - [08/Apr/2026:06:00:02 +1000] "GET /sync-printers HTTP/1.1" 500 278496 "-" "Wget/1.19.5 (linux-gnu)"
118.127.40.73 - - [08/Apr/2026:06:05:02 +1000] "GET /sync-printers HTTP/1.1" 500 147440 "-" "Wget/1.19.5 (linux-gnu)"
118.127.40.73 - - [08/Apr/2026:06:10:02 +1000] "GET /sync-printers HTTP/1.1" 500 147440 "-" "Wget/1.19.5 (linux-gnu)"
118.127.40.73 - - [08/Apr/2026:06:15:01 +1000] "GET /sync-printers HTTP/1.1" 500 147440 "-" "Wget/1.19.5 (linux-gnu)"
118.127.40.73 - - [08/Apr/2026:06:15:33 +1000] "GET / HTTP/1.1" 500 49152 "-" "Python/3.11 aiohttp/3.9.2"
118.127.40.73 - - [08/Apr/2026:06:20:02 +1000] "GET /sync-printers HTTP/1.1" 500 147440 "-" "Wget/1.19.5 (linux-gnu)"
118.127.40.73 - - [08/Apr/2026:06:25:01 +1000] "GET /sync-printers HTTP/1.1" 500 147440 "-" "Wget/1.19.5 (linux-gnu)"
65.49.27.185 - - [08/Apr/2026:06:27:46 +1000] "GET / HTTP/1.1" 500 1047413 "-" "Mozilla/5.0 (Macintosh; Intel Mac OS X 10_15_7) AppleWebKit/537.36 (KHTML, like Gecko) Chrome/121.0.0.0 Safari/537.36"
118.127.40.73 - - [08/Apr/2026:06:30:02 +1000] "GET /sync-printers HTTP/1.1" 500 241320 "-" "Wget/1.19.5 (linux-gnu)"
118.127.40.73 - - [08/Apr/2026:06:35:02 +1000] "GET /sync-printers HTTP/1.1" 500 212968 "-" "Wget/1.19.5 (linux-gnu)"
118.127.40.73 - - [08/Apr/2026:06:40:02 +1000] "GET /sync-printers HTTP/1.1" 500 270304 "-" "Wget/1.19.5 (linux-gnu)"
118.127.40.73 - - [08/Apr/2026:06:45:01 +1000] "GET /sync-printers HTTP/1.1" 500 221160 "-" "Wget/1.19.5 (linux-gnu)"
118.127.40.73 - - [08/Apr/2026:06:45:33 +1000] "GET / HTTP/1.1" 500 172016 "-" "Python/3.11 aiohttp/3.9.2"
118.127.40.73 - - [08/Apr/2026:06:50:02 +1000] "GET /sync-printers HTTP/1.1" 500 73720 "-" "Wget/1.19.5 (linux-gnu)"
118.127.40.73 - - [08/Apr/2026:06:55:02 +1000] "GET /sync-printers HTTP/1.1" 500 249512 "-" "Wget/1.19.5 (linux-gnu)"
118.127.40.73 - - [08/Apr/2026:07:00:02 +1000] "GET /sync-printers HTTP/1.1" 500 73720 "-" "Wget/1.19.5 (linux-gnu)"
118.127.40.73 - - [08/Apr/2026:07:05:02 +1000] "GET /sync-printers HTTP/1.1" 500 147440 "-" "Wget/1.19.5 (linux-gnu)"
118.127.40.73 - - [08/Apr/2026:07:10:01 +1000] "GET /sync-printers HTTP/1.1" 500 172016 "-" "Wget/1.19.5 (linux-gnu)"
118.127.40.73 - - [08/Apr/2026:07:15:01 +1000] "GET /sync-printers HTTP/1.1" 500 212968 "-" "Wget/1.19.5 (linux-gnu)"
118.127.40.73 - - [08/Apr/2026:07:15:34 +1000] "GET / HTTP/1.1" 500 335832 "-" "Python/3.11 aiohttp/3.9.2"
118.127.40.73 - - [08/Apr/2026:07:20:02 +1000] "GET /sync-printers HTTP/1.1" 500 81912 "-" "Wget/1.19.5 (linux-gnu)"
118.127.40.73 - - [08/Apr/2026:07:25:02 +1000] "GET /sync-printers HTTP/1.1" 500 147440 "-" "Wget/1.19.5 (linux-gnu)"
65.49.27.185 - - [08/Apr/2026:07:26:31 +1000] "GET / HTTP/1.1" 500 1047413 "-" "Mozilla/5.0 (Macintosh; Intel Mac OS X 10_15_7) AppleWebKit/537.36 (KHTML, like Gecko) Chrome/121.0.0.0 Safari/537.36"
118.127.40.73 - - [08/Apr/2026:07:30:02 +1000] "GET /sync-printers HTTP/1.1" 500 163824 "-" "Wget/1.19.5 (linux-gnu)"
118.127.40.73 - - [08/Apr/2026:07:35:02 +1000] "GET /sync-printers HTTP/1.1" 500 147440 "-" "Wget/1.19.5 (linux-gnu)"
118.127.40.73 - - [08/Apr/2026:07:40:01 +1000] "GET /sync-printers HTTP/1.1" 500 204776 "-" "Wget/1.19.5 (linux-gnu)"
118.127.40.73 - - [08/Apr/2026:07:45:02 +1000] "GET /sync-printers HTTP/1.1" 500 270304 "-" "Wget/1.19.5 (linux-gnu)"
118.127.40.73 - - [08/Apr/2026:07:45:34 +1000] "GET / HTTP/1.1" 500 221160 "-" "Python/3.11 aiohttp/3.9.2"
118.127.40.73 - - [08/Apr/2026:07:50:01 +1000] "GET /sync-printers HTTP/1.1" 500 204776 "-" "Wget/1.19.5 (linux-gnu)"
118.127.40.73 - - [08/Apr/2026:07:55:02 +1000] "GET /sync-printers HTTP/1.1" 500 229352 "-" "Wget/1.19.5 (linux-gnu)"
118.127.40.73 - - [08/Apr/2026:08:00:02 +1000] "GET /sync-printers HTTP/1.1" 500 278496 "-" "Wget/1.19.5 (linux-gnu)"
118.127.40.73 - - [08/Apr/2026:08:05:01 +1000] "GET /sync-printers HTTP/1.1" 500 249512 "-" "Wget/1.19.5 (linux-gnu)"
118.127.40.73 - - [08/Apr/2026:08:10:02 +1000] "GET /sync-printers HTTP/1.1" 500 147440 "-" "Wget/1.19.5 (linux-gnu)"
118.127.40.73 - - [08/Apr/2026:08:15:02 +1000] "GET /sync-printers HTTP/1.1" 500 147440 "-" "Wget/1.19.5 (linux-gnu)"
65.49.27.185 - - [08/Apr/2026:08:15:12 +1000] "GET / HTTP/1.1" 500 1047413 "-" "Mozilla/5.0 (Macintosh; Intel Mac OS X 10_15_7) AppleWebKit/537.36 (KHTML, like Gecko) Chrome/121.0.0.0 Safari/537.36"
118.127.40.73 - - [08/Apr/2026:08:15:34 +1000] "GET / HTTP/1.1" 500 270304 "-" "Python/3.11 aiohttp/3.9.2"
118.127.40.73 - - [08/Apr/2026:08:20:02 +1000] "GET /sync-printers HTTP/1.1" 500 147440 "-" "Wget/1.19.5 (linux-gnu)"
118.127.40.73 - - [08/Apr/2026:08:25:02 +1000] "GET /sync-printers HTTP/1.1" 500 147440 "-" "Wget/1.19.5 (linux-gnu)"
118.127.40.73 - - [08/Apr/2026:08:30:02 +1000] "GET /sync-printers HTTP/1.1" 500 278496 "-" "Wget/1.19.5 (linux-gnu)"
118.127.40.73 - - [08/Apr/2026:08:35:02 +1000] "GET /sync-printers HTTP/1.1" 500 147440 "-" "Wget/1.19.5 (linux-gnu)"
118.127.40.73 - - [08/Apr/2026:08:40:02 +1000] "GET /sync-printers HTTP/1.1" 500 278496 "-" "Wget/1.19.5 (linux-gnu)"
118.127.40.73 - - [08/Apr/2026:08:45:02 +1000] "GET /sync-printers HTTP/1.1" 500 257704 "-" "Wget/1.19.5 (linux-gnu)"
118.127.40.73 - - [08/Apr/2026:08:45:34 +1000] "GET / HTTP/1.1" 500 257704 "-" "Python/3.11 aiohttp/3.9.2"
118.127.40.73 - - [08/Apr/2026:08:50:01 +1000] "GET /sync-printers HTTP/1.1" 500 147440 "-" "Wget/1.19.5 (linux-gnu)"
118.127.40.73 - - [08/Apr/2026:08:55:02 +1000] "GET /sync-printers HTTP/1.1" 500 147440 "-" "Wget/1.19.5 (linux-gnu)"
118.127.40.73 - - [08/Apr/2026:09:00:02 +1000] "GET /sync-printers HTTP/1.1" 500 40960 "-" "Wget/1.19.5 (linux-gnu)"
118.127.40.73 - - [08/Apr/2026:09:05:01 +1000] "GET /sync-printers HTTP/1.1" 500 81912 "-" "Wget/1.19.5 (linux-gnu)"
118.127.40.73 - - [08/Apr/2026:09:10:01 +1000] "GET /sync-printers HTTP/1.1" 500 278496 "-" "Wget/1.19.5 (linux-gnu)"
118.127.40.73 - - [08/Apr/2026:09:15:02 +1000] "GET /sync-printers HTTP/1.1" 500 147440 "-" "Wget/1.19.5 (linux-gnu)"
118.127.40.73 - - [08/Apr/2026:09:15:35 +1000] "GET / HTTP/1.1" 500 335832 "-" "Python/3.11 aiohttp/3.9.2"
65.49.27.185 - - [08/Apr/2026:09:18:08 +1000] "GET / HTTP/1.1" 500 1047413 "-" "Mozilla/5.0 (Macintosh; Intel Mac OS X 10_15_7) AppleWebKit/537.36 (KHTML, like Gecko) Chrome/121.0.0.0 Safari/537.36"
118.127.40.73 - - [08/Apr/2026:09:20:02 +1000] "GET /sync-printers HTTP/1.1" 500 147440 "-" "Wget/1.19.5 (linux-gnu)"
118.127.40.73 - - [08/Apr/2026:09:25:02 +1000] "GET /sync-printers HTTP/1.1" 500 172016 "-" "Wget/1.19.5 (linux-gnu)"
118.127.40.73 - - [08/Apr/2026:09:30:01 +1000] "GET /sync-printers HTTP/1.1" 500 147440 "-" "Wget/1.19.5 (linux-gnu)"
118.127.40.73 - - [08/Apr/2026:09:35:02 +1000] "GET /sync-printers HTTP/1.1" 500 204776 "-" "Wget/1.19.5 (linux-gnu)"
118.127.40.73 - - [08/Apr/2026:09:40:02 +1000] "GET /sync-printers HTTP/1.1" 500 249512 "-" "Wget/1.19.5 (linux-gnu)"
118.127.40.73 - - [08/Apr/2026:09:45:02 +1000] "GET /sync-printers HTTP/1.1" 500 257704 "-" "Wget/1.19.5 (linux-gnu)"
118.127.40.73 - - [08/Apr/2026:09:45:35 +1000] "GET / HTTP/1.1" 500 32768 "-" "Python/3.11 aiohttp/3.9.2"
118.127.40.73 - - [08/Apr/2026:09:50:02 +1000] "GET /sync-printers HTTP/1.1" 500 147440 "-" "Wget/1.19.5 (linux-gnu)"
118.127.40.73 - - [08/Apr/2026:09:55:02 +1000] "GET /sync-printers HTTP/1.1" 500 249512 "-" "Wget/1.19.5 (linux-gnu)"
118.127.40.73 - - [08/Apr/2026:10:00:01 +1000] "GET /sync-printers HTTP/1.1" 500 147440 "-" "Wget/1.19.5 (linux-gnu)"
118.127.40.73 - - [08/Apr/2026:10:05:01 +1000] "GET /sync-printers HTTP/1.1" 500 294880 "-" "Wget/1.19.5 (linux-gnu)"
65.49.27.185 - - [08/Apr/2026:10:09:25 +1000] "GET / HTTP/1.1" 500 1047413 "-" "Mozilla/5.0 (Macintosh; Intel Mac OS X 10_15_7) AppleWebKit/537.36 (KHTML, like Gecko) Chrome/121.0.0.0 Safari/537.36"
118.127.40.73 - - [08/Apr/2026:10:10:02 +1000] "GET /sync-printers HTTP/1.1" 500 147440 "-" "Wget/1.19.5 (linux-gnu)"
118.127.40.73 - - [08/Apr/2026:10:15:02 +1000] "GET /sync-printers HTTP/1.1" 500 270304 "-" "Wget/1.19.5 (linux-gnu)"
118.127.40.73 - - [08/Apr/2026:10:15:35 +1000] "GET / HTTP/1.1" 500 212968 "-" "Python/3.11 aiohttp/3.9.2"
118.127.40.73 - - [08/Apr/2026:10:20:01 +1000] "GET /sync-printers HTTP/1.1" 500 73720 "-" "Wget/1.19.5 (linux-gnu)"
118.127.40.73 - - [08/Apr/2026:10:25:01 +1000] "GET /sync-printers HTTP/1.1" 500 212968 "-" "Wget/1.19.5 (linux-gnu)"
118.127.40.73 - - [08/Apr/2026:10:30:01 +1000] "GET /sync-printers HTTP/1.1" 500 257704 "-" "Wget/1.19.5 (linux-gnu)"
65.49.27.185 - - [08/Apr/2026:10:34:38 +1000] "GET / HTTP/1.1" 500 1047413 "-" "Mozilla/5.0 (Macintosh; Intel Mac OS X 10_15_7) AppleWebKit/537.36 (KHTML, like Gecko) Chrome/121.0.0.0 Safari/537.36"
118.127.40.73 - - [08/Apr/2026:10:35:02 +1000] "GET /sync-printers HTTP/1.1" 500 147440 "-" "Wget/1.19.5 (linux-gnu)"
65.49.27.185 - - [08/Apr/2026:10:37:45 +1000] "GET / HTTP/1.1" 500 1047413 "-" "Mozilla/5.0 (Macintosh; Intel Mac OS X 10_15_7) AppleWebKit/537.36 (KHTML, like Gecko) Chrome/121.0.0.0 Safari/537.36"
118.127.40.73 - - [08/Apr/2026:10:40:02 +1000] "GET /sync-printers HTTP/1.1" 500 241320 "-" "Wget/1.19.5 (linux-gnu)"
118.127.40.73 - - [08/Apr/2026:10:45:01 +1000] "GET /sync-printers HTTP/1.1" 500 147440 "-" "Wget/1.19.5 (linux-gnu)"
118.127.40.73 - - [08/Apr/2026:10:45:35 +1000] "GET / HTTP/1.1" 500 344024 "-" "Python/3.11 aiohttp/3.9.2"
118.127.40.73 - - [08/Apr/2026:10:50:02 +1000] "GET /sync-printers HTTP/1.1" 500 147440 "-" "Wget/1.19.5 (linux-gnu)"
118.127.40.73 - - [08/Apr/2026:10:55:01 +1000] "GET /sync-printers HTTP/1.1" 500 147440 "-" "Wget/1.19.5 (linux-gnu)"
118.127.40.73 - - [08/Apr/2026:11:00:02 +1000] "GET /sync-printers HTTP/1.1" 500 241320 "-" "Wget/1.19.5 (linux-gnu)"
118.127.40.73 - - [08/Apr/2026:11:05:02 +1000] "GET /sync-printers HTTP/1.1" 500 241320 "-" "Wget/1.19.5 (linux-gnu)"
118.127.40.73 - - [08/Apr/2026:11:10:01 +1000] "GET /sync-printers HTTP/1.1" 500 147440 "-" "Wget/1.19.5 (linux-gnu)"
118.127.40.73 - - [08/Apr/2026:11:15:02 +1000] "GET /sync-printers HTTP/1.1" 500 147440 "-" "Wget/1.19.5 (linux-gnu)"
118.127.40.73 - - [08/Apr/2026:11:15:35 +1000] "GET / HTTP/1.1" 500 221160 "-" "Python/3.11 aiohttp/3.9.2"
118.127.40.73 - - [08/Apr/2026:11:20:01 +1000] "GET /sync-printers HTTP/1.1" 500 24576 "-" "Wget/1.19.5 (linux-gnu)"
118.127.40.73 - - [08/Apr/2026:11:25:02 +1000] "GET /sync-printers HTTP/1.1" 500 270304 "-" "Wget/1.19.5 (linux-gnu)"
65.49.27.185 - - [08/Apr/2026:11:26:54 +1000] "GET / HTTP/1.1" 500 1047413 "-" "Mozilla/5.0 (Macintosh; Intel Mac OS X 10_15_7) AppleWebKit/537.36 (KHTML, like Gecko) Chrome/121.0.0.0 Safari/537.36"
118.127.40.73 - - [08/Apr/2026:11:30:02 +1000] "GET /sync-printers HTTP/1.1" 500 221160 "-" "Wget/1.19.5 (linux-gnu)"
118.127.40.73 - - [08/Apr/2026:11:35:02 +1000] "GET /sync-printers HTTP/1.1" 500 147440 "-" "Wget/1.19.5 (linux-gnu)"
118.127.40.73 - - [08/Apr/2026:11:40:02 +1000] "GET /sync-printers HTTP/1.1" 500 147440 "-" "Wget/1.19.5 (linux-gnu)"
118.127.40.73 - - [08/Apr/2026:11:45:02 +1000] "GET /sync-printers HTTP/1.1" 500 241320 "-" "Wget/1.19.5 (linux-gnu)"
118.127.40.73 - - [08/Apr/2026:11:45:36 +1000] "GET / HTTP/1.1" 500 466888 "-" "Python/3.11 aiohttp/3.9.2"
118.127.40.73 - - [08/Apr/2026:11:50:02 +1000] "GET /sync-printers HTTP/1.1" 500 172016 "-" "Wget/1.19.5 (linux-gnu)"
118.127.40.73 - - [08/Apr/2026:11:55:02 +1000] "GET /sync-printers HTTP/1.1" 500 229352 "-" "Wget/1.19.5 (linux-gnu)"
118.127.40.73 - - [08/Apr/2026:12:00:02 +1000] "GET /sync-printers HTTP/1.1" 500 24576 "-" "Wget/1.19.5 (linux-gnu)"
118.127.40.73 - - [08/Apr/2026:12:05:02 +1000] "GET /sync-printers HTTP/1.1" 500 229352 "-" "Wget/1.19.5 (linux-gnu)"
118.127.40.73 - - [08/Apr/2026:12:10:02 +1000] "GET /sync-printers HTTP/1.1" 500 221160 "-" "Wget/1.19.5 (linux-gnu)"
118.127.40.73 - - [08/Apr/2026:12:15:02 +1000] "GET /sync-printers HTTP/1.1" 500 204776 "-" "Wget/1.19.5 (linux-gnu)"
118.127.40.73 - - [08/Apr/2026:12:15:36 +1000] "GET / HTTP/1.1" 500 40960 "-" "Python/3.11 aiohttp/3.9.2"
118.127.40.73 - - [08/Apr/2026:12:20:02 +1000] "GET /sync-printers HTTP/1.1" 500 257704 "-" "Wget/1.19.5 (linux-gnu)"
118.127.40.73 - - [08/Apr/2026:12:25:01 +1000] "GET /sync-printers HTTP/1.1" 500 147440 "-" "Wget/1.19.5 (linux-gnu)"
65.49.27.185 - - [08/Apr/2026:12:25:58 +1000] "GET / HTTP/1.1" 500 1047413 "-" "Mozilla/5.0 (Macintosh; Intel Mac OS X 10_15_7) AppleWebKit/537.36 (KHTML, like Gecko) Chrome/121.0.0.0 Safari/537.36"
118.127.40.73 - - [08/Apr/2026:12:30:02 +1000] "GET /sync-printers HTTP/1.1" 500 155632 "-" "Wget/1.19.5 (linux-gnu)"
118.127.40.73 - - [08/Apr/2026:12:35:01 +1000] "GET /sync-printers HTTP/1.1" 500 257704 "-" "Wget/1.19.5 (linux-gnu)"
118.127.40.73 - - [08/Apr/2026:12:40:02 +1000] "GET /sync-printers HTTP/1.1" 500 32768 "-" "Wget/1.19.5 (linux-gnu)"
118.127.40.73 - - [08/Apr/2026:12:45:02 +1000] "GET /sync-printers HTTP/1.1" 500 257704 "-" "Wget/1.19.5 (linux-gnu)"
118.127.40.73 - - [08/Apr/2026:12:45:36 +1000] "GET / HTTP/1.1" 500 270304 "-" "Python/3.11 aiohttp/3.9.2"
118.127.40.73 - - [08/Apr/2026:12:50:01 +1000] "GET /sync-printers HTTP/1.1" 500 147440 "-" "Wget/1.19.5 (linux-gnu)"
118.127.40.73 - - [08/Apr/2026:12:55:01 +1000] "GET /sync-printers HTTP/1.1" 500 90104 "-" "Wget/1.19.5 (linux-gnu)"
118.127.40.73 - - [08/Apr/2026:13:00:02 +1000] "GET /sync-printers HTTP/1.1" 500 241320 "-" "Wget/1.19.5 (linux-gnu)"
118.127.40.73 - - [08/Apr/2026:13:05:01 +1000] "GET /sync-printers HTTP/1.1" 500 49152 "-" "Wget/1.19.5 (linux-gnu)"
118.127.40.73 - - [08/Apr/2026:13:10:01 +1000] "GET /sync-printers HTTP/1.1" 500 24576 "-" "Wget/1.19.5 (linux-gnu)"
118.127.40.73 - - [08/Apr/2026:13:15:02 +1000] "GET /sync-printers HTTP/1.1" 500 49152 "-" "Wget/1.19.5 (linux-gnu)"
65.49.27.185 - - [08/Apr/2026:13:15:06 +1000] "GET / HTTP/1.1" 500 1047413 "-" "Mozilla/5.0 (Macintosh; Intel Mac OS X 10_15_7) AppleWebKit/537.36 (KHTML, like Gecko) Chrome/121.0.0.0 Safari/537.36"
118.127.40.73 - - [08/Apr/2026:13:15:36 +1000] "GET / HTTP/1.1" 500 257704 "-" "Python/3.11 aiohttp/3.9.2"
118.127.40.73 - - [08/Apr/2026:13:20:01 +1000] "GET /sync-printers HTTP/1.1" 500 147440 "-" "Wget/1.19.5 (linux-gnu)"
118.127.40.73 - - [08/Apr/2026:13:25:01 +1000] "GET /sync-printers HTTP/1.1" 500 204776 "-" "Wget/1.19.5 (linux-gnu)"
118.127.40.73 - - [08/Apr/2026:13:30:02 +1000] "GET /sync-printers HTTP/1.1" 500 147440 "-" "Wget/1.19.5 (linux-gnu)"
118.127.40.73 - - [08/Apr/2026:13:35:02 +1000] "GET /sync-printers HTTP/1.1" 500 32768 "-" "Wget/1.19.5 (linux-gnu)"
118.127.40.73 - - [08/Apr/2026:13:40:01 +1000] "GET /sync-printers HTTP/1.1" 500 147440 "-" "Wget/1.19.5 (linux-gnu)"
118.127.40.73 - - [08/Apr/2026:13:45:02 +1000] "GET /sync-printers HTTP/1.1" 500 229352 "-" "Wget/1.19.5 (linux-gnu)"
118.127.40.73 - - [08/Apr/2026:13:45:36 +1000] "GET / HTTP/1.1" 500 40960 "-" "Python/3.11 aiohttp/3.9.2"
118.127.40.73 - - [08/Apr/2026:13:50:01 +1000] "GET /sync-printers HTTP/1.1" 500 204776 "-" "Wget/1.19.5 (linux-gnu)"
118.127.40.73 - - [08/Apr/2026:13:55:01 +1000] "GET /sync-printers HTTP/1.1" 500 147440 "-" "Wget/1.19.5 (linux-gnu)"
118.127.40.73 - - [08/Apr/2026:14:00:01 +1000] "GET /sync-printers HTTP/1.1" 500 147440 "-" "Wget/1.19.5 (linux-gnu)"
118.127.40.73 - - [08/Apr/2026:14:05:01 +1000] "GET /sync-printers HTTP/1.1" 500 241320 "-" "Wget/1.19.5 (linux-gnu)"
118.127.40.73 - - [08/Apr/2026:14:10:02 +1000] "GET /sync-printers HTTP/1.1" 500 221160 "-" "Wget/1.19.5 (linux-gnu)"
65.49.27.185 - - [08/Apr/2026:14:14:12 +1000] "GET / HTTP/1.1" 500 1047413 "-" "Mozilla/5.0 (Macintosh; Intel Mac OS X 10_15_7) AppleWebKit/537.36 (KHTML, like Gecko) Chrome/121.0.0.0 Safari/537.36"
118.127.40.73 - - [08/Apr/2026:14:15:02 +1000] "GET /sync-printers HTTP/1.1" 500 241320 "-" "Wget/1.19.5 (linux-gnu)"
118.127.40.73 - - [08/Apr/2026:14:15:36 +1000] "GET / HTTP/1.1" 500 249512 "-" "Python/3.11 aiohttp/3.9.2"
118.127.40.73 - - [08/Apr/2026:14:20:02 +1000] "GET /sync-printers HTTP/1.1" 500 147440 "-" "Wget/1.19.5 (linux-gnu)"
118.127.40.73 - - [08/Apr/2026:14:25:02 +1000] "GET /sync-printers HTTP/1.1" 500 32768 "-" "Wget/1.19.5 (linux-gnu)"
118.127.40.73 - - [08/Apr/2026:14:30:02 +1000] "GET /sync-printers HTTP/1.1" 500 24576 "-" "Wget/1.19.5 (linux-gnu)"
118.127.40.73 - - [08/Apr/2026:14:35:02 +1000] "GET /sync-printers HTTP/1.1" 500 172016 "-" "Wget/1.19.5 (linux-gnu)"
118.127.40.73 - - [08/Apr/2026:14:40:02 +1000] "GET /sync-printers HTTP/1.1" 500 294880 "-" "Wget/1.19.5 (linux-gnu)"
184.72.173.149 - - [08/Apr/2026:14:42:12 +1000] "GET / HTTP/1.1" 500 245736 "-" "Mozilla/5.0 (Macintosh; Intel Mac OS X 10_15_7) AppleWebKit/537.36 (KHTML, like Gecko) Chrome/136.0.0.0 Safari/537.36"
118.127.40.73 - - [08/Apr/2026:14:45:01 +1000] "GET /sync-printers HTTP/1.1" 500 147440 "-" "Wget/1.19.5 (linux-gnu)"
118.127.40.73 - - [08/Apr/2026:14:45:37 +1000] "GET / HTTP/1.1" 500 257704 "-" "Python/3.11 aiohttp/3.9.2"
118.127.40.73 - - [08/Apr/2026:14:50:02 +1000] "GET /sync-printers HTTP/1.1" 500 241320 "-" "Wget/1.19.5 (linux-gnu)"
118.127.40.73 - - [08/Apr/2026:14:55:02 +1000] "GET /sync-printers HTTP/1.1" 500 212968 "-" "Wget/1.19.5 (linux-gnu)"
118.127.40.73 - - [08/Apr/2026:15:00:01 +1000] "GET /sync-printers HTTP/1.1" 500 278496 "-" "Wget/1.19.5 (linux-gnu)"
65.49.27.185 - - [08/Apr/2026:15:03:27 +1000] "GET / HTTP/1.1" 500 1047413 "-" "Mozilla/5.0 (Macintosh; Intel Mac OS X 10_15_7) AppleWebKit/537.36 (KHTML, like Gecko) Chrome/121.0.0.0 Safari/537.36"
118.127.40.73 - - [08/Apr/2026:15:05:02 +1000] "GET /sync-printers HTTP/1.1" 500 147440 "-" "Wget/1.19.5 (linux-gnu)"
118.127.40.73 - - [08/Apr/2026:15:10:01 +1000] "GET /sync-printers HTTP/1.1" 500 204776 "-" "Wget/1.19.5 (linux-gnu)"
118.127.40.73 - - [08/Apr/2026:15:15:02 +1000] "GET /sync-printers HTTP/1.1" 500 24576 "-" "Wget/1.19.5 (linux-gnu)"
118.127.40.73 - - [08/Apr/2026:15:15:37 +1000] "GET / HTTP/1.1" 500 278496 "-" "Python/3.11 aiohttp/3.9.2"
118.127.40.73 - - [08/Apr/2026:15:20:01 +1000] "GET /sync-printers HTTP/1.1" 500 335832 "-" "Wget/1.19.5 (linux-gnu)"
118.127.40.73 - - [08/Apr/2026:15:25:02 +1000] "GET /sync-printers HTTP/1.1" 500 147440 "-" "Wget/1.19.5 (linux-gnu)"
118.127.40.73 - - [08/Apr/2026:15:30:02 +1000] "GET /sync-printers HTTP/1.1" 500 204776 "-" "Wget/1.19.5 (linux-gnu)"
118.127.40.73 - - [08/Apr/2026:15:35:01 +1000] "GET /sync-printers HTTP/1.1" 500 241320 "-" "Wget/1.19.5 (linux-gnu)"
118.127.40.73 - - [08/Apr/2026:15:40:01 +1000] "GET /sync-printers HTTP/1.1" 500 212968 "-" "Wget/1.19.5 (linux-gnu)"
118.127.40.73 - - [08/Apr/2026:15:45:01 +1000] "GET /sync-printers HTTP/1.1" 500 278496 "-" "Wget/1.19.5 (linux-gnu)"
118.127.40.73 - - [08/Apr/2026:15:45:37 +1000] "GET / HTTP/1.1" 500 212968 "-" "Python/3.11 aiohttp/3.9.2"
118.127.40.73 - - [08/Apr/2026:15:50:02 +1000] "GET /sync-printers HTTP/1.1" 500 147440 "-" "Wget/1.19.5 (linux-gnu)"
118.127.40.73 - - [08/Apr/2026:15:55:01 +1000] "GET /sync-printers HTTP/1.1" 500 212968 "-" "Wget/1.19.5 (linux-gnu)"
118.127.40.73 - - [08/Apr/2026:16:00:02 +1000] "GET /sync-printers HTTP/1.1" 500 32768 "-" "Wget/1.19.5 (linux-gnu)"
65.49.27.185 - - [08/Apr/2026:16:02:49 +1000] "GET / HTTP/1.1" 500 1047413 "-" "Mozilla/5.0 (Macintosh; Intel Mac OS X 10_15_7) AppleWebKit/537.36 (KHTML, like Gecko) Chrome/121.0.0.0 Safari/537.36"
118.127.40.73 - - [08/Apr/2026:16:05:02 +1000] "GET /sync-printers HTTP/1.1" 500 147440 "-" "Wget/1.19.5 (linux-gnu)"
118.127.40.73 - - [08/Apr/2026:16:10:02 +1000] "GET /sync-printers HTTP/1.1" 500 212968 "-" "Wget/1.19.5 (linux-gnu)"
118.127.40.73 - - [08/Apr/2026:16:15:02 +1000] "GET /sync-printers HTTP/1.1" 500 278496 "-" "Wget/1.19.5 (linux-gnu)"
118.127.40.73 - - [08/Apr/2026:16:15:37 +1000] "GET / HTTP/1.1" 500 344024 "-" "Python/3.11 aiohttp/3.9.2"
118.127.40.73 - - [08/Apr/2026:16:20:01 +1000] "GET /sync-printers HTTP/1.1" 500 257704 "-" "Wget/1.19.5 (linux-gnu)"
118.127.40.73 - - [08/Apr/2026:16:25:02 +1000] "GET /sync-printers HTTP/1.1" 500 241320 "-" "Wget/1.19.5 (linux-gnu)"
118.127.40.73 - - [08/Apr/2026:16:30:01 +1000] "GET /sync-printers HTTP/1.1" 500 147440 "-" "Wget/1.19.5 (linux-gnu)"
118.127.40.73 - - [08/Apr/2026:16:35:02 +1000] "GET /sync-printers HTTP/1.1" 500 249512 "-" "Wget/1.19.5 (linux-gnu)"
118.127.40.73 - - [08/Apr/2026:16:40:02 +1000] "GET /sync-printers HTTP/1.1" 500 221160 "-" "Wget/1.19.5 (linux-gnu)"
118.127.40.73 - - [08/Apr/2026:16:45:01 +1000] "GET /sync-printers HTTP/1.1" 500 221160 "-" "Wget/1.19.5 (linux-gnu)"
118.127.40.73 - - [08/Apr/2026:16:45:37 +1000] "GET / HTTP/1.1" 500 249512 "-" "Python/3.11 aiohttp/3.9.2"
118.127.40.73 - - [08/Apr/2026:16:50:02 +1000] "GET /sync-printers HTTP/1.1" 500 32768 "-" "Wget/1.19.5 (linux-gnu)"
65.49.27.185 - - [08/Apr/2026:16:51:57 +1000] "GET / HTTP/1.1" 500 1047413 "-" "Mozilla/5.0 (Macintosh; Intel Mac OS X 10_15_7) AppleWebKit/537.36 (KHTML, like Gecko) Chrome/121.0.0.0 Safari/537.36"
118.127.40.73 - - [08/Apr/2026:16:55:02 +1000] "GET /sync-printers HTTP/1.1" 500 221160 "-" "Wget/1.19.5 (linux-gnu)"
118.127.40.73 - - [08/Apr/2026:17:00:02 +1000] "GET /sync-printers HTTP/1.1" 500 278496 "-" "Wget/1.19.5 (linux-gnu)"
118.127.40.73 - - [08/Apr/2026:17:05:01 +1000] "GET /sync-printers HTTP/1.1" 500 270304 "-" "Wget/1.19.5 (linux-gnu)"
118.127.40.73 - - [08/Apr/2026:17:10:02 +1000] "GET /sync-printers HTTP/1.1" 500 147440 "-" "Wget/1.19.5 (linux-gnu)"
118.127.40.73 - - [08/Apr/2026:17:15:02 +1000] "GET /sync-printers HTTP/1.1" 500 147440 "-" "Wget/1.19.5 (linux-gnu)"
118.127.40.73 - - [08/Apr/2026:17:15:38 +1000] "GET / HTTP/1.1" 500 221160 "-" "Python/3.11 aiohttp/3.9.2"
118.127.40.73 - - [08/Apr/2026:17:20:01 +1000] "GET /sync-printers HTTP/1.1" 500 278496 "-" "Wget/1.19.5 (linux-gnu)"
65.49.27.185 - - [08/Apr/2026:17:21:19 +1000] "GET / HTTP/1.1" 500 1047413 "-" "Mozilla/5.0 (Macintosh; Intel Mac OS X 10_15_7) AppleWebKit/537.36 (KHTML, like Gecko) Chrome/121.0.0.0 Safari/537.36"
185.177.72.60 - - [08/Apr/2026:17:21:23 +1000] "GET / HTTP/1.1" 500 1047043 "-" "Mozilla/5.0 (Windows NT 10.0; Win64; x64) AppleWebKit/537.36 (KHTML, like Gecko) Chrome/131.0.0.0 Safari/537.36"
65.49.27.185 - - [08/Apr/2026:17:24:34 +1000] "GET / HTTP/1.1" 500 1047413 "-" "Mozilla/5.0 (Macintosh; Intel Mac OS X 10_15_7) AppleWebKit/537.36 (KHTML, like Gecko) Chrome/121.0.0.0 Safari/537.36"
118.127.40.73 - - [08/Apr/2026:17:25:02 +1000] "GET /sync-printers HTTP/1.1" 500 147440 "-" "Wget/1.19.5 (linux-gnu)"
118.127.40.73 - - [08/Apr/2026:17:30:02 +1000] "GET /sync-printers HTTP/1.1" 500 286688 "-" "Wget/1.19.5 (linux-gnu)"
118.127.40.73 - - [08/Apr/2026:17:35:02 +1000] "GET /sync-printers HTTP/1.1" 500 212968 "-" "Wget/1.19.5 (linux-gnu)"
118.127.40.73 - - [08/Apr/2026:17:40:02 +1000] "GET /sync-printers HTTP/1.1" 500 147440 "-" "Wget/1.19.5 (linux-gnu)"
118.127.40.73 - - [08/Apr/2026:17:45:01 +1000] "GET /sync-printers HTTP/1.1" 500 212968 "-" "Wget/1.19.5 (linux-gnu)"
118.127.40.73 - - [08/Apr/2026:17:45:38 +1000] "GET / HTTP/1.1" 500 241320 "-" "Python/3.11 aiohttp/3.9.2"
118.127.40.73 - - [08/Apr/2026:17:50:02 +1000] "GET /sync-printers HTTP/1.1" 500 172016 "-" "Wget/1.19.5 (linux-gnu)"
118.127.40.73 - - [08/Apr/2026:17:55:01 +1000] "GET /sync-printers HTTP/1.1" 500 172016 "-" "Wget/1.19.5 (linux-gnu)"
118.127.40.73 - - [08/Apr/2026:18:00:01 +1000] "GET /sync-printers HTTP/1.1" 500 163824 "-" "Wget/1.19.5 (linux-gnu)"
118.127.40.73 - - [08/Apr/2026:18:05:02 +1000] "GET /sync-printers HTTP/1.1" 500 204776 "-" "Wget/1.19.5 (linux-gnu)"
118.127.40.73 - - [08/Apr/2026:18:10:01 +1000] "GET /sync-printers HTTP/1.1" 500 204776 "-" "Wget/1.19.5 (linux-gnu)"
65.49.27.185 - - [08/Apr/2026:18:13:24 +1000] "GET / HTTP/1.1" 500 1047413 "-" "Mozilla/5.0 (Macintosh; Intel Mac OS X 10_15_7) AppleWebKit/537.36 (KHTML, like Gecko) Chrome/121.0.0.0 Safari/537.36"
118.127.40.73 - - [08/Apr/2026:18:15:02 +1000] "GET /sync-printers HTTP/1.1" 500 278496 "-" "Wget/1.19.5 (linux-gnu)"
118.127.40.73 - - [08/Apr/2026:18:15:38 +1000] "GET / HTTP/1.1" 500 278496 "-" "Python/3.11 aiohttp/3.9.2"
