65.49.27.185 - - [07/Apr/2026:05:09:53 +1000] "GET / HTTP/1.1" 500 1047413 "-" "Mozilla/5.0 (Macintosh; Intel Mac OS X 10_15_7) AppleWebKit/537.36 (KHTML, like Gecko) Chrome/121.0.0.0 Safari/537.36"
118.127.40.73 - - [07/Apr/2026:05:10:01 +1000] "GET /sync-printers HTTP/1.1" 500 221160 "-" "Wget/1.19.5 (linux-gnu)"
118.127.40.73 - - [07/Apr/2026:05:15:02 +1000] "GET /sync-printers HTTP/1.1" 500 229352 "-" "Wget/1.19.5 (linux-gnu)"
118.127.40.73 - - [07/Apr/2026:05:15:24 +1000] "GET / HTTP/1.1" 500 278496 "-" "Python/3.11 aiohttp/3.9.2"
118.127.40.73 - - [07/Apr/2026:05:20:02 +1000] "GET /sync-printers HTTP/1.1" 500 163824 "-" "Wget/1.19.5 (linux-gnu)"
118.127.40.73 - - [07/Apr/2026:05:25:02 +1000] "GET /sync-printers HTTP/1.1" 500 172016 "-" "Wget/1.19.5 (linux-gnu)"
118.127.40.73 - - [07/Apr/2026:05:30:02 +1000] "GET /sync-printers HTTP/1.1" 500 241320 "-" "Wget/1.19.5 (linux-gnu)"
118.127.40.73 - - [07/Apr/2026:05:35:02 +1000] "GET /sync-printers HTTP/1.1" 500 163824 "-" "Wget/1.19.5 (linux-gnu)"
118.127.40.73 - - [07/Apr/2026:05:40:01 +1000] "GET /sync-printers HTTP/1.1" 500 278496 "-" "Wget/1.19.5 (linux-gnu)"
65.87.7.61 - - [07/Apr/2026:05:43:43 +1000] "GET / HTTP/1.1" 500 172016 "-" "Mozilla/5.0 (Windows NT 10.0; Win64; x64) AppleWebKit/537.36 (KHTML, like Gecko) Chrome/124.0.0.0 Safari/537.36"
65.87.7.61 - - [07/Apr/2026:05:44:51 +1000] "GET / HTTP/1.1" 500 245736 "-" "Mozilla/5.0 (Windows NT 10.0; Win64; x64) AppleWebKit/537.36 (KHTML, like Gecko) Chrome/124.0.0.0 Safari/537.36"
118.127.40.73 - - [07/Apr/2026:05:45:01 +1000] "GET /sync-printers HTTP/1.1" 500 147440 "-" "Wget/1.19.5 (linux-gnu)"
118.127.40.73 - - [07/Apr/2026:05:45:24 +1000] "GET / HTTP/1.1" 500 241320 "-" "Python/3.11 aiohttp/3.9.2"
118.127.40.73 - - [07/Apr/2026:05:50:02 +1000] "GET /sync-printers HTTP/1.1" 500 204776 "-" "Wget/1.19.5 (linux-gnu)"
118.127.40.73 - - [07/Apr/2026:05:55:02 +1000] "GET /sync-printers HTTP/1.1" 500 57344 "-" "Wget/1.19.5 (linux-gnu)"
118.127.40.73 - - [07/Apr/2026:06:00:02 +1000] "GET /sync-printers HTTP/1.1" 500 147440 "-" "Wget/1.19.5 (linux-gnu)"
118.127.40.73 - - [07/Apr/2026:06:05:02 +1000] "GET /sync-printers HTTP/1.1" 500 24576 "-" "Wget/1.19.5 (linux-gnu)"
65.49.27.185 - - [07/Apr/2026:06:08:57 +1000] "GET / HTTP/1.1" 500 1047413 "-" "Mozilla/5.0 (Macintosh; Intel Mac OS X 10_15_7) AppleWebKit/537.36 (KHTML, like Gecko) Chrome/121.0.0.0 Safari/537.36"
118.127.40.73 - - [07/Apr/2026:06:10:01 +1000] "GET /sync-printers HTTP/1.1" 500 147440 "-" "Wget/1.19.5 (linux-gnu)"
118.127.40.73 - - [07/Apr/2026:06:15:02 +1000] "GET /sync-printers HTTP/1.1" 500 241320 "-" "Wget/1.19.5 (linux-gnu)"
118.127.40.73 - - [07/Apr/2026:06:15:24 +1000] "GET / HTTP/1.1" 500 249512 "-" "Python/3.11 aiohttp/3.9.2"
118.127.40.73 - - [07/Apr/2026:06:20:01 +1000] "GET /sync-printers HTTP/1.1" 500 147440 "-" "Wget/1.19.5 (linux-gnu)"
118.127.40.73 - - [07/Apr/2026:06:25:01 +1000] "GET /sync-printers HTTP/1.1" 500 172016 "-" "Wget/1.19.5 (linux-gnu)"
118.127.40.73 - - [07/Apr/2026:06:30:02 +1000] "GET /sync-printers HTTP/1.1" 500 204776 "-" "Wget/1.19.5 (linux-gnu)"
118.127.40.73 - - [07/Apr/2026:06:35:02 +1000] "GET /sync-printers HTTP/1.1" 500 24576 "-" "Wget/1.19.5 (linux-gnu)"
118.127.40.73 - - [07/Apr/2026:06:40:02 +1000] "GET /sync-printers HTTP/1.1" 500 172016 "-" "Wget/1.19.5 (linux-gnu)"
118.127.40.73 - - [07/Apr/2026:06:45:01 +1000] "GET /sync-printers HTTP/1.1" 500 204776 "-" "Wget/1.19.5 (linux-gnu)"
118.127.40.73 - - [07/Apr/2026:06:45:24 +1000] "GET / HTTP/1.1" 500 466888 "-" "Python/3.11 aiohttp/3.9.2"
118.127.40.73 - - [07/Apr/2026:06:50:01 +1000] "GET /sync-printers HTTP/1.1" 500 32768 "-" "Wget/1.19.5 (linux-gnu)"
118.127.40.73 - - [07/Apr/2026:06:55:02 +1000] "GET /sync-printers HTTP/1.1" 500 212968 "-" "Wget/1.19.5 (linux-gnu)"
65.49.27.185 - - [07/Apr/2026:06:57:39 +1000] "GET / HTTP/1.1" 500 1047413 "-" "Mozilla/5.0 (Macintosh; Intel Mac OS X 10_15_7) AppleWebKit/537.36 (KHTML, like Gecko) Chrome/121.0.0.0 Safari/537.36"
118.127.40.73 - - [07/Apr/2026:07:00:01 +1000] "GET /sync-printers HTTP/1.1" 500 319456 "-" "Wget/1.19.5 (linux-gnu)"
118.127.40.73 - - [07/Apr/2026:07:05:02 +1000] "GET /sync-printers HTTP/1.1" 500 172016 "-" "Wget/1.19.5 (linux-gnu)"
118.127.40.73 - - [07/Apr/2026:07:10:02 +1000] "GET /sync-printers HTTP/1.1" 500 163824 "-" "Wget/1.19.5 (linux-gnu)"
118.127.40.73 - - [07/Apr/2026:07:15:01 +1000] "GET /sync-printers HTTP/1.1" 500 147440 "-" "Wget/1.19.5 (linux-gnu)"
118.127.40.73 - - [07/Apr/2026:07:15:24 +1000] "GET / HTTP/1.1" 500 57344 "-" "Python/3.11 aiohttp/3.9.2"
118.127.40.73 - - [07/Apr/2026:07:20:02 +1000] "GET /sync-printers HTTP/1.1" 500 147440 "-" "Wget/1.19.5 (linux-gnu)"
118.127.40.73 - - [07/Apr/2026:07:25:02 +1000] "GET /sync-printers HTTP/1.1" 500 278496 "-" "Wget/1.19.5 (linux-gnu)"
65.49.27.185 - - [07/Apr/2026:07:27:53 +1000] "GET / HTTP/1.1" 500 1047413 "-" "Mozilla/5.0 (Macintosh; Intel Mac OS X 10_15_7) AppleWebKit/537.36 (KHTML, like Gecko) Chrome/121.0.0.0 Safari/537.36"
118.127.40.73 - - [07/Apr/2026:07:30:02 +1000] "GET /sync-printers HTTP/1.1" 500 155632 "-" "Wget/1.19.5 (linux-gnu)"
65.49.27.185 - - [07/Apr/2026:07:31:03 +1000] "GET / HTTP/1.1" 500 1047413 "-" "Mozilla/5.0 (Macintosh; Intel Mac OS X 10_15_7) AppleWebKit/537.36 (KHTML, like Gecko) Chrome/121.0.0.0 Safari/537.36"
118.127.40.73 - - [07/Apr/2026:07:35:01 +1000] "GET /sync-printers HTTP/1.1" 500 32768 "-" "Wget/1.19.5 (linux-gnu)"
118.127.40.73 - - [07/Apr/2026:07:40:02 +1000] "GET /sync-printers HTTP/1.1" 500 147440 "-" "Wget/1.19.5 (linux-gnu)"
118.127.40.73 - - [07/Apr/2026:07:45:01 +1000] "GET /sync-printers HTTP/1.1" 500 204776 "-" "Wget/1.19.5 (linux-gnu)"
118.127.40.73 - - [07/Apr/2026:07:45:25 +1000] "GET / HTTP/1.1" 500 286688 "-" "Python/3.11 aiohttp/3.9.2"
118.127.40.73 - - [07/Apr/2026:07:50:01 +1000] "GET /sync-printers HTTP/1.1" 500 147440 "-" "Wget/1.19.5 (linux-gnu)"
118.127.40.73 - - [07/Apr/2026:07:55:01 +1000] "GET /sync-printers HTTP/1.1" 500 24576 "-" "Wget/1.19.5 (linux-gnu)"
118.127.40.73 - - [07/Apr/2026:08:00:03 +1000] "GET /sync-printers HTTP/1.1" 500 278496 "-" "Wget/1.19.5 (linux-gnu)"
118.127.40.73 - - [07/Apr/2026:08:05:02 +1000] "GET /sync-printers HTTP/1.1" 500 241320 "-" "Wget/1.19.5 (linux-gnu)"
118.127.40.73 - - [07/Apr/2026:08:10:02 +1000] "GET /sync-printers HTTP/1.1" 500 241320 "-" "Wget/1.19.5 (linux-gnu)"
118.127.40.73 - - [07/Apr/2026:08:15:01 +1000] "GET /sync-printers HTTP/1.1" 500 204776 "-" "Wget/1.19.5 (linux-gnu)"
118.127.40.73 - - [07/Apr/2026:08:15:25 +1000] "GET / HTTP/1.1" 500 270304 "-" "Python/3.11 aiohttp/3.9.2"
118.127.40.73 - - [07/Apr/2026:08:20:02 +1000] "GET /sync-printers HTTP/1.1" 500 278496 "-" "Wget/1.19.5 (linux-gnu)"
65.49.27.185 - - [07/Apr/2026:08:20:12 +1000] "GET / HTTP/1.1" 500 1047413 "-" "Mozilla/5.0 (Macintosh; Intel Mac OS X 10_15_7) AppleWebKit/537.36 (KHTML, like Gecko) Chrome/121.0.0.0 Safari/537.36"
118.127.40.73 - - [07/Apr/2026:08:25:02 +1000] "GET /sync-printers HTTP/1.1" 500 204776 "-" "Wget/1.19.5 (linux-gnu)"
118.127.40.73 - - [07/Apr/2026:08:30:02 +1000] "GET /sync-printers HTTP/1.1" 500 147440 "-" "Wget/1.19.5 (linux-gnu)"
118.127.40.73 - - [07/Apr/2026:08:35:02 +1000] "GET /sync-printers HTTP/1.1" 500 241320 "-" "Wget/1.19.5 (linux-gnu)"
118.127.40.73 - - [07/Apr/2026:08:40:01 +1000] "GET /sync-printers HTTP/1.1" 500 204776 "-" "Wget/1.19.5 (linux-gnu)"
118.127.40.73 - - [07/Apr/2026:08:45:02 +1000] "GET /sync-printers HTTP/1.1" 500 188400 "-" "Wget/1.19.5 (linux-gnu)"
118.127.40.73 - - [07/Apr/2026:08:45:25 +1000] "GET / HTTP/1.1" 500 253928 "-" "Python/3.11 aiohttp/3.9.2"
118.127.40.73 - - [07/Apr/2026:08:50:02 +1000] "GET /sync-printers HTTP/1.1" 500 249512 "-" "Wget/1.19.5 (linux-gnu)"
118.127.40.73 - - [07/Apr/2026:08:55:02 +1000] "GET /sync-printers HTTP/1.1" 500 147440 "-" "Wget/1.19.5 (linux-gnu)"
118.127.40.73 - - [07/Apr/2026:09:00:03 +1000] "GET /sync-printers HTTP/1.1" 500 147440 "-" "Wget/1.19.5 (linux-gnu)"
118.127.40.73 - - [07/Apr/2026:09:05:02 +1000] "GET /sync-printers HTTP/1.1" 500 278496 "-" "Wget/1.19.5 (linux-gnu)"
118.127.40.73 - - [07/Apr/2026:09:10:01 +1000] "GET /sync-printers HTTP/1.1" 500 241320 "-" "Wget/1.19.5 (linux-gnu)"
118.127.40.73 - - [07/Apr/2026:09:15:02 +1000] "GET /sync-printers HTTP/1.1" 500 278496 "-" "Wget/1.19.5 (linux-gnu)"
118.127.40.73 - - [07/Apr/2026:09:15:25 +1000] "GET / HTTP/1.1" 500 311264 "-" "Python/3.11 aiohttp/3.9.2"
65.49.27.185 - - [07/Apr/2026:09:19:35 +1000] "GET / HTTP/1.1" 500 1047413 "-" "Mozilla/5.0 (Macintosh; Intel Mac OS X 10_15_7) AppleWebKit/537.36 (KHTML, like Gecko) Chrome/121.0.0.0 Safari/537.36"
118.127.40.73 - - [07/Apr/2026:09:20:02 +1000] "GET /sync-printers HTTP/1.1" 500 147440 "-" "Wget/1.19.5 (linux-gnu)"
118.127.40.73 - - [07/Apr/2026:09:25:01 +1000] "GET /sync-printers HTTP/1.1" 500 278496 "-" "Wget/1.19.5 (linux-gnu)"
216.81.248.197 - - [07/Apr/2026:09:27:32 +1000] "GET /.git/config HTTP/1.1" 500 1047179 "-" "Mozilla/5.0 (Windows NT 10.0; WOW64) AppleWebKit/537.36 (KHTML, like Gecko) Chrome/69.0.3497.100 Safari/537.36"
118.127.40.73 - - [07/Apr/2026:09:30:02 +1000] "GET /sync-printers HTTP/1.1" 500 241320 "-" "Wget/1.19.5 (linux-gnu)"
118.127.40.73 - - [07/Apr/2026:09:35:02 +1000] "GET /sync-printers HTTP/1.1" 500 172016 "-" "Wget/1.19.5 (linux-gnu)"
118.127.40.73 - - [07/Apr/2026:09:40:01 +1000] "GET /sync-printers HTTP/1.1" 500 335832 "-" "Wget/1.19.5 (linux-gnu)"
118.127.40.73 - - [07/Apr/2026:09:45:02 +1000] "GET /sync-printers HTTP/1.1" 500 40960 "-" "Wget/1.19.5 (linux-gnu)"
118.127.40.73 - - [07/Apr/2026:09:45:25 +1000] "GET / HTTP/1.1" 500 249512 "-" "Python/3.11 aiohttp/3.9.2"
118.127.40.73 - - [07/Apr/2026:09:50:02 +1000] "GET /sync-printers HTTP/1.1" 500 278496 "-" "Wget/1.19.5 (linux-gnu)"
118.127.40.73 - - [07/Apr/2026:09:55:02 +1000] "GET /sync-printers HTTP/1.1" 500 286688 "-" "Wget/1.19.5 (linux-gnu)"
118.127.40.73 - - [07/Apr/2026:10:00:02 +1000] "GET /sync-printers HTTP/1.1" 500 241320 "-" "Wget/1.19.5 (linux-gnu)"
118.127.40.73 - - [07/Apr/2026:10:05:02 +1000] "GET /sync-printers HTTP/1.1" 500 147440 "-" "Wget/1.19.5 (linux-gnu)"
65.49.27.185 - - [07/Apr/2026:10:08:58 +1000] "GET / HTTP/1.1" 500 1047413 "-" "Mozilla/5.0 (Macintosh; Intel Mac OS X 10_15_7) AppleWebKit/537.36 (KHTML, like Gecko) Chrome/121.0.0.0 Safari/537.36"
118.127.40.73 - - [07/Apr/2026:10:10:02 +1000] "GET /sync-printers HTTP/1.1" 500 49152 "-" "Wget/1.19.5 (linux-gnu)"
118.127.40.73 - - [07/Apr/2026:10:15:02 +1000] "GET /sync-printers HTTP/1.1" 500 155632 "-" "Wget/1.19.5 (linux-gnu)"
118.127.40.73 - - [07/Apr/2026:10:15:26 +1000] "GET / HTTP/1.1" 500 241320 "-" "Python/3.11 aiohttp/3.9.2"
118.127.40.73 - - [07/Apr/2026:10:20:02 +1000] "GET /sync-printers HTTP/1.1" 500 249512 "-" "Wget/1.19.5 (linux-gnu)"
118.127.40.73 - - [07/Apr/2026:10:25:02 +1000] "GET /sync-printers HTTP/1.1" 500 147440 "-" "Wget/1.19.5 (linux-gnu)"
118.127.40.73 - - [07/Apr/2026:10:30:01 +1000] "GET /sync-printers HTTP/1.1" 500 40960 "-" "Wget/1.19.5 (linux-gnu)"
118.127.40.73 - - [07/Apr/2026:10:35:02 +1000] "GET /sync-printers HTTP/1.1" 500 155632 "-" "Wget/1.19.5 (linux-gnu)"
118.127.40.73 - - [07/Apr/2026:10:40:02 +1000] "GET /sync-printers HTTP/1.1" 500 278496 "-" "Wget/1.19.5 (linux-gnu)"
118.127.40.73 - - [07/Apr/2026:10:45:01 +1000] "GET /sync-printers HTTP/1.1" 500 241320 "-" "Wget/1.19.5 (linux-gnu)"
118.127.40.73 - - [07/Apr/2026:10:45:26 +1000] "GET / HTTP/1.1" 500 172016 "-" "Python/3.11 aiohttp/3.9.2"
118.127.40.73 - - [07/Apr/2026:10:50:02 +1000] "GET /sync-printers HTTP/1.1" 500 24576 "-" "Wget/1.19.5 (linux-gnu)"
118.127.40.73 - - [07/Apr/2026:10:55:02 +1000] "GET /sync-printers HTTP/1.1" 500 147440 "-" "Wget/1.19.5 (linux-gnu)"
118.127.40.73 - - [07/Apr/2026:11:00:02 +1000] "GET /sync-printers HTTP/1.1" 500 278496 "-" "Wget/1.19.5 (linux-gnu)"
118.127.40.73 - - [07/Apr/2026:11:05:02 +1000] "GET /sync-printers HTTP/1.1" 500 270304 "-" "Wget/1.19.5 (linux-gnu)"
65.49.27.185 - - [07/Apr/2026:11:08:07 +1000] "GET / HTTP/1.1" 500 1047413 "-" "Mozilla/5.0 (Macintosh; Intel Mac OS X 10_15_7) AppleWebKit/537.36 (KHTML, like Gecko) Chrome/121.0.0.0 Safari/537.36"
118.127.40.73 - - [07/Apr/2026:11:10:02 +1000] "GET /sync-printers HTTP/1.1" 500 90104 "-" "Wget/1.19.5 (linux-gnu)"
118.127.40.73 - - [07/Apr/2026:11:15:02 +1000] "GET /sync-printers HTTP/1.1" 500 147440 "-" "Wget/1.19.5 (linux-gnu)"
118.127.40.73 - - [07/Apr/2026:11:15:26 +1000] "GET / HTTP/1.1" 500 106488 "-" "Python/3.11 aiohttp/3.9.2"
118.127.40.73 - - [07/Apr/2026:11:20:01 +1000] "GET /sync-printers HTTP/1.1" 500 221160 "-" "Wget/1.19.5 (linux-gnu)"
118.127.40.73 - - [07/Apr/2026:11:25:02 +1000] "GET /sync-printers HTTP/1.1" 500 221160 "-" "Wget/1.19.5 (linux-gnu)"
118.127.40.73 - - [07/Apr/2026:11:30:01 +1000] "GET /sync-printers HTTP/1.1" 500 32768 "-" "Wget/1.19.5 (linux-gnu)"
118.127.40.73 - - [07/Apr/2026:11:35:02 +1000] "GET /sync-printers HTTP/1.1" 500 147440 "-" "Wget/1.19.5 (linux-gnu)"
118.127.40.73 - - [07/Apr/2026:11:40:01 +1000] "GET /sync-printers HTTP/1.1" 500 204776 "-" "Wget/1.19.5 (linux-gnu)"
118.127.40.73 - - [07/Apr/2026:11:45:02 +1000] "GET /sync-printers HTTP/1.1" 500 212968 "-" "Wget/1.19.5 (linux-gnu)"
118.127.40.73 - - [07/Apr/2026:11:45:26 +1000] "GET / HTTP/1.1" 500 241320 "-" "Python/3.11 aiohttp/3.9.2"
118.127.40.73 - - [07/Apr/2026:11:50:01 +1000] "GET /sync-printers HTTP/1.1" 500 229352 "-" "Wget/1.19.5 (linux-gnu)"
118.127.40.73 - - [07/Apr/2026:11:55:01 +1000] "GET /sync-printers HTTP/1.1" 500 122872 "-" "Wget/1.19.5 (linux-gnu)"
65.49.27.185 - - [07/Apr/2026:11:57:00 +1000] "GET / HTTP/1.1" 500 1047413 "-" "Mozilla/5.0 (Macintosh; Intel Mac OS X 10_15_7) AppleWebKit/537.36 (KHTML, like Gecko) Chrome/121.0.0.0 Safari/537.36"
118.127.40.73 - - [07/Apr/2026:12:00:02 +1000] "GET /sync-printers HTTP/1.1" 500 212968 "-" "Wget/1.19.5 (linux-gnu)"
118.127.40.73 - - [07/Apr/2026:12:05:01 +1000] "GET /sync-printers HTTP/1.1" 500 147440 "-" "Wget/1.19.5 (linux-gnu)"
118.127.40.73 - - [07/Apr/2026:12:10:02 +1000] "GET /sync-printers HTTP/1.1" 500 147440 "-" "Wget/1.19.5 (linux-gnu)"
118.127.40.73 - - [07/Apr/2026:12:15:02 +1000] "GET /sync-printers HTTP/1.1" 500 278496 "-" "Wget/1.19.5 (linux-gnu)"
118.127.40.73 - - [07/Apr/2026:12:15:26 +1000] "GET / HTTP/1.1" 500 344024 "-" "Python/3.11 aiohttp/3.9.2"
118.127.40.73 - - [07/Apr/2026:12:20:02 +1000] "GET /sync-printers HTTP/1.1" 500 24576 "-" "Wget/1.19.5 (linux-gnu)"
118.127.40.73 - - [07/Apr/2026:12:25:01 +1000] "GET /sync-printers HTTP/1.1" 500 229352 "-" "Wget/1.19.5 (linux-gnu)"
118.127.40.73 - - [07/Apr/2026:12:30:01 +1000] "GET /sync-printers HTTP/1.1" 500 147440 "-" "Wget/1.19.5 (linux-gnu)"
118.127.40.73 - - [07/Apr/2026:12:35:02 +1000] "GET /sync-printers HTTP/1.1" 500 204776 "-" "Wget/1.19.5 (linux-gnu)"
118.127.40.73 - - [07/Apr/2026:12:40:01 +1000] "GET /sync-printers HTTP/1.1" 500 147440 "-" "Wget/1.19.5 (linux-gnu)"
118.127.40.73 - - [07/Apr/2026:12:45:02 +1000] "GET /sync-printers HTTP/1.1" 500 241320 "-" "Wget/1.19.5 (linux-gnu)"
118.127.40.73 - - [07/Apr/2026:12:45:27 +1000] "GET / HTTP/1.1" 500 172016 "-" "Python/3.11 aiohttp/3.9.2"
118.127.40.73 - - [07/Apr/2026:12:50:01 +1000] "GET /sync-printers HTTP/1.1" 500 172016 "-" "Wget/1.19.5 (linux-gnu)"
118.127.40.73 - - [07/Apr/2026:12:55:02 +1000] "GET /sync-printers HTTP/1.1" 500 172016 "-" "Wget/1.19.5 (linux-gnu)"
65.49.27.185 - - [07/Apr/2026:12:55:56 +1000] "GET / HTTP/1.1" 500 1047413 "-" "Mozilla/5.0 (Macintosh; Intel Mac OS X 10_15_7) AppleWebKit/537.36 (KHTML, like Gecko) Chrome/121.0.0.0 Safari/537.36"
118.127.40.73 - - [07/Apr/2026:13:00:02 +1000] "GET /sync-printers HTTP/1.1" 500 212968 "-" "Wget/1.19.5 (linux-gnu)"
118.127.40.73 - - [07/Apr/2026:13:05:02 +1000] "GET /sync-printers HTTP/1.1" 500 278496 "-" "Wget/1.19.5 (linux-gnu)"
118.127.40.73 - - [07/Apr/2026:13:10:02 +1000] "GET /sync-printers HTTP/1.1" 500 147440 "-" "Wget/1.19.5 (linux-gnu)"
118.127.40.73 - - [07/Apr/2026:13:15:02 +1000] "GET /sync-printers HTTP/1.1" 500 212968 "-" "Wget/1.19.5 (linux-gnu)"
118.127.40.73 - - [07/Apr/2026:13:15:27 +1000] "GET / HTTP/1.1" 500 155632 "-" "Python/3.11 aiohttp/3.9.2"
118.127.40.73 - - [07/Apr/2026:13:20:01 +1000] "GET /sync-printers HTTP/1.1" 500 32768 "-" "Wget/1.19.5 (linux-gnu)"
118.127.40.73 - - [07/Apr/2026:13:25:02 +1000] "GET /sync-printers HTTP/1.1" 500 172016 "-" "Wget/1.19.5 (linux-gnu)"
118.127.40.73 - - [07/Apr/2026:13:30:02 +1000] "GET /sync-printers HTTP/1.1" 500 204776 "-" "Wget/1.19.5 (linux-gnu)"
118.127.40.73 - - [07/Apr/2026:13:35:02 +1000] "GET /sync-printers HTTP/1.1" 500 204776 "-" "Wget/1.19.5 (linux-gnu)"
118.127.40.73 - - [07/Apr/2026:13:40:02 +1000] "GET /sync-printers HTTP/1.1" 500 241320 "-" "Wget/1.19.5 (linux-gnu)"
65.49.27.185 - - [07/Apr/2026:13:44:33 +1000] "GET / HTTP/1.1" 500 1047413 "-" "Mozilla/5.0 (Macintosh; Intel Mac OS X 10_15_7) AppleWebKit/537.36 (KHTML, like Gecko) Chrome/121.0.0.0 Safari/537.36"
118.127.40.73 - - [07/Apr/2026:13:45:01 +1000] "GET /sync-printers HTTP/1.1" 500 270304 "-" "Wget/1.19.5 (linux-gnu)"
118.127.40.73 - - [07/Apr/2026:13:45:28 +1000] "GET / HTTP/1.1" 500 188400 "-" "Python/3.11 aiohttp/3.9.2"
118.127.40.73 - - [07/Apr/2026:13:50:02 +1000] "GET /sync-printers HTTP/1.1" 500 172016 "-" "Wget/1.19.5 (linux-gnu)"
118.127.40.73 - - [07/Apr/2026:13:55:01 +1000] "GET /sync-printers HTTP/1.1" 500 147440 "-" "Wget/1.19.5 (linux-gnu)"
118.127.40.73 - - [07/Apr/2026:14:00:02 +1000] "GET /sync-printers HTTP/1.1" 500 24576 "-" "Wget/1.19.5 (linux-gnu)"
118.127.40.73 - - [07/Apr/2026:14:05:02 +1000] "GET /sync-printers HTTP/1.1" 500 278496 "-" "Wget/1.19.5 (linux-gnu)"
118.127.40.73 - - [07/Apr/2026:14:10:02 +1000] "GET /sync-printers HTTP/1.1" 500 147440 "-" "Wget/1.19.5 (linux-gnu)"
65.49.27.185 - - [07/Apr/2026:14:14:35 +1000] "GET / HTTP/1.1" 500 1047413 "-" "Mozilla/5.0 (Macintosh; Intel Mac OS X 10_15_7) AppleWebKit/537.36 (KHTML, like Gecko) Chrome/121.0.0.0 Safari/537.36"
118.127.40.73 - - [07/Apr/2026:14:15:02 +1000] "GET /sync-printers HTTP/1.1" 500 229352 "-" "Wget/1.19.5 (linux-gnu)"
118.127.40.73 - - [07/Apr/2026:14:15:27 +1000] "GET / HTTP/1.1" 500 73720 "-" "Python/3.11 aiohttp/3.9.2"
65.49.27.185 - - [07/Apr/2026:14:17:43 +1000] "GET / HTTP/1.1" 500 1047413 "-" "Mozilla/5.0 (Macintosh; Intel Mac OS X 10_15_7) AppleWebKit/537.36 (KHTML, like Gecko) Chrome/121.0.0.0 Safari/537.36"
118.127.40.73 - - [07/Apr/2026:14:20:02 +1000] "GET /sync-printers HTTP/1.1" 500 241320 "-" "Wget/1.19.5 (linux-gnu)"
118.127.40.73 - - [07/Apr/2026:14:25:02 +1000] "GET /sync-printers HTTP/1.1" 500 286688 "-" "Wget/1.19.5 (linux-gnu)"
118.127.40.73 - - [07/Apr/2026:14:30:02 +1000] "GET /sync-printers HTTP/1.1" 500 241320 "-" "Wget/1.19.5 (linux-gnu)"
118.127.40.73 - - [07/Apr/2026:14:35:02 +1000] "GET /sync-printers HTTP/1.1" 500 278496 "-" "Wget/1.19.5 (linux-gnu)"
118.127.40.73 - - [07/Apr/2026:14:40:01 +1000] "GET /sync-printers HTTP/1.1" 500 24576 "-" "Wget/1.19.5 (linux-gnu)"
118.127.40.73 - - [07/Apr/2026:14:45:02 +1000] "GET /sync-printers HTTP/1.1" 500 147440 "-" "Wget/1.19.5 (linux-gnu)"
118.127.40.73 - - [07/Apr/2026:14:45:27 +1000] "GET / HTTP/1.1" 500 249512 "-" "Python/3.11 aiohttp/3.9.2"
118.127.40.73 - - [07/Apr/2026:14:50:02 +1000] "GET /sync-printers HTTP/1.1" 500 147440 "-" "Wget/1.19.5 (linux-gnu)"
118.127.40.73 - - [07/Apr/2026:14:55:02 +1000] "GET /sync-printers HTTP/1.1" 500 147440 "-" "Wget/1.19.5 (linux-gnu)"
118.127.40.73 - - [07/Apr/2026:15:00:02 +1000] "GET /sync-printers HTTP/1.1" 500 147440 "-" "Wget/1.19.5 (linux-gnu)"
118.127.40.73 - - [07/Apr/2026:15:05:01 +1000] "GET /sync-printers HTTP/1.1" 500 163824 "-" "Wget/1.19.5 (linux-gnu)"
65.49.27.185 - - [07/Apr/2026:15:06:25 +1000] "GET / HTTP/1.1" 500 1047413 "-" "Mozilla/5.0 (Macintosh; Intel Mac OS X 10_15_7) AppleWebKit/537.36 (KHTML, like Gecko) Chrome/121.0.0.0 Safari/537.36"
118.127.40.73 - - [07/Apr/2026:15:10:02 +1000] "GET /sync-printers HTTP/1.1" 500 147440 "-" "Wget/1.19.5 (linux-gnu)"
118.127.40.73 - - [07/Apr/2026:15:15:01 +1000] "GET /sync-printers HTTP/1.1" 500 294880 "-" "Wget/1.19.5 (linux-gnu)"
118.127.40.73 - - [07/Apr/2026:15:15:27 +1000] "GET / HTTP/1.1" 500 249512 "-" "Python/3.11 aiohttp/3.9.2"
118.127.40.73 - - [07/Apr/2026:15:20:01 +1000] "GET /sync-printers HTTP/1.1" 500 204776 "-" "Wget/1.19.5 (linux-gnu)"
118.127.40.73 - - [07/Apr/2026:15:25:02 +1000] "GET /sync-printers HTTP/1.1" 500 241320 "-" "Wget/1.19.5 (linux-gnu)"
118.127.40.73 - - [07/Apr/2026:15:30:02 +1000] "GET /sync-printers HTTP/1.1" 500 221160 "-" "Wget/1.19.5 (linux-gnu)"
118.127.40.73 - - [07/Apr/2026:15:35:01 +1000] "GET /sync-printers HTTP/1.1" 500 204776 "-" "Wget/1.19.5 (linux-gnu)"
118.127.40.73 - - [07/Apr/2026:15:40:02 +1000] "GET /sync-printers HTTP/1.1" 500 204776 "-" "Wget/1.19.5 (linux-gnu)"
118.127.40.73 - - [07/Apr/2026:15:45:02 +1000] "GET /sync-printers HTTP/1.1" 500 221160 "-" "Wget/1.19.5 (linux-gnu)"
118.127.40.73 - - [07/Apr/2026:15:45:28 +1000] "GET / HTTP/1.1" 500 249512 "-" "Python/3.11 aiohttp/3.9.2"
118.127.40.73 - - [07/Apr/2026:15:50:02 +1000] "GET /sync-printers HTTP/1.1" 500 270304 "-" "Wget/1.19.5 (linux-gnu)"
118.127.40.73 - - [07/Apr/2026:15:55:02 +1000] "GET /sync-printers HTTP/1.1" 500 114680 "-" "Wget/1.19.5 (linux-gnu)"
118.127.40.73 - - [07/Apr/2026:16:00:02 +1000] "GET /sync-printers HTTP/1.1" 500 278496 "-" "Wget/1.19.5 (linux-gnu)"
118.127.40.73 - - [07/Apr/2026:16:05:01 +1000] "GET /sync-printers HTTP/1.1" 500 249512 "-" "Wget/1.19.5 (linux-gnu)"
65.49.27.185 - - [07/Apr/2026:16:05:39 +1000] "GET / HTTP/1.1" 500 1047413 "-" "Mozilla/5.0 (Macintosh; Intel Mac OS X 10_15_7) AppleWebKit/537.36 (KHTML, like Gecko) Chrome/121.0.0.0 Safari/537.36"
118.127.40.73 - - [07/Apr/2026:16:10:02 +1000] "GET /sync-printers HTTP/1.1" 500 139248 "-" "Wget/1.19.5 (linux-gnu)"
118.127.40.73 - - [07/Apr/2026:16:15:02 +1000] "GET /sync-printers HTTP/1.1" 500 212968 "-" "Wget/1.19.5 (linux-gnu)"
118.127.40.73 - - [07/Apr/2026:16:15:28 +1000] "GET / HTTP/1.1" 500 180208 "-" "Python/3.11 aiohttp/3.9.2"
118.127.40.73 - - [07/Apr/2026:16:20:01 +1000] "GET /sync-printers HTTP/1.1" 500 311264 "-" "Wget/1.19.5 (linux-gnu)"
118.127.40.73 - - [07/Apr/2026:16:25:02 +1000] "GET /sync-printers HTTP/1.1" 500 147440 "-" "Wget/1.19.5 (linux-gnu)"
118.127.40.73 - - [07/Apr/2026:16:30:02 +1000] "GET /sync-printers HTTP/1.1" 500 204776 "-" "Wget/1.19.5 (linux-gnu)"
118.127.40.73 - - [07/Apr/2026:16:35:01 +1000] "GET /sync-printers HTTP/1.1" 500 57344 "-" "Wget/1.19.5 (linux-gnu)"
118.127.40.73 - - [07/Apr/2026:16:40:01 +1000] "GET /sync-printers HTTP/1.1" 500 278496 "-" "Wget/1.19.5 (linux-gnu)"
118.127.40.73 - - [07/Apr/2026:16:45:01 +1000] "GET /sync-printers HTTP/1.1" 500 212968 "-" "Wget/1.19.5 (linux-gnu)"
118.127.40.73 - - [07/Apr/2026:16:45:28 +1000] "GET / HTTP/1.1" 500 172016 "-" "Python/3.11 aiohttp/3.9.2"
118.127.40.73 - - [07/Apr/2026:16:50:02 +1000] "GET /sync-printers HTTP/1.1" 500 212968 "-" "Wget/1.19.5 (linux-gnu)"
65.49.27.185 - - [07/Apr/2026:16:54:59 +1000] "GET / HTTP/1.1" 500 1047413 "-" "Mozilla/5.0 (Macintosh; Intel Mac OS X 10_15_7) AppleWebKit/537.36 (KHTML, like Gecko) Chrome/121.0.0.0 Safari/537.36"
118.127.40.73 - - [07/Apr/2026:16:55:02 +1000] "GET /sync-printers HTTP/1.1" 500 147440 "-" "Wget/1.19.5 (linux-gnu)"
118.127.40.73 - - [07/Apr/2026:17:00:02 +1000] "GET /sync-printers HTTP/1.1" 500 257704 "-" "Wget/1.19.5 (linux-gnu)"
118.127.40.73 - - [07/Apr/2026:17:05:02 +1000] "GET /sync-printers HTTP/1.1" 500 147440 "-" "Wget/1.19.5 (linux-gnu)"
147.182.245.186 - - [07/Apr/2026:17:05:46 +1000] "GET / HTTP/1.1" 500 1048053 "-" "Mozilla/5.0 (X11; Linux x86_64) AppleWebKit/537.36 (KHTML, like Gecko) Chrome/142.0.0.0 Safari/537.36"
147.182.245.186 - - [07/Apr/2026:17:05:51 +1000] "GET /favicon.ico HTTP/1.1" 200 - "https://printmanager.posscales.com.au/" "Mozilla/5.0 (X11; Linux x86_64) AppleWebKit/537.36 (KHTML, like Gecko) Chrome/142.0.0.0 Safari/537.36"
118.127.40.73 - - [07/Apr/2026:17:10:02 +1000] "GET /sync-printers HTTP/1.1" 500 212968 "-" "Wget/1.19.5 (linux-gnu)"
118.127.40.73 - - [07/Apr/2026:17:15:01 +1000] "GET /sync-printers HTTP/1.1" 500 241320 "-" "Wget/1.19.5 (linux-gnu)"
118.127.40.73 - - [07/Apr/2026:17:15:28 +1000] "GET / HTTP/1.1" 500 442320 "-" "Python/3.11 aiohttp/3.9.2"
172.232.22.88 - - [07/Apr/2026:17:16:51 +1000] "GET / HTTP/1.1" 500 180208 "-" "Mozilla/5.0 (Windows NT 10.0; Win64; x64) AppleWebKit/537.36 (KHTML, like Gecko) Chrome/80.0.3947.0 Safari/537.36"
172.232.22.88 - - [07/Apr/2026:17:16:56 +1000] "GET / HTTP/1.1" 500 1047141 "-" "Mozilla/5.0 (Windows NT 6.1; Win64; x64) AppleWebKit/537.36 (KHTML, like Gecko) Chrome/84.0.4147.105 Safari/537.36 Edg/84.0.522.52"
118.127.40.73 - - [07/Apr/2026:17:20:02 +1000] "GET /sync-printers HTTP/1.1" 500 147440 "-" "Wget/1.19.5 (linux-gnu)"
118.127.40.73 - - [07/Apr/2026:17:25:01 +1000] "GET /sync-printers HTTP/1.1" 500 139248 "-" "Wget/1.19.5 (linux-gnu)"
118.127.40.73 - - [07/Apr/2026:17:30:02 +1000] "GET /sync-printers HTTP/1.1" 500 147440 "-" "Wget/1.19.5 (linux-gnu)"
118.127.40.73 - - [07/Apr/2026:17:35:02 +1000] "GET /sync-printers HTTP/1.1" 500 172016 "-" "Wget/1.19.5 (linux-gnu)"
118.127.40.73 - - [07/Apr/2026:17:40:02 +1000] "GET /sync-printers HTTP/1.1" 500 212968 "-" "Wget/1.19.5 (linux-gnu)"
118.127.40.73 - - [07/Apr/2026:17:45:02 +1000] "GET /sync-printers HTTP/1.1" 500 204776 "-" "Wget/1.19.5 (linux-gnu)"
18.234.162.233 - - [07/Apr/2026:17:45:06 +1000] "GET /.git/config HTTP/1.1" 500 1047207 "-" "Mozilla/5.0 (Macintosh; Intel Mac OS X 10_15_7) AppleWebKit/537.36 (KHTML, like Gecko) Chrome/103.0.0.0 Safari/537.36"
118.127.40.73 - - [07/Apr/2026:17:45:29 +1000] "GET / HTTP/1.1" 500 212968 "-" "Python/3.11 aiohttp/3.9.2"
118.127.40.73 - - [07/Apr/2026:17:50:01 +1000] "GET /sync-printers HTTP/1.1" 500 73720 "-" "Wget/1.19.5 (linux-gnu)"
65.49.27.185 - - [07/Apr/2026:17:54:34 +1000] "GET / HTTP/1.1" 500 1047413 "-" "Mozilla/5.0 (Macintosh; Intel Mac OS X 10_15_7) AppleWebKit/537.36 (KHTML, like Gecko) Chrome/121.0.0.0 Safari/537.36"
118.127.40.73 - - [07/Apr/2026:17:55:02 +1000] "GET /sync-printers HTTP/1.1" 500 278496 "-" "Wget/1.19.5 (linux-gnu)"
118.127.40.73 - - [07/Apr/2026:18:00:02 +1000] "GET /sync-printers HTTP/1.1" 500 270304 "-" "Wget/1.19.5 (linux-gnu)"
118.127.40.73 - - [07/Apr/2026:18:05:02 +1000] "GET /sync-printers HTTP/1.1" 500 204776 "-" "Wget/1.19.5 (linux-gnu)"
118.127.40.73 - - [07/Apr/2026:18:10:01 +1000] "GET /sync-printers HTTP/1.1" 500 319456 "-" "Wget/1.19.5 (linux-gnu)"
118.127.40.73 - - [07/Apr/2026:18:15:01 +1000] "GET /sync-printers HTTP/1.1" 500 147440 "-" "Wget/1.19.5 (linux-gnu)"
118.127.40.73 - - [07/Apr/2026:18:15:29 +1000] "GET / HTTP/1.1" 500 172016 "-" "Python/3.11 aiohttp/3.9.2"
118.127.40.73 - - [07/Apr/2026:18:20:01 +1000] "GET /sync-printers HTTP/1.1" 500 204776 "-" "Wget/1.19.5 (linux-gnu)"
118.127.40.73 - - [07/Apr/2026:18:25:02 +1000] "GET /sync-printers HTTP/1.1" 500 24576 "-" "Wget/1.19.5 (linux-gnu)"
16.146.28.20 - - [07/Apr/2026:18:27:24 +1000] "GET /robots.txt HTTP/1.1" 200 24 "-" "Mozilla/5.0 (compatible; wpbot/1.4; +https://forms.gle/ajBaxygz9jSR8p8G9)"
16.146.28.20 - - [07/Apr/2026:18:27:24 +1000] "GET / HTTP/1.1" 500 1046871 "-" "Mozilla/5.0 (compatible; wpbot/1.4; +https://forms.gle/ajBaxygz9jSR8p8G9)"
118.127.40.73 - - [07/Apr/2026:18:30:02 +1000] "GET /sync-printers HTTP/1.1" 500 278496 "-" "Wget/1.19.5 (linux-gnu)"
118.127.40.73 - - [07/Apr/2026:18:35:02 +1000] "GET /sync-printers HTTP/1.1" 500 229352 "-" "Wget/1.19.5 (linux-gnu)"
118.127.40.73 - - [07/Apr/2026:18:40:02 +1000] "GET /sync-printers HTTP/1.1" 500 204776 "-" "Wget/1.19.5 (linux-gnu)"
18.234.162.233 - - [07/Apr/2026:18:40:23 +1000] "GET /.git/config HTTP/1.1" 500 1047183 "-" "Mozilla/5.0 (Macintosh; Intel Mac OS X 10_15_7) AppleWebKit/605.1.15 (KHTML, like Gecko) Version/17.7 Safari/605.1.15"
118.127.40.73 - - [07/Apr/2026:18:45:02 +1000] "GET /sync-printers HTTP/1.1" 500 204776 "-" "Wget/1.19.5 (linux-gnu)"
118.127.40.73 - - [07/Apr/2026:18:45:29 +1000] "GET / HTTP/1.1" 500 212968 "-" "Python/3.11 aiohttp/3.9.2"
65.49.27.185 - - [07/Apr/2026:18:45:54 +1000] "GET / HTTP/1.1" 500 1047413 "-" "Mozilla/5.0 (Macintosh; Intel Mac OS X 10_15_7) AppleWebKit/537.36 (KHTML, like Gecko) Chrome/121.0.0.0 Safari/537.36"
118.127.40.73 - - [07/Apr/2026:18:50:02 +1000] "GET /sync-printers HTTP/1.1" 500 147440 "-" "Wget/1.19.5 (linux-gnu)"
118.127.40.73 - - [07/Apr/2026:18:55:01 +1000] "GET /sync-printers HTTP/1.1" 500 24576 "-" "Wget/1.19.5 (linux-gnu)"
118.127.40.73 - - [07/Apr/2026:19:00:01 +1000] "GET /sync-printers HTTP/1.1" 500 241320 "-" "Wget/1.19.5 (linux-gnu)"
118.127.40.73 - - [07/Apr/2026:19:05:01 +1000] "GET /sync-printers HTTP/1.1" 500 155632 "-" "Wget/1.19.5 (linux-gnu)"
118.127.40.73 - - [07/Apr/2026:19:10:02 +1000] "GET /sync-printers HTTP/1.1" 500 147440 "-" "Wget/1.19.5 (linux-gnu)"
18.226.180.164 - - [07/Apr/2026:19:14:02 +1000] "GET / HTTP/1.1" 500 1047223 "-" "Mozilla/5.0 (Windows NT 10.0; Win64; x64) AppleWebKit/537.36 (KHTML, like Gecko) Chrome/131.0.0.0 Safari/537.36"
18.226.180.164 - - [07/Apr/2026:19:14:03 +1000] "POST / HTTP/1.1" 500 1047409 "-" "Mozilla/5.0 (Windows NT 10.0; Win64; x64) AppleWebKit/537.36 (KHTML, like Gecko) Chrome/131.0.0.0 Safari/537.36"
18.226.180.164 - - [07/Apr/2026:19:14:06 +1000] "GET /.env HTTP/1.1" 500 1047239 "-" "Mozilla/5.0 (Windows NT 10.0; Win64; x64) AppleWebKit/537.36 (KHTML, like Gecko) Chrome/131.0.0.0 Safari/537.36"
18.226.180.164 - - [07/Apr/2026:19:14:08 +1000] "GET /.env.local HTTP/1.1" 500 1047263 "-" "Mozilla/5.0 (Windows NT 10.0; Win64; x64) AppleWebKit/537.36 (KHTML, like Gecko) Chrome/131.0.0.0 Safari/537.36"
18.226.180.164 - - [07/Apr/2026:19:14:09 +1000] "GET /.env.production HTTP/1.1" 500 1047283 "-" "Mozilla/5.0 (Windows NT 10.0; Win64; x64) AppleWebKit/537.36 (KHTML, like Gecko) Chrome/131.0.0.0 Safari/537.36"
18.226.180.164 - - [07/Apr/2026:19:14:11 +1000] "GET /.env.staging HTTP/1.1" 500 1047271 "-" "Mozilla/5.0 (Windows NT 10.0; Win64; x64) AppleWebKit/537.36 (KHTML, like Gecko) Chrome/131.0.0.0 Safari/537.36"
18.226.180.164 - - [07/Apr/2026:19:14:13 +1000] "GET /.env.development HTTP/1.1" 500 1047287 "-" "Mozilla/5.0 (Windows NT 10.0; Win64; x64) AppleWebKit/537.36 (KHTML, like Gecko) Chrome/131.0.0.0 Safari/537.36"
18.226.180.164 - - [07/Apr/2026:19:14:15 +1000] "GET /.env.test HTTP/1.1" 500 1047259 "-" "Mozilla/5.0 (Windows NT 10.0; Win64; x64) AppleWebKit/537.36 (KHTML, like Gecko) Chrome/131.0.0.0 Safari/537.36"
18.226.180.164 - - [07/Apr/2026:19:14:17 +1000] "GET /.env.remote HTTP/1.1" 500 1047267 "-" "Mozilla/5.0 (Windows NT 10.0; Win64; x64) AppleWebKit/537.36 (KHTML, like Gecko) Chrome/131.0.0.0 Safari/537.36"
18.226.180.164 - - [07/Apr/2026:19:14:19 +1000] "GET /.env.bak HTTP/1.1" 500 1047255 "-" "Mozilla/5.0 (Windows NT 10.0; Win64; x64) AppleWebKit/537.36 (KHTML, like Gecko) Chrome/131.0.0.0 Safari/537.36"
18.226.180.164 - - [07/Apr/2026:19:14:20 +1000] "GET /.env.backup HTTP/1.1" 500 1047267 "-" "Mozilla/5.0 (Windows NT 10.0; Win64; x64) AppleWebKit/537.36 (KHTML, like Gecko) Chrome/131.0.0.0 Safari/537.36"
18.226.180.164 - - [07/Apr/2026:19:14:22 +1000] "GET /.env.save HTTP/1.1" 500 1047259 "-" "Mozilla/5.0 (Windows NT 10.0; Win64; x64) AppleWebKit/537.36 (KHTML, like Gecko) Chrome/131.0.0.0 Safari/537.36"
18.226.180.164 - - [07/Apr/2026:19:14:24 +1000] "GET /.env.old HTTP/1.1" 500 1047255 "-" "Mozilla/5.0 (Windows NT 10.0; Win64; x64) AppleWebKit/537.36 (KHTML, like Gecko) Chrome/131.0.0.0 Safari/537.36"
18.226.180.164 - - [07/Apr/2026:19:14:26 +1000] "GET /.env.sample HTTP/1.1" 500 1047267 "-" "Mozilla/5.0 (Windows NT 10.0; Win64; x64) AppleWebKit/537.36 (KHTML, like Gecko) Chrome/131.0.0.0 Safari/537.36"
18.226.180.164 - - [07/Apr/2026:19:14:27 +1000] "GET /.env.example HTTP/1.1" 500 1047271 "-" "Mozilla/5.0 (Windows NT 10.0; Win64; x64) AppleWebKit/537.36 (KHTML, like Gecko) Chrome/131.0.0.0 Safari/537.36"
18.226.180.164 - - [07/Apr/2026:19:14:29 +1000] "GET /.env.dev HTTP/1.1" 500 1047255 "-" "Mozilla/5.0 (Windows NT 10.0; Win64; x64) AppleWebKit/537.36 (KHTML, like Gecko) Chrome/131.0.0.0 Safari/537.36"
18.226.180.164 - - [07/Apr/2026:19:14:31 +1000] "GET /.env.prod HTTP/1.1" 500 1047259 "-" "Mozilla/5.0 (Windows NT 10.0; Win64; x64) AppleWebKit/537.36 (KHTML, like Gecko) Chrome/131.0.0.0 Safari/537.36"
18.226.180.164 - - [07/Apr/2026:19:14:33 +1000] "GET /.env.stage HTTP/1.1" 500 1047263 "-" "Mozilla/5.0 (Windows NT 10.0; Win64; x64) AppleWebKit/537.36 (KHTML, like Gecko) Chrome/131.0.0.0 Safari/537.36"
18.226.180.164 - - [07/Apr/2026:19:14:35 +1000] "GET /.env.ci HTTP/1.1" 500 1047251 "-" "Mozilla/5.0 (Windows NT 10.0; Win64; x64) AppleWebKit/537.36 (KHTML, like Gecko) Chrome/131.0.0.0 Safari/537.36"
18.226.180.164 - - [07/Apr/2026:19:14:38 +1000] "GET /.env.docker HTTP/1.1" 500 1047267 "-" "Mozilla/5.0 (Windows NT 10.0; Win64; x64) AppleWebKit/537.36 (KHTML, like Gecko) Chrome/131.0.0.0 Safari/537.36"
18.226.180.164 - - [07/Apr/2026:19:14:40 +1000] "GET /.env.live HTTP/1.1" 500 1047259 "-" "Mozilla/5.0 (Windows NT 10.0; Win64; x64) AppleWebKit/537.36 (KHTML, like Gecko) Chrome/131.0.0.0 Safari/537.36"
18.226.180.164 - - [07/Apr/2026:19:14:41 +1000] "GET /.env.preprod HTTP/1.1" 500 1047271 "-" "Mozilla/5.0 (Windows NT 10.0; Win64; x64) AppleWebKit/537.36 (KHTML, like Gecko) Chrome/131.0.0.0 Safari/537.36"
18.226.180.164 - - [07/Apr/2026:19:14:43 +1000] "GET /.env.uat HTTP/1.1" 500 1047255 "-" "Mozilla/5.0 (Windows NT 10.0; Win64; x64) AppleWebKit/537.36 (KHTML, like Gecko) Chrome/131.0.0.0 Safari/537.36"
18.226.180.164 - - [07/Apr/2026:19:14:45 +1000] "GET /.env.dist HTTP/1.1" 500 1047259 "-" "Mozilla/5.0 (Windows NT 10.0; Win64; x64) AppleWebKit/537.36 (KHTML, like Gecko) Chrome/131.0.0.0 Safari/537.36"
18.226.180.164 - - [07/Apr/2026:19:14:47 +1000] "GET /.env.swp HTTP/1.1" 500 1047255 "-" "Mozilla/5.0 (Windows NT 10.0; Win64; x64) AppleWebKit/537.36 (KHTML, like Gecko) Chrome/131.0.0.0 Safari/537.36"
18.226.180.164 - - [07/Apr/2026:19:14:49 +1000] "GET /.env~ HTTP/1.1" 500 1047243 "-" "Mozilla/5.0 (Windows NT 10.0; Win64; x64) AppleWebKit/537.36 (KHTML, like Gecko) Chrome/131.0.0.0 Safari/537.36"
18.226.180.164 - - [07/Apr/2026:19:14:50 +1000] "GET /app/.env HTTP/1.1" 500 1047259 "-" "Mozilla/5.0 (Windows NT 10.0; Win64; x64) AppleWebKit/537.36 (KHTML, like Gecko) Chrome/131.0.0.0 Safari/537.36"
18.226.180.164 - - [07/Apr/2026:19:14:52 +1000] "GET /apps/.env HTTP/1.1" 500 1047263 "-" "Mozilla/5.0 (Windows NT 10.0; Win64; x64) AppleWebKit/537.36 (KHTML, like Gecko) Chrome/131.0.0.0 Safari/537.36"
18.226.180.164 - - [07/Apr/2026:19:14:54 +1000] "GET /api/.env HTTP/1.1" 500 1047259 "-" "Mozilla/5.0 (Windows NT 10.0; Win64; x64) AppleWebKit/537.36 (KHTML, like Gecko) Chrome/131.0.0.0 Safari/537.36"
18.226.180.164 - - [07/Apr/2026:19:14:56 +1000] "GET /web/.env HTTP/1.1" 500 1047259 "-" "Mozilla/5.0 (Windows NT 10.0; Win64; x64) AppleWebKit/537.36 (KHTML, like Gecko) Chrome/131.0.0.0 Safari/537.36"
18.226.180.164 - - [07/Apr/2026:19:14:58 +1000] "GET /site/.env HTTP/1.1" 500 1047263 "-" "Mozilla/5.0 (Windows NT 10.0; Win64; x64) AppleWebKit/537.36 (KHTML, like Gecko) Chrome/131.0.0.0 Safari/537.36"
18.226.180.164 - - [07/Apr/2026:19:15:00 +1000] "GET /public/.env HTTP/1.1" 500 1047271 "-" "Mozilla/5.0 (Windows NT 10.0; Win64; x64) AppleWebKit/537.36 (KHTML, like Gecko) Chrome/131.0.0.0 Safari/537.36"
118.127.40.73 - - [07/Apr/2026:19:15:01 +1000] "GET /sync-printers HTTP/1.1" 500 147440 "-" "Wget/1.19.5 (linux-gnu)"
18.226.180.164 - - [07/Apr/2026:19:15:02 +1000] "GET /admin/.env HTTP/1.1" 500 1047267 "-" "Mozilla/5.0 (Windows NT 10.0; Win64; x64) AppleWebKit/537.36 (KHTML, like Gecko) Chrome/131.0.0.0 Safari/537.36"
18.226.180.164 - - [07/Apr/2026:19:15:03 +1000] "GET /backend/.env HTTP/1.1" 500 1047275 "-" "Mozilla/5.0 (Windows NT 10.0; Win64; x64) AppleWebKit/537.36 (KHTML, like Gecko) Chrome/131.0.0.0 Safari/537.36"
18.226.180.164 - - [07/Apr/2026:19:15:05 +1000] "GET /server/.env HTTP/1.1" 500 1047271 "-" "Mozilla/5.0 (Windows NT 10.0; Win64; x64) AppleWebKit/537.36 (KHTML, like Gecko) Chrome/131.0.0.0 Safari/537.36"
18.226.180.164 - - [07/Apr/2026:19:15:07 +1000] "GET /frontend/.env HTTP/1.1" 500 1047279 "-" "Mozilla/5.0 (Windows NT 10.0; Win64; x64) AppleWebKit/537.36 (KHTML, like Gecko) Chrome/131.0.0.0 Safari/537.36"
18.226.180.164 - - [07/Apr/2026:19:15:09 +1000] "GET /src/.env HTTP/1.1" 500 1047259 "-" "Mozilla/5.0 (Windows NT 10.0; Win64; x64) AppleWebKit/537.36 (KHTML, like Gecko) Chrome/131.0.0.0 Safari/537.36"
18.226.180.164 - - [07/Apr/2026:19:15:11 +1000] "GET /core/.env HTTP/1.1" 500 1047263 "-" "Mozilla/5.0 (Windows NT 10.0; Win64; x64) AppleWebKit/537.36 (KHTML, like Gecko) Chrome/131.0.0.0 Safari/537.36"
18.226.180.164 - - [07/Apr/2026:19:15:13 +1000] "GET /core/app/.env HTTP/1.1" 500 1047283 "-" "Mozilla/5.0 (Windows NT 10.0; Win64; x64) AppleWebKit/537.36 (KHTML, like Gecko) Chrome/131.0.0.0 Safari/537.36"
18.226.180.164 - - [07/Apr/2026:19:15:15 +1000] "GET /core/Database/.env HTTP/1.1" 500 1047303 "-" "Mozilla/5.0 (Windows NT 10.0; Win64; x64) AppleWebKit/537.36 (KHTML, like Gecko) Chrome/131.0.0.0 Safari/537.36"
18.226.180.164 - - [07/Apr/2026:19:15:17 +1000] "GET /config/.env HTTP/1.1" 500 1047271 "-" "Mozilla/5.0 (Windows NT 10.0; Win64; x64) AppleWebKit/537.36 (KHTML, like Gecko) Chrome/131.0.0.0 Safari/537.36"
18.226.180.164 - - [07/Apr/2026:19:15:19 +1000] "GET /private/.env HTTP/1.1" 500 1047275 "-" "Mozilla/5.0 (Windows NT 10.0; Win64; x64) AppleWebKit/537.36 (KHTML, like Gecko) Chrome/131.0.0.0 Safari/537.36"
18.226.180.164 - - [07/Apr/2026:19:15:20 +1000] "GET /current/.env HTTP/1.1" 500 1047275 "-" "Mozilla/5.0 (Windows NT 10.0; Win64; x64) AppleWebKit/537.36 (KHTML, like Gecko) Chrome/131.0.0.0 Safari/537.36"
18.226.180.164 - - [07/Apr/2026:19:15:22 +1000] "GET /release/.env HTTP/1.1" 500 1047275 "-" "Mozilla/5.0 (Windows NT 10.0; Win64; x64) AppleWebKit/537.36 (KHTML, like Gecko) Chrome/131.0.0.0 Safari/537.36"
18.226.180.164 - - [07/Apr/2026:19:15:24 +1000] "GET /releases/.env HTTP/1.1" 500 1047279 "-" "Mozilla/5.0 (Windows NT 10.0; Win64; x64) AppleWebKit/537.36 (KHTML, like Gecko) Chrome/131.0.0.0 Safari/537.36"
18.226.180.164 - - [07/Apr/2026:19:15:26 +1000] "GET /shared/.env HTTP/1.1" 500 1047271 "-" "Mozilla/5.0 (Windows NT 10.0; Win64; x64) AppleWebKit/537.36 (KHTML, like Gecko) Chrome/131.0.0.0 Safari/537.36"
18.226.180.164 - - [07/Apr/2026:19:15:28 +1000] "GET /deploy/.env HTTP/1.1" 500 1047271 "-" "Mozilla/5.0 (Windows NT 10.0; Win64; x64) AppleWebKit/537.36 (KHTML, like Gecko) Chrome/131.0.0.0 Safari/537.36"
118.127.40.73 - - [07/Apr/2026:19:15:29 +1000] "GET / HTTP/1.1" 500 241320 "-" "Python/3.11 aiohttp/3.9.2"
18.226.180.164 - - [07/Apr/2026:19:15:30 +1000] "GET /build/.env HTTP/1.1" 500 1047267 "-" "Mozilla/5.0 (Windows NT 10.0; Win64; x64) AppleWebKit/537.36 (KHTML, like Gecko) Chrome/131.0.0.0 Safari/537.36"
18.226.180.164 - - [07/Apr/2026:19:15:31 +1000] "GET /dist/.env HTTP/1.1" 500 1047263 "-" "Mozilla/5.0 (Windows NT 10.0; Win64; x64) AppleWebKit/537.36 (KHTML, like Gecko) Chrome/131.0.0.0 Safari/537.36"
18.226.180.164 - - [07/Apr/2026:19:15:33 +1000] "GET /public_html/.env HTTP/1.1" 500 1047291 "-" "Mozilla/5.0 (Windows NT 10.0; Win64; x64) AppleWebKit/537.36 (KHTML, like Gecko) Chrome/131.0.0.0 Safari/537.36"
18.226.180.164 - - [07/Apr/2026:19:15:35 +1000] "GET /htdocs/.env HTTP/1.1" 500 1047271 "-" "Mozilla/5.0 (Windows NT 10.0; Win64; x64) AppleWebKit/537.36 (KHTML, like Gecko) Chrome/131.0.0.0 Safari/537.36"
18.226.180.164 - - [07/Apr/2026:19:15:37 +1000] "GET /www/.env HTTP/1.1" 500 1047259 "-" "Mozilla/5.0 (Windows NT 10.0; Win64; x64) AppleWebKit/537.36 (KHTML, like Gecko) Chrome/131.0.0.0 Safari/537.36"
18.226.180.164 - - [07/Apr/2026:19:15:39 +1000] "GET /html/.env HTTP/1.1" 500 1047263 "-" "Mozilla/5.0 (Windows NT 10.0; Win64; x64) AppleWebKit/537.36 (KHTML, like Gecko) Chrome/131.0.0.0 Safari/537.36"
18.226.180.164 - - [07/Apr/2026:19:15:41 +1000] "GET /live/.env HTTP/1.1" 500 1047263 "-" "Mozilla/5.0 (Windows NT 10.0; Win64; x64) AppleWebKit/537.36 (KHTML, like Gecko) Chrome/131.0.0.0 Safari/537.36"
18.226.180.164 - - [07/Apr/2026:19:15:43 +1000] "GET /prod/.env HTTP/1.1" 500 1047263 "-" "Mozilla/5.0 (Windows NT 10.0; Win64; x64) AppleWebKit/537.36 (KHTML, like Gecko) Chrome/131.0.0.0 Safari/537.36"
18.226.180.164 - - [07/Apr/2026:19:15:45 +1000] "GET /dev/.env HTTP/1.1" 500 1047259 "-" "Mozilla/5.0 (Windows NT 10.0; Win64; x64) AppleWebKit/537.36 (KHTML, like Gecko) Chrome/131.0.0.0 Safari/537.36"
18.226.180.164 - - [07/Apr/2026:19:15:46 +1000] "GET /staging/.env HTTP/1.1" 500 1047275 "-" "Mozilla/5.0 (Windows NT 10.0; Win64; x64) AppleWebKit/537.36 (KHTML, like Gecko) Chrome/131.0.0.0 Safari/537.36"
18.226.180.164 - - [07/Apr/2026:19:15:48 +1000] "GET /laravel/.env HTTP/1.1" 500 1047275 "-" "Mozilla/5.0 (Windows NT 10.0; Win64; x64) AppleWebKit/537.36 (KHTML, like Gecko) Chrome/131.0.0.0 Safari/537.36"
18.226.180.164 - - [07/Apr/2026:19:15:50 +1000] "GET /symfony/.env HTTP/1.1" 500 1047275 "-" "Mozilla/5.0 (Windows NT 10.0; Win64; x64) AppleWebKit/537.36 (KHTML, like Gecko) Chrome/131.0.0.0 Safari/537.36"
18.226.180.164 - - [07/Apr/2026:19:15:52 +1000] "GET /wordpress/.env HTTP/1.1" 500 1047283 "-" "Mozilla/5.0 (Windows NT 10.0; Win64; x64) AppleWebKit/537.36 (KHTML, like Gecko) Chrome/131.0.0.0 Safari/537.36"
18.226.180.164 - - [07/Apr/2026:19:15:54 +1000] "GET /wp/.env HTTP/1.1" 500 1047255 "-" "Mozilla/5.0 (Windows NT 10.0; Win64; x64) AppleWebKit/537.36 (KHTML, like Gecko) Chrome/131.0.0.0 Safari/537.36"
18.226.180.164 - - [07/Apr/2026:19:15:56 +1000] "GET /cms/.env HTTP/1.1" 500 1047259 "-" "Mozilla/5.0 (Windows NT 10.0; Win64; x64) AppleWebKit/537.36 (KHTML, like Gecko) Chrome/131.0.0.0 Safari/537.36"
18.226.180.164 - - [07/Apr/2026:19:15:57 +1000] "GET /drupal/.env HTTP/1.1" 500 1047271 "-" "Mozilla/5.0 (Windows NT 10.0; Win64; x64) AppleWebKit/537.36 (KHTML, like Gecko) Chrome/131.0.0.0 Safari/537.36"
18.226.180.164 - - [07/Apr/2026:19:15:59 +1000] "GET /joomla/.env HTTP/1.1" 500 1047271 "-" "Mozilla/5.0 (Windows NT 10.0; Win64; x64) AppleWebKit/537.36 (KHTML, like Gecko) Chrome/131.0.0.0 Safari/537.36"
18.226.180.164 - - [07/Apr/2026:19:16:01 +1000] "GET /magento/.env HTTP/1.1" 500 1047275 "-" "Mozilla/5.0 (Windows NT 10.0; Win64; x64) AppleWebKit/537.36 (KHTML, like Gecko) Chrome/131.0.0.0 Safari/537.36"
18.226.180.164 - - [07/Apr/2026:19:16:03 +1000] "GET /shopify/.env HTTP/1.1" 500 1047275 "-" "Mozilla/5.0 (Windows NT 10.0; Win64; x64) AppleWebKit/537.36 (KHTML, like Gecko) Chrome/131.0.0.0 Safari/537.36"
18.226.180.164 - - [07/Apr/2026:19:16:05 +1000] "GET /prestashop/.env HTTP/1.1" 500 1047287 "-" "Mozilla/5.0 (Windows NT 10.0; Win64; x64) AppleWebKit/537.36 (KHTML, like Gecko) Chrome/131.0.0.0 Safari/537.36"
18.226.180.164 - - [07/Apr/2026:19:16:07 +1000] "GET /v1/.env HTTP/1.1" 500 1047255 "-" "Mozilla/5.0 (Windows NT 10.0; Win64; x64) AppleWebKit/537.36 (KHTML, like Gecko) Chrome/131.0.0.0 Safari/537.36"
18.226.180.164 - - [07/Apr/2026:19:16:09 +1000] "GET /v2/.env HTTP/1.1" 500 1047255 "-" "Mozilla/5.0 (Windows NT 10.0; Win64; x64) AppleWebKit/537.36 (KHTML, like Gecko) Chrome/131.0.0.0 Safari/537.36"
18.226.180.164 - - [07/Apr/2026:19:16:10 +1000] "GET /v3/.env HTTP/1.1" 500 1047255 "-" "Mozilla/5.0 (Windows NT 10.0; Win64; x64) AppleWebKit/537.36 (KHTML, like Gecko) Chrome/131.0.0.0 Safari/537.36"
18.226.180.164 - - [07/Apr/2026:19:16:12 +1000] "GET /api/v1/.env HTTP/1.1" 500 1047275 "-" "Mozilla/5.0 (Windows NT 10.0; Win64; x64) AppleWebKit/537.36 (KHTML, like Gecko) Chrome/131.0.0.0 Safari/537.36"
18.226.180.164 - - [07/Apr/2026:19:16:14 +1000] "GET /api/v2/.env HTTP/1.1" 500 1047275 "-" "Mozilla/5.0 (Windows NT 10.0; Win64; x64) AppleWebKit/537.36 (KHTML, like Gecko) Chrome/131.0.0.0 Safari/537.36"
18.226.180.164 - - [07/Apr/2026:19:16:16 +1000] "GET /rest/.env HTTP/1.1" 500 1047263 "-" "Mozilla/5.0 (Windows NT 10.0; Win64; x64) AppleWebKit/537.36 (KHTML, like Gecko) Chrome/131.0.0.0 Safari/537.36"
18.226.180.164 - - [07/Apr/2026:19:16:18 +1000] "GET /graphql/.env HTTP/1.1" 500 1047275 "-" "Mozilla/5.0 (Windows NT 10.0; Win64; x64) AppleWebKit/537.36 (KHTML, like Gecko) Chrome/131.0.0.0 Safari/537.36"
18.226.180.164 - - [07/Apr/2026:19:16:20 +1000] "GET /gateway/.env HTTP/1.1" 500 1047275 "-" "Mozilla/5.0 (Windows NT 10.0; Win64; x64) AppleWebKit/537.36 (KHTML, like Gecko) Chrome/131.0.0.0 Safari/537.36"
18.226.180.164 - - [07/Apr/2026:19:16:21 +1000] "GET /microservice/.env HTTP/1.1" 500 1047295 "-" "Mozilla/5.0 (Windows NT 10.0; Win64; x64) AppleWebKit/537.36 (KHTML, like Gecko) Chrome/131.0.0.0 Safari/537.36"
18.226.180.164 - - [07/Apr/2026:19:16:23 +1000] "GET /service/.env HTTP/1.1" 500 1047275 "-" "Mozilla/5.0 (Windows NT 10.0; Win64; x64) AppleWebKit/537.36 (KHTML, like Gecko) Chrome/131.0.0.0 Safari/537.36"
18.226.180.164 - - [07/Apr/2026:19:16:25 +1000] "GET /vendor/.env HTTP/1.1" 500 1047271 "-" "Mozilla/5.0 (Windows NT 10.0; Win64; x64) AppleWebKit/537.36 (KHTML, like Gecko) Chrome/131.0.0.0 Safari/537.36"
18.226.180.164 - - [07/Apr/2026:19:16:27 +1000] "GET /lib/.env HTTP/1.1" 500 1047259 "-" "Mozilla/5.0 (Windows NT 10.0; Win64; x64) AppleWebKit/537.36 (KHTML, like Gecko) Chrome/131.0.0.0 Safari/537.36"
18.226.180.164 - - [07/Apr/2026:19:16:29 +1000] "GET /database/.env HTTP/1.1" 500 1047279 "-" "Mozilla/5.0 (Windows NT 10.0; Win64; x64) AppleWebKit/537.36 (KHTML, like Gecko) Chrome/131.0.0.0 Safari/537.36"
18.226.180.164 - - [07/Apr/2026:19:16:30 +1000] "GET /resources/.env HTTP/1.1" 500 1047283 "-" "Mozilla/5.0 (Windows NT 10.0; Win64; x64) AppleWebKit/537.36 (KHTML, like Gecko) Chrome/131.0.0.0 Safari/537.36"
18.226.180.164 - - [07/Apr/2026:19:16:32 +1000] "GET /storage/.env HTTP/1.1" 500 1047275 "-" "Mozilla/5.0 (Windows NT 10.0; Win64; x64) AppleWebKit/537.36 (KHTML, like Gecko) Chrome/131.0.0.0 Safari/537.36"
18.226.180.164 - - [07/Apr/2026:19:16:34 +1000] "GET /assets/.env HTTP/1.1" 500 1047271 "-" "Mozilla/5.0 (Windows NT 10.0; Win64; x64) AppleWebKit/537.36 (KHTML, like Gecko) Chrome/131.0.0.0 Safari/537.36"
18.226.180.164 - - [07/Apr/2026:19:16:36 +1000] "GET /uploads/.env HTTP/1.1" 500 1047275 "-" "Mozilla/5.0 (Windows NT 10.0; Win64; x64) AppleWebKit/537.36 (KHTML, like Gecko) Chrome/131.0.0.0 Safari/537.36"
18.226.180.164 - - [07/Apr/2026:19:16:38 +1000] "GET /internal/.env HTTP/1.1" 500 1047279 "-" "Mozilla/5.0 (Windows NT 10.0; Win64; x64) AppleWebKit/537.36 (KHTML, like Gecko) Chrome/131.0.0.0 Safari/537.36"
18.226.180.164 - - [07/Apr/2026:19:16:40 +1000] "GET /tools/.env HTTP/1.1" 500 1047267 "-" "Mozilla/5.0 (Windows NT 10.0; Win64; x64) AppleWebKit/537.36 (KHTML, like Gecko) Chrome/131.0.0.0 Safari/537.36"
18.226.180.164 - - [07/Apr/2026:19:16:42 +1000] "GET /scripts/.env HTTP/1.1" 500 1047275 "-" "Mozilla/5.0 (Windows NT 10.0; Win64; x64) AppleWebKit/537.36 (KHTML, like Gecko) Chrome/131.0.0.0 Safari/537.36"
18.226.180.164 - - [07/Apr/2026:19:16:43 +1000] "GET /portal/.env HTTP/1.1" 500 1047271 "-" "Mozilla/5.0 (Windows NT 10.0; Win64; x64) AppleWebKit/537.36 (KHTML, like Gecko) Chrome/131.0.0.0 Safari/537.36"
18.226.180.164 - - [07/Apr/2026:19:16:45 +1000] "GET /dashboard/.env HTTP/1.1" 500 1047283 "-" "Mozilla/5.0 (Windows NT 10.0; Win64; x64) AppleWebKit/537.36 (KHTML, like Gecko) Chrome/131.0.0.0 Safari/537.36"
18.226.180.164 - - [07/Apr/2026:19:16:47 +1000] "GET /panel/.env HTTP/1.1" 500 1047267 "-" "Mozilla/5.0 (Windows NT 10.0; Win64; x64) AppleWebKit/537.36 (KHTML, like Gecko) Chrome/131.0.0.0 Safari/537.36"
18.226.180.164 - - [07/Apr/2026:19:16:49 +1000] "GET /crm/.env HTTP/1.1" 500 1047259 "-" "Mozilla/5.0 (Windows NT 10.0; Win64; x64) AppleWebKit/537.36 (KHTML, like Gecko) Chrome/131.0.0.0 Safari/537.36"
18.226.180.164 - - [07/Apr/2026:19:16:51 +1000] "GET /erp/.env HTTP/1.1" 500 1047259 "-" "Mozilla/5.0 (Windows NT 10.0; Win64; x64) AppleWebKit/537.36 (KHTML, like Gecko) Chrome/131.0.0.0 Safari/537.36"
18.226.180.164 - - [07/Apr/2026:19:16:53 +1000] "GET /shop/.env HTTP/1.1" 500 1047263 "-" "Mozilla/5.0 (Windows NT 10.0; Win64; x64) AppleWebKit/537.36 (KHTML, like Gecko) Chrome/131.0.0.0 Safari/537.36"
18.226.180.164 - - [07/Apr/2026:19:16:55 +1000] "GET /store/.env HTTP/1.1" 500 1047267 "-" "Mozilla/5.0 (Windows NT 10.0; Win64; x64) AppleWebKit/537.36 (KHTML, like Gecko) Chrome/131.0.0.0 Safari/537.36"
18.226.180.164 - - [07/Apr/2026:19:16:57 +1000] "GET /saas/.env HTTP/1.1" 500 1047263 "-" "Mozilla/5.0 (Windows NT 10.0; Win64; x64) AppleWebKit/537.36 (KHTML, like Gecko) Chrome/131.0.0.0 Safari/537.36"
18.226.180.164 - - [07/Apr/2026:19:16:59 +1000] "GET /client/.env HTTP/1.1" 500 1047271 "-" "Mozilla/5.0 (Windows NT 10.0; Win64; x64) AppleWebKit/537.36 (KHTML, like Gecko) Chrome/131.0.0.0 Safari/537.36"
18.226.180.164 - - [07/Apr/2026:19:17:01 +1000] "GET /project/.env HTTP/1.1" 500 1047275 "-" "Mozilla/5.0 (Windows NT 10.0; Win64; x64) AppleWebKit/537.36 (KHTML, like Gecko) Chrome/131.0.0.0 Safari/537.36"
18.226.180.164 - - [07/Apr/2026:19:17:03 +1000] "GET /node/.env HTTP/1.1" 500 1047263 "-" "Mozilla/5.0 (Windows NT 10.0; Win64; x64) AppleWebKit/537.36 (KHTML, like Gecko) Chrome/131.0.0.0 Safari/537.36"
18.226.180.164 - - [07/Apr/2026:19:17:04 +1000] "GET /express/.env HTTP/1.1" 500 1047275 "-" "Mozilla/5.0 (Windows NT 10.0; Win64; x64) AppleWebKit/537.36 (KHTML, like Gecko) Chrome/131.0.0.0 Safari/537.36"
18.226.180.164 - - [07/Apr/2026:19:17:06 +1000] "GET /next/.env HTTP/1.1" 500 1047263 "-" "Mozilla/5.0 (Windows NT 10.0; Win64; x64) AppleWebKit/537.36 (KHTML, like Gecko) Chrome/131.0.0.0 Safari/537.36"
18.226.180.164 - - [07/Apr/2026:19:17:08 +1000] "GET /nuxt/.env HTTP/1.1" 500 1047263 "-" "Mozilla/5.0 (Windows NT 10.0; Win64; x64) AppleWebKit/537.36 (KHTML, like Gecko) Chrome/131.0.0.0 Safari/537.36"
