118.127.40.73 - - [01/Apr/2026:12:35:27 +1000] "GET /Call_control_update HTTP/1.1" 301 292 "-" "Python/3.11 aiohttp/3.9.2"
118.127.40.73 - - [01/Apr/2026:12:35:27 +1000] "GET /Call_control_update HTTP/1.1" 404 - "-" "Python/3.11 aiohttp/3.9.2"
118.127.40.73 - - [01/Apr/2026:12:35:27 +1000] "GET /Call_control_update HTTP/1.1" 301 292 "-" "Python/3.11 aiohttp/3.9.2"
118.127.40.73 - - [01/Apr/2026:12:35:27 +1000] "GET /Call_control_update HTTP/1.1" 404 - "-" "Python/3.11 aiohttp/3.9.2"
118.127.40.73 - - [01/Apr/2026:12:35:27 +1000] "GET /WP-POS/ HTTP/1.1" 200 39220 "-" "Python/3.11 aiohttp/3.9.2"
216.73.216.19 - - [01/Apr/2026:12:36:28 +1000] "GET /sitemap.xml HTTP/1.1" 404 - "-" "Mozilla/5.0 AppleWebKit/537.36 (KHTML, like Gecko; compatible; ClaudeBot/1.0; +claudebot@anthropic.com)"
118.127.40.73 - - [01/Apr/2026:12:37:28 +1000] "POST /WP-POS/wp-cron.php?doing_wp_cron=1775011048.5225949287414550781250 HTTP/1.1" 200 - "-" "WordPress/6.9.1; https://posscales.com.au/WP-POS"
172.232.22.88 - - [01/Apr/2026:12:37:28 +1000] "GET / HTTP/1.1" 200 39274 "-" "Mozilla/5.0 (Linux; Android 7.0; G3313) AppleWebKit/537.36 (KHTML, like Gecko) Chrome/83.0.4103.83 Mobile Safari/537.36"
172.232.22.88 - - [01/Apr/2026:12:37:28 +1000] "GET / HTTP/1.1" 200 39274 "http://mail.posscales.com/" "Mozilla/5.0 (Windows NT 10.0; Win64; x64) AppleWebKit/537.36 (KHTML, like Gecko) Chrome/71.0.3578.80 Safari/537.36"
205.210.31.130 - - [01/Apr/2026:12:40:26 +1000] "GET / HTTP/1.1" 301 273 "http://posscales.net/" "Hello from Palo Alto Networks, find out more about our scans in https://docs-cortex.paloaltonetworks.com/r/1/Cortex-Xpanse/Scanning-activity"
118.127.40.73 - - [01/Apr/2026:12:40:27 +1000] "POST /WP-POS/wp-cron.php?doing_wp_cron=1775011227.6818270683288574218750 HTTP/1.1" 200 - "-" "WordPress/6.9.1; https://posscales.com.au/WP-POS"
205.210.31.130 - - [01/Apr/2026:12:40:27 +1000] "GET / HTTP/1.1" 301 - "-" "Hello from Palo Alto Networks, find out more about our scans in https://docs-cortex.paloaltonetworks.com/r/1/Cortex-Xpanse/Scanning-activity"
205.210.31.130 - - [01/Apr/2026:12:40:28 +1000] "GET /WP-POS/ HTTP/1.1" 200 39220 "-" "Hello from Palo Alto Networks, find out more about our scans in https://docs-cortex.paloaltonetworks.com/r/1/Cortex-Xpanse/Scanning-activity"
66.132.172.139 - - [01/Apr/2026:12:40:41 +1000] "GET / HTTP/1.1" 301 - "-" "Mozilla/5.0 (compatible; CensysInspect/1.1; +https://about.censys.io/)"
66.132.172.139 - - [01/Apr/2026:12:40:42 +1000] "GET /WP-POS/ HTTP/1.1" 200 39220 "-" "Mozilla/5.0 (compatible; CensysInspect/1.1; +https://about.censys.io/)"
66.132.172.139 - - [01/Apr/2026:12:40:44 +1000] "GET /favicon.ico HTTP/1.1" 404 - "-" "Mozilla/5.0 (compatible; CensysInspect/1.1; +https://about.censys.io/)"
118.127.40.73 - - [01/Apr/2026:12:49:39 +1000] "POST /WP-POS/wp-cron.php?doing_wp_cron=1775011779.4517838954925537109375 HTTP/1.1" 200 - "-" "WordPress/6.9.1; https://posscales.com.au/WP-POS"
118.127.40.73 - - [01/Apr/2026:12:50:58 +1000] "POST /WP-POS/wp-cron.php?doing_wp_cron=1775011858.8286309242248535156250 HTTP/1.1" 200 - "-" "WordPress/6.9.1; https://posscales.com.au/WP-POS"
114.119.157.112 - - [01/Apr/2026:12:50:58 +1000] "GET /WP-POS/category/architecture HTTP/1.1" 301 - "https://posscales.com.au/WP-POS/category/architecture" "Mozilla/5.0 (Linux; Android 7.0;) AppleWebKit/537.36 (KHTML, like Gecko) Mobile Safari/537.36 (compatible; PetalBot;+https://webmaster.petalsearch.com/site/petalbot)"
114.119.157.112 - - [01/Apr/2026:12:51:01 +1000] "GET /WP-POS/category/architecture/ HTTP/1.1" 200 36096 "https://posscales.com.au/WP-POS/category/architecture" "Mozilla/5.0 (Linux; Android 7.0;) AppleWebKit/537.36 (KHTML, like Gecko) Mobile Safari/537.36 (compatible; PetalBot;+https://webmaster.petalsearch.com/site/petalbot)"
118.127.40.73 - - [01/Apr/2026:12:52:27 +1000] "POST /WP-POS/wp-cron.php?doing_wp_cron=1775011947.2859930992126464843750 HTTP/1.1" 200 - "-" "WordPress/6.9.1; https://posscales.com.au/WP-POS"
114.119.136.146 - - [01/Apr/2026:12:52:27 +1000] "GET /WP-POS/?p=681 HTTP/1.1" 301 - "https://posscales.com.au/WP-POS/?m=201111" "Mozilla/5.0 (Linux; Android 7.0;) AppleWebKit/537.36 (KHTML, like Gecko) Mobile Safari/537.36 (compatible; PetalBot;+https://webmaster.petalsearch.com/site/petalbot)"
114.119.136.146 - - [01/Apr/2026:12:52:30 +1000] "GET /WP-POS/city-bike/ HTTP/1.1" 200 39648 "https://posscales.com.au/WP-POS/?m=201111" "Mozilla/5.0 (Linux; Android 7.0;) AppleWebKit/537.36 (KHTML, like Gecko) Mobile Safari/537.36 (compatible; PetalBot;+https://webmaster.petalsearch.com/site/petalbot)"
74.7.241.166 - - [01/Apr/2026:12:56:53 +1000] "GET /robots.txt HTTP/1.1" 200 286 "http://mail.posscales.net/robots.txt" "Mozilla/5.0 (Macintosh; Intel Mac OS X 10_15_7) AppleWebKit/537.36 (KHTML, like Gecko) Chrome/131.0.0.0 Safari/537.36; compatible; OAI-SearchBot/1.3; robots.txt; +https://openai.com/searchbot"
47.245.117.221 - - [01/Apr/2026:12:58:14 +1000] "GET /dns-query?dns=Xz0BAAABAAAAAAAAATEEb2RucwFtCmRuc21lYXN1cmUDdG9wAAABAAE HTTP/1.1" 404 - "-" "Go-http-client/1.1"
47.245.117.221 - - [01/Apr/2026:12:58:14 +1000] "POST /dns-query HTTP/1.1" 404 - "-" "Go-http-client/1.1"
47.245.117.221 - - [01/Apr/2026:12:58:14 +1000] "GET /dns-query?name=1.odns.m.dnsmeasure.top&type=A HTTP/1.1" 404 - "-" "Go-http-client/1.1"
47.245.117.221 - - [01/Apr/2026:12:58:14 +1000] "GET /dns-query?dns=-lMBAAABAAAAAAAAATEEb2RucwFtCmRuc21lYXN1cmUDdG9wAAABAAE HTTP/1.1" 404 - "-" "Go-http-client/1.1"
47.245.117.221 - - [01/Apr/2026:12:58:14 +1000] "POST /dns-query HTTP/1.1" 404 - "-" "Go-http-client/1.1"
47.245.117.221 - - [01/Apr/2026:12:58:15 +1000] "GET /dns-query?name=1.odns.m.dnsmeasure.top&type=A HTTP/1.1" 404 - "-" "Go-http-client/1.1"
47.245.117.221 - - [01/Apr/2026:12:58:15 +1000] "GET /query?dns=rQoBAAABAAAAAAAAATEEb2RucwFtCmRuc21lYXN1cmUDdG9wAAABAAE HTTP/1.1" 404 - "-" "Go-http-client/1.1"
47.245.117.221 - - [01/Apr/2026:12:58:15 +1000] "POST /query HTTP/1.1" 404 - "-" "Go-http-client/1.1"
47.245.117.221 - - [01/Apr/2026:12:58:15 +1000] "GET /query?name=1.odns.m.dnsmeasure.top&type=A HTTP/1.1" 404 - "-" "Go-http-client/1.1"
47.245.117.221 - - [01/Apr/2026:12:58:15 +1000] "GET /query?dns=648BAAABAAAAAAAAATEEb2RucwFtCmRuc21lYXN1cmUDdG9wAAABAAE HTTP/1.1" 404 - "-" "Go-http-client/1.1"
47.245.117.221 - - [01/Apr/2026:12:58:15 +1000] "POST /query HTTP/1.1" 404 - "-" "Go-http-client/1.1"
47.245.117.221 - - [01/Apr/2026:12:58:15 +1000] "GET /query?name=1.odns.m.dnsmeasure.top&type=A HTTP/1.1" 404 - "-" "Go-http-client/1.1"
47.245.117.221 - - [01/Apr/2026:12:58:15 +1000] "GET /resolve?dns=zEABAAABAAAAAAAAATEEb2RucwFtCmRuc21lYXN1cmUDdG9wAAABAAE HTTP/1.1" 404 - "-" "Go-http-client/1.1"
47.245.117.221 - - [01/Apr/2026:12:58:15 +1000] "POST /resolve HTTP/1.1" 404 - "-" "Go-http-client/1.1"
47.245.117.221 - - [01/Apr/2026:12:58:15 +1000] "GET /resolve?name=1.odns.m.dnsmeasure.top&type=A HTTP/1.1" 404 - "-" "Go-http-client/1.1"
47.245.117.221 - - [01/Apr/2026:12:58:16 +1000] "GET /resolve?dns=HpYBAAABAAAAAAAAATEEb2RucwFtCmRuc21lYXN1cmUDdG9wAAABAAE HTTP/1.1" 404 - "-" "Go-http-client/1.1"
47.245.117.221 - - [01/Apr/2026:12:58:16 +1000] "POST /resolve HTTP/1.1" 404 - "-" "Go-http-client/1.1"
47.245.117.221 - - [01/Apr/2026:12:58:16 +1000] "GET /resolve?name=1.odns.m.dnsmeasure.top&type=A HTTP/1.1" 404 - "-" "Go-http-client/1.1"
118.127.40.73 - - [01/Apr/2026:12:58:16 +1000] "POST /WP-POS/wp-cron.php?doing_wp_cron=1775012296.8580350875854492187500 HTTP/1.1" 200 - "-" "WordPress/6.9.1; https://posscales.com.au/WP-POS"
47.245.117.221 - - [01/Apr/2026:12:58:16 +1000] "GET /?dns=VIoBAAABAAAAAAAAATEEb2RucwFtCmRuc21lYXN1cmUDdG9wAAABAAE HTTP/1.1" 200 39274 "-" "Go-http-client/1.1"
47.245.117.221 - - [01/Apr/2026:12:58:17 +1000] "POST / HTTP/1.1" 200 39274 "-" "Go-http-client/1.1"
47.245.117.221 - - [01/Apr/2026:12:58:18 +1000] "GET /?name=1.odns.m.dnsmeasure.top&type=A HTTP/1.1" 404 34228 "-" "Go-http-client/1.1"
47.245.117.221 - - [01/Apr/2026:12:58:18 +1000] "GET /?dns=pqYBAAABAAAAAAAAATEEb2RucwFtCmRuc21lYXN1cmUDdG9wAAABAAE HTTP/1.1" 200 39274 "-" "Go-http-client/1.1"
47.245.117.221 - - [01/Apr/2026:12:58:19 +1000] "POST / HTTP/1.1" 200 39274 "-" "Go-http-client/1.1"
47.245.117.221 - - [01/Apr/2026:12:58:20 +1000] "GET /?name=1.odns.m.dnsmeasure.top&type=A HTTP/1.1" 404 34228 "-" "Go-http-client/1.1"
3.129.21.140 - - [01/Apr/2026:13:03:16 +1000] "-" 408 - "-" "-"
118.127.40.73 - - [01/Apr/2026:13:05:11 +1000] "GET / HTTP/1.1" 301 - "-" "Python/3.11 aiohttp/3.9.2"
118.127.40.73 - - [01/Apr/2026:13:05:11 +1000] "POST /WP-POS/wp-cron.php?doing_wp_cron=1775012711.4046030044555664062500 HTTP/1.1" 200 - "-" "WordPress/6.9.1; https://posscales.com.au/WP-POS"
118.127.40.73 - - [01/Apr/2026:13:05:11 +1000] "GET / HTTP/1.1" 301 - "-" "Python/3.11 aiohttp/3.9.2"
118.127.40.73 - - [01/Apr/2026:13:05:12 +1000] "GET /WP-POS/ HTTP/1.1" 200 24576 "-" "Python/3.11 aiohttp/3.9.2"
118.127.40.73 - - [01/Apr/2026:13:05:12 +1000] "GET /WP-POS/ HTTP/1.1" 200 39220 "-" "Python/3.11 aiohttp/3.9.2"
118.127.40.73 - - [01/Apr/2026:13:05:13 +1000] "GET / HTTP/1.1" 200 39274 "-" "Python/3.11 aiohttp/3.9.2"
118.127.40.73 - - [01/Apr/2026:13:05:14 +1000] "GET / HTTP/1.1" 301 - "-" "Python/3.11 aiohttp/3.9.2"
118.127.40.73 - - [01/Apr/2026:13:05:15 +1000] "GET /WP-POS/ HTTP/1.1" 200 39220 "-" "Python/3.11 aiohttp/3.9.2"
118.127.40.73 - - [01/Apr/2026:13:05:17 +1000] "GET / HTTP/1.1" 301 273 "-" "Python/3.11 aiohttp/3.9.2"
118.127.40.73 - - [01/Apr/2026:13:05:17 +1000] "GET / HTTP/1.1" 301 - "-" "Python/3.11 aiohttp/3.9.2"
118.127.40.73 - - [01/Apr/2026:13:05:17 +1000] "GET /WP-POS/ HTTP/1.1" 200 39220 "-" "Python/3.11 aiohttp/3.9.2"
118.127.40.73 - - [01/Apr/2026:13:05:20 +1000] "GET / HTTP/1.1" 301 - "-" "Python/3.11 aiohttp/3.9.2"
118.127.40.73 - - [01/Apr/2026:13:05:20 +1000] "GET / HTTP/1.1" 301 - "-" "Python/3.11 aiohttp/3.9.2"
118.127.40.73 - - [01/Apr/2026:13:05:21 +1000] "GET /WP-POS/ HTTP/1.1" 200 39220 "-" "Python/3.11 aiohttp/3.9.2"
118.127.40.73 - - [01/Apr/2026:13:05:20 +1000] "GET /WP-POS/ HTTP/1.1" 200 39220 "-" "Python/3.11 aiohttp/3.9.2"
118.127.40.73 - - [01/Apr/2026:13:05:23 +1000] "GET / HTTP/1.1" 301 273 "-" "Python/3.11 aiohttp/3.9.2"
118.127.40.73 - - [01/Apr/2026:13:05:23 +1000] "GET / HTTP/1.1" 301 - "-" "Python/3.11 aiohttp/3.9.2"
118.127.40.73 - - [01/Apr/2026:13:05:23 +1000] "GET /WP-POS/ HTTP/1.1" 200 39220 "-" "Python/3.11 aiohttp/3.9.2"
118.127.40.73 - - [01/Apr/2026:13:05:25 +1000] "GET /Call_control_update HTTP/1.1" 301 292 "-" "Python/3.11 aiohttp/3.9.2"
118.127.40.73 - - [01/Apr/2026:13:05:26 +1000] "GET /Call_control_update HTTP/1.1" 404 - "-" "Python/3.11 aiohttp/3.9.2"
118.127.40.73 - - [01/Apr/2026:13:05:26 +1000] "GET /Call_control_update HTTP/1.1" 301 292 "-" "Python/3.11 aiohttp/3.9.2"
118.127.40.73 - - [01/Apr/2026:13:05:26 +1000] "GET /Call_control_update HTTP/1.1" 404 - "-" "Python/3.11 aiohttp/3.9.2"
118.127.40.73 - - [01/Apr/2026:13:05:26 +1000] "GET / HTTP/1.1" 301 - "-" "Python/3.11 aiohttp/3.9.2"
118.127.40.73 - - [01/Apr/2026:13:05:26 +1000] "GET /WP-POS/ HTTP/1.1" 200 39220 "-" "Python/3.11 aiohttp/3.9.2"
118.127.40.73 - - [01/Apr/2026:13:05:26 +1000] "GET / HTTP/1.1" 301 - "-" "Python/3.11 aiohttp/3.9.2"
118.127.40.73 - - [01/Apr/2026:13:05:27 +1000] "GET /WP-POS/ HTTP/1.1" 200 39220 "-" "Python/3.11 aiohttp/3.9.2"
170.106.148.137 - - [01/Apr/2026:13:05:59 +1000] "GET / HTTP/1.1" 301 - "http://posscales.com.au" "Mozilla/5.0 (iPhone; CPU iPhone OS 13_2_3 like Mac OS X) AppleWebKit/605.1.15 (KHTML, like Gecko) Version/13.0.3 Mobile/15E148 Safari/604.1"
170.106.148.137 - - [01/Apr/2026:13:06:00 +1000] "GET /WP-POS/ HTTP/1.1" 200 39220 "https://posscales.com.au/" "Mozilla/5.0 (iPhone; CPU iPhone OS 13_2_3 like Mac OS X) AppleWebKit/605.1.15 (KHTML, like Gecko) Version/13.0.3 Mobile/15E148 Safari/604.1"
43.156.202.34 - - [01/Apr/2026:13:07:07 +1000] "GET / HTTP/1.1" 301 273 "http://posscales.net" "Mozilla/5.0 (iPhone; CPU iPhone OS 13_2_3 like Mac OS X) AppleWebKit/605.1.15 (KHTML, like Gecko) Version/13.0.3 Mobile/15E148 Safari/604.1"
118.127.40.73 - - [01/Apr/2026:13:07:08 +1000] "POST /WP-POS/wp-cron.php?doing_wp_cron=1775012828.2613360881805419921875 HTTP/1.1" 200 - "-" "WordPress/6.9.1; https://posscales.com.au/WP-POS"
43.156.202.34 - - [01/Apr/2026:13:07:08 +1000] "GET / HTTP/1.1" 301 - "https://posscales.net/" "Mozilla/5.0 (iPhone; CPU iPhone OS 13_2_3 like Mac OS X) AppleWebKit/605.1.15 (KHTML, like Gecko) Version/13.0.3 Mobile/15E148 Safari/604.1"
43.156.202.34 - - [01/Apr/2026:13:07:08 +1000] "GET /WP-POS/ HTTP/1.1" 200 39220 "https://posscales.com.au/" "Mozilla/5.0 (iPhone; CPU iPhone OS 13_2_3 like Mac OS X) AppleWebKit/605.1.15 (KHTML, like Gecko) Version/13.0.3 Mobile/15E148 Safari/604.1"
172.86.72.32 - - [01/Apr/2026:13:08:40 +1000] "GET /.env HTTP/1.1" 404 - "-" "python-requests/2.33.0"
172.86.72.32 - - [01/Apr/2026:13:08:45 +1000] "GET /.env.example HTTP/1.1" 404 - "-" "python-requests/2.33.0"
198.235.24.167 - - [01/Apr/2026:13:13:11 +1000] "GET / HTTP/1.1" 301 273 "-" "Hello from Palo Alto Networks, find out more about our scans in https://docs-cortex.paloaltonetworks.com/r/1/Cortex-Xpanse/Scanning-activity"
118.127.40.73 - - [01/Apr/2026:13:13:12 +1000] "POST /WP-POS/wp-cron.php?doing_wp_cron=1775013192.2568690776824951171875 HTTP/1.1" 200 - "-" "WordPress/6.9.1; https://posscales.com.au/WP-POS"
198.235.24.167 - - [01/Apr/2026:13:13:12 +1000] "GET / HTTP/1.1" 301 - "-" "Hello from Palo Alto Networks, find out more about our scans in https://docs-cortex.paloaltonetworks.com/r/1/Cortex-Xpanse/Scanning-activity"
104.210.140.142 - - [01/Apr/2026:13:13:12 +1000] "GET /UpDater/index.php?uri=robots.txt HTTP/1.1" 404 - "-" "Mozilla/5.0 (Macintosh; Intel Mac OS X 10_15_7) AppleWebKit/537.36 (KHTML, like Gecko) Chrome/131.0.0.0 Safari/537.36; compatible; OAI-SearchBot/1.0; +https://openai.com/searchbot"
198.235.24.167 - - [01/Apr/2026:13:13:13 +1000] "GET /WP-POS/ HTTP/1.1" 200 39220 "-" "Hello from Palo Alto Networks, find out more about our scans in https://docs-cortex.paloaltonetworks.com/r/1/Cortex-Xpanse/Scanning-activity"
104.210.140.142 - - [01/Apr/2026:13:13:13 +1000] "GET /UpDater/index.php?uri=robots.txt HTTP/1.1" 404 - "-" "Mozilla/5.0 (Macintosh; Intel Mac OS X 10_15_7) AppleWebKit/537.36 (KHTML, like Gecko) Chrome/131.0.0.0 Safari/537.36; compatible; OAI-SearchBot/1.0; +https://openai.com/searchbot"
66.249.73.12 - - [01/Apr/2026:13:14:21 +1000] "GET /robots.txt HTTP/1.1" 301 283 "-" "Mozilla/5.0 (compatible; Googlebot/2.1; +http://www.google.com/bot.html)"
66.249.73.205 - - [01/Apr/2026:13:14:22 +1000] "GET /robots.txt HTTP/1.1" 200 286 "-" "Mozilla/5.0 (compatible; Googlebot/2.1; +http://www.google.com/bot.html)"
66.249.73.14 - - [01/Apr/2026:13:14:24 +1000] "GET / HTTP/1.1" 301 273 "-" "Mozilla/5.0 (Linux; Android 6.0.1; Nexus 5X Build/MMB29P) AppleWebKit/537.36 (KHTML, like Gecko) Chrome/146.0.7680.164 Mobile Safari/537.36 (compatible; Googlebot/2.1; +http://www.google.com/bot.html)"
118.127.40.73 - - [01/Apr/2026:13:14:24 +1000] "POST /WP-POS/wp-cron.php?doing_wp_cron=1775013264.5795419216156005859375 HTTP/1.1" 200 - "-" "WordPress/6.9.1; https://posscales.com.au/WP-POS"
66.249.73.205 - - [01/Apr/2026:13:14:24 +1000] "GET / HTTP/1.1" 301 - "-" "Mozilla/5.0 (Linux; Android 6.0.1; Nexus 5X Build/MMB29P) AppleWebKit/537.36 (KHTML, like Gecko) Chrome/146.0.7680.164 Mobile Safari/537.36 (compatible; Googlebot/2.1; +http://www.google.com/bot.html)"
66.249.73.205 - - [01/Apr/2026:13:14:24 +1000] "GET /WP-POS/ HTTP/1.1" 200 39220 "-" "Mozilla/5.0 (Linux; Android 6.0.1; Nexus 5X Build/MMB29P) AppleWebKit/537.36 (KHTML, like Gecko) Chrome/146.0.7680.164 Mobile Safari/537.36 (compatible; Googlebot/2.1; +http://www.google.com/bot.html)"
45.153.34.253 - - [01/Apr/2026:13:16:14 +1000] "GET /wp-login.php HTTP/1.1" 301 285 "https://t.co/" "Mozilla/5.0 (Windows NT 11.0; Win64; x64; rv:119.0) Gecko/20100101 Firefox/119.0"
45.153.34.253 - - [01/Apr/2026:13:16:15 +1000] "GET /wp-login.php HTTP/1.1" 404 16 "https://t.co/" "Mozilla/5.0 (Windows NT 11.0; Win64; x64; rv:119.0) Gecko/20100101 Firefox/119.0"
45.153.34.253 - - [01/Apr/2026:13:16:15 +1000] "GET /wp-login.php HTTP/1.1" 301 285 "https://t.co/" "Mozilla/5.0 (X11; Linux x86_64) AppleWebKit/537.36 (KHTML, like Gecko) Chrome/118.0.0.0 Safari/537.36"
45.153.34.253 - - [01/Apr/2026:13:16:16 +1000] "GET /wp-login.php HTTP/1.1" 404 16 "https://t.co/" "Mozilla/5.0 (X11; Linux x86_64) AppleWebKit/537.36 (KHTML, like Gecko) Chrome/118.0.0.0 Safari/537.36"
45.153.34.253 - - [01/Apr/2026:13:16:16 +1000] "GET /wp-admin/ HTTP/1.1" 301 282 "https://www.bing.com/" "Mozilla/5.0 (Macintosh; Intel Mac OS X 13_6_1) AppleWebKit/605.1.15 (KHTML, like Gecko) Version/17.2 Safari/605.1.15"
45.153.34.253 - - [01/Apr/2026:13:16:16 +1000] "GET /wp-admin/ HTTP/1.1" 404 - "https://www.bing.com/" "Mozilla/5.0 (Macintosh; Intel Mac OS X 13_6_1) AppleWebKit/605.1.15 (KHTML, like Gecko) Version/17.2 Safari/605.1.15"
45.153.34.253 - - [01/Apr/2026:13:16:17 +1000] "GET /wp-login.php HTTP/1.1" 404 16 "https://www.google.com/" "Mozilla/5.0 (Macintosh; Intel Mac OS X 13_6_1) AppleWebKit/537.36 (KHTML, like Gecko) Chrome/121.0.0.0 Safari/537.36"
45.153.34.253 - - [01/Apr/2026:13:16:18 +1000] "GET /wp-login.php HTTP/1.1" 404 16 "https://www.google.com/search?q=wordpress" "Mozilla/5.0 (Macintosh; Intel Mac OS X 10_15_7) AppleWebKit/537.36 (KHTML, like Gecko) Chrome/119.0.0.0 Safari/537.36"
45.153.34.253 - - [01/Apr/2026:13:16:18 +1000] "GET /wp-admin/ HTTP/1.1" 404 - "https://duckduckgo.com/" "Mozilla/5.0 (Windows NT 11.0; Win64; x64) AppleWebKit/537.36 (KHTML, like Gecko) Chrome/120.0.0.0 Safari/537.36"
45.153.34.253 - - [01/Apr/2026:13:16:19 +1000] "GET /wp-login.php HTTP/1.1" 301 273 "-" "Mozilla/5.0 (Windows NT 11.0; Win64; x64; rv:120.0) Gecko/20100101 Firefox/120.0"
118.127.40.73 - - [01/Apr/2026:13:16:21 +1000] "POST /WP-POS/wp-cron.php?doing_wp_cron=1775013380.9865210056304931640625 HTTP/1.1" 200 - "-" "WordPress/6.9.1; https://posscales.com.au/WP-POS"
45.153.34.253 - - [01/Apr/2026:13:16:20 +1000] "GET / HTTP/1.1" 301 - "-" "Mozilla/5.0 (Windows NT 11.0; Win64; x64; rv:120.0) Gecko/20100101 Firefox/120.0"
45.153.34.253 - - [01/Apr/2026:13:16:21 +1000] "GET /WP-POS/ HTTP/1.1" 200 39220 "-" "Mozilla/5.0 (Windows NT 11.0; Win64; x64; rv:120.0) Gecko/20100101 Firefox/120.0"
45.153.34.253 - - [01/Apr/2026:13:16:21 +1000] "GET /?author=1 HTTP/1.1" 301 282 "-" "Mozilla/5.0 (Macintosh; Intel Mac OS X 13_6_1; rv:121.0) Gecko/20100101 Firefox/121.0"
45.153.34.253 - - [01/Apr/2026:13:16:22 +1000] "GET /?author=1 HTTP/1.1" 404 34195 "-" "Mozilla/5.0 (Macintosh; Intel Mac OS X 13_6_1; rv:121.0) Gecko/20100101 Firefox/121.0"
45.153.34.253 - - [01/Apr/2026:13:16:22 +1000] "GET /?author=2 HTTP/1.1" 301 282 "-" "Mozilla/5.0 (Macintosh; Intel Mac OS X 10_15_7) AppleWebKit/605.1.15 (KHTML, like Gecko) Version/17.1 Safari/605.1.15"
45.153.34.253 - - [01/Apr/2026:13:16:22 +1000] "GET /?author=2 HTTP/1.1" 404 34195 "-" "Mozilla/5.0 (Macintosh; Intel Mac OS X 10_15_7) AppleWebKit/605.1.15 (KHTML, like Gecko) Version/17.1 Safari/605.1.15"
45.153.34.253 - - [01/Apr/2026:13:16:23 +1000] "GET /?author=3 HTTP/1.1" 301 282 "https://www.google.com/" "Mozilla/5.0 (Macintosh; Intel Mac OS X 13_6_1) AppleWebKit/537.36 (KHTML, like Gecko) Chrome/119.0.0.0 Safari/537.36"
45.153.34.253 - - [01/Apr/2026:13:16:23 +1000] "GET /?author=3 HTTP/1.1" 404 34195 "https://www.google.com/" "Mozilla/5.0 (Macintosh; Intel Mac OS X 13_6_1) AppleWebKit/537.36 (KHTML, like Gecko) Chrome/119.0.0.0 Safari/537.36"
45.153.34.253 - - [01/Apr/2026:13:16:23 +1000] "GET /?author=4 HTTP/1.1" 301 282 "-" "Mozilla/5.0 (Macintosh; Intel Mac OS X 10_15_7) AppleWebKit/605.1.15 (KHTML, like Gecko) Version/17.2 Safari/605.1.15"
45.153.34.253 - - [01/Apr/2026:13:16:24 +1000] "GET /?author=4 HTTP/1.1" 404 34195 "-" "Mozilla/5.0 (Macintosh; Intel Mac OS X 10_15_7) AppleWebKit/605.1.15 (KHTML, like Gecko) Version/17.2 Safari/605.1.15"
45.153.34.253 - - [01/Apr/2026:13:16:24 +1000] "GET /?author=5 HTTP/1.1" 301 282 "-" "Mozilla/5.0 (Macintosh; Intel Mac OS X 13_6_1) AppleWebKit/605.1.15 (KHTML, like Gecko) Version/17.1 Safari/605.1.15"
45.153.34.253 - - [01/Apr/2026:13:16:24 +1000] "GET /?author=5 HTTP/1.1" 404 34195 "-" "Mozilla/5.0 (Macintosh; Intel Mac OS X 13_6_1) AppleWebKit/605.1.15 (KHTML, like Gecko) Version/17.1 Safari/605.1.15"
45.153.34.253 - - [01/Apr/2026:13:16:25 +1000] "GET /wp-json/wp/v2/users HTTP/1.1" 301 273 "-" "Mozilla/5.0 (Windows NT 10.0; Win64; x64; rv:118.0) Gecko/20100101 Firefox/118.0"
45.153.34.253 - - [01/Apr/2026:13:16:25 +1000] "GET / HTTP/1.1" 301 - "-" "Mozilla/5.0 (Windows NT 10.0; Win64; x64; rv:118.0) Gecko/20100101 Firefox/118.0"
45.153.34.253 - - [01/Apr/2026:13:16:25 +1000] "GET /WP-POS/ HTTP/1.1" 200 39220 "-" "Mozilla/5.0 (Windows NT 10.0; Win64; x64; rv:118.0) Gecko/20100101 Firefox/118.0"
45.153.34.253 - - [01/Apr/2026:13:16:26 +1000] "POST /wp-login.php HTTP/1.1" 301 273 "https://posscales.net/wp-login.php" "Mozilla/5.0 (Windows NT 11.0; Win64; x64) AppleWebKit/537.36 (KHTML, like Gecko) Chrome/121.0.0.0 Safari/537.36"
45.153.34.253 - - [01/Apr/2026:13:16:26 +1000] "GET /wp-admin/index.php HTTP/1.1" 301 273 "https://posscales.net/wp-login.php" "Mozilla/5.0 (Macintosh; Intel Mac OS X 13_6_1; rv:120.0) Gecko/20100101 Firefox/120.0"
45.153.34.253 - - [01/Apr/2026:13:16:27 +1000] "GET / HTTP/1.1" 301 - "https://posscales.net/wp-login.php" "Mozilla/5.0 (Macintosh; Intel Mac OS X 13_6_1; rv:120.0) Gecko/20100101 Firefox/120.0"
45.153.34.253 - - [01/Apr/2026:13:16:27 +1000] "GET /WP-POS/ HTTP/1.1" 200 39220 "https://posscales.net/wp-login.php" "Mozilla/5.0 (Macintosh; Intel Mac OS X 13_6_1; rv:120.0) Gecko/20100101 Firefox/120.0"
45.153.34.253 - - [01/Apr/2026:13:16:28 +1000] "GET /wp-admin/profile.php HTTP/1.1" 301 273 "https://posscales.net/wp-login.php" "Mozilla/5.0 (Macintosh; Intel Mac OS X 13_6_1; rv:120.0) Gecko/20100101 Firefox/120.0"
45.153.34.253 - - [01/Apr/2026:13:16:28 +1000] "GET / HTTP/1.1" 301 - "https://posscales.net/wp-login.php" "Mozilla/5.0 (Macintosh; Intel Mac OS X 13_6_1; rv:120.0) Gecko/20100101 Firefox/120.0"
45.153.34.253 - - [01/Apr/2026:13:16:28 +1000] "GET /WP-POS/ HTTP/1.1" 200 39220 "https://posscales.net/wp-login.php" "Mozilla/5.0 (Macintosh; Intel Mac OS X 13_6_1; rv:120.0) Gecko/20100101 Firefox/120.0"
45.153.34.253 - - [01/Apr/2026:13:16:29 +1000] "GET /wp-admin/edit.php HTTP/1.1" 301 273 "https://posscales.net/wp-login.php" "Mozilla/5.0 (Macintosh; Intel Mac OS X 13_6_1; rv:120.0) Gecko/20100101 Firefox/120.0"
45.153.34.253 - - [01/Apr/2026:13:16:29 +1000] "GET / HTTP/1.1" 301 - "https://posscales.net/wp-login.php" "Mozilla/5.0 (Macintosh; Intel Mac OS X 13_6_1; rv:120.0) Gecko/20100101 Firefox/120.0"
45.153.34.253 - - [01/Apr/2026:13:16:30 +1000] "GET /WP-POS/ HTTP/1.1" 200 39220 "https://posscales.net/wp-login.php" "Mozilla/5.0 (Macintosh; Intel Mac OS X 13_6_1; rv:120.0) Gecko/20100101 Firefox/120.0"
45.153.34.253 - - [01/Apr/2026:13:16:30 +1000] "GET /wp-admin/plugins.php HTTP/1.1" 301 273 "https://posscales.net/wp-login.php" "Mozilla/5.0 (Macintosh; Intel Mac OS X 13_6_1; rv:120.0) Gecko/20100101 Firefox/120.0"
45.153.34.253 - - [01/Apr/2026:13:16:30 +1000] "GET / HTTP/1.1" 301 - "https://posscales.net/wp-login.php" "Mozilla/5.0 (Macintosh; Intel Mac OS X 13_6_1; rv:120.0) Gecko/20100101 Firefox/120.0"
45.153.34.253 - - [01/Apr/2026:13:16:31 +1000] "GET /WP-POS/ HTTP/1.1" 200 39220 "https://posscales.net/wp-login.php" "Mozilla/5.0 (Macintosh; Intel Mac OS X 13_6_1; rv:120.0) Gecko/20100101 Firefox/120.0"
45.153.34.253 - - [01/Apr/2026:13:16:31 +1000] "POST /wp-login.php HTTP/1.1" 301 273 "https://posscales.net/wp-login.php" "Mozilla/5.0 (Macintosh; Intel Mac OS X 13_6_1) AppleWebKit/605.1.15 (KHTML, like Gecko) Version/17.2 Safari/605.1.15"
45.153.34.253 - - [01/Apr/2026:13:16:32 +1000] "GET /wp-admin/index.php HTTP/1.1" 301 273 "https://posscales.net/wp-login.php" "Mozilla/5.0 (Windows NT 11.0; Win64; x64; rv:120.0) Gecko/20100101 Firefox/120.0"
45.153.34.253 - - [01/Apr/2026:13:16:32 +1000] "GET / HTTP/1.1" 301 - "https://posscales.net/wp-login.php" "Mozilla/5.0 (Windows NT 11.0; Win64; x64; rv:120.0) Gecko/20100101 Firefox/120.0"
45.153.34.253 - - [01/Apr/2026:13:16:32 +1000] "GET /WP-POS/ HTTP/1.1" 200 39220 "https://posscales.net/wp-login.php" "Mozilla/5.0 (Windows NT 11.0; Win64; x64; rv:120.0) Gecko/20100101 Firefox/120.0"
45.153.34.253 - - [01/Apr/2026:13:16:33 +1000] "GET /wp-admin/profile.php HTTP/1.1" 301 273 "https://posscales.net/wp-login.php" "Mozilla/5.0 (Windows NT 11.0; Win64; x64; rv:120.0) Gecko/20100101 Firefox/120.0"
45.153.34.253 - - [01/Apr/2026:13:16:33 +1000] "GET / HTTP/1.1" 301 - "https://posscales.net/wp-login.php" "Mozilla/5.0 (Windows NT 11.0; Win64; x64; rv:120.0) Gecko/20100101 Firefox/120.0"
45.153.34.253 - - [01/Apr/2026:13:16:34 +1000] "GET /WP-POS/ HTTP/1.1" 200 39220 "https://posscales.net/wp-login.php" "Mozilla/5.0 (Windows NT 11.0; Win64; x64; rv:120.0) Gecko/20100101 Firefox/120.0"
45.153.34.253 - - [01/Apr/2026:13:16:34 +1000] "GET /wp-admin/edit.php HTTP/1.1" 301 273 "https://posscales.net/wp-login.php" "Mozilla/5.0 (Windows NT 11.0; Win64; x64; rv:120.0) Gecko/20100101 Firefox/120.0"
45.153.34.253 - - [01/Apr/2026:13:16:35 +1000] "GET / HTTP/1.1" 301 - "https://posscales.net/wp-login.php" "Mozilla/5.0 (Windows NT 11.0; Win64; x64; rv:120.0) Gecko/20100101 Firefox/120.0"
45.153.34.253 - - [01/Apr/2026:13:16:35 +1000] "GET /WP-POS/ HTTP/1.1" 200 39220 "https://posscales.net/wp-login.php" "Mozilla/5.0 (Windows NT 11.0; Win64; x64; rv:120.0) Gecko/20100101 Firefox/120.0"
45.153.34.253 - - [01/Apr/2026:13:16:36 +1000] "GET /wp-admin/plugins.php HTTP/1.1" 301 273 "https://posscales.net/wp-login.php" "Mozilla/5.0 (Windows NT 11.0; Win64; x64; rv:120.0) Gecko/20100101 Firefox/120.0"
45.153.34.253 - - [01/Apr/2026:13:16:36 +1000] "GET / HTTP/1.1" 301 - "https://posscales.net/wp-login.php" "Mozilla/5.0 (Windows NT 11.0; Win64; x64; rv:120.0) Gecko/20100101 Firefox/120.0"
45.153.34.253 - - [01/Apr/2026:13:16:36 +1000] "GET /WP-POS/ HTTP/1.1" 200 39220 "https://posscales.net/wp-login.php" "Mozilla/5.0 (Windows NT 11.0; Win64; x64; rv:120.0) Gecko/20100101 Firefox/120.0"
45.153.34.253 - - [01/Apr/2026:13:16:37 +1000] "POST /wp-login.php HTTP/1.1" 301 273 "https://posscales.net/wp-login.php" "Mozilla/5.0 (Macintosh; Intel Mac OS X 10_15_7) AppleWebKit/605.1.15 (KHTML, like Gecko) Version/17.0 Safari/605.1.15"
45.153.34.253 - - [01/Apr/2026:13:16:37 +1000] "GET /wp-admin/index.php HTTP/1.1" 301 273 "https://posscales.net/wp-login.php" "Mozilla/5.0 (Macintosh; Intel Mac OS X 13_6_1) AppleWebKit/537.36 (KHTML, like Gecko) Chrome/121.0.0.0 Safari/537.36"
45.153.34.253 - - [01/Apr/2026:13:16:37 +1000] "GET / HTTP/1.1" 301 - "https://posscales.net/wp-login.php" "Mozilla/5.0 (Macintosh; Intel Mac OS X 13_6_1) AppleWebKit/537.36 (KHTML, like Gecko) Chrome/121.0.0.0 Safari/537.36"
45.153.34.253 - - [01/Apr/2026:13:16:38 +1000] "GET /WP-POS/ HTTP/1.1" 200 39220 "https://posscales.net/wp-login.php" "Mozilla/5.0 (Macintosh; Intel Mac OS X 13_6_1) AppleWebKit/537.36 (KHTML, like Gecko) Chrome/121.0.0.0 Safari/537.36"
45.153.34.253 - - [01/Apr/2026:13:16:38 +1000] "GET /wp-admin/profile.php HTTP/1.1" 301 273 "https://posscales.net/wp-login.php" "Mozilla/5.0 (Macintosh; Intel Mac OS X 13_6_1) AppleWebKit/537.36 (KHTML, like Gecko) Chrome/121.0.0.0 Safari/537.36"
45.153.34.253 - - [01/Apr/2026:13:16:39 +1000] "GET / HTTP/1.1" 301 - "https://posscales.net/wp-login.php" "Mozilla/5.0 (Macintosh; Intel Mac OS X 13_6_1) AppleWebKit/537.36 (KHTML, like Gecko) Chrome/121.0.0.0 Safari/537.36"
45.153.34.253 - - [01/Apr/2026:13:16:39 +1000] "GET /WP-POS/ HTTP/1.1" 200 39220 "https://posscales.net/wp-login.php" "Mozilla/5.0 (Macintosh; Intel Mac OS X 13_6_1) AppleWebKit/537.36 (KHTML, like Gecko) Chrome/121.0.0.0 Safari/537.36"
45.153.34.253 - - [01/Apr/2026:13:16:40 +1000] "GET /wp-admin/edit.php HTTP/1.1" 301 273 "https://posscales.net/wp-login.php" "Mozilla/5.0 (Macintosh; Intel Mac OS X 13_6_1) AppleWebKit/537.36 (KHTML, like Gecko) Chrome/121.0.0.0 Safari/537.36"
45.153.34.253 - - [01/Apr/2026:13:16:40 +1000] "GET / HTTP/1.1" 301 - "https://posscales.net/wp-login.php" "Mozilla/5.0 (Macintosh; Intel Mac OS X 13_6_1) AppleWebKit/537.36 (KHTML, like Gecko) Chrome/121.0.0.0 Safari/537.36"
45.153.34.253 - - [01/Apr/2026:13:16:40 +1000] "GET /WP-POS/ HTTP/1.1" 200 39220 "https://posscales.net/wp-login.php" "Mozilla/5.0 (Macintosh; Intel Mac OS X 13_6_1) AppleWebKit/537.36 (KHTML, like Gecko) Chrome/121.0.0.0 Safari/537.36"
45.153.34.253 - - [01/Apr/2026:13:16:41 +1000] "GET /wp-admin/plugins.php HTTP/1.1" 301 273 "https://posscales.net/wp-login.php" "Mozilla/5.0 (Macintosh; Intel Mac OS X 13_6_1) AppleWebKit/537.36 (KHTML, like Gecko) Chrome/121.0.0.0 Safari/537.36"
45.153.34.253 - - [01/Apr/2026:13:16:41 +1000] "GET / HTTP/1.1" 301 - "https://posscales.net/wp-login.php" "Mozilla/5.0 (Macintosh; Intel Mac OS X 13_6_1) AppleWebKit/537.36 (KHTML, like Gecko) Chrome/121.0.0.0 Safari/537.36"
45.153.34.253 - - [01/Apr/2026:13:16:42 +1000] "GET /WP-POS/ HTTP/1.1" 200 39220 "https://posscales.net/wp-login.php" "Mozilla/5.0 (Macintosh; Intel Mac OS X 13_6_1) AppleWebKit/537.36 (KHTML, like Gecko) Chrome/121.0.0.0 Safari/537.36"
45.153.34.253 - - [01/Apr/2026:13:16:42 +1000] "POST /wp-login.php HTTP/1.1" 301 273 "https://posscales.net/wp-login.php" "Mozilla/5.0 (X11; Linux x86_64) AppleWebKit/537.36 (KHTML, like Gecko) Chrome/119.0.0.0 Safari/537.36"
45.153.34.253 - - [01/Apr/2026:13:16:43 +1000] "GET /wp-admin/index.php HTTP/1.1" 301 273 "https://posscales.net/wp-login.php" "Mozilla/5.0 (Macintosh; Intel Mac OS X 10_15_7; rv:121.0) Gecko/20100101 Firefox/121.0"
45.153.34.253 - - [01/Apr/2026:13:16:43 +1000] "GET / HTTP/1.1" 301 - "https://posscales.net/wp-login.php" "Mozilla/5.0 (Macintosh; Intel Mac OS X 10_15_7; rv:121.0) Gecko/20100101 Firefox/121.0"
45.153.34.253 - - [01/Apr/2026:13:16:43 +1000] "GET /WP-POS/ HTTP/1.1" 200 39220 "https://posscales.net/wp-login.php" "Mozilla/5.0 (Macintosh; Intel Mac OS X 10_15_7; rv:121.0) Gecko/20100101 Firefox/121.0"
45.153.34.253 - - [01/Apr/2026:13:16:44 +1000] "GET /wp-admin/profile.php HTTP/1.1" 301 273 "https://posscales.net/wp-login.php" "Mozilla/5.0 (Macintosh; Intel Mac OS X 10_15_7; rv:121.0) Gecko/20100101 Firefox/121.0"
45.153.34.253 - - [01/Apr/2026:13:16:44 +1000] "GET / HTTP/1.1" 301 - "https://posscales.net/wp-login.php" "Mozilla/5.0 (Macintosh; Intel Mac OS X 10_15_7; rv:121.0) Gecko/20100101 Firefox/121.0"
45.153.34.253 - - [01/Apr/2026:13:16:45 +1000] "GET /WP-POS/ HTTP/1.1" 200 39220 "https://posscales.net/wp-login.php" "Mozilla/5.0 (Macintosh; Intel Mac OS X 10_15_7; rv:121.0) Gecko/20100101 Firefox/121.0"
45.153.34.253 - - [01/Apr/2026:13:16:46 +1000] "GET /wp-admin/edit.php HTTP/1.1" 301 273 "https://posscales.net/wp-login.php" "Mozilla/5.0 (Macintosh; Intel Mac OS X 10_15_7; rv:121.0) Gecko/20100101 Firefox/121.0"
45.153.34.253 - - [01/Apr/2026:13:16:46 +1000] "GET / HTTP/1.1" 301 - "https://posscales.net/wp-login.php" "Mozilla/5.0 (Macintosh; Intel Mac OS X 10_15_7; rv:121.0) Gecko/20100101 Firefox/121.0"
45.153.34.253 - - [01/Apr/2026:13:16:47 +1000] "GET /WP-POS/ HTTP/1.1" 200 39220 "https://posscales.net/wp-login.php" "Mozilla/5.0 (Macintosh; Intel Mac OS X 10_15_7; rv:121.0) Gecko/20100101 Firefox/121.0"
45.153.34.253 - - [01/Apr/2026:13:16:47 +1000] "GET /wp-admin/plugins.php HTTP/1.1" 301 273 "https://posscales.net/wp-login.php" "Mozilla/5.0 (Macintosh; Intel Mac OS X 10_15_7; rv:121.0) Gecko/20100101 Firefox/121.0"
45.153.34.253 - - [01/Apr/2026:13:16:48 +1000] "GET / HTTP/1.1" 301 - "https://posscales.net/wp-login.php" "Mozilla/5.0 (Macintosh; Intel Mac OS X 10_15_7; rv:121.0) Gecko/20100101 Firefox/121.0"
45.153.34.253 - - [01/Apr/2026:13:16:48 +1000] "GET /WP-POS/ HTTP/1.1" 200 39220 "https://posscales.net/wp-login.php" "Mozilla/5.0 (Macintosh; Intel Mac OS X 10_15_7; rv:121.0) Gecko/20100101 Firefox/121.0"
45.153.34.253 - - [01/Apr/2026:13:16:49 +1000] "POST /wp-login.php HTTP/1.1" 301 273 "https://posscales.net/wp-login.php" "Mozilla/5.0 (Macintosh; Intel Mac OS X 13_6_1) AppleWebKit/537.36 (KHTML, like Gecko) Chrome/120.0.0.0 Safari/537.36"
45.153.34.253 - - [01/Apr/2026:13:16:49 +1000] "GET /wp-admin/index.php HTTP/1.1" 301 273 "https://posscales.net/wp-login.php" "Mozilla/5.0 (Macintosh; Intel Mac OS X 13_6_1) AppleWebKit/537.36 (KHTML, like Gecko) Chrome/118.0.0.0 Safari/537.36"
45.153.34.253 - - [01/Apr/2026:13:16:49 +1000] "GET / HTTP/1.1" 301 - "https://posscales.net/wp-login.php" "Mozilla/5.0 (Macintosh; Intel Mac OS X 13_6_1) AppleWebKit/537.36 (KHTML, like Gecko) Chrome/118.0.0.0 Safari/537.36"
45.153.34.253 - - [01/Apr/2026:13:16:50 +1000] "GET /WP-POS/ HTTP/1.1" 200 39220 "https://posscales.net/wp-login.php" "Mozilla/5.0 (Macintosh; Intel Mac OS X 13_6_1) AppleWebKit/537.36 (KHTML, like Gecko) Chrome/118.0.0.0 Safari/537.36"
45.153.34.253 - - [01/Apr/2026:13:16:50 +1000] "GET /wp-admin/profile.php HTTP/1.1" 301 273 "https://posscales.net/wp-login.php" "Mozilla/5.0 (Macintosh; Intel Mac OS X 13_6_1) AppleWebKit/537.36 (KHTML, like Gecko) Chrome/118.0.0.0 Safari/537.36"
45.153.34.253 - - [01/Apr/2026:13:16:50 +1000] "GET / HTTP/1.1" 301 - "https://posscales.net/wp-login.php" "Mozilla/5.0 (Macintosh; Intel Mac OS X 13_6_1) AppleWebKit/537.36 (KHTML, like Gecko) Chrome/118.0.0.0 Safari/537.36"
45.153.34.253 - - [01/Apr/2026:13:16:51 +1000] "GET /WP-POS/ HTTP/1.1" 200 39220 "https://posscales.net/wp-login.php" "Mozilla/5.0 (Macintosh; Intel Mac OS X 13_6_1) AppleWebKit/537.36 (KHTML, like Gecko) Chrome/118.0.0.0 Safari/537.36"
45.153.34.253 - - [01/Apr/2026:13:16:51 +1000] "GET /wp-admin/edit.php HTTP/1.1" 301 273 "https://posscales.net/wp-login.php" "Mozilla/5.0 (Macintosh; Intel Mac OS X 13_6_1) AppleWebKit/537.36 (KHTML, like Gecko) Chrome/118.0.0.0 Safari/537.36"
45.153.34.253 - - [01/Apr/2026:13:16:52 +1000] "GET / HTTP/1.1" 301 - "https://posscales.net/wp-login.php" "Mozilla/5.0 (Macintosh; Intel Mac OS X 13_6_1) AppleWebKit/537.36 (KHTML, like Gecko) Chrome/118.0.0.0 Safari/537.36"
66.249.73.193 - - [01/Apr/2026:13:16:52 +1000] "GET /WP-POS/wp-includes/css/dashicons.min.css?ver=6.9.1 HTTP/1.1" 200 59004 "https://posscales.com.au/WP-POS/" "Mozilla/5.0 (Linux; Android 6.0.1; Nexus 5X Build/MMB29P) AppleWebKit/537.36 (KHTML, like Gecko) Chrome/146.0.7680.164 Mobile Safari/537.36 (compatible; Googlebot/2.1; +http://www.google.com/bot.html)"
45.153.34.253 - - [01/Apr/2026:13:16:52 +1000] "GET /WP-POS/ HTTP/1.1" 200 39220 "https://posscales.net/wp-login.php" "Mozilla/5.0 (Macintosh; Intel Mac OS X 13_6_1) AppleWebKit/537.36 (KHTML, like Gecko) Chrome/118.0.0.0 Safari/537.36"
66.249.73.193 - - [01/Apr/2026:13:16:53 +1000] "GET /WP-POS/wp-content/themes/angle/functions/wpzoom/assets/css/theme-utils.css?ver=6.9.1 HTTP/1.1" 200 265 "https://posscales.com.au/WP-POS/" "Mozilla/5.0 (Linux; Android 6.0.1; Nexus 5X Build/MMB29P) AppleWebKit/537.36 (KHTML, like Gecko) Chrome/146.0.7680.164 Mobile Safari/537.36 (compatible; Googlebot/2.1; +http://www.google.com/bot.html)"
45.153.34.253 - - [01/Apr/2026:13:16:53 +1000] "GET /wp-admin/plugins.php HTTP/1.1" 301 273 "https://posscales.net/wp-login.php" "Mozilla/5.0 (Macintosh; Intel Mac OS X 13_6_1) AppleWebKit/537.36 (KHTML, like Gecko) Chrome/118.0.0.0 Safari/537.36"
45.153.34.253 - - [01/Apr/2026:13:16:53 +1000] "GET / HTTP/1.1" 301 - "https://posscales.net/wp-login.php" "Mozilla/5.0 (Macintosh; Intel Mac OS X 13_6_1) AppleWebKit/537.36 (KHTML, like Gecko) Chrome/118.0.0.0 Safari/537.36"
45.153.34.253 - - [01/Apr/2026:13:16:53 +1000] "GET /WP-POS/ HTTP/1.1" 200 39220 "https://posscales.net/wp-login.php" "Mozilla/5.0 (Macintosh; Intel Mac OS X 13_6_1) AppleWebKit/537.36 (KHTML, like Gecko) Chrome/118.0.0.0 Safari/537.36"
45.153.34.253 - - [01/Apr/2026:13:16:54 +1000] "POST /wp-login.php HTTP/1.1" 301 273 "https://posscales.net/wp-login.php" "Mozilla/5.0 (Windows NT 10.0; Win64; x64; rv:119.0) Gecko/20100101 Firefox/119.0"
66.249.73.192 - - [01/Apr/2026:13:16:54 +1000] "GET /WP-POS/wp-content/plugins/social-icons-widget-by-wpzoom/assets/css/academicons.min.css?ver=1772928000 HTTP/1.1" 200 10201 "https://posscales.com.au/WP-POS/" "Mozilla/5.0 (Linux; Android 6.0.1; Nexus 5X Build/MMB29P) AppleWebKit/537.36 (KHTML, like Gecko) Chrome/146.0.7680.164 Mobile Safari/537.36 (compatible; Googlebot/2.1; +http://www.google.com/bot.html)"
45.153.34.253 - - [01/Apr/2026:13:16:54 +1000] "GET /wp-admin/index.php HTTP/1.1" 301 273 "https://posscales.net/wp-login.php" "Mozilla/5.0 (Windows NT 10.0; Win64; x64; rv:118.0) Gecko/20100101 Firefox/118.0"
66.249.73.193 - - [01/Apr/2026:13:16:55 +1000] "GET /WP-POS/wp-content/plugins/contact-form-7/includes/js/index.js?ver=6.1.5 HTTP/1.1" 200 13452 "https://posscales.com.au/WP-POS/" "Mozilla/5.0 (Linux; Android 6.0.1; Nexus 5X Build/MMB29P) AppleWebKit/537.36 (KHTML, like Gecko) Chrome/146.0.7680.164 Mobile Safari/537.36 (compatible; Googlebot/2.1; +http://www.google.com/bot.html)"
45.153.34.253 - - [01/Apr/2026:13:16:55 +1000] "GET / HTTP/1.1" 301 - "https://posscales.net/wp-login.php" "Mozilla/5.0 (Windows NT 10.0; Win64; x64; rv:118.0) Gecko/20100101 Firefox/118.0"
45.153.34.253 - - [01/Apr/2026:13:16:55 +1000] "GET /WP-POS/ HTTP/1.1" 200 39220 "https://posscales.net/wp-login.php" "Mozilla/5.0 (Windows NT 10.0; Win64; x64; rv:118.0) Gecko/20100101 Firefox/118.0"
66.249.73.193 - - [01/Apr/2026:13:16:55 +1000] "GET /WP-POS/wp-content/plugins/contact-form-7/includes/swv/js/index.js?ver=6.1.5 HTTP/1.1" 200 12512 "https://posscales.com.au/WP-POS/" "Mozilla/5.0 (Linux; Android 6.0.1; Nexus 5X Build/MMB29P) AppleWebKit/537.36 (KHTML, like Gecko) Chrome/146.0.7680.164 Mobile Safari/537.36 (compatible; Googlebot/2.1; +http://www.google.com/bot.html)"
45.153.34.253 - - [01/Apr/2026:13:16:56 +1000] "GET /wp-admin/profile.php HTTP/1.1" 301 273 "https://posscales.net/wp-login.php" "Mozilla/5.0 (Windows NT 10.0; Win64; x64; rv:118.0) Gecko/20100101 Firefox/118.0"
45.153.34.253 - - [01/Apr/2026:13:16:56 +1000] "GET / HTTP/1.1" 301 - "https://posscales.net/wp-login.php" "Mozilla/5.0 (Windows NT 10.0; Win64; x64; rv:118.0) Gecko/20100101 Firefox/118.0"
45.153.34.253 - - [01/Apr/2026:13:16:56 +1000] "GET /WP-POS/ HTTP/1.1" 200 39220 "https://posscales.net/wp-login.php" "Mozilla/5.0 (Windows NT 10.0; Win64; x64; rv:118.0) Gecko/20100101 Firefox/118.0"
66.249.73.192 - - [01/Apr/2026:13:16:56 +1000] "GET /WP-POS/wp-includes/js/jquery/jquery.min.js?ver=3.7.1 HTTP/1.1" 200 87553 "https://posscales.com.au/WP-POS/" "Mozilla/5.0 (Linux; Android 6.0.1; Nexus 5X Build/MMB29P) AppleWebKit/537.36 (KHTML, like Gecko) Chrome/146.0.7680.164 Mobile Safari/537.36 (compatible; Googlebot/2.1; +http://www.google.com/bot.html)"
45.153.34.253 - - [01/Apr/2026:13:16:57 +1000] "GET /wp-admin/edit.php HTTP/1.1" 301 273 "https://posscales.net/wp-login.php" "Mozilla/5.0 (Windows NT 10.0; Win64; x64; rv:118.0) Gecko/20100101 Firefox/118.0"
66.249.73.192 - - [01/Apr/2026:13:16:57 +1000] "GET /WP-POS/wp-content/themes/angle/js/fitvids.min.js?ver=2.0.1 HTTP/1.1" 200 3261 "https://posscales.com.au/WP-POS/" "Mozilla/5.0 (Linux; Android 6.0.1; Nexus 5X Build/MMB29P) AppleWebKit/537.36 (KHTML, like Gecko) Chrome/146.0.7680.164 Mobile Safari/537.36 (compatible; Googlebot/2.1; +http://www.google.com/bot.html)"
45.153.34.253 - - [01/Apr/2026:13:16:57 +1000] "GET / HTTP/1.1" 301 - "https://posscales.net/wp-login.php" "Mozilla/5.0 (Windows NT 10.0; Win64; x64; rv:118.0) Gecko/20100101 Firefox/118.0"
45.153.34.253 - - [01/Apr/2026:13:16:58 +1000] "GET /WP-POS/ HTTP/1.1" 200 39220 "https://posscales.net/wp-login.php" "Mozilla/5.0 (Windows NT 10.0; Win64; x64; rv:118.0) Gecko/20100101 Firefox/118.0"
66.249.73.192 - - [01/Apr/2026:13:16:58 +1000] "GET /WP-POS/wp-content/themes/angle/js/superfish.min.js?ver=2.0.1 HTTP/1.1" 200 4206 "https://posscales.com.au/WP-POS/" "Mozilla/5.0 (Linux; Android 6.0.1; Nexus 5X Build/MMB29P) AppleWebKit/537.36 (KHTML, like Gecko) Chrome/146.0.7680.164 Mobile Safari/537.36 (compatible; Googlebot/2.1; +http://www.google.com/bot.html)"
45.153.34.253 - - [01/Apr/2026:13:16:58 +1000] "GET /wp-admin/plugins.php HTTP/1.1" 301 273 "https://posscales.net/wp-login.php" "Mozilla/5.0 (Windows NT 10.0; Win64; x64; rv:118.0) Gecko/20100101 Firefox/118.0"
45.153.34.253 - - [01/Apr/2026:13:16:59 +1000] "GET / HTTP/1.1" 301 - "https://posscales.net/wp-login.php" "Mozilla/5.0 (Windows NT 10.0; Win64; x64; rv:118.0) Gecko/20100101 Firefox/118.0"
45.153.34.253 - - [01/Apr/2026:13:16:59 +1000] "GET /WP-POS/ HTTP/1.1" 200 39220 "https://posscales.net/wp-login.php" "Mozilla/5.0 (Windows NT 10.0; Win64; x64; rv:118.0) Gecko/20100101 Firefox/118.0"
66.249.73.192 - - [01/Apr/2026:13:16:59 +1000] "GET /WP-POS/wp-content/themes/angle/js/functions.js?ver=2.0.1 HTTP/1.1" 200 10035 "https://posscales.com.au/WP-POS/" "Mozilla/5.0 (Linux; Android 6.0.1; Nexus 5X Build/MMB29P) AppleWebKit/537.36 (KHTML, like Gecko) Chrome/146.0.7680.164 Mobile Safari/537.36 (compatible; Googlebot/2.1; +http://www.google.com/bot.html)"
45.153.34.253 - - [01/Apr/2026:13:17:00 +1000] "POST /wp-login.php HTTP/1.1" 301 273 "https://posscales.net/wp-login.php" "Mozilla/5.0 (Windows NT 10.0; Win64; x64; rv:119.0) Gecko/20100101 Firefox/119.0"
45.153.34.253 - - [01/Apr/2026:13:17:00 +1000] "GET /wp-admin/index.php HTTP/1.1" 301 273 "https://posscales.net/wp-login.php" "Mozilla/5.0 (Macintosh; Intel Mac OS X 13_6_1) AppleWebKit/605.1.15 (KHTML, like Gecko) Version/17.0 Safari/605.1.15"
45.153.34.253 - - [01/Apr/2026:13:17:00 +1000] "GET / HTTP/1.1" 301 - "https://posscales.net/wp-login.php" "Mozilla/5.0 (Macintosh; Intel Mac OS X 13_6_1) AppleWebKit/605.1.15 (KHTML, like Gecko) Version/17.0 Safari/605.1.15"
66.249.73.193 - - [01/Apr/2026:13:17:01 +1000] "GET /WP-POS/wp-includes/js/comment-reply.min.js?ver=6.9.1 HTTP/1.1" 200 3026 "https://posscales.com.au/WP-POS/" "Mozilla/5.0 (Linux; Android 6.0.1; Nexus 5X Build/MMB29P) AppleWebKit/537.36 (KHTML, like Gecko) Chrome/146.0.7680.164 Mobile Safari/537.36 (compatible; Googlebot/2.1; +http://www.google.com/bot.html)"
45.153.34.253 - - [01/Apr/2026:13:17:01 +1000] "GET /WP-POS/ HTTP/1.1" 200 39220 "https://posscales.net/wp-login.php" "Mozilla/5.0 (Macintosh; Intel Mac OS X 13_6_1) AppleWebKit/605.1.15 (KHTML, like Gecko) Version/17.0 Safari/605.1.15"
45.153.34.253 - - [01/Apr/2026:13:17:02 +1000] "GET /wp-admin/profile.php HTTP/1.1" 301 273 "https://posscales.net/wp-login.php" "Mozilla/5.0 (Macintosh; Intel Mac OS X 13_6_1) AppleWebKit/605.1.15 (KHTML, like Gecko) Version/17.0 Safari/605.1.15"
45.153.34.253 - - [01/Apr/2026:13:17:02 +1000] "GET / HTTP/1.1" 301 - "https://posscales.net/wp-login.php" "Mozilla/5.0 (Macintosh; Intel Mac OS X 13_6_1) AppleWebKit/605.1.15 (KHTML, like Gecko) Version/17.0 Safari/605.1.15"
45.153.34.253 - - [01/Apr/2026:13:17:02 +1000] "GET /WP-POS/ HTTP/1.1" 200 39220 "https://posscales.net/wp-login.php" "Mozilla/5.0 (Macintosh; Intel Mac OS X 13_6_1) AppleWebKit/605.1.15 (KHTML, like Gecko) Version/17.0 Safari/605.1.15"
45.153.34.253 - - [01/Apr/2026:13:17:03 +1000] "GET /wp-admin/edit.php HTTP/1.1" 301 273 "https://posscales.net/wp-login.php" "Mozilla/5.0 (Macintosh; Intel Mac OS X 13_6_1) AppleWebKit/605.1.15 (KHTML, like Gecko) Version/17.0 Safari/605.1.15"
118.127.40.73 - - [01/Apr/2026:13:17:03 +1000] "POST /WP-POS/wp-cron.php?doing_wp_cron=1775013423.9224309921264648437500 HTTP/1.1" 200 - "-" "WordPress/6.9.1; https://posscales.com.au/WP-POS"
45.153.34.253 - - [01/Apr/2026:13:17:03 +1000] "GET / HTTP/1.1" 301 - "https://posscales.net/wp-login.php" "Mozilla/5.0 (Macintosh; Intel Mac OS X 13_6_1) AppleWebKit/605.1.15 (KHTML, like Gecko) Version/17.0 Safari/605.1.15"
45.153.34.253 - - [01/Apr/2026:13:17:04 +1000] "GET /WP-POS/ HTTP/1.1" 200 39220 "https://posscales.net/wp-login.php" "Mozilla/5.0 (Macintosh; Intel Mac OS X 13_6_1) AppleWebKit/605.1.15 (KHTML, like Gecko) Version/17.0 Safari/605.1.15"
45.153.34.253 - - [01/Apr/2026:13:17:04 +1000] "GET /wp-admin/plugins.php HTTP/1.1" 301 273 "https://posscales.net/wp-login.php" "Mozilla/5.0 (Macintosh; Intel Mac OS X 13_6_1) AppleWebKit/605.1.15 (KHTML, like Gecko) Version/17.0 Safari/605.1.15"
45.153.34.253 - - [01/Apr/2026:13:17:05 +1000] "GET / HTTP/1.1" 301 - "https://posscales.net/wp-login.php" "Mozilla/5.0 (Macintosh; Intel Mac OS X 13_6_1) AppleWebKit/605.1.15 (KHTML, like Gecko) Version/17.0 Safari/605.1.15"
45.153.34.253 - - [01/Apr/2026:13:17:05 +1000] "GET /WP-POS/ HTTP/1.1" 200 39220 "https://posscales.net/wp-login.php" "Mozilla/5.0 (Macintosh; Intel Mac OS X 13_6_1) AppleWebKit/605.1.15 (KHTML, like Gecko) Version/17.0 Safari/605.1.15"
45.153.34.253 - - [01/Apr/2026:13:17:06 +1000] "POST /wp-login.php HTTP/1.1" 301 273 "https://posscales.net/wp-login.php" "Mozilla/5.0 (X11; Ubuntu; Linux x86_64) AppleWebKit/537.36 (KHTML, like Gecko) Chrome/119.0.0.0 Safari/537.36"
45.153.34.253 - - [01/Apr/2026:13:17:06 +1000] "GET /wp-admin/index.php HTTP/1.1" 301 273 "https://posscales.net/wp-login.php" "Mozilla/5.0 (X11; Ubuntu; Linux x86_64) AppleWebKit/537.36 (KHTML, like Gecko) Chrome/121.0.0.0 Safari/537.36"
45.153.34.253 - - [01/Apr/2026:13:17:06 +1000] "GET / HTTP/1.1" 301 - "https://posscales.net/wp-login.php" "Mozilla/5.0 (X11; Ubuntu; Linux x86_64) AppleWebKit/537.36 (KHTML, like Gecko) Chrome/121.0.0.0 Safari/537.36"
45.153.34.253 - - [01/Apr/2026:13:17:07 +1000] "GET /WP-POS/ HTTP/1.1" 200 39220 "https://posscales.net/wp-login.php" "Mozilla/5.0 (X11; Ubuntu; Linux x86_64) AppleWebKit/537.36 (KHTML, like Gecko) Chrome/121.0.0.0 Safari/537.36"
45.153.34.253 - - [01/Apr/2026:13:17:08 +1000] "GET /wp-admin/profile.php HTTP/1.1" 301 273 "https://posscales.net/wp-login.php" "Mozilla/5.0 (X11; Ubuntu; Linux x86_64) AppleWebKit/537.36 (KHTML, like Gecko) Chrome/121.0.0.0 Safari/537.36"
45.153.34.253 - - [01/Apr/2026:13:17:08 +1000] "GET / HTTP/1.1" 301 - "https://posscales.net/wp-login.php" "Mozilla/5.0 (X11; Ubuntu; Linux x86_64) AppleWebKit/537.36 (KHTML, like Gecko) Chrome/121.0.0.0 Safari/537.36"
45.153.34.253 - - [01/Apr/2026:13:17:08 +1000] "GET /WP-POS/ HTTP/1.1" 200 39220 "https://posscales.net/wp-login.php" "Mozilla/5.0 (X11; Ubuntu; Linux x86_64) AppleWebKit/537.36 (KHTML, like Gecko) Chrome/121.0.0.0 Safari/537.36"
45.153.34.253 - - [01/Apr/2026:13:17:09 +1000] "GET /wp-admin/edit.php HTTP/1.1" 301 273 "https://posscales.net/wp-login.php" "Mozilla/5.0 (X11; Ubuntu; Linux x86_64) AppleWebKit/537.36 (KHTML, like Gecko) Chrome/121.0.0.0 Safari/537.36"
45.153.34.253 - - [01/Apr/2026:13:17:09 +1000] "GET / HTTP/1.1" 301 - "https://posscales.net/wp-login.php" "Mozilla/5.0 (X11; Ubuntu; Linux x86_64) AppleWebKit/537.36 (KHTML, like Gecko) Chrome/121.0.0.0 Safari/537.36"
45.153.34.253 - - [01/Apr/2026:13:17:10 +1000] "GET /WP-POS/ HTTP/1.1" 200 39220 "https://posscales.net/wp-login.php" "Mozilla/5.0 (X11; Ubuntu; Linux x86_64) AppleWebKit/537.36 (KHTML, like Gecko) Chrome/121.0.0.0 Safari/537.36"
45.153.34.253 - - [01/Apr/2026:13:17:11 +1000] "GET /wp-admin/plugins.php HTTP/1.1" 301 273 "https://posscales.net/wp-login.php" "Mozilla/5.0 (X11; Ubuntu; Linux x86_64) AppleWebKit/537.36 (KHTML, like Gecko) Chrome/121.0.0.0 Safari/537.36"
45.153.34.253 - - [01/Apr/2026:13:17:11 +1000] "GET / HTTP/1.1" 301 - "https://posscales.net/wp-login.php" "Mozilla/5.0 (X11; Ubuntu; Linux x86_64) AppleWebKit/537.36 (KHTML, like Gecko) Chrome/121.0.0.0 Safari/537.36"
45.153.34.253 - - [01/Apr/2026:13:17:11 +1000] "GET /WP-POS/ HTTP/1.1" 200 39220 "https://posscales.net/wp-login.php" "Mozilla/5.0 (X11; Ubuntu; Linux x86_64) AppleWebKit/537.36 (KHTML, like Gecko) Chrome/121.0.0.0 Safari/537.36"
45.153.34.253 - - [01/Apr/2026:13:17:12 +1000] "POST /wp-login.php HTTP/1.1" 301 273 "https://posscales.net/wp-login.php" "Mozilla/5.0 (Macintosh; Intel Mac OS X 10_15_7) AppleWebKit/605.1.15 (KHTML, like Gecko) Version/17.0 Safari/605.1.15"
45.153.34.253 - - [01/Apr/2026:13:17:12 +1000] "GET /wp-admin/index.php HTTP/1.1" 301 273 "https://posscales.net/wp-login.php" "Mozilla/5.0 (Windows NT 11.0; Win64; x64) AppleWebKit/537.36 (KHTML, like Gecko) Chrome/121.0.0.0 Safari/537.36"
45.153.34.253 - - [01/Apr/2026:13:17:13 +1000] "GET / HTTP/1.1" 301 - "https://posscales.net/wp-login.php" "Mozilla/5.0 (Windows NT 11.0; Win64; x64) AppleWebKit/537.36 (KHTML, like Gecko) Chrome/121.0.0.0 Safari/537.36"
45.153.34.253 - - [01/Apr/2026:13:17:13 +1000] "GET /WP-POS/ HTTP/1.1" 200 39220 "https://posscales.net/wp-login.php" "Mozilla/5.0 (Windows NT 11.0; Win64; x64) AppleWebKit/537.36 (KHTML, like Gecko) Chrome/121.0.0.0 Safari/537.36"
45.153.34.253 - - [01/Apr/2026:13:17:14 +1000] "GET /wp-admin/profile.php HTTP/1.1" 301 273 "https://posscales.net/wp-login.php" "Mozilla/5.0 (Windows NT 11.0; Win64; x64) AppleWebKit/537.36 (KHTML, like Gecko) Chrome/121.0.0.0 Safari/537.36"
45.153.34.253 - - [01/Apr/2026:13:17:14 +1000] "GET / HTTP/1.1" 301 - "https://posscales.net/wp-login.php" "Mozilla/5.0 (Windows NT 11.0; Win64; x64) AppleWebKit/537.36 (KHTML, like Gecko) Chrome/121.0.0.0 Safari/537.36"
45.153.34.253 - - [01/Apr/2026:13:17:14 +1000] "GET /WP-POS/ HTTP/1.1" 200 39220 "https://posscales.net/wp-login.php" "Mozilla/5.0 (Windows NT 11.0; Win64; x64) AppleWebKit/537.36 (KHTML, like Gecko) Chrome/121.0.0.0 Safari/537.36"
45.153.34.253 - - [01/Apr/2026:13:17:15 +1000] "GET /wp-admin/edit.php HTTP/1.1" 301 273 "https://posscales.net/wp-login.php" "Mozilla/5.0 (Windows NT 11.0; Win64; x64) AppleWebKit/537.36 (KHTML, like Gecko) Chrome/121.0.0.0 Safari/537.36"
45.153.34.253 - - [01/Apr/2026:13:17:15 +1000] "GET / HTTP/1.1" 301 - "https://posscales.net/wp-login.php" "Mozilla/5.0 (Windows NT 11.0; Win64; x64) AppleWebKit/537.36 (KHTML, like Gecko) Chrome/121.0.0.0 Safari/537.36"
