118.127.40.73 - - [11/Apr/2026:14:46:03 +1000] "GET / HTTP/1.1" 302 249 "-" "Python/3.11 aiohttp/3.9.2"
74.7.228.47 - - [11/Apr/2026:15:15:54 +1000] "GET /robots.txt HTTP/1.1" 302 259 "-" "Mozilla/5.0 (Macintosh; Intel Mac OS X 10_15_7) AppleWebKit/537.36 (KHTML, like Gecko) Chrome/131.0.0.0 Safari/537.36; compatible; OAI-SearchBot/1.3; robots.txt; +https://openai.com/searchbot"
118.127.40.73 - - [11/Apr/2026:15:15:59 +1000] "GET / HTTP/1.1" 302 249 "-" "Python/3.11 aiohttp/3.9.2"
118.127.40.73 - - [11/Apr/2026:15:46:02 +1000] "GET / HTTP/1.1" 302 249 "-" "Python/3.11 aiohttp/3.9.2"
118.127.40.73 - - [11/Apr/2026:16:16:03 +1000] "GET / HTTP/1.1" 302 249 "-" "Python/3.11 aiohttp/3.9.2"
118.127.40.73 - - [11/Apr/2026:16:45:59 +1000] "GET / HTTP/1.1" 302 249 "-" "Python/3.11 aiohttp/3.9.2"
118.127.40.73 - - [11/Apr/2026:17:16:00 +1000] "GET / HTTP/1.1" 302 249 "-" "Python/3.11 aiohttp/3.9.2"
118.127.40.73 - - [11/Apr/2026:17:46:01 +1000] "GET / HTTP/1.1" 302 249 "-" "Python/3.11 aiohttp/3.9.2"
118.127.40.73 - - [11/Apr/2026:18:16:04 +1000] "GET / HTTP/1.1" 302 249 "-" "Python/3.11 aiohttp/3.9.2"
118.127.40.73 - - [11/Apr/2026:18:46:03 +1000] "GET / HTTP/1.1" 302 249 "-" "Python/3.11 aiohttp/3.9.2"
74.7.228.63 - - [11/Apr/2026:18:55:00 +1000] "GET /robots.txt HTTP/1.1" 302 259 "-" "Mozilla/5.0 (Macintosh; Intel Mac OS X 10_15_7) AppleWebKit/537.36 (KHTML, like Gecko) Chrome/131.0.0.0 Safari/537.36; compatible; OAI-SearchBot/1.3; robots.txt; +https://openai.com/searchbot"
74.7.227.157 - - [11/Apr/2026:18:55:00 +1000] "GET / HTTP/1.1" 302 249 "-" "Mozilla/5.0 AppleWebKit/537.36 (KHTML, like Gecko; compatible; GPTBot/1.3; +https://openai.com/gptbot)"
118.127.40.73 - - [11/Apr/2026:19:16:00 +1000] "GET / HTTP/1.1" 302 249 "-" "Python/3.11 aiohttp/3.9.2"
118.127.40.73 - - [11/Apr/2026:19:46:13 +1000] "GET / HTTP/1.1" 302 249 "-" "Python/3.11 aiohttp/3.9.2"
118.127.40.73 - - [11/Apr/2026:20:16:02 +1000] "GET / HTTP/1.1" 302 249 "-" "Python/3.11 aiohttp/3.9.2"
118.127.40.73 - - [11/Apr/2026:20:46:01 +1000] "GET / HTTP/1.1" 302 249 "-" "Python/3.11 aiohttp/3.9.2"
118.127.40.73 - - [11/Apr/2026:21:16:00 +1000] "GET / HTTP/1.1" 302 249 "-" "Python/3.11 aiohttp/3.9.2"
138.246.253.24 - - [11/Apr/2026:21:44:19 +1000] "GET /robots.txt HTTP/1.1" 302 259 "-" "Mozilla/5.0 (Windows NT 10.0; Win64; x64) AppleWebKit/537.36 (KHTML, like Gecko) Chrome/103.0.5060.134 Safari/537.36"
118.127.40.73 - - [11/Apr/2026:21:46:04 +1000] "GET / HTTP/1.1" 302 249 "-" "Python/3.11 aiohttp/3.9.2"
118.127.40.73 - - [11/Apr/2026:22:16:03 +1000] "GET / HTTP/1.1" 302 249 "-" "Python/3.11 aiohttp/3.9.2"
118.127.40.73 - - [11/Apr/2026:22:46:16 +1000] "GET / HTTP/1.1" 302 249 "-" "Python/3.11 aiohttp/3.9.2"
118.127.40.73 - - [11/Apr/2026:23:16:08 +1000] "GET / HTTP/1.1" 302 249 "-" "Python/3.11 aiohttp/3.9.2"
118.127.40.73 - - [11/Apr/2026:23:46:06 +1000] "GET / HTTP/1.1" 302 249 "-" "Python/3.11 aiohttp/3.9.2"
118.127.40.73 - - [12/Apr/2026:00:16:03 +1000] "GET / HTTP/1.1" 302 249 "-" "Python/3.11 aiohttp/3.9.2"
118.127.40.73 - - [12/Apr/2026:00:46:03 +1000] "GET / HTTP/1.1" 302 249 "-" "Python/3.11 aiohttp/3.9.2"
118.127.40.73 - - [12/Apr/2026:01:16:10 +1000] "GET / HTTP/1.1" 302 249 "-" "Python/3.11 aiohttp/3.9.2"
118.127.40.73 - - [12/Apr/2026:01:46:06 +1000] "GET / HTTP/1.1" 302 249 "-" "Python/3.11 aiohttp/3.9.2"
118.127.40.73 - - [12/Apr/2026:02:16:09 +1000] "GET / HTTP/1.1" 302 249 "-" "Python/3.11 aiohttp/3.9.2"
118.127.40.73 - - [12/Apr/2026:02:46:03 +1000] "GET / HTTP/1.1" 302 249 "-" "Python/3.11 aiohttp/3.9.2"
118.127.40.73 - - [12/Apr/2026:03:16:05 +1000] "GET / HTTP/1.1" 302 249 "-" "Python/3.11 aiohttp/3.9.2"
118.127.40.73 - - [12/Apr/2026:03:46:13 +1000] "GET / HTTP/1.1" 302 249 "-" "Python/3.11 aiohttp/3.9.2"
118.127.40.73 - - [12/Apr/2026:04:16:12 +1000] "GET / HTTP/1.1" 302 249 "-" "Python/3.11 aiohttp/3.9.2"
118.127.40.73 - - [12/Apr/2026:04:46:10 +1000] "GET / HTTP/1.1" 302 249 "-" "Python/3.11 aiohttp/3.9.2"
66.132.172.179 - - [12/Apr/2026:05:02:31 +1000] "GET / HTTP/1.1" 302 249 "-" "Mozilla/5.0 (compatible; CensysInspect/1.1; +https://about.censys.io/)"
118.127.40.73 - - [12/Apr/2026:05:16:14 +1000] "GET / HTTP/1.1" 302 249 "-" "Python/3.11 aiohttp/3.9.2"
118.127.40.73 - - [12/Apr/2026:05:46:11 +1000] "GET / HTTP/1.1" 302 249 "-" "Python/3.11 aiohttp/3.9.2"
118.127.40.73 - - [12/Apr/2026:06:16:15 +1000] "GET / HTTP/1.1" 302 249 "-" "Python/3.11 aiohttp/3.9.2"
118.127.40.73 - - [12/Apr/2026:06:46:17 +1000] "GET / HTTP/1.1" 302 249 "-" "Python/3.11 aiohttp/3.9.2"
118.127.40.73 - - [12/Apr/2026:07:16:14 +1000] "GET / HTTP/1.1" 302 249 "-" "Python/3.11 aiohttp/3.9.2"
118.127.40.73 - - [12/Apr/2026:07:46:33 +1000] "GET / HTTP/1.1" 302 249 "-" "Python/3.11 aiohttp/3.9.2"
118.127.40.73 - - [12/Apr/2026:08:16:31 +1000] "GET / HTTP/1.1" 302 249 "-" "Python/3.11 aiohttp/3.9.2"
118.127.40.73 - - [12/Apr/2026:08:46:20 +1000] "GET / HTTP/1.1" 302 249 "-" "Python/3.11 aiohttp/3.9.2"
118.127.40.73 - - [12/Apr/2026:09:16:17 +1000] "GET / HTTP/1.1" 302 249 "-" "Python/3.11 aiohttp/3.9.2"
118.127.40.73 - - [12/Apr/2026:09:46:22 +1000] "GET / HTTP/1.1" 302 249 "-" "Python/3.11 aiohttp/3.9.2"
118.127.40.73 - - [12/Apr/2026:10:16:24 +1000] "GET / HTTP/1.1" 302 249 "-" "Python/3.11 aiohttp/3.9.2"
118.127.40.73 - - [12/Apr/2026:10:46:08 +1000] "GET / HTTP/1.1" 302 249 "-" "Python/3.11 aiohttp/3.9.2"
118.127.40.73 - - [12/Apr/2026:11:16:09 +1000] "GET / HTTP/1.1" 302 249 "-" "Python/3.11 aiohttp/3.9.2"
118.127.40.73 - - [12/Apr/2026:11:46:16 +1000] "GET / HTTP/1.1" 302 249 "-" "Python/3.11 aiohttp/3.9.2"
118.127.40.73 - - [12/Apr/2026:12:16:14 +1000] "GET / HTTP/1.1" 302 249 "-" "Python/3.11 aiohttp/3.9.2"
118.127.40.73 - - [12/Apr/2026:12:46:22 +1000] "GET / HTTP/1.1" 302 249 "-" "Python/3.11 aiohttp/3.9.2"
118.127.40.73 - - [12/Apr/2026:13:16:09 +1000] "GET / HTTP/1.1" 302 249 "-" "Python/3.11 aiohttp/3.9.2"
118.127.40.73 - - [12/Apr/2026:13:46:11 +1000] "GET / HTTP/1.1" 302 249 "-" "Python/3.11 aiohttp/3.9.2"
118.127.40.73 - - [12/Apr/2026:14:16:11 +1000] "GET / HTTP/1.1" 302 249 "-" "Python/3.11 aiohttp/3.9.2"
217.142.185.108 - - [12/Apr/2026:14:17:34 +1000] "GET / HTTP/1.1" 302 249 "-" "Mozilla/5.0 (Macintosh; Intel Mac OS X 13_5_1) AppleWebKit/605.1.15 Safari/605.1.15"
217.142.185.108 - - [12/Apr/2026:14:17:35 +1000] "GET / HTTP/1.1" 302 249 "-" "Go-http-client/1.1"
217.142.185.108 - - [12/Apr/2026:14:17:36 +1000] "GET /wp-login.php HTTP/1.1" 302 261 "-" "Mozilla/5.0 (Windows NT 10.0; Win64; x64) AppleWebKit/537.36 Chrome/116.0 Safari/537.36"
217.142.185.108 - - [12/Apr/2026:14:17:36 +1000] "GET /wp-admin/ HTTP/1.1" 302 258 "-" "Mozilla/5.0 (Android 13; Mobile; rv:117.0) Gecko/117.0 Firefox/117.0"
217.142.185.108 - - [12/Apr/2026:14:17:37 +1000] "GET /administrator/ HTTP/1.1" 302 263 "-" "Mozilla/5.0 (iPad; CPU OS 17_4 like Mac OS X) AppleWebKit/605.1.15 Mobile/15E148"
217.142.185.108 - - [12/Apr/2026:14:17:37 +1000] "GET /user/login HTTP/1.1" 302 259 "-" "Mozilla/5.0 (iPhone; CPU iPhone OS 17_4_1 like Mac OS X) AppleWebKit/605.1.15 Mobile/15E148"
217.142.185.108 - - [12/Apr/2026:14:17:37 +1000] "GET /admin HTTP/1.1" 302 254 "-" "Mozilla/5.0 (iPhone; CPU iPhone OS 17_4_1 like Mac OS X) AppleWebKit/605.1.15 Mobile/15E148"
217.142.185.108 - - [12/Apr/2026:14:17:38 +1000] "GET /login HTTP/1.1" 302 254 "-" "Mozilla/5.0 (iPhone; CPU iPhone OS 17_4_1 like Mac OS X) AppleWebKit/605.1.15 Mobile/15E148"
217.142.185.108 - - [12/Apr/2026:14:17:38 +1000] "GET /register HTTP/1.1" 302 257 "-" "Mozilla/5.0 (iPad; CPU OS 17_4 like Mac OS X) AppleWebKit/605.1.15 Mobile/15E148"
217.142.185.108 - - [12/Apr/2026:14:17:38 +1000] "GET /admin HTTP/1.1" 302 254 "-" "Mozilla/5.0 (iPhone; CPU iPhone OS 17_4_1 like Mac OS X) AppleWebKit/605.1.15 Mobile/15E148"
217.142.185.108 - - [12/Apr/2026:14:17:39 +1000] "GET /login HTTP/1.1" 302 254 "-" "Mozilla/5.0 (X11; Linux x86_64) Gecko/20100101 Firefox/117.0"
118.127.40.73 - - [12/Apr/2026:14:46:09 +1000] "GET / HTTP/1.1" 302 249 "-" "Python/3.11 aiohttp/3.9.2"
118.127.40.73 - - [12/Apr/2026:15:16:13 +1000] "GET / HTTP/1.1" 302 249 "-" "Python/3.11 aiohttp/3.9.2"
34.86.138.229 - - [12/Apr/2026:15:36:57 +1000] "GET / HTTP/1.1" 302 249 "-" "Mozilla/5.0 (X11; Linux x86_64) AppleWebKit/537.36 (KHTML, like Gecko) Chrome/124.0.0.0 Safari/537.36"
118.127.40.73 - - [12/Apr/2026:15:46:12 +1000] "GET / HTTP/1.1" 302 249 "-" "Python/3.11 aiohttp/3.9.2"
118.127.40.73 - - [12/Apr/2026:16:16:09 +1000] "GET / HTTP/1.1" 302 249 "-" "Python/3.11 aiohttp/3.9.2"
118.127.40.73 - - [12/Apr/2026:16:46:12 +1000] "GET / HTTP/1.1" 302 249 "-" "Python/3.11 aiohttp/3.9.2"
118.127.40.73 - - [12/Apr/2026:17:16:11 +1000] "GET / HTTP/1.1" 302 249 "-" "Python/3.11 aiohttp/3.9.2"
118.127.40.73 - - [12/Apr/2026:17:46:17 +1000] "GET / HTTP/1.1" 302 249 "-" "Python/3.11 aiohttp/3.9.2"
98.90.210.252 - - [12/Apr/2026:17:51:55 +1000] "GET / HTTP/1.1" 302 249 "-" "Mozilla/5.0 (iPad; CPU OS 18_5_0 like Mac OS X) AppleWebKit/605.1.15 (KHTML, like Gecko) CriOS/138.0.7204.156 Mobile/15E148 Safari/604.1"
118.127.40.73 - - [12/Apr/2026:18:16:13 +1000] "GET / HTTP/1.1" 302 249 "-" "Python/3.11 aiohttp/3.9.2"
118.127.40.73 - - [12/Apr/2026:18:46:17 +1000] "GET / HTTP/1.1" 302 249 "-" "Python/3.11 aiohttp/3.9.2"
205.210.31.29 - - [12/Apr/2026:19:04:34 +1000] "GET / HTTP/1.1" 302 249 "-" "Hello from Palo Alto Networks, find out more about our scans in https://docs-cortex.paloaltonetworks.com/r/1/Cortex-Xpanse/Scanning-activity"
118.127.40.73 - - [12/Apr/2026:19:16:15 +1000] "GET / HTTP/1.1" 302 249 "-" "Python/3.11 aiohttp/3.9.2"
118.127.40.73 - - [12/Apr/2026:19:46:17 +1000] "GET / HTTP/1.1" 302 249 "-" "Python/3.11 aiohttp/3.9.2"
118.127.40.73 - - [12/Apr/2026:20:16:12 +1000] "GET / HTTP/1.1" 302 249 "-" "Python/3.11 aiohttp/3.9.2"
118.127.40.73 - - [12/Apr/2026:20:46:17 +1000] "GET / HTTP/1.1" 302 249 "-" "Python/3.11 aiohttp/3.9.2"
118.127.40.73 - - [12/Apr/2026:21:16:12 +1000] "GET / HTTP/1.1" 302 249 "-" "Python/3.11 aiohttp/3.9.2"
74.7.228.47 - - [12/Apr/2026:21:41:43 +1000] "GET /robots.txt HTTP/1.1" 302 259 "-" "Mozilla/5.0 (Macintosh; Intel Mac OS X 10_15_7) AppleWebKit/537.36 (KHTML, like Gecko) Chrome/131.0.0.0 Safari/537.36; compatible; OAI-SearchBot/1.3; robots.txt; +https://openai.com/searchbot"
118.127.40.73 - - [12/Apr/2026:21:46:17 +1000] "GET / HTTP/1.1" 302 249 "-" "Python/3.11 aiohttp/3.9.2"
74.7.228.63 - - [12/Apr/2026:21:49:23 +1000] "GET /robots.txt HTTP/1.1" 302 259 "-" "Mozilla/5.0 (Macintosh; Intel Mac OS X 10_15_7) AppleWebKit/537.36 (KHTML, like Gecko) Chrome/131.0.0.0 Safari/537.36; compatible; OAI-SearchBot/1.3; robots.txt; +https://openai.com/searchbot"
118.127.40.73 - - [12/Apr/2026:22:16:14 +1000] "GET / HTTP/1.1" 302 249 "-" "Python/3.11 aiohttp/3.9.2"
118.127.40.73 - - [12/Apr/2026:22:46:20 +1000] "GET / HTTP/1.1" 302 249 "-" "Python/3.11 aiohttp/3.9.2"
118.127.40.73 - - [12/Apr/2026:23:16:22 +1000] "GET / HTTP/1.1" 302 249 "-" "Python/3.11 aiohttp/3.9.2"
72.62.249.86 - - [12/Apr/2026:23:40:15 +1000] "POST / HTTP/1.1" 302 249 "-" "Mozilla/5.0 (Windows NT 10.0; Win64; x64) AppleWebKit/537.36"
118.127.40.73 - - [12/Apr/2026:23:46:21 +1000] "GET / HTTP/1.1" 302 249 "-" "Python/3.11 aiohttp/3.9.2"
118.127.40.73 - - [13/Apr/2026:00:16:28 +1000] "GET / HTTP/1.1" 302 249 "-" "Python/3.11 aiohttp/3.9.2"
118.127.40.73 - - [13/Apr/2026:00:46:24 +1000] "GET / HTTP/1.1" 302 249 "-" "Python/3.11 aiohttp/3.9.2"
118.127.40.73 - - [13/Apr/2026:01:16:12 +1000] "GET / HTTP/1.1" 302 249 "-" "Python/3.11 aiohttp/3.9.2"
118.127.40.73 - - [13/Apr/2026:01:46:18 +1000] "GET / HTTP/1.1" 302 249 "-" "Python/3.11 aiohttp/3.9.2"
118.127.40.73 - - [13/Apr/2026:02:16:19 +1000] "GET / HTTP/1.1" 302 249 "-" "Python/3.11 aiohttp/3.9.2"
118.127.40.73 - - [13/Apr/2026:02:46:15 +1000] "GET / HTTP/1.1" 302 249 "-" "Python/3.11 aiohttp/3.9.2"
118.127.40.73 - - [13/Apr/2026:03:16:18 +1000] "GET / HTTP/1.1" 302 249 "-" "Python/3.11 aiohttp/3.9.2"
118.127.40.73 - - [13/Apr/2026:03:46:37 +1000] "GET / HTTP/1.1" 302 249 "-" "Python/3.11 aiohttp/3.9.2"
74.7.228.47 - - [13/Apr/2026:04:04:05 +1000] "GET /robots.txt HTTP/1.1" 302 259 "-" "Mozilla/5.0 (Macintosh; Intel Mac OS X 10_15_7) AppleWebKit/537.36 (KHTML, like Gecko) Chrome/131.0.0.0 Safari/537.36; compatible; OAI-SearchBot/1.3; robots.txt; +https://openai.com/searchbot"
118.127.40.73 - - [13/Apr/2026:04:16:26 +1000] "GET / HTTP/1.1" 302 249 "-" "Python/3.11 aiohttp/3.9.2"
118.127.40.73 - - [13/Apr/2026:04:46:27 +1000] "GET / HTTP/1.1" 302 249 "-" "Python/3.11 aiohttp/3.9.2"
204.76.203.25 - - [13/Apr/2026:05:08:54 +1000] "GET /.env HTTP/1.1" 302 253 "-" "Mozilla/5.0 (Windows NT 10.0; Win64; x64) AppleWebKit/537.36 (KHTML, like Gecko) Chrome/134.0.0.0 Safari/537.3"
118.127.40.73 - - [13/Apr/2026:05:16:16 +1000] "GET / HTTP/1.1" 302 249 "-" "Python/3.11 aiohttp/3.9.2"
118.127.40.73 - - [13/Apr/2026:05:46:18 +1000] "GET / HTTP/1.1" 302 249 "-" "Python/3.11 aiohttp/3.9.2"
118.127.40.73 - - [13/Apr/2026:06:16:20 +1000] "GET / HTTP/1.1" 302 249 "-" "Python/3.11 aiohttp/3.9.2"
104.219.42.67 - - [13/Apr/2026:06:44:49 +1000] "GET /bzoso.php HTTP/1.1" 302 258 "-" "python-requests/2.32.3"
118.127.40.73 - - [13/Apr/2026:06:46:25 +1000] "GET / HTTP/1.1" 302 249 "-" "Python/3.11 aiohttp/3.9.2"
118.127.40.73 - - [13/Apr/2026:07:16:16 +1000] "GET / HTTP/1.1" 302 249 "-" "Python/3.11 aiohttp/3.9.2"
74.7.227.132 - - [13/Apr/2026:07:24:24 +1000] "GET / HTTP/1.1" 302 249 "-" "Mozilla/5.0 AppleWebKit/537.36 (KHTML, like Gecko; compatible; GPTBot/1.3; +https://openai.com/gptbot)"
118.127.40.73 - - [13/Apr/2026:07:46:18 +1000] "GET / HTTP/1.1" 302 249 "-" "Python/3.11 aiohttp/3.9.2"
118.127.40.73 - - [13/Apr/2026:08:16:35 +1000] "GET / HTTP/1.1" 302 249 "-" "Python/3.11 aiohttp/3.9.2"
118.127.40.73 - - [13/Apr/2026:08:46:22 +1000] "GET / HTTP/1.1" 302 249 "-" "Python/3.11 aiohttp/3.9.2"
118.127.40.73 - - [13/Apr/2026:09:16:16 +1000] "GET / HTTP/1.1" 302 249 "-" "Python/3.11 aiohttp/3.9.2"
118.127.40.73 - - [13/Apr/2026:09:46:19 +1000] "GET / HTTP/1.1" 302 249 "-" "Python/3.11 aiohttp/3.9.2"
118.127.40.73 - - [13/Apr/2026:10:16:20 +1000] "GET / HTTP/1.1" 302 249 "-" "Python/3.11 aiohttp/3.9.2"
118.127.40.73 - - [13/Apr/2026:10:46:26 +1000] "GET / HTTP/1.1" 302 249 "-" "Python/3.11 aiohttp/3.9.2"
118.127.40.73 - - [13/Apr/2026:11:16:19 +1000] "GET / HTTP/1.1" 302 249 "-" "Python/3.11 aiohttp/3.9.2"
118.127.40.73 - - [13/Apr/2026:11:46:22 +1000] "GET / HTTP/1.1" 302 249 "-" "Python/3.11 aiohttp/3.9.2"
118.127.40.73 - - [13/Apr/2026:12:16:20 +1000] "GET / HTTP/1.1" 302 249 "-" "Python/3.11 aiohttp/3.9.2"
118.127.40.73 - - [13/Apr/2026:12:46:19 +1000] "GET / HTTP/1.1" 302 249 "-" "Python/3.11 aiohttp/3.9.2"
118.127.40.73 - - [13/Apr/2026:13:16:19 +1000] "GET / HTTP/1.1" 302 249 "-" "Python/3.11 aiohttp/3.9.2"
118.127.40.73 - - [13/Apr/2026:13:46:23 +1000] "GET / HTTP/1.1" 302 249 "-" "Python/3.11 aiohttp/3.9.2"
118.127.40.73 - - [13/Apr/2026:14:16:29 +1000] "GET / HTTP/1.1" 302 249 "-" "Python/3.11 aiohttp/3.9.2"
118.127.40.73 - - [13/Apr/2026:14:46:23 +1000] "GET / HTTP/1.1" 302 249 "-" "Python/3.11 aiohttp/3.9.2"
118.127.40.73 - - [13/Apr/2026:15:16:24 +1000] "GET / HTTP/1.1" 302 249 "-" "Python/3.11 aiohttp/3.9.2"
118.127.40.73 - - [13/Apr/2026:15:46:31 +1000] "GET / HTTP/1.1" 302 249 "-" "Python/3.11 aiohttp/3.9.2"
118.127.40.73 - - [13/Apr/2026:16:16:24 +1000] "GET / HTTP/1.1" 302 249 "-" "Python/3.11 aiohttp/3.9.2"
118.127.40.73 - - [13/Apr/2026:16:46:26 +1000] "GET / HTTP/1.1" 302 249 "-" "Python/3.11 aiohttp/3.9.2"
118.127.40.73 - - [13/Apr/2026:17:16:22 +1000] "GET / HTTP/1.1" 302 249 "-" "Python/3.11 aiohttp/3.9.2"
118.127.40.73 - - [13/Apr/2026:17:46:26 +1000] "GET / HTTP/1.1" 302 249 "-" "Python/3.11 aiohttp/3.9.2"
118.127.40.73 - - [13/Apr/2026:18:16:22 +1000] "GET / HTTP/1.1" 302 249 "-" "Python/3.11 aiohttp/3.9.2"
118.127.40.73 - - [13/Apr/2026:18:46:27 +1000] "GET / HTTP/1.1" 302 249 "-" "Python/3.11 aiohttp/3.9.2"
141.98.11.169 - - [13/Apr/2026:19:09:19 +1000] "GET /wp-login.php HTTP/1.1" 302 261 "https://wordpress.org/" "Mozilla/5.0 (Macintosh; Intel Mac OS X 13_6_1; rv:120.0) Gecko/20100101 Firefox/120.0"
141.98.11.169 - - [13/Apr/2026:19:09:21 +1000] "GET /wp-admin/ HTTP/1.1" 302 258 "https://duckduckgo.com/" "Mozilla/5.0 (Windows NT 10.0; Win64; x64) AppleWebKit/537.36 (KHTML, like Gecko) Chrome/121.0.0.0 Safari/537.36"
118.127.40.73 - - [13/Apr/2026:19:16:23 +1000] "GET / HTTP/1.1" 302 249 "-" "Python/3.11 aiohttp/3.9.2"
118.127.40.73 - - [13/Apr/2026:19:46:25 +1000] "GET / HTTP/1.1" 302 249 "-" "Python/3.11 aiohttp/3.9.2"
205.210.31.149 - - [13/Apr/2026:19:52:33 +1000] "GET / HTTP/1.1" 302 249 "-" "Hello from Palo Alto Networks, find out more about our scans in https://docs-cortex.paloaltonetworks.com/r/1/Cortex-Xpanse/Scanning-activity"
118.127.40.73 - - [13/Apr/2026:20:16:22 +1000] "GET / HTTP/1.1" 302 249 "-" "Python/3.11 aiohttp/3.9.2"
118.127.40.73 - - [13/Apr/2026:20:46:27 +1000] "GET / HTTP/1.1" 302 249 "-" "Python/3.11 aiohttp/3.9.2"
118.127.40.73 - - [13/Apr/2026:21:16:30 +1000] "GET / HTTP/1.1" 302 249 "-" "Python/3.11 aiohttp/3.9.2"
118.127.40.73 - - [13/Apr/2026:21:46:25 +1000] "GET / HTTP/1.1" 302 249 "-" "Python/3.11 aiohttp/3.9.2"
118.127.40.73 - - [13/Apr/2026:22:16:29 +1000] "GET / HTTP/1.1" 302 249 "-" "Python/3.11 aiohttp/3.9.2"
1.32.219.175 - - [13/Apr/2026:22:27:22 +1000] "GET / HTTP/1.1" 302 249 "-" "Mozilla/5.0 (X11; Linux x86_64) AppleWebKit/537.36 (KHTML, like Gecko) Chrome/142.0.0.0 Safari/537.36"
1.32.219.175 - - [13/Apr/2026:22:27:24 +1000] "GET / HTTP/1.1" 302 249 "-" "Mozilla/5.0 (X11; Linux x86_64) AppleWebKit/537.36 (KHTML, like Gecko) Chrome/142.0.0.0 Safari/537.36"
118.127.40.73 - - [13/Apr/2026:22:46:26 +1000] "GET / HTTP/1.1" 302 249 "-" "Python/3.11 aiohttp/3.9.2"
118.127.40.73 - - [13/Apr/2026:23:16:24 +1000] "GET / HTTP/1.1" 302 249 "-" "Python/3.11 aiohttp/3.9.2"
118.127.40.73 - - [13/Apr/2026:23:46:26 +1000] "GET / HTTP/1.1" 302 249 "-" "Python/3.11 aiohttp/3.9.2"
118.127.40.73 - - [14/Apr/2026:00:16:38 +1000] "GET / HTTP/1.1" 302 249 "-" "Python/3.11 aiohttp/3.9.2"
118.127.40.73 - - [14/Apr/2026:00:46:28 +1000] "GET / HTTP/1.1" 302 249 "-" "Python/3.11 aiohttp/3.9.2"
118.127.40.73 - - [14/Apr/2026:01:16:28 +1000] "GET / HTTP/1.1" 302 249 "-" "Python/3.11 aiohttp/3.9.2"
118.127.40.73 - - [14/Apr/2026:01:46:37 +1000] "GET / HTTP/1.1" 302 249 "-" "Python/3.11 aiohttp/3.9.2"
118.127.40.73 - - [14/Apr/2026:02:16:33 +1000] "GET / HTTP/1.1" 302 249 "-" "Python/3.11 aiohttp/3.9.2"
118.127.40.73 - - [14/Apr/2026:02:46:34 +1000] "GET / HTTP/1.1" 302 249 "-" "Python/3.11 aiohttp/3.9.2"
118.127.40.73 - - [14/Apr/2026:03:16:35 +1000] "GET / HTTP/1.1" 302 249 "-" "Python/3.11 aiohttp/3.9.2"
118.127.40.73 - - [14/Apr/2026:03:46:30 +1000] "GET / HTTP/1.1" 302 249 "-" "Python/3.11 aiohttp/3.9.2"
118.127.40.73 - - [14/Apr/2026:04:16:36 +1000] "GET / HTTP/1.1" 302 249 "-" "Python/3.11 aiohttp/3.9.2"
118.127.40.73 - - [14/Apr/2026:04:46:40 +1000] "GET / HTTP/1.1" 302 249 "-" "Python/3.11 aiohttp/3.9.2"
44.197.109.186 - - [14/Apr/2026:04:52:15 +1000] "GET / HTTP/1.1" 302 249 "-" "Mozilla/5.0 (Windows NT 10.0; Win64; x64) AppleWebKit/537.36 (KHTML, like Gecko) Chrome/124.0.0.0 Safari/537.36 Edg/124.0.0.0"
118.127.40.73 - - [14/Apr/2026:05:16:39 +1000] "GET / HTTP/1.1" 302 249 "-" "Python/3.11 aiohttp/3.9.2"
118.127.40.73 - - [14/Apr/2026:05:46:31 +1000] "GET / HTTP/1.1" 302 249 "-" "Python/3.11 aiohttp/3.9.2"
118.127.40.73 - - [14/Apr/2026:06:16:27 +1000] "GET / HTTP/1.1" 302 249 "-" "Python/3.11 aiohttp/3.9.2"
118.127.40.73 - - [14/Apr/2026:06:46:36 +1000] "GET / HTTP/1.1" 302 249 "-" "Python/3.11 aiohttp/3.9.2"
109.70.100.11 - - [14/Apr/2026:06:46:43 +1000] "POST / HTTP/1.1" 302 249 "-" "AnyConnect-compatible OpenConnect GUI VPN Agent v9.12"
118.127.40.73 - - [14/Apr/2026:07:16:29 +1000] "GET / HTTP/1.1" 302 249 "-" "Python/3.11 aiohttp/3.9.2"
118.127.40.73 - - [14/Apr/2026:07:46:43 +1000] "GET / HTTP/1.1" 302 249 "-" "Python/3.11 aiohttp/3.9.2"
172.94.9.253 - - [14/Apr/2026:08:03:13 +1000] "GET /.git/config HTTP/1.1" 302 260 "-" "Mozilla/5.0 (Windows NT 10.0; Win64; x64) AppleWebKit/537.36 (UltraGitScanner)"
185.243.218.231 - - [14/Apr/2026:08:08:57 +1000] "POST /remote/logincheck HTTP/1.1" 302 266 "-" "Mozilla/5.0 SV1"
118.127.40.73 - - [14/Apr/2026:08:16:29 +1000] "GET / HTTP/1.1" 302 249 "-" "Python/3.11 aiohttp/3.9.2"
74.208.137.156 - - [14/Apr/2026:08:37:59 +1000] "GET /wuwwz.php HTTP/1.1" 302 258 "-" "python-requests/2.32.3"
118.127.40.73 - - [14/Apr/2026:08:46:31 +1000] "GET / HTTP/1.1" 302 249 "-" "Python/3.11 aiohttp/3.9.2"
118.127.40.73 - - [14/Apr/2026:09:16:26 +1000] "GET / HTTP/1.1" 302 249 "-" "Python/3.11 aiohttp/3.9.2"
118.127.40.73 - - [14/Apr/2026:09:46:29 +1000] "GET / HTTP/1.1" 302 249 "-" "Python/3.11 aiohttp/3.9.2"
167.94.146.49 - - [14/Apr/2026:09:54:04 +1000] "GET / HTTP/1.1" 302 249 "-" "Mozilla/5.0 (compatible; CensysInspect/1.1; +https://about.censys.io/)"
118.127.40.73 - - [14/Apr/2026:10:16:33 +1000] "GET / HTTP/1.1" 302 249 "-" "Python/3.11 aiohttp/3.9.2"
118.127.40.73 - - [14/Apr/2026:10:46:31 +1000] "GET / HTTP/1.1" 302 249 "-" "Python/3.11 aiohttp/3.9.2"
45.84.107.47 - - [14/Apr/2026:10:49:11 +1000] "GET /global-protect/login.esp HTTP/1.1" 302 273 "-" "Mozilla/5.0 SV1"
118.127.40.73 - - [14/Apr/2026:11:16:33 +1000] "GET / HTTP/1.1" 302 249 "-" "Python/3.11 aiohttp/3.9.2"
118.127.40.73 - - [14/Apr/2026:11:46:35 +1000] "GET / HTTP/1.1" 302 249 "-" "Python/3.11 aiohttp/3.9.2"
118.127.40.73 - - [14/Apr/2026:12:16:47 +1000] "GET / HTTP/1.1" 302 249 "-" "Python/3.11 aiohttp/3.9.2"
118.127.40.73 - - [14/Apr/2026:12:46:29 +1000] "GET / HTTP/1.1" 302 249 "-" "Python/3.11 aiohttp/3.9.2"
118.127.40.73 - - [14/Apr/2026:13:16:28 +1000] "GET / HTTP/1.1" 302 249 "-" "Python/3.11 aiohttp/3.9.2"
178.62.217.52 - - [14/Apr/2026:13:27:44 +1000] "GET /wp-login.php HTTP/1.1" 302 261 "-" "Mozilla/5.0"
118.127.40.73 - - [14/Apr/2026:13:46:33 +1000] "GET / HTTP/1.1" 302 249 "-" "Python/3.11 aiohttp/3.9.2"
118.127.40.73 - - [14/Apr/2026:14:16:38 +1000] "GET / HTTP/1.1" 302 249 "-" "Python/3.11 aiohttp/3.9.2"
118.127.40.73 - - [14/Apr/2026:14:46:33 +1000] "GET / HTTP/1.1" 302 249 "-" "Python/3.11 aiohttp/3.9.2"
118.127.40.73 - - [14/Apr/2026:15:16:29 +1000] "GET / HTTP/1.1" 302 249 "-" "Python/3.11 aiohttp/3.9.2"
118.127.40.73 - - [14/Apr/2026:15:46:32 +1000] "GET / HTTP/1.1" 302 249 "-" "Python/3.11 aiohttp/3.9.2"
118.127.40.73 - - [14/Apr/2026:16:16:37 +1000] "GET / HTTP/1.1" 302 249 "-" "Python/3.11 aiohttp/3.9.2"
118.127.40.73 - - [14/Apr/2026:16:46:32 +1000] "GET / HTTP/1.1" 302 249 "-" "Python/3.11 aiohttp/3.9.2"
118.127.40.73 - - [14/Apr/2026:17:16:33 +1000] "GET / HTTP/1.1" 302 249 "-" "Python/3.11 aiohttp/3.9.2"
118.127.40.73 - - [14/Apr/2026:17:46:30 +1000] "GET / HTTP/1.1" 302 249 "-" "Python/3.11 aiohttp/3.9.2"
118.127.40.73 - - [14/Apr/2026:18:16:34 +1000] "GET / HTTP/1.1" 302 249 "-" "Python/3.11 aiohttp/3.9.2"
34.91.119.153 - - [14/Apr/2026:18:34:00 +1000] "GET / HTTP/1.1" 302 249 "-" "Scrapy/2.13.4 (+https://scrapy.org)"
34.90.220.251 - - [14/Apr/2026:18:34:05 +1000] "GET / HTTP/1.1" 302 249 "-" "Scrapy/2.13.4 (+https://scrapy.org)"
118.127.40.73 - - [14/Apr/2026:18:46:32 +1000] "GET / HTTP/1.1" 302 249 "-" "Python/3.11 aiohttp/3.9.2"
118.127.40.73 - - [14/Apr/2026:19:16:34 +1000] "GET / HTTP/1.1" 302 249 "-" "Python/3.11 aiohttp/3.9.2"
118.127.40.73 - - [14/Apr/2026:19:46:32 +1000] "GET / HTTP/1.1" 302 249 "-" "Python/3.11 aiohttp/3.9.2"
118.127.40.73 - - [14/Apr/2026:20:16:32 +1000] "GET / HTTP/1.1" 302 249 "-" "Python/3.11 aiohttp/3.9.2"
118.127.40.73 - - [14/Apr/2026:20:46:39 +1000] "GET / HTTP/1.1" 302 249 "-" "Python/3.11 aiohttp/3.9.2"
118.127.40.73 - - [14/Apr/2026:21:16:34 +1000] "GET / HTTP/1.1" 302 249 "-" "Python/3.11 aiohttp/3.9.2"
118.127.40.73 - - [14/Apr/2026:21:46:37 +1000] "GET / HTTP/1.1" 302 249 "-" "Python/3.11 aiohttp/3.9.2"
118.127.40.73 - - [14/Apr/2026:22:16:34 +1000] "GET / HTTP/1.1" 302 249 "-" "Python/3.11 aiohttp/3.9.2"
118.127.40.73 - - [14/Apr/2026:22:46:42 +1000] "GET / HTTP/1.1" 302 249 "-" "Python/3.11 aiohttp/3.9.2"
45.148.10.51 - - [14/Apr/2026:23:05:14 +1000] "GET /.env HTTP/1.1" 302 253 "-" "Mozilla/5.0 (X11; Linux x86_64) AppleWebKit/537.36 (KHTML, like Gecko) Chrome/39.0.2171.99 Safari/537.36"
118.127.40.73 - - [14/Apr/2026:23:16:48 +1000] "GET / HTTP/1.1" 302 249 "-" "Python/3.11 aiohttp/3.9.2"
45.148.10.243 - - [14/Apr/2026:23:18:43 +1000] "GET /.env HTTP/1.1" 302 253 "-" "Mozilla/5.0 (CentOS; Linux i686) AppleWebKit/537.36 (KHTML, like Gecko) Chrome/133.0.0.0 Safari/537.36"
118.127.40.73 - - [14/Apr/2026:23:46:37 +1000] "GET / HTTP/1.1" 302 249 "-" "Python/3.11 aiohttp/3.9.2"
118.127.40.73 - - [15/Apr/2026:00:16:34 +1000] "GET / HTTP/1.1" 302 249 "-" "Python/3.11 aiohttp/3.9.2"
118.127.40.73 - - [15/Apr/2026:00:46:38 +1000] "GET / HTTP/1.1" 302 249 "-" "Python/3.11 aiohttp/3.9.2"
66.132.224.89 - - [15/Apr/2026:01:11:36 +1000] "GET / HTTP/1.1" 302 249 "-" "Mozilla/5.0 (compatible; CensysInspect/1.1; +https://about.censys.io/)"
118.127.40.73 - - [15/Apr/2026:01:16:39 +1000] "GET / HTTP/1.1" 302 249 "-" "Python/3.11 aiohttp/3.9.2"
118.127.40.73 - - [15/Apr/2026:01:46:40 +1000] "GET / HTTP/1.1" 302 249 "-" "Python/3.11 aiohttp/3.9.2"
216.81.248.211 - - [15/Apr/2026:02:15:37 +1000] "GET /.git/config HTTP/1.1" 302 260 "-" "Mozilla/5.0 (Windows NT 6.1; WOW64) AppleWebKit/537.36 (KHTML like Gecko) Chrome/28.0.1469.0 Safari/537.36"
118.127.40.73 - - [15/Apr/2026:02:16:45 +1000] "GET / HTTP/1.1" 302 249 "-" "Python/3.11 aiohttp/3.9.2"
34.86.138.229 - - [15/Apr/2026:02:31:19 +1000] "GET / HTTP/1.1" 302 249 "-" "Mozilla/5.0 (Windows NT 10.0; Win64; x64; rv:125.0) Gecko/20100101 Firefox/125.0"
34.86.138.229 - - [15/Apr/2026:02:31:28 +1000] "GET / HTTP/1.1" 302 249 "-" "Mozilla/5.0 (Windows NT 10.0; Win64; x64; rv:125.0) Gecko/20100101 Firefox/125.0"
118.127.40.73 - - [15/Apr/2026:02:46:45 +1000] "GET / HTTP/1.1" 302 249 "-" "Python/3.11 aiohttp/3.9.2"
118.127.40.73 - - [15/Apr/2026:03:16:50 +1000] "GET / HTTP/1.1" 302 249 "-" "Python/3.11 aiohttp/3.9.2"
118.127.40.73 - - [15/Apr/2026:03:46:47 +1000] "GET / HTTP/1.1" 302 249 "-" "Python/3.11 aiohttp/3.9.2"
118.127.40.73 - - [15/Apr/2026:04:16:53 +1000] "GET / HTTP/1.1" 302 249 "-" "Python/3.11 aiohttp/3.9.2"
118.127.40.73 - - [15/Apr/2026:04:46:40 +1000] "GET / HTTP/1.1" 302 249 "-" "Python/3.11 aiohttp/3.9.2"
118.127.40.73 - - [15/Apr/2026:05:16:42 +1000] "GET / HTTP/1.1" 302 249 "-" "Python/3.11 aiohttp/3.9.2"
118.127.40.73 - - [15/Apr/2026:05:46:39 +1000] "GET / HTTP/1.1" 302 249 "-" "Python/3.11 aiohttp/3.9.2"
118.127.40.73 - - [15/Apr/2026:06:16:37 +1000] "GET / HTTP/1.1" 302 249 "-" "Python/3.11 aiohttp/3.9.2"
118.127.40.73 - - [15/Apr/2026:06:46:43 +1000] "GET / HTTP/1.1" 302 249 "-" "Python/3.11 aiohttp/3.9.2"
118.127.40.73 - - [15/Apr/2026:07:16:37 +1000] "GET / HTTP/1.1" 302 249 "-" "Python/3.11 aiohttp/3.9.2"
5.252.189.192 - - [15/Apr/2026:07:31:53 +1000] "GET / HTTP/1.1" 302 249 "-" "Mozilla/5.0 (Windows NT 10.0; Win64; x64) AppleWebKit/537.36 (KHTML, like Gecko) Chrome/144.0.0.0 Safari/537.36"
118.127.40.73 - - [15/Apr/2026:07:46:41 +1000] "GET / HTTP/1.1" 302 249 "-" "Python/3.11 aiohttp/3.9.2"
118.127.40.73 - - [15/Apr/2026:08:16:48 +1000] "GET / HTTP/1.1" 302 249 "-" "Python/3.11 aiohttp/3.9.2"
106.63.26.8 - - [15/Apr/2026:08:33:00 +1000] "GET / HTTP/1.1" 302 249 "-" "Mozilla/5.0 (Macintosh; Intel Mac OS X 10_15_7) AppleWebKit/537.36 (KHTML, like Gecko) Chrome/120.0.0.0 Safari/537.36 Edg/120.0.0.0"
106.63.26.132 - - [15/Apr/2026:08:33:07 +1000] "GET /favicon.ico HTTP/1.1" 302 260 "-" "Mozilla/5.0 (Macintosh; Intel Mac OS X 10_15_7) AppleWebKit/537.36 (KHTML, like Gecko) Chrome/120.0.0.0 Safari/537.36 Edg/120.0.0.0"
106.63.26.28 - - [15/Apr/2026:08:33:10 +1000] "GET /robots.txt HTTP/1.1" 302 259 "-" "Mozilla/5.0 (Macintosh; Intel Mac OS X 10_15_7) AppleWebKit/537.36 (KHTML, like Gecko) Chrome/120.0.0.0 Safari/537.36 Edg/120.0.0.0"
106.63.26.8 - - [15/Apr/2026:08:33:17 +1000] "GET /sitemap.xml HTTP/1.1" 302 260 "-" "Mozilla/5.0 (Macintosh; Intel Mac OS X 10_15_7) AppleWebKit/537.36 (KHTML, like Gecko) Chrome/120.0.0.0 Safari/537.36 Edg/120.0.0.0"
118.127.40.73 - - [15/Apr/2026:08:46:49 +1000] "GET / HTTP/1.1" 302 249 "-" "Python/3.11 aiohttp/3.9.2"
204.76.203.25 - - [15/Apr/2026:09:06:34 +1000] "GET / HTTP/1.1" 302 249 "-" "Mozilla/5.0 (Windows NT 10.0; Win64; x64) AppleWebKit/537.36 (KHTML, like Gecko) Chrome/134.0.0.0 Safari/537.3"
118.127.40.73 - - [15/Apr/2026:09:16:43 +1000] "GET / HTTP/1.1" 302 249 "-" "Python/3.11 aiohttp/3.9.2"
118.127.40.73 - - [15/Apr/2026:09:46:43 +1000] "GET / HTTP/1.1" 302 249 "-" "Python/3.11 aiohttp/3.9.2"
118.127.40.73 - - [15/Apr/2026:10:16:39 +1000] "GET / HTTP/1.1" 302 249 "-" "Python/3.11 aiohttp/3.9.2"
118.127.40.73 - - [15/Apr/2026:10:46:48 +1000] "GET / HTTP/1.1" 302 249 "-" "Python/3.11 aiohttp/3.9.2"
118.127.40.73 - - [15/Apr/2026:11:16:41 +1000] "GET / HTTP/1.1" 302 249 "-" "Python/3.11 aiohttp/3.9.2"
118.127.40.73 - - [15/Apr/2026:11:46:40 +1000] "GET / HTTP/1.1" 302 249 "-" "Python/3.11 aiohttp/3.9.2"
118.127.40.73 - - [15/Apr/2026:12:16:41 +1000] "GET / HTTP/1.1" 302 249 "-" "Python/3.11 aiohttp/3.9.2"
118.127.40.73 - - [15/Apr/2026:12:46:45 +1000] "GET / HTTP/1.1" 302 249 "-" "Python/3.11 aiohttp/3.9.2"
37.120.205.21 - - [15/Apr/2026:12:53:32 +1000] "GET / HTTP/1.1" 302 249 "-" "Mozilla/5.0 (Windows NT 10.0; Win64; x64) AppleWebKit/537.36 (KHTML, like Gecko) Chrome/146.0.0.0 Safari/537.36"
118.127.40.73 - - [15/Apr/2026:13:16:43 +1000] "GET / HTTP/1.1" 302 249 "-" "Python/3.11 aiohttp/3.9.2"
118.127.40.73 - - [15/Apr/2026:13:46:42 +1000] "GET / HTTP/1.1" 302 249 "-" "Python/3.11 aiohttp/3.9.2"
118.127.40.73 - - [15/Apr/2026:14:16:40 +1000] "GET / HTTP/1.1" 302 249 "-" "Python/3.11 aiohttp/3.9.2"
118.127.40.73 - - [15/Apr/2026:14:46:43 +1000] "GET / HTTP/1.1" 302 249 "-" "Python/3.11 aiohttp/3.9.2"
118.127.40.73 - - [15/Apr/2026:15:16:43 +1000] "GET / HTTP/1.1" 302 249 "-" "Python/3.11 aiohttp/3.9.2"
118.127.40.73 - - [15/Apr/2026:15:46:44 +1000] "GET / HTTP/1.1" 302 249 "-" "Python/3.11 aiohttp/3.9.2"
139.59.212.185 - - [15/Apr/2026:16:04:38 +1000] "GET / HTTP/1.1" 302 249 "-" "Mozilla/5.0 (X11; Linux x86_64; rv:142.0) Gecko/20100101 Firefox/142.0"
139.59.212.185 - - [15/Apr/2026:16:04:44 +1000] "GET /favicon.ico HTTP/1.1" 302 260 "https://phones.posscales.com/" "Mozilla/5.0 (X11; Linux x86_64; rv:142.0) Gecko/20100101 Firefox/142.0"
118.127.40.73 - - [15/Apr/2026:16:16:49 +1000] "GET / HTTP/1.1" 302 249 "-" "Python/3.11 aiohttp/3.9.2"
118.127.40.73 - - [15/Apr/2026:16:46:41 +1000] "GET / HTTP/1.1" 302 249 "-" "Python/3.11 aiohttp/3.9.2"
118.127.40.73 - - [15/Apr/2026:17:16:42 +1000] "GET / HTTP/1.1" 302 249 "-" "Python/3.11 aiohttp/3.9.2"
118.127.40.73 - - [15/Apr/2026:17:46:41 +1000] "GET / HTTP/1.1" 302 249 "-" "Python/3.11 aiohttp/3.9.2"
118.127.40.73 - - [15/Apr/2026:18:16:42 +1000] "GET / HTTP/1.1" 302 249 "-" "Python/3.11 aiohttp/3.9.2"
194.146.92.216 - - [15/Apr/2026:18:27:13 +1000] "GET / HTTP/1.1" 302 249 "-" "Mozilla/5.0 (Windows NT 10.0; Win64; x64) AppleWebKit/537.36 (KHTML, like Gecko) Chrome/146.0.0.0 Safari/537.36"
118.127.40.73 - - [15/Apr/2026:18:46:49 +1000] "GET / HTTP/1.1" 302 249 "-" "Python/3.11 aiohttp/3.9.2"
118.127.40.73 - - [15/Apr/2026:19:16:43 +1000] "GET / HTTP/1.1" 302 249 "-" "Python/3.11 aiohttp/3.9.2"
118.127.40.73 - - [15/Apr/2026:19:46:47 +1000] "GET / HTTP/1.1" 302 249 "-" "Python/3.11 aiohttp/3.9.2"
118.127.40.73 - - [15/Apr/2026:20:16:44 +1000] "GET / HTTP/1.1" 302 249 "-" "Python/3.11 aiohttp/3.9.2"
118.127.40.73 - - [15/Apr/2026:20:46:53 +1000] "GET / HTTP/1.1" 302 249 "-" "Python/3.11 aiohttp/3.9.2"
118.127.40.73 - - [15/Apr/2026:21:16:48 +1000] "GET / HTTP/1.1" 302 249 "-" "Python/3.11 aiohttp/3.9.2"
118.127.40.73 - - [15/Apr/2026:21:46:46 +1000] "GET / HTTP/1.1" 302 249 "-" "Python/3.11 aiohttp/3.9.2"
118.127.40.73 - - [15/Apr/2026:22:17:00 +1000] "GET / HTTP/1.1" 302 249 "-" "Python/3.11 aiohttp/3.9.2"
118.127.40.73 - - [15/Apr/2026:22:47:00 +1000] "GET / HTTP/1.1" 302 249 "-" "Python/3.11 aiohttp/3.9.2"
118.127.40.73 - - [15/Apr/2026:23:16:51 +1000] "GET / HTTP/1.1" 302 249 "-" "Python/3.11 aiohttp/3.9.2"
118.127.40.73 - - [15/Apr/2026:23:47:05 +1000] "GET / HTTP/1.1" 302 249 "-" "Python/3.11 aiohttp/3.9.2"
118.127.40.73 - - [16/Apr/2026:00:17:28 +1000] "GET / HTTP/1.1" 302 249 "-" "Python/3.11 aiohttp/3.9.2"
118.127.40.73 - - [16/Apr/2026:00:47:02 +1000] "GET / HTTP/1.1" 302 249 "-" "Python/3.11 aiohttp/3.9.2"
118.127.40.73 - - [16/Apr/2026:01:16:59 +1000] "GET / HTTP/1.1" 302 249 "-" "Python/3.11 aiohttp/3.9.2"
118.127.40.73 - - [16/Apr/2026:01:47:00 +1000] "GET / HTTP/1.1" 302 249 "-" "Python/3.11 aiohttp/3.9.2"
118.127.40.73 - - [16/Apr/2026:02:16:51 +1000] "GET / HTTP/1.1" 302 249 "-" "Python/3.11 aiohttp/3.9.2"
118.127.40.73 - - [16/Apr/2026:02:46:54 +1000] "GET / HTTP/1.1" 302 249 "-" "Python/3.11 aiohttp/3.9.2"
118.127.40.73 - - [16/Apr/2026:03:16:55 +1000] "GET / HTTP/1.1" 302 249 "-" "Python/3.11 aiohttp/3.9.2"
118.127.40.73 - - [16/Apr/2026:03:46:52 +1000] "GET / HTTP/1.1" 302 249 "-" "Python/3.11 aiohttp/3.9.2"
93.123.109.79 - - [16/Apr/2026:03:52:21 +1000] "GET /.git/config HTTP/1.1" 302 260 "-" "Mozilla/5.0 (Windows NT 10.0; Win64; x64) AppleWebKit/537.36 (KHTML, like Gecko) Chrome/126.0.0.0 Safari/537.36"
118.127.40.73 - - [16/Apr/2026:04:16:55 +1000] "GET / HTTP/1.1" 302 249 "-" "Python/3.11 aiohttp/3.9.2"
118.127.40.73 - - [16/Apr/2026:04:46:56 +1000] "GET / HTTP/1.1" 302 249 "-" "Python/3.11 aiohttp/3.9.2"
118.127.40.73 - - [16/Apr/2026:05:17:15 +1000] "GET / HTTP/1.1" 302 249 "-" "Python/3.11 aiohttp/3.9.2"
118.127.40.73 - - [16/Apr/2026:05:47:00 +1000] "GET / HTTP/1.1" 302 249 "-" "Python/3.11 aiohttp/3.9.2"
118.127.40.73 - - [16/Apr/2026:06:17:08 +1000] "GET / HTTP/1.1" 302 249 "-" "Python/3.11 aiohttp/3.9.2"
118.127.40.73 - - [16/Apr/2026:06:47:05 +1000] "GET / HTTP/1.1" 302 249 "-" "Python/3.11 aiohttp/3.9.2"
118.127.40.73 - - [16/Apr/2026:07:17:00 +1000] "GET / HTTP/1.1" 302 249 "-" "Python/3.11 aiohttp/3.9.2"
118.127.40.73 - - [16/Apr/2026:07:47:02 +1000] "GET / HTTP/1.1" 302 249 "-" "Python/3.11 aiohttp/3.9.2"
146.70.59.18 - - [16/Apr/2026:07:54:10 +1000] "GET / HTTP/1.1" 302 249 "-" "Mozilla/5.0 (Windows NT 10.0; Win64; x64) AppleWebKit/537.36 (KHTML, like Gecko) Chrome/146.0.0.0 Safari/537.36"
118.127.40.73 - - [16/Apr/2026:08:17:10 +1000] "GET / HTTP/1.1" 302 249 "-" "Python/3.11 aiohttp/3.9.2"
118.127.40.73 - - [16/Apr/2026:08:46:59 +1000] "GET / HTTP/1.1" 302 249 "-" "Python/3.11 aiohttp/3.9.2"
118.127.40.73 - - [16/Apr/2026:09:17:03 +1000] "GET / HTTP/1.1" 302 249 "-" "Python/3.11 aiohttp/3.9.2"
118.127.40.73 - - [16/Apr/2026:09:47:06 +1000] "GET / HTTP/1.1" 302 249 "-" "Python/3.11 aiohttp/3.9.2"
118.127.40.73 - - [16/Apr/2026:10:17:03 +1000] "GET / HTTP/1.1" 302 249 "-" "Python/3.11 aiohttp/3.9.2"
118.127.40.73 - - [16/Apr/2026:10:47:03 +1000] "GET / HTTP/1.1" 302 249 "-" "Python/3.11 aiohttp/3.9.2"
118.127.40.73 - - [16/Apr/2026:11:16:53 +1000] "GET / HTTP/1.1" 302 249 "-" "Python/3.11 aiohttp/3.9.2"
118.127.40.73 - - [16/Apr/2026:11:46:53 +1000] "GET / HTTP/1.1" 302 249 "-" "Python/3.11 aiohttp/3.9.2"
118.127.40.73 - - [16/Apr/2026:12:16:55 +1000] "GET / HTTP/1.1" 302 249 "-" "Python/3.11 aiohttp/3.9.2"
118.127.40.73 - - [16/Apr/2026:12:46:56 +1000] "GET / HTTP/1.1" 302 249 "-" "Python/3.11 aiohttp/3.9.2"
118.127.40.73 - - [16/Apr/2026:13:16:57 +1000] "GET / HTTP/1.1" 302 249 "-" "Python/3.11 aiohttp/3.9.2"
118.127.40.73 - - [16/Apr/2026:13:46:52 +1000] "GET / HTTP/1.1" 302 249 "-" "Python/3.11 aiohttp/3.9.2"
118.127.40.73 - - [16/Apr/2026:14:16:59 +1000] "GET / HTTP/1.1" 302 249 "-" "Python/3.11 aiohttp/3.9.2"
118.127.40.73 - - [16/Apr/2026:14:46:56 +1000] "GET / HTTP/1.1" 302 249 "-" "Python/3.11 aiohttp/3.9.2"
118.127.40.73 - - [16/Apr/2026:15:16:56 +1000] "GET / HTTP/1.1" 302 249 "-" "Python/3.11 aiohttp/3.9.2"
118.127.40.73 - - [16/Apr/2026:15:46:54 +1000] "GET / HTTP/1.1" 302 249 "-" "Python/3.11 aiohttp/3.9.2"
118.127.40.73 - - [16/Apr/2026:16:16:56 +1000] "GET / HTTP/1.1" 302 249 "-" "Python/3.11 aiohttp/3.9.2"
118.127.40.73 - - [16/Apr/2026:16:46:58 +1000] "GET / HTTP/1.1" 302 249 "-" "Python/3.11 aiohttp/3.9.2"
118.127.40.73 - - [16/Apr/2026:17:17:11 +1000] "GET / HTTP/1.1" 302 249 "-" "Python/3.11 aiohttp/3.9.2"
118.127.40.73 - - [16/Apr/2026:17:46:55 +1000] "GET / HTTP/1.1" 302 249 "-" "Python/3.11 aiohttp/3.9.2"
118.127.40.73 - - [16/Apr/2026:18:16:55 +1000] "GET / HTTP/1.1" 302 249 "-" "Python/3.11 aiohttp/3.9.2"
118.127.40.73 - - [16/Apr/2026:18:46:54 +1000] "GET / HTTP/1.1" 302 249 "-" "Python/3.11 aiohttp/3.9.2"
118.127.40.73 - - [16/Apr/2026:19:16:58 +1000] "GET / HTTP/1.1" 302 249 "-" "Python/3.11 aiohttp/3.9.2"
118.127.40.73 - - [16/Apr/2026:19:46:56 +1000] "GET / HTTP/1.1" 302 249 "-" "Python/3.11 aiohttp/3.9.2"
118.127.40.73 - - [16/Apr/2026:20:17:04 +1000] "GET / HTTP/1.1" 302 249 "-" "Python/3.11 aiohttp/3.9.2"
138.246.253.24 - - [16/Apr/2026:20:46:10 +1000] "GET /robots.txt HTTP/1.1" 302 259 "-" "Mozilla/5.0 (Windows NT 10.0; Win64; x64) AppleWebKit/537.36 (KHTML, like Gecko) Chrome/103.0.5060.134 Safari/537.36"
118.127.40.73 - - [16/Apr/2026:20:46:56 +1000] "GET / HTTP/1.1" 302 249 "-" "Python/3.11 aiohttp/3.9.2"
118.127.40.73 - - [16/Apr/2026:21:17:03 +1000] "GET / HTTP/1.1" 302 249 "-" "Python/3.11 aiohttp/3.9.2"
118.127.40.73 - - [16/Apr/2026:21:47:03 +1000] "GET / HTTP/1.1" 302 249 "-" "Python/3.11 aiohttp/3.9.2"
118.127.40.73 - - [16/Apr/2026:22:16:57 +1000] "GET / HTTP/1.1" 302 249 "-" "Python/3.11 aiohttp/3.9.2"
118.127.40.73 - - [16/Apr/2026:22:47:02 +1000] "GET / HTTP/1.1" 302 249 "-" "Python/3.11 aiohttp/3.9.2"
118.127.40.73 - - [16/Apr/2026:23:16:59 +1000] "GET / HTTP/1.1" 302 249 "-" "Python/3.11 aiohttp/3.9.2"
118.127.40.73 - - [16/Apr/2026:23:47:20 +1000] "GET / HTTP/1.1" 302 249 "-" "Python/3.11 aiohttp/3.9.2"
118.127.40.73 - - [17/Apr/2026:00:30:42 +1000] "GET / HTTP/1.1" 302 249 "-" "Python/3.11 aiohttp/3.9.2"
118.127.40.73 - - [17/Apr/2026:01:00:42 +1000] "GET / HTTP/1.1" 302 249 "-" "Python/3.11 aiohttp/3.9.2"
118.127.40.73 - - [17/Apr/2026:01:30:43 +1000] "GET / HTTP/1.1" 302 249 "-" "Python/3.11 aiohttp/3.9.2"
118.127.40.73 - - [17/Apr/2026:02:00:41 +1000] "GET / HTTP/1.1" 302 249 "-" "Python/3.11 aiohttp/3.9.2"
118.127.40.73 - - [17/Apr/2026:02:30:43 +1000] "GET / HTTP/1.1" 302 249 "-" "Python/3.11 aiohttp/3.9.2"
118.127.40.73 - - [17/Apr/2026:03:00:43 +1000] "GET / HTTP/1.1" 302 249 "-" "Python/3.11 aiohttp/3.9.2"
118.127.40.73 - - [17/Apr/2026:03:30:43 +1000] "GET / HTTP/1.1" 302 249 "-" "Python/3.11 aiohttp/3.9.2"
118.127.40.73 - - [17/Apr/2026:04:00:43 +1000] "GET / HTTP/1.1" 302 249 "-" "Python/3.11 aiohttp/3.9.2"
118.127.40.73 - - [17/Apr/2026:04:30:43 +1000] "GET / HTTP/1.1" 302 249 "-" "Python/3.11 aiohttp/3.9.2"
118.127.40.73 - - [17/Apr/2026:05:00:44 +1000] "GET / HTTP/1.1" 302 249 "-" "Python/3.11 aiohttp/3.9.2"
118.127.40.73 - - [17/Apr/2026:05:30:44 +1000] "GET / HTTP/1.1" 302 249 "-" "Python/3.11 aiohttp/3.9.2"
118.127.40.73 - - [17/Apr/2026:06:00:43 +1000] "GET / HTTP/1.1" 302 249 "-" "Python/3.11 aiohttp/3.9.2"
118.127.40.73 - - [17/Apr/2026:06:30:46 +1000] "GET / HTTP/1.1" 302 249 "-" "Python/3.11 aiohttp/3.9.2"
118.127.40.73 - - [17/Apr/2026:07:00:45 +1000] "GET / HTTP/1.1" 302 249 "-" "Python/3.11 aiohttp/3.9.2"
118.127.40.73 - - [17/Apr/2026:07:30:43 +1000] "GET / HTTP/1.1" 302 249 "-" "Python/3.11 aiohttp/3.9.2"
118.127.40.73 - - [17/Apr/2026:08:00:44 +1000] "GET / HTTP/1.1" 302 249 "-" "Python/3.11 aiohttp/3.9.2"
118.127.40.73 - - [17/Apr/2026:08:30:47 +1000] "GET / HTTP/1.1" 302 249 "-" "Python/3.11 aiohttp/3.9.2"
118.127.40.73 - - [17/Apr/2026:09:00:44 +1000] "GET / HTTP/1.1" 302 249 "-" "Python/3.11 aiohttp/3.9.2"
118.127.40.73 - - [17/Apr/2026:09:30:44 +1000] "GET / HTTP/1.1" 302 249 "-" "Python/3.11 aiohttp/3.9.2"
118.127.40.73 - - [17/Apr/2026:10:00:46 +1000] "GET / HTTP/1.1" 302 249 "-" "Python/3.11 aiohttp/3.9.2"
118.127.40.73 - - [17/Apr/2026:10:30:45 +1000] "GET / HTTP/1.1" 302 249 "-" "Python/3.11 aiohttp/3.9.2"
118.127.40.73 - - [17/Apr/2026:11:00:46 +1000] "GET / HTTP/1.1" 302 249 "-" "Python/3.11 aiohttp/3.9.2"
118.127.40.73 - - [17/Apr/2026:11:30:45 +1000] "GET / HTTP/1.1" 302 249 "-" "Python/3.11 aiohttp/3.9.2"
118.127.40.73 - - [17/Apr/2026:12:00:46 +1000] "GET / HTTP/1.1" 302 249 "-" "Python/3.11 aiohttp/3.9.2"
118.127.40.73 - - [17/Apr/2026:12:30:46 +1000] "GET / HTTP/1.1" 302 249 "-" "Python/3.11 aiohttp/3.9.2"
118.127.40.73 - - [17/Apr/2026:13:00:46 +1000] "GET / HTTP/1.1" 302 249 "-" "Python/3.11 aiohttp/3.9.2"
118.127.40.73 - - [17/Apr/2026:13:30:46 +1000] "GET / HTTP/1.1" 302 249 "-" "Python/3.11 aiohttp/3.9.2"
118.127.40.73 - - [17/Apr/2026:14:00:46 +1000] "GET / HTTP/1.1" 302 249 "-" "Python/3.11 aiohttp/3.9.2"
118.127.40.73 - - [17/Apr/2026:14:30:47 +1000] "GET / HTTP/1.1" 302 249 "-" "Python/3.11 aiohttp/3.9.2"
118.127.40.73 - - [17/Apr/2026:15:00:47 +1000] "GET / HTTP/1.1" 302 249 "-" "Python/3.11 aiohttp/3.9.2"
118.127.40.73 - - [17/Apr/2026:15:30:47 +1000] "GET / HTTP/1.1" 302 249 "-" "Python/3.11 aiohttp/3.9.2"
118.127.40.73 - - [17/Apr/2026:16:00:48 +1000] "GET / HTTP/1.1" 302 249 "-" "Python/3.11 aiohttp/3.9.2"
118.127.40.73 - - [17/Apr/2026:16:30:48 +1000] "GET / HTTP/1.1" 302 249 "-" "Python/3.11 aiohttp/3.9.2"
118.127.40.73 - - [17/Apr/2026:17:00:48 +1000] "GET / HTTP/1.1" 302 249 "-" "Python/3.11 aiohttp/3.9.2"
118.127.40.73 - - [17/Apr/2026:17:30:48 +1000] "GET / HTTP/1.1" 302 249 "-" "Python/3.11 aiohttp/3.9.2"
118.127.40.73 - - [17/Apr/2026:18:00:48 +1000] "GET / HTTP/1.1" 302 249 "-" "Python/3.11 aiohttp/3.9.2"
118.127.40.73 - - [17/Apr/2026:18:30:49 +1000] "GET / HTTP/1.1" 302 249 "-" "Python/3.11 aiohttp/3.9.2"
118.127.40.73 - - [17/Apr/2026:19:00:48 +1000] "GET / HTTP/1.1" 302 249 "-" "Python/3.11 aiohttp/3.9.2"
138.246.253.24 - - [17/Apr/2026:19:08:13 +1000] "GET /robots.txt HTTP/1.1" 302 259 "-" "Mozilla/5.0 (Windows NT 10.0; Win64; x64) AppleWebKit/537.36 (KHTML, like Gecko) Chrome/103.0.5060.134 Safari/537.36"
118.127.40.73 - - [17/Apr/2026:19:30:48 +1000] "GET / HTTP/1.1" 302 249 "-" "Python/3.11 aiohttp/3.9.2"
118.127.40.73 - - [17/Apr/2026:20:00:49 +1000] "GET / HTTP/1.1" 302 249 "-" "Python/3.11 aiohttp/3.9.2"
118.127.40.73 - - [17/Apr/2026:20:30:53 +1000] "GET / HTTP/1.1" 302 249 "-" "Python/3.11 aiohttp/3.9.2"
118.127.40.73 - - [17/Apr/2026:21:00:49 +1000] "GET / HTTP/1.1" 302 249 "-" "Python/3.11 aiohttp/3.9.2"
118.127.40.73 - - [17/Apr/2026:21:30:50 +1000] "GET / HTTP/1.1" 302 249 "-" "Python/3.11 aiohttp/3.9.2"
106.63.26.140 - - [17/Apr/2026:21:54:01 +1000] "GET / HTTP/1.1" 302 249 "-" "Mozilla/5.0 (Macintosh; Intel Mac OS X 10_15_7) AppleWebKit/537.36 (KHTML, like Gecko) Chrome/120.0.0.0 Safari/537.36 Edg/120.0.0.0"
106.63.26.157 - - [17/Apr/2026:21:54:12 +1000] "GET /favicon.ico HTTP/1.1" 302 260 "-" "Mozilla/5.0 (Macintosh; Intel Mac OS X 10_15_7) AppleWebKit/537.36 (KHTML, like Gecko) Chrome/120.0.0.0 Safari/537.36 Edg/120.0.0.0"
205.210.31.216 - - [17/Apr/2026:21:55:55 +1000] "GET / HTTP/1.1" 302 249 "-" "Hello from Palo Alto Networks, find out more about our scans in https://docs-cortex.paloaltonetworks.com/r/1/Cortex-Xpanse/Scanning-activity"
118.127.40.73 - - [17/Apr/2026:22:00:55 +1000] "GET / HTTP/1.1" 302 249 "-" "Python/3.11 aiohttp/3.9.2"
118.127.40.73 - - [17/Apr/2026:22:30:53 +1000] "GET / HTTP/1.1" 302 249 "-" "Python/3.11 aiohttp/3.9.2"
118.127.40.73 - - [17/Apr/2026:23:00:54 +1000] "GET / HTTP/1.1" 302 249 "-" "Python/3.11 aiohttp/3.9.2"
118.127.40.73 - - [17/Apr/2026:23:30:51 +1000] "GET / HTTP/1.1" 302 249 "-" "Python/3.11 aiohttp/3.9.2"
118.127.40.73 - - [18/Apr/2026:00:00:54 +1000] "GET / HTTP/1.1" 302 249 "-" "Python/3.11 aiohttp/3.9.2"
118.127.40.73 - - [18/Apr/2026:00:30:53 +1000] "GET / HTTP/1.1" 302 249 "-" "Python/3.11 aiohttp/3.9.2"
118.127.40.73 - - [18/Apr/2026:01:00:53 +1000] "GET / HTTP/1.1" 302 249 "-" "Python/3.11 aiohttp/3.9.2"