File: /home/posscale/access-logs/phones.posscales.com-ssl_log
118.127.40.73 - - [31/Mar/2026:22:05:12 +1000] "GET / HTTP/1.1" 302 249 "-" "Python/3.11 aiohttp/3.9.2"
118.127.40.73 - - [31/Mar/2026:22:35:12 +1000] "GET / HTTP/1.1" 302 249 "-" "Python/3.11 aiohttp/3.9.2"
118.127.40.73 - - [31/Mar/2026:23:05:12 +1000] "GET / HTTP/1.1" 302 249 "-" "Python/3.11 aiohttp/3.9.2"
118.127.40.73 - - [31/Mar/2026:23:38:29 +1000] "GET / HTTP/1.1" 302 249 "-" "Python/3.11 aiohttp/3.9.2"
118.127.40.73 - - [01/Apr/2026:00:05:13 +1000] "GET / HTTP/1.1" 302 249 "-" "Python/3.11 aiohttp/3.9.2"
118.127.40.73 - - [01/Apr/2026:00:35:12 +1000] "GET / HTTP/1.1" 302 249 "-" "Python/3.11 aiohttp/3.9.2"
118.127.40.73 - - [01/Apr/2026:01:05:13 +1000] "GET / HTTP/1.1" 302 249 "-" "Python/3.11 aiohttp/3.9.2"
118.127.40.73 - - [01/Apr/2026:01:35:13 +1000] "GET / HTTP/1.1" 302 249 "-" "Python/3.11 aiohttp/3.9.2"
118.127.40.73 - - [01/Apr/2026:02:05:14 +1000] "GET / HTTP/1.1" 302 249 "-" "Python/3.11 aiohttp/3.9.2"
118.127.40.73 - - [01/Apr/2026:02:35:16 +1000] "GET / HTTP/1.1" 302 249 "-" "Python/3.11 aiohttp/3.9.2"
118.127.40.73 - - [01/Apr/2026:03:05:14 +1000] "GET / HTTP/1.1" 302 249 "-" "Python/3.11 aiohttp/3.9.2"
195.178.110.241 - - [01/Apr/2026:03:16:15 +1000] "GET /.git/config HTTP/1.1" 302 260 "-" "Mozilla/5.0 (Macintosh; Intel Mac OS X 10_15_6) AppleWebKit/605.1.15 (KHTML, like Gecko) Version/14.1.2 Mobile/15E148 Safari/604.1"
118.127.40.73 - - [01/Apr/2026:03:35:15 +1000] "GET / HTTP/1.1" 302 249 "-" "Python/3.11 aiohttp/3.9.2"
118.127.40.73 - - [01/Apr/2026:04:05:16 +1000] "GET / HTTP/1.1" 302 249 "-" "Python/3.11 aiohttp/3.9.2"
118.127.40.73 - - [01/Apr/2026:04:35:18 +1000] "GET / HTTP/1.1" 302 249 "-" "Python/3.11 aiohttp/3.9.2"
118.127.40.73 - - [01/Apr/2026:05:05:15 +1000] "GET / HTTP/1.1" 302 249 "-" "Python/3.11 aiohttp/3.9.2"
118.127.40.73 - - [01/Apr/2026:05:35:16 +1000] "GET / HTTP/1.1" 302 249 "-" "Python/3.11 aiohttp/3.9.2"
118.127.40.73 - - [01/Apr/2026:06:05:16 +1000] "GET / HTTP/1.1" 302 249 "-" "Python/3.11 aiohttp/3.9.2"
118.127.40.73 - - [01/Apr/2026:06:35:15 +1000] "GET / HTTP/1.1" 302 249 "-" "Python/3.11 aiohttp/3.9.2"
118.127.40.73 - - [01/Apr/2026:07:05:13 +1000] "GET / HTTP/1.1" 302 249 "-" "Python/3.11 aiohttp/3.9.2"
118.127.40.73 - - [01/Apr/2026:07:35:17 +1000] "GET / HTTP/1.1" 302 249 "-" "Python/3.11 aiohttp/3.9.2"
118.127.40.73 - - [01/Apr/2026:08:05:16 +1000] "GET / HTTP/1.1" 302 249 "-" "Python/3.11 aiohttp/3.9.2"
118.127.40.73 - - [01/Apr/2026:08:35:21 +1000] "GET / HTTP/1.1" 302 249 "-" "Python/3.11 aiohttp/3.9.2"
118.127.40.73 - - [01/Apr/2026:09:05:15 +1000] "GET / HTTP/1.1" 302 249 "-" "Python/3.11 aiohttp/3.9.2"
118.127.40.73 - - [01/Apr/2026:09:35:20 +1000] "GET / HTTP/1.1" 302 249 "-" "Python/3.11 aiohttp/3.9.2"
74.7.175.172 - - [01/Apr/2026:09:58:36 +1000] "GET /robots.txt HTTP/1.1" 302 259 "-" "Mozilla/5.0 (Macintosh; Intel Mac OS X 10_15_7) AppleWebKit/537.36 (KHTML, like Gecko) Chrome/131.0.0.0 Safari/537.36; compatible; OAI-SearchBot/1.3; robots.txt; +https://openai.com/searchbot"
118.127.40.73 - - [01/Apr/2026:10:05:15 +1000] "GET / HTTP/1.1" 302 249 "-" "Python/3.11 aiohttp/3.9.2"
118.127.40.73 - - [01/Apr/2026:10:35:15 +1000] "GET / HTTP/1.1" 302 249 "-" "Python/3.11 aiohttp/3.9.2"
118.127.40.73 - - [01/Apr/2026:11:05:19 +1000] "GET / HTTP/1.1" 302 249 "-" "Python/3.11 aiohttp/3.9.2"
118.127.40.73 - - [01/Apr/2026:11:35:18 +1000] "GET / HTTP/1.1" 302 249 "-" "Python/3.11 aiohttp/3.9.2"
118.127.40.73 - - [01/Apr/2026:12:05:16 +1000] "GET / HTTP/1.1" 302 249 "-" "Python/3.11 aiohttp/3.9.2"
118.127.40.73 - - [01/Apr/2026:12:35:21 +1000] "GET / HTTP/1.1" 302 249 "-" "Python/3.11 aiohttp/3.9.2"
118.127.40.73 - - [01/Apr/2026:13:05:20 +1000] "GET / HTTP/1.1" 302 249 "-" "Python/3.11 aiohttp/3.9.2"
118.127.40.73 - - [01/Apr/2026:13:35:24 +1000] "GET / HTTP/1.1" 302 249 "-" "Python/3.11 aiohttp/3.9.2"
118.127.40.73 - - [01/Apr/2026:14:05:18 +1000] "GET / HTTP/1.1" 302 249 "-" "Python/3.11 aiohttp/3.9.2"
118.127.40.73 - - [01/Apr/2026:14:35:19 +1000] "GET / HTTP/1.1" 302 249 "-" "Python/3.11 aiohttp/3.9.2"
118.127.40.73 - - [01/Apr/2026:15:05:19 +1000] "GET / HTTP/1.1" 302 249 "-" "Python/3.11 aiohttp/3.9.2"
118.127.40.73 - - [01/Apr/2026:15:35:19 +1000] "GET / HTTP/1.1" 302 249 "-" "Python/3.11 aiohttp/3.9.2"
118.127.40.73 - - [01/Apr/2026:16:05:18 +1000] "GET / HTTP/1.1" 302 249 "-" "Python/3.11 aiohttp/3.9.2"
118.127.40.73 - - [01/Apr/2026:16:35:20 +1000] "GET / HTTP/1.1" 302 249 "-" "Python/3.11 aiohttp/3.9.2"
118.127.40.73 - - [01/Apr/2026:17:05:20 +1000] "GET / HTTP/1.1" 302 249 "-" "Python/3.11 aiohttp/3.9.2"
118.127.40.73 - - [01/Apr/2026:17:35:19 +1000] "GET / HTTP/1.1" 302 249 "-" "Python/3.11 aiohttp/3.9.2"
118.127.40.73 - - [01/Apr/2026:18:05:19 +1000] "GET / HTTP/1.1" 302 249 "-" "Python/3.11 aiohttp/3.9.2"
118.127.40.73 - - [01/Apr/2026:18:35:22 +1000] "GET / HTTP/1.1" 302 249 "-" "Python/3.11 aiohttp/3.9.2"
118.127.40.73 - - [01/Apr/2026:19:05:23 +1000] "GET / HTTP/1.1" 302 249 "-" "Python/3.11 aiohttp/3.9.2"
118.127.40.73 - - [01/Apr/2026:19:35:22 +1000] "GET / HTTP/1.1" 302 249 "-" "Python/3.11 aiohttp/3.9.2"
118.127.40.73 - - [01/Apr/2026:20:05:37 +1000] "GET / HTTP/1.1" 302 249 "-" "Python/3.11 aiohttp/3.9.2"
118.127.40.73 - - [01/Apr/2026:20:35:25 +1000] "GET / HTTP/1.1" 302 249 "-" "Python/3.11 aiohttp/3.9.2"
118.127.40.73 - - [01/Apr/2026:21:05:20 +1000] "GET / HTTP/1.1" 302 249 "-" "Python/3.11 aiohttp/3.9.2"
118.127.40.73 - - [01/Apr/2026:21:35:24 +1000] "GET / HTTP/1.1" 302 249 "-" "Python/3.11 aiohttp/3.9.2"
118.127.40.73 - - [01/Apr/2026:22:05:21 +1000] "GET / HTTP/1.1" 302 249 "-" "Python/3.11 aiohttp/3.9.2"
74.7.175.172 - - [01/Apr/2026:22:11:31 +1000] "GET /robots.txt HTTP/1.1" 302 259 "-" "Mozilla/5.0 (Macintosh; Intel Mac OS X 10_15_7) AppleWebKit/537.36 (KHTML, like Gecko) Chrome/131.0.0.0 Safari/537.36; compatible; OAI-SearchBot/1.3; robots.txt; +https://openai.com/searchbot"
34.26.46.150 - - [01/Apr/2026:22:26:40 +1000] "GET /.git/config HTTP/1.1" 302 260 "-" "-"
118.127.40.73 - - [01/Apr/2026:22:35:41 +1000] "GET / HTTP/1.1" 302 249 "-" "Python/3.11 aiohttp/3.9.2"
118.127.40.73 - - [01/Apr/2026:23:05:21 +1000] "GET / HTTP/1.1" 302 249 "-" "Python/3.11 aiohttp/3.9.2"
118.127.40.73 - - [01/Apr/2026:23:35:23 +1000] "GET / HTTP/1.1" 302 249 "-" "Python/3.11 aiohttp/3.9.2"
118.127.40.73 - - [02/Apr/2026:00:05:28 +1000] "GET / HTTP/1.1" 302 249 "-" "Python/3.11 aiohttp/3.9.2"
23.137.105.51 - - [02/Apr/2026:00:06:52 +1000] "GET /zkyzz.php HTTP/1.1" 302 258 "-" "python-requests/2.32.3"
118.127.40.73 - - [02/Apr/2026:00:35:24 +1000] "GET / HTTP/1.1" 302 249 "-" "Python/3.11 aiohttp/3.9.2"
118.127.40.73 - - [02/Apr/2026:01:05:23 +1000] "GET / HTTP/1.1" 302 249 "-" "Python/3.11 aiohttp/3.9.2"
64.176.195.163 - - [02/Apr/2026:01:18:54 +1000] "GET / HTTP/1.1" 302 249 "-" "httpx - Open-source project (github.com/projectdiscovery/httpx)"
118.127.40.73 - - [02/Apr/2026:01:35:25 +1000] "GET / HTTP/1.1" 302 249 "-" "Python/3.11 aiohttp/3.9.2"
118.127.40.73 - - [02/Apr/2026:02:05:25 +1000] "GET / HTTP/1.1" 302 249 "-" "Python/3.11 aiohttp/3.9.2"
118.127.40.73 - - [02/Apr/2026:02:35:22 +1000] "GET / HTTP/1.1" 302 249 "-" "Python/3.11 aiohttp/3.9.2"
147.182.189.22 - - [02/Apr/2026:02:56:08 +1000] "GET / HTTP/1.1" 302 249 "-" "Mozilla/5.0 (X11; Linux x86_64) AppleWebKit/537.36 (KHTML, like Gecko) Chrome/142.0.0.0 Safari/537.36"
147.182.189.22 - - [02/Apr/2026:02:56:13 +1000] "GET /favicon.ico HTTP/1.1" 302 260 "https://phones.posscales.com/" "Mozilla/5.0 (X11; Linux x86_64) AppleWebKit/537.36 (KHTML, like Gecko) Chrome/142.0.0.0 Safari/537.36"
118.127.40.73 - - [02/Apr/2026:03:05:25 +1000] "GET / HTTP/1.1" 302 249 "-" "Python/3.11 aiohttp/3.9.2"
118.127.40.73 - - [02/Apr/2026:03:35:23 +1000] "GET / HTTP/1.1" 302 249 "-" "Python/3.11 aiohttp/3.9.2"
118.127.40.73 - - [02/Apr/2026:04:05:32 +1000] "GET / HTTP/1.1" 302 249 "-" "Python/3.11 aiohttp/3.9.2"
118.127.40.73 - - [02/Apr/2026:04:35:24 +1000] "GET / HTTP/1.1" 302 249 "-" "Python/3.11 aiohttp/3.9.2"
74.7.241.152 - - [02/Apr/2026:04:56:28 +1000] "GET /robots.txt HTTP/1.1" 302 259 "-" "Mozilla/5.0 (Macintosh; Intel Mac OS X 10_15_7) AppleWebKit/537.36 (KHTML, like Gecko) Chrome/131.0.0.0 Safari/537.36; compatible; OAI-SearchBot/1.3; robots.txt; +https://openai.com/searchbot"
118.127.40.73 - - [02/Apr/2026:05:05:24 +1000] "GET / HTTP/1.1" 302 249 "-" "Python/3.11 aiohttp/3.9.2"
118.127.40.73 - - [02/Apr/2026:05:35:25 +1000] "GET / HTTP/1.1" 302 249 "-" "Python/3.11 aiohttp/3.9.2"
118.127.40.73 - - [02/Apr/2026:06:05:27 +1000] "GET / HTTP/1.1" 302 249 "-" "Python/3.11 aiohttp/3.9.2"
142.248.80.198 - - [02/Apr/2026:06:33:10 +1000] "GET / HTTP/1.1" 302 249 "-" "Mozilla/5.0 (Windows NT 10.0; Win64; x64) AppleWebKit/537.36 (KHTML, like Gecko) Chrome/124.0.0.0 Safari/537.36"
118.127.40.73 - - [02/Apr/2026:06:35:28 +1000] "GET / HTTP/1.1" 302 249 "-" "Python/3.11 aiohttp/3.9.2"
66.132.172.106 - - [02/Apr/2026:06:36:29 +1000] "GET / HTTP/1.1" 302 249 "-" "Mozilla/5.0 (compatible; CensysInspect/1.1; +https://about.censys.io/)"
158.173.20.98 - - [02/Apr/2026:06:59:49 +1000] "GET / HTTP/1.1" 302 249 "-" "Mozilla/5.0 (Windows NT 10.0; Win64; x64) AppleWebKit/537.36 (KHTML, like Gecko) Chrome/146.0.0.0 Safari/537.36"
118.127.40.73 - - [02/Apr/2026:07:05:25 +1000] "GET / HTTP/1.1" 302 249 "-" "Python/3.11 aiohttp/3.9.2"
118.127.40.73 - - [02/Apr/2026:07:35:29 +1000] "GET / HTTP/1.1" 302 249 "-" "Python/3.11 aiohttp/3.9.2"
118.127.40.73 - - [02/Apr/2026:08:05:25 +1000] "GET / HTTP/1.1" 302 249 "-" "Python/3.11 aiohttp/3.9.2"
118.127.40.73 - - [02/Apr/2026:08:35:28 +1000] "GET / HTTP/1.1" 302 249 "-" "Python/3.11 aiohttp/3.9.2"
118.127.40.73 - - [02/Apr/2026:09:05:26 +1000] "GET / HTTP/1.1" 302 249 "-" "Python/3.11 aiohttp/3.9.2"
118.127.40.73 - - [02/Apr/2026:09:35:26 +1000] "GET / HTTP/1.1" 302 249 "-" "Python/3.11 aiohttp/3.9.2"
118.127.40.73 - - [02/Apr/2026:10:05:26 +1000] "GET / HTTP/1.1" 302 249 "-" "Python/3.11 aiohttp/3.9.2"
118.127.40.73 - - [02/Apr/2026:10:35:29 +1000] "GET / HTTP/1.1" 302 249 "-" "Python/3.11 aiohttp/3.9.2"
118.127.40.73 - - [02/Apr/2026:11:05:27 +1000] "GET / HTTP/1.1" 302 249 "-" "Python/3.11 aiohttp/3.9.2"
118.127.40.73 - - [02/Apr/2026:11:35:31 +1000] "GET / HTTP/1.1" 302 249 "-" "Python/3.11 aiohttp/3.9.2"
118.127.40.73 - - [02/Apr/2026:12:05:28 +1000] "GET / HTTP/1.1" 302 249 "-" "Python/3.11 aiohttp/3.9.2"
198.235.24.27 - - [02/Apr/2026:12:09:29 +1000] "GET / HTTP/1.1" 302 249 "-" "Hello from Palo Alto Networks, find out more about our scans in https://docs-cortex.paloaltonetworks.com/r/1/Cortex-Xpanse/Scanning-activity"
118.127.40.73 - - [02/Apr/2026:12:35:26 +1000] "GET / HTTP/1.1" 302 249 "-" "Python/3.11 aiohttp/3.9.2"
118.127.40.73 - - [02/Apr/2026:13:05:26 +1000] "GET / HTTP/1.1" 302 249 "-" "Python/3.11 aiohttp/3.9.2"
118.127.40.73 - - [02/Apr/2026:13:35:35 +1000] "GET / HTTP/1.1" 302 249 "-" "Python/3.11 aiohttp/3.9.2"
118.127.40.73 - - [02/Apr/2026:14:05:31 +1000] "GET / HTTP/1.1" 302 249 "-" "Python/3.11 aiohttp/3.9.2"
118.127.40.73 - - [02/Apr/2026:14:35:27 +1000] "GET / HTTP/1.1" 302 249 "-" "Python/3.11 aiohttp/3.9.2"
118.127.40.73 - - [02/Apr/2026:15:05:29 +1000] "GET / HTTP/1.1" 302 249 "-" "Python/3.11 aiohttp/3.9.2"
118.127.40.73 - - [02/Apr/2026:15:35:30 +1000] "GET / HTTP/1.1" 302 249 "-" "Python/3.11 aiohttp/3.9.2"
118.127.40.73 - - [02/Apr/2026:16:05:32 +1000] "GET / HTTP/1.1" 302 249 "-" "Python/3.11 aiohttp/3.9.2"
118.127.40.73 - - [02/Apr/2026:16:35:32 +1000] "GET / HTTP/1.1" 302 249 "-" "Python/3.11 aiohttp/3.9.2"
118.127.40.73 - - [02/Apr/2026:17:05:28 +1000] "GET / HTTP/1.1" 302 249 "-" "Python/3.11 aiohttp/3.9.2"
118.127.40.73 - - [02/Apr/2026:17:35:34 +1000] "GET / HTTP/1.1" 302 249 "-" "Python/3.11 aiohttp/3.9.2"
118.127.40.73 - - [02/Apr/2026:18:05:33 +1000] "GET / HTTP/1.1" 302 249 "-" "Python/3.11 aiohttp/3.9.2"
118.127.40.73 - - [02/Apr/2026:18:35:32 +1000] "GET / HTTP/1.1" 302 249 "-" "Python/3.11 aiohttp/3.9.2"
118.127.40.73 - - [02/Apr/2026:19:05:32 +1000] "GET / HTTP/1.1" 302 249 "-" "Python/3.11 aiohttp/3.9.2"
118.127.40.73 - - [02/Apr/2026:19:35:30 +1000] "GET / HTTP/1.1" 302 249 "-" "Python/3.11 aiohttp/3.9.2"
118.127.40.73 - - [02/Apr/2026:20:05:31 +1000] "GET / HTTP/1.1" 302 249 "-" "Python/3.11 aiohttp/3.9.2"
118.127.40.73 - - [02/Apr/2026:20:35:35 +1000] "GET / HTTP/1.1" 302 249 "-" "Python/3.11 aiohttp/3.9.2"
118.127.40.73 - - [02/Apr/2026:21:05:33 +1000] "GET / HTTP/1.1" 302 249 "-" "Python/3.11 aiohttp/3.9.2"
118.127.40.73 - - [02/Apr/2026:21:35:30 +1000] "GET / HTTP/1.1" 302 249 "-" "Python/3.11 aiohttp/3.9.2"
118.127.40.73 - - [02/Apr/2026:22:05:36 +1000] "GET / HTTP/1.1" 302 249 "-" "Python/3.11 aiohttp/3.9.2"
118.127.40.73 - - [02/Apr/2026:22:35:33 +1000] "GET / HTTP/1.1" 302 249 "-" "Python/3.11 aiohttp/3.9.2"
118.127.40.73 - - [02/Apr/2026:23:05:33 +1000] "GET / HTTP/1.1" 302 249 "-" "Python/3.11 aiohttp/3.9.2"
118.127.40.73 - - [02/Apr/2026:23:35:32 +1000] "GET / HTTP/1.1" 302 249 "-" "Python/3.11 aiohttp/3.9.2"
118.127.40.73 - - [03/Apr/2026:00:05:34 +1000] "GET / HTTP/1.1" 302 249 "-" "Python/3.11 aiohttp/3.9.2"
35.188.117.42 - - [03/Apr/2026:00:16:11 +1000] "GET /.git/config HTTP/1.1" 302 260 "-" "-"
118.127.40.73 - - [03/Apr/2026:00:35:39 +1000] "GET / HTTP/1.1" 302 249 "-" "Python/3.11 aiohttp/3.9.2"
74.7.241.152 - - [03/Apr/2026:00:56:35 +1000] "GET /robots.txt HTTP/1.1" 302 259 "-" "Mozilla/5.0 (Macintosh; Intel Mac OS X 10_15_7) AppleWebKit/537.36 (KHTML, like Gecko) Chrome/131.0.0.0 Safari/537.36; compatible; OAI-SearchBot/1.3; robots.txt; +https://openai.com/searchbot"
74.7.243.128 - - [03/Apr/2026:00:56:35 +1000] "GET / HTTP/1.1" 302 249 "-" "Mozilla/5.0 AppleWebKit/537.36 (KHTML, like Gecko; compatible; GPTBot/1.3; +https://openai.com/gptbot)"
118.127.40.73 - - [03/Apr/2026:01:05:33 +1000] "GET / HTTP/1.1" 302 249 "-" "Python/3.11 aiohttp/3.9.2"
118.127.40.73 - - [03/Apr/2026:01:35:33 +1000] "GET / HTTP/1.1" 302 249 "-" "Python/3.11 aiohttp/3.9.2"
118.127.40.73 - - [03/Apr/2026:02:05:34 +1000] "GET / HTTP/1.1" 302 249 "-" "Python/3.11 aiohttp/3.9.2"
118.127.40.73 - - [03/Apr/2026:02:35:36 +1000] "GET / HTTP/1.1" 302 249 "-" "Python/3.11 aiohttp/3.9.2"
118.127.40.73 - - [03/Apr/2026:03:05:39 +1000] "GET / HTTP/1.1" 302 249 "-" "Python/3.11 aiohttp/3.9.2"
118.127.40.73 - - [03/Apr/2026:03:35:38 +1000] "GET / HTTP/1.1" 302 249 "-" "Python/3.11 aiohttp/3.9.2"
118.127.40.73 - - [03/Apr/2026:04:06:04 +1000] "GET / HTTP/1.1" 302 249 "-" "Python/3.11 aiohttp/3.9.2"
118.127.40.73 - - [03/Apr/2026:04:35:35 +1000] "GET / HTTP/1.1" 302 249 "-" "Python/3.11 aiohttp/3.9.2"
118.127.40.73 - - [03/Apr/2026:05:05:38 +1000] "GET / HTTP/1.1" 302 249 "-" "Python/3.11 aiohttp/3.9.2"
118.127.40.73 - - [03/Apr/2026:05:35:40 +1000] "GET / HTTP/1.1" 302 249 "-" "Python/3.11 aiohttp/3.9.2"
118.127.40.73 - - [03/Apr/2026:06:05:36 +1000] "GET / HTTP/1.1" 302 249 "-" "Python/3.11 aiohttp/3.9.2"
118.127.40.73 - - [03/Apr/2026:06:35:38 +1000] "GET / HTTP/1.1" 302 249 "-" "Python/3.11 aiohttp/3.9.2"
118.127.40.73 - - [03/Apr/2026:07:05:35 +1000] "GET / HTTP/1.1" 302 249 "-" "Python/3.11 aiohttp/3.9.2"
118.127.40.73 - - [03/Apr/2026:07:35:41 +1000] "GET / HTTP/1.1" 302 249 "-" "Python/3.11 aiohttp/3.9.2"
204.76.203.25 - - [03/Apr/2026:08:01:34 +1000] "GET / HTTP/1.1" 302 249 "-" "Mozilla/5.0 (Windows NT 10.0; Win64; x64) AppleWebKit/537.36 (KHTML, like Gecko) Chrome/134.0.0.0 Safari/537.3"
118.127.40.73 - - [03/Apr/2026:08:05:35 +1000] "GET / HTTP/1.1" 302 249 "-" "Python/3.11 aiohttp/3.9.2"
118.127.40.73 - - [03/Apr/2026:08:35:44 +1000] "GET / HTTP/1.1" 302 249 "-" "Python/3.11 aiohttp/3.9.2"
118.127.40.73 - - [03/Apr/2026:09:05:38 +1000] "GET / HTTP/1.1" 302 249 "-" "Python/3.11 aiohttp/3.9.2"
118.127.40.73 - - [03/Apr/2026:09:35:41 +1000] "GET / HTTP/1.1" 302 249 "-" "Python/3.11 aiohttp/3.9.2"
118.127.40.73 - - [03/Apr/2026:10:05:41 +1000] "GET / HTTP/1.1" 302 249 "-" "Python/3.11 aiohttp/3.9.2"
118.127.40.73 - - [03/Apr/2026:10:35:37 +1000] "GET / HTTP/1.1" 302 249 "-" "Python/3.11 aiohttp/3.9.2"
118.127.40.73 - - [03/Apr/2026:11:05:38 +1000] "GET / HTTP/1.1" 302 249 "-" "Python/3.11 aiohttp/3.9.2"
118.127.40.73 - - [03/Apr/2026:11:35:43 +1000] "GET / HTTP/1.1" 302 249 "-" "Python/3.11 aiohttp/3.9.2"
118.127.40.73 - - [03/Apr/2026:12:05:36 +1000] "GET / HTTP/1.1" 302 249 "-" "Python/3.11 aiohttp/3.9.2"
118.127.40.73 - - [03/Apr/2026:12:35:38 +1000] "GET / HTTP/1.1" 302 249 "-" "Python/3.11 aiohttp/3.9.2"
118.127.40.73 - - [03/Apr/2026:13:05:37 +1000] "GET / HTTP/1.1" 302 249 "-" "Python/3.11 aiohttp/3.9.2"
118.127.40.73 - - [03/Apr/2026:13:35:42 +1000] "GET / HTTP/1.1" 302 249 "-" "Python/3.11 aiohttp/3.9.2"
74.7.175.172 - - [03/Apr/2026:13:50:24 +1000] "GET /robots.txt HTTP/1.1" 302 259 "-" "Mozilla/5.0 (Macintosh; Intel Mac OS X 10_15_7) AppleWebKit/537.36 (KHTML, like Gecko) Chrome/131.0.0.0 Safari/537.36; compatible; OAI-SearchBot/1.3; robots.txt; +https://openai.com/searchbot"
74.7.243.242 - - [03/Apr/2026:13:50:24 +1000] "GET / HTTP/1.1" 302 249 "-" "Mozilla/5.0 AppleWebKit/537.36 (KHTML, like Gecko; compatible; GPTBot/1.3; +https://openai.com/gptbot)"
138.246.253.24 - - [03/Apr/2026:13:55:57 +1000] "GET /robots.txt HTTP/1.1" 302 259 "-" "Mozilla/5.0 (Windows NT 10.0; Win64; x64) AppleWebKit/537.36 (KHTML, like Gecko) Chrome/103.0.5060.134 Safari/537.36"
118.127.40.73 - - [03/Apr/2026:14:05:40 +1000] "GET / HTTP/1.1" 302 249 "-" "Python/3.11 aiohttp/3.9.2"
118.127.40.73 - - [03/Apr/2026:14:35:40 +1000] "GET / HTTP/1.1" 302 249 "-" "Python/3.11 aiohttp/3.9.2"
118.127.40.73 - - [03/Apr/2026:15:05:42 +1000] "GET / HTTP/1.1" 302 249 "-" "Python/3.11 aiohttp/3.9.2"
91.234.7.5 - - [03/Apr/2026:15:08:18 +1000] "GET /.env.local HTTP/1.1" 302 259 "-" "Mozilla/5.0 (Windows NT 10.0; Win64; x64) AppleWebKit/537.36"
91.234.7.5 - - [03/Apr/2026:15:08:18 +1000] "GET /.env.production HTTP/1.1" 302 264 "-" "Mozilla/5.0 (Windows NT 10.0; Win64; x64) AppleWebKit/537.36"
91.234.7.5 - - [03/Apr/2026:15:08:20 +1000] "GET /.env.development HTTP/1.1" 302 265 "-" "Mozilla/5.0 (Windows NT 10.0; Win64; x64) AppleWebKit/537.36"
91.234.7.5 - - [03/Apr/2026:15:08:20 +1000] "GET /.env.staging HTTP/1.1" 302 261 "-" "Mozilla/5.0 (Windows NT 10.0; Win64; x64) AppleWebKit/537.36"
91.234.7.5 - - [03/Apr/2026:15:08:23 +1000] "GET /.env.backup HTTP/1.1" 302 260 "-" "Mozilla/5.0 (Windows NT 10.0; Win64; x64) AppleWebKit/537.36"
91.234.7.5 - - [03/Apr/2026:15:08:24 +1000] "GET /.env.bak HTTP/1.1" 302 257 "-" "Mozilla/5.0 (Windows NT 10.0; Win64; x64) AppleWebKit/537.36"
91.234.7.5 - - [03/Apr/2026:15:08:25 +1000] "GET /.env.old HTTP/1.1" 302 257 "-" "Mozilla/5.0 (Windows NT 10.0; Win64; x64) AppleWebKit/537.36"
91.234.7.5 - - [03/Apr/2026:15:08:28 +1000] "GET /.env.example HTTP/1.1" 302 261 "-" "Mozilla/5.0 (Windows NT 10.0; Win64; x64) AppleWebKit/537.36"
91.234.7.5 - - [03/Apr/2026:15:08:29 +1000] "GET /.env.save HTTP/1.1" 302 258 "-" "Mozilla/5.0 (Windows NT 10.0; Win64; x64) AppleWebKit/537.36"
91.234.7.5 - - [03/Apr/2026:15:08:30 +1000] "GET /core/.env HTTP/1.1" 302 258 "-" "Mozilla/5.0 (Windows NT 10.0; Win64; x64) AppleWebKit/537.36"
91.234.7.5 - - [03/Apr/2026:15:08:31 +1000] "GET /api/.env HTTP/1.1" 302 257 "-" "Mozilla/5.0 (Windows NT 10.0; Win64; x64) AppleWebKit/537.36"
91.234.7.5 - - [03/Apr/2026:15:08:34 +1000] "GET /backend/.env HTTP/1.1" 302 261 "-" "Mozilla/5.0 (Windows NT 10.0; Win64; x64) AppleWebKit/537.36"
91.234.7.5 - - [03/Apr/2026:15:08:35 +1000] "GET /laravel/.env HTTP/1.1" 302 261 "-" "Mozilla/5.0 (Windows NT 10.0; Win64; x64) AppleWebKit/537.36"
91.234.7.5 - - [03/Apr/2026:15:08:36 +1000] "GET /app/.env HTTP/1.1" 302 257 "-" "Mozilla/5.0 (Windows NT 10.0; Win64; x64) AppleWebKit/537.36"
91.234.7.5 - - [03/Apr/2026:15:08:38 +1000] "GET /web/.env HTTP/1.1" 302 257 "-" "Mozilla/5.0 (Windows NT 10.0; Win64; x64) AppleWebKit/537.36"
91.234.7.5 - - [03/Apr/2026:15:08:39 +1000] "GET /src/.env HTTP/1.1" 302 257 "-" "Mozilla/5.0 (Windows NT 10.0; Win64; x64) AppleWebKit/537.36"
91.234.7.5 - - [03/Apr/2026:15:08:40 +1000] "GET /server/.env HTTP/1.1" 302 260 "-" "Mozilla/5.0 (Windows NT 10.0; Win64; x64) AppleWebKit/537.36"
91.234.7.5 - - [03/Apr/2026:15:08:41 +1000] "GET /config/.env HTTP/1.1" 302 260 "-" "Mozilla/5.0 (Windows NT 10.0; Win64; x64) AppleWebKit/537.36"
91.234.7.5 - - [03/Apr/2026:15:08:42 +1000] "GET /shared/.env HTTP/1.1" 302 260 "-" "Mozilla/5.0 (Windows NT 10.0; Win64; x64) AppleWebKit/537.36"
91.234.7.5 - - [03/Apr/2026:15:08:44 +1000] "GET /public/.env HTTP/1.1" 302 260 "-" "Mozilla/5.0 (Windows NT 10.0; Win64; x64) AppleWebKit/537.36"
91.234.7.5 - - [03/Apr/2026:15:08:45 +1000] "GET /_next/static/env.js HTTP/1.1" 302 268 "-" "Mozilla/5.0 (Windows NT 10.0; Win64; x64) AppleWebKit/537.36"
91.234.7.5 - - [03/Apr/2026:15:08:47 +1000] "GET /.vercel/.env.production.local HTTP/1.1" 302 278 "-" "Mozilla/5.0 (Windows NT 10.0; Win64; x64) AppleWebKit/537.36"
91.234.7.5 - - [03/Apr/2026:15:08:47 +1000] "GET /.git/config HTTP/1.1" 302 260 "-" "Mozilla/5.0 (Windows NT 10.0; Win64; x64) AppleWebKit/537.36"
91.234.7.5 - - [03/Apr/2026:15:08:50 +1000] "GET /actuator/env HTTP/1.1" 302 261 "-" "Mozilla/5.0 (Windows NT 10.0; Win64; x64) AppleWebKit/537.36"
91.234.7.5 - - [03/Apr/2026:15:08:51 +1000] "GET /debug/default/view HTTP/1.1" 302 267 "-" "Mozilla/5.0 (Windows NT 10.0; Win64; x64) AppleWebKit/537.36"
118.127.40.73 - - [03/Apr/2026:15:35:41 +1000] "GET / HTTP/1.1" 302 249 "-" "Python/3.11 aiohttp/3.9.2"
118.127.40.73 - - [03/Apr/2026:16:05:40 +1000] "GET / HTTP/1.1" 302 249 "-" "Python/3.11 aiohttp/3.9.2"
118.127.40.73 - - [03/Apr/2026:17:00:49 +1000] "GET / HTTP/1.1" 302 249 "-" "Python/3.11 aiohttp/3.9.2"
118.127.40.73 - - [03/Apr/2026:17:30:51 +1000] "GET / HTTP/1.1" 302 249 "-" "Python/3.11 aiohttp/3.9.2"
118.127.40.73 - - [03/Apr/2026:18:00:50 +1000] "GET / HTTP/1.1" 302 249 "-" "Python/3.11 aiohttp/3.9.2"
118.127.40.73 - - [03/Apr/2026:18:30:52 +1000] "GET / HTTP/1.1" 302 249 "-" "Python/3.11 aiohttp/3.9.2"
118.127.40.73 - - [03/Apr/2026:19:00:50 +1000] "GET / HTTP/1.1" 302 249 "-" "Python/3.11 aiohttp/3.9.2"
118.127.40.73 - - [03/Apr/2026:19:30:51 +1000] "GET / HTTP/1.1" 302 249 "-" "Python/3.11 aiohttp/3.9.2"
118.127.40.73 - - [03/Apr/2026:20:00:51 +1000] "GET / HTTP/1.1" 302 249 "-" "Python/3.11 aiohttp/3.9.2"
118.127.40.73 - - [03/Apr/2026:20:30:53 +1000] "GET / HTTP/1.1" 302 249 "-" "Python/3.11 aiohttp/3.9.2"
118.127.40.73 - - [03/Apr/2026:21:00:51 +1000] "GET / HTTP/1.1" 302 249 "-" "Python/3.11 aiohttp/3.9.2"
118.127.40.73 - - [03/Apr/2026:21:30:51 +1000] "GET / HTTP/1.1" 302 249 "-" "Python/3.11 aiohttp/3.9.2"
118.127.40.73 - - [03/Apr/2026:22:00:52 +1000] "GET / HTTP/1.1" 302 249 "-" "Python/3.11 aiohttp/3.9.2"
118.127.40.73 - - [03/Apr/2026:22:30:52 +1000] "GET / HTTP/1.1" 302 249 "-" "Python/3.11 aiohttp/3.9.2"
170.64.225.6 - - [03/Apr/2026:22:38:27 +1000] "GET / HTTP/1.1" 302 249 "-" "Mozilla/5.0 (Windows NT 10.0; Win64; x64) AppleWebKit/537.36 (KHTML, like Gecko) Chrome/122.0.0.0 Safari/537.36"
170.64.225.6 - - [03/Apr/2026:22:38:28 +1000] "GET /.env HTTP/1.1" 302 253 "-" "Mozilla/5.0 (Windows NT 10.0; Win64; x64) AppleWebKit/537.36 (KHTML, like Gecko) Chrome/122.0.0.0 Safari/537.36"
118.127.40.73 - - [03/Apr/2026:23:00:52 +1000] "GET / HTTP/1.1" 302 249 "-" "Python/3.11 aiohttp/3.9.2"
118.127.40.73 - - [03/Apr/2026:23:30:52 +1000] "GET / HTTP/1.1" 302 249 "-" "Python/3.11 aiohttp/3.9.2"
138.246.253.24 - - [03/Apr/2026:23:48:14 +1000] "GET /robots.txt HTTP/1.1" 302 259 "-" "Mozilla/5.0 (Windows NT 10.0; Win64; x64) AppleWebKit/537.36 (KHTML, like Gecko) Chrome/103.0.5060.134 Safari/537.36"
91.234.6.21 - - [03/Apr/2026:23:56:17 +1000] "GET /.env.development HTTP/1.1" 302 265 "-" "Mozilla/5.0 (Windows NT 10.0; Win64; x64) AppleWebKit/537.36"
91.234.6.21 - - [03/Apr/2026:23:56:19 +1000] "GET /.env.staging HTTP/1.1" 302 261 "-" "Mozilla/5.0 (Windows NT 10.0; Win64; x64) AppleWebKit/537.36"
91.234.6.21 - - [03/Apr/2026:23:56:20 +1000] "GET /.env.backup HTTP/1.1" 302 260 "-" "Mozilla/5.0 (Windows NT 10.0; Win64; x64) AppleWebKit/537.36"
91.234.6.21 - - [03/Apr/2026:23:56:21 +1000] "GET /.env.bak HTTP/1.1" 302 257 "-" "Mozilla/5.0 (Windows NT 10.0; Win64; x64) AppleWebKit/537.36"
91.234.6.21 - - [03/Apr/2026:23:56:21 +1000] "GET /.env.old HTTP/1.1" 302 257 "-" "Mozilla/5.0 (Windows NT 10.0; Win64; x64) AppleWebKit/537.36"
91.234.6.21 - - [03/Apr/2026:23:56:22 +1000] "GET /.env.example HTTP/1.1" 302 261 "-" "Mozilla/5.0 (Windows NT 10.0; Win64; x64) AppleWebKit/537.36"
91.234.6.21 - - [03/Apr/2026:23:56:24 +1000] "GET /.env.save HTTP/1.1" 302 258 "-" "Mozilla/5.0 (Windows NT 10.0; Win64; x64) AppleWebKit/537.36"
91.234.6.21 - - [03/Apr/2026:23:56:25 +1000] "GET /core/.env HTTP/1.1" 302 258 "-" "Mozilla/5.0 (Windows NT 10.0; Win64; x64) AppleWebKit/537.36"
91.234.6.21 - - [03/Apr/2026:23:56:25 +1000] "GET /api/.env HTTP/1.1" 302 257 "-" "Mozilla/5.0 (Windows NT 10.0; Win64; x64) AppleWebKit/537.36"
91.234.6.21 - - [03/Apr/2026:23:56:26 +1000] "GET /backend/.env HTTP/1.1" 302 261 "-" "Mozilla/5.0 (Windows NT 10.0; Win64; x64) AppleWebKit/537.36"
91.234.6.21 - - [03/Apr/2026:23:56:27 +1000] "GET /laravel/.env HTTP/1.1" 302 261 "-" "Mozilla/5.0 (Windows NT 10.0; Win64; x64) AppleWebKit/537.36"
91.234.6.21 - - [03/Apr/2026:23:56:29 +1000] "GET /app/.env HTTP/1.1" 302 257 "-" "Mozilla/5.0 (Windows NT 10.0; Win64; x64) AppleWebKit/537.36"
91.234.6.21 - - [03/Apr/2026:23:56:30 +1000] "GET /web/.env HTTP/1.1" 302 257 "-" "Mozilla/5.0 (Windows NT 10.0; Win64; x64) AppleWebKit/537.36"
91.234.6.21 - - [03/Apr/2026:23:56:30 +1000] "GET /src/.env HTTP/1.1" 302 257 "-" "Mozilla/5.0 (Windows NT 10.0; Win64; x64) AppleWebKit/537.36"
91.234.6.21 - - [03/Apr/2026:23:56:31 +1000] "GET /server/.env HTTP/1.1" 302 260 "-" "Mozilla/5.0 (Windows NT 10.0; Win64; x64) AppleWebKit/537.36"
91.234.6.21 - - [03/Apr/2026:23:56:32 +1000] "GET /config/.env HTTP/1.1" 302 260 "-" "Mozilla/5.0 (Windows NT 10.0; Win64; x64) AppleWebKit/537.36"
91.234.6.21 - - [03/Apr/2026:23:56:34 +1000] "GET /shared/.env HTTP/1.1" 302 260 "-" "Mozilla/5.0 (Windows NT 10.0; Win64; x64) AppleWebKit/537.36"
91.234.6.21 - - [03/Apr/2026:23:56:35 +1000] "GET /public/.env HTTP/1.1" 302 260 "-" "Mozilla/5.0 (Windows NT 10.0; Win64; x64) AppleWebKit/537.36"
91.234.6.21 - - [03/Apr/2026:23:56:36 +1000] "GET /_next/static/env.js HTTP/1.1" 302 268 "-" "Mozilla/5.0 (Windows NT 10.0; Win64; x64) AppleWebKit/537.36"
91.234.6.21 - - [03/Apr/2026:23:56:36 +1000] "GET /.vercel/.env.production.local HTTP/1.1" 302 278 "-" "Mozilla/5.0 (Windows NT 10.0; Win64; x64) AppleWebKit/537.36"
91.234.6.21 - - [03/Apr/2026:23:56:37 +1000] "GET /.git/config HTTP/1.1" 302 260 "-" "Mozilla/5.0 (Windows NT 10.0; Win64; x64) AppleWebKit/537.36"
91.234.6.21 - - [03/Apr/2026:23:56:39 +1000] "GET /actuator/env HTTP/1.1" 302 261 "-" "Mozilla/5.0 (Windows NT 10.0; Win64; x64) AppleWebKit/537.36"
91.234.6.21 - - [03/Apr/2026:23:56:40 +1000] "GET /debug/default/view HTTP/1.1" 302 267 "-" "Mozilla/5.0 (Windows NT 10.0; Win64; x64) AppleWebKit/537.36"
118.127.40.73 - - [04/Apr/2026:00:00:52 +1000] "GET / HTTP/1.1" 302 249 "-" "Python/3.11 aiohttp/3.9.2"
118.127.40.73 - - [04/Apr/2026:00:41:55 +1000] "GET / HTTP/1.1" 302 249 "-" "Python/3.11 aiohttp/3.9.2"
118.127.40.73 - - [04/Apr/2026:01:11:56 +1000] "GET / HTTP/1.1" 302 249 "-" "Python/3.11 aiohttp/3.9.2"
118.127.40.73 - - [04/Apr/2026:01:41:56 +1000] "GET / HTTP/1.1" 302 249 "-" "Python/3.11 aiohttp/3.9.2"
118.127.40.73 - - [04/Apr/2026:02:11:54 +1000] "GET / HTTP/1.1" 302 249 "-" "Python/3.11 aiohttp/3.9.2"
74.7.241.152 - - [04/Apr/2026:02:35:53 +1000] "GET /robots.txt HTTP/1.1" 302 259 "-" "Mozilla/5.0 (Macintosh; Intel Mac OS X 10_15_7) AppleWebKit/537.36 (KHTML, like Gecko) Chrome/131.0.0.0 Safari/537.36; compatible; OAI-SearchBot/1.3; robots.txt; +https://openai.com/searchbot"
118.127.40.73 - - [04/Apr/2026:02:41:58 +1000] "GET / HTTP/1.1" 302 249 "-" "Python/3.11 aiohttp/3.9.2"
118.127.40.73 - - [04/Apr/2026:03:12:03 +1000] "GET / HTTP/1.1" 302 249 "-" "Python/3.11 aiohttp/3.9.2"
118.127.40.73 - - [04/Apr/2026:03:42:00 +1000] "GET / HTTP/1.1" 302 249 "-" "Python/3.11 aiohttp/3.9.2"
203.83.11.14 - - [04/Apr/2026:03:52:13 +1000] "GET / HTTP/1.1" 302 249 "-" "Mozilla/5.0"
118.127.40.73 - - [04/Apr/2026:04:11:59 +1000] "GET / HTTP/1.1" 302 249 "-" "Python/3.11 aiohttp/3.9.2"
118.127.40.73 - - [04/Apr/2026:04:41:56 +1000] "GET / HTTP/1.1" 302 249 "-" "Python/3.11 aiohttp/3.9.2"
118.127.40.73 - - [04/Apr/2026:05:11:55 +1000] "GET / HTTP/1.1" 302 249 "-" "Python/3.11 aiohttp/3.9.2"
118.127.40.73 - - [04/Apr/2026:05:41:57 +1000] "GET / HTTP/1.1" 302 249 "-" "Python/3.11 aiohttp/3.9.2"
118.127.40.73 - - [04/Apr/2026:06:11:56 +1000] "GET / HTTP/1.1" 302 249 "-" "Python/3.11 aiohttp/3.9.2"
118.127.40.73 - - [04/Apr/2026:06:41:57 +1000] "GET / HTTP/1.1" 302 249 "-" "Python/3.11 aiohttp/3.9.2"
118.127.40.73 - - [04/Apr/2026:07:11:57 +1000] "GET / HTTP/1.1" 302 249 "-" "Python/3.11 aiohttp/3.9.2"
118.127.40.73 - - [04/Apr/2026:07:41:57 +1000] "GET / HTTP/1.1" 302 249 "-" "Python/3.11 aiohttp/3.9.2"
118.127.40.73 - - [04/Apr/2026:08:11:56 +1000] "GET / HTTP/1.1" 302 249 "-" "Python/3.11 aiohttp/3.9.2"
118.127.40.73 - - [04/Apr/2026:08:41:59 +1000] "GET / HTTP/1.1" 302 249 "-" "Python/3.11 aiohttp/3.9.2"
74.7.175.172 - - [04/Apr/2026:08:57:04 +1000] "GET /robots.txt HTTP/1.1" 302 259 "-" "Mozilla/5.0 (Macintosh; Intel Mac OS X 10_15_7) AppleWebKit/537.36 (KHTML, like Gecko) Chrome/131.0.0.0 Safari/537.36; compatible; OAI-SearchBot/1.3; robots.txt; +https://openai.com/searchbot"
118.127.40.73 - - [04/Apr/2026:09:11:57 +1000] "GET / HTTP/1.1" 302 249 "-" "Python/3.11 aiohttp/3.9.2"
118.127.40.73 - - [04/Apr/2026:09:41:59 +1000] "GET / HTTP/1.1" 302 249 "-" "Python/3.11 aiohttp/3.9.2"
118.127.40.73 - - [04/Apr/2026:10:11:59 +1000] "GET / HTTP/1.1" 302 249 "-" "Python/3.11 aiohttp/3.9.2"
118.127.40.73 - - [04/Apr/2026:10:42:00 +1000] "GET / HTTP/1.1" 302 249 "-" "Python/3.11 aiohttp/3.9.2"
118.127.40.73 - - [04/Apr/2026:11:11:59 +1000] "GET / HTTP/1.1" 302 249 "-" "Python/3.11 aiohttp/3.9.2"
118.127.40.73 - - [04/Apr/2026:11:42:00 +1000] "GET / HTTP/1.1" 302 249 "-" "Python/3.11 aiohttp/3.9.2"
45.5.65.106 - - [04/Apr/2026:11:47:48 +1000] "HEAD / HTTP/1.1" 302 - "-" "Mozilla/5.0 (iPhone; CPU iPhone OS 17_0 like Mac OS X) AppleWebKit/605.1.15 (KHTML, like Gecko) Version/17.0 Mobile/15E148 Safari/604.1 OPX/2.1.0"
104.168.40.242 - - [04/Apr/2026:11:47:48 +1000] "HEAD / HTTP/1.1" 302 - "-" "Mozilla/5.0 (iPhone; CPU iPhone OS 17_2 like Mac OS X) AppleWebKit/605.1.15 (KHTML, like Gecko) EdgiOS/120.0.2210.86 Version/17.0 Mobile/15E148 Safari/604.1"
45.5.65.106 - - [04/Apr/2026:11:47:49 +1000] "GET / HTTP/1.1" 302 249 "-" "Mozilla/5.0 (iPhone; CPU iPhone OS 17_0 like Mac OS X) AppleWebKit/605.1.15 (KHTML, like Gecko) Version/17.0 Mobile/15E148 Safari/604.1 OPX/2.1.0"
104.168.40.242 - - [04/Apr/2026:11:47:49 +1000] "GET / HTTP/1.1" 302 249 "-" "Mozilla/5.0 (iPhone; CPU iPhone OS 17_2 like Mac OS X) AppleWebKit/605.1.15 (KHTML, like Gecko) EdgiOS/120.0.2210.86 Version/17.0 Mobile/15E148 Safari/604.1"
104.224.66.105 - - [04/Apr/2026:11:49:25 +1000] "GET / HTTP/1.1" 302 249 "-" "Mozilla/5.0 (Macintosh; Intel Mac OS X 14_2_1) AppleWebKit/605.1.15 (KHTML, like Gecko) Version/17.2 Safari/605.1.15"
104.143.88.142 - - [04/Apr/2026:11:49:25 +1000] "GET / HTTP/1.1" 302 249 "-" "Mozilla/5.0 (Macintosh; Intel Mac OS X 14_2_1) AppleWebKit/605.1.15 (KHTML, like Gecko) Version/17.2 Safari/605.1.15"
104.224.66.105 - - [04/Apr/2026:11:49:27 +1000] "GET /robots.txt HTTP/1.1" 302 259 "https://posscales.com.au/WP-POS/" "Mozilla/5.0 (Macintosh; Intel Mac OS X 14_2_1) AppleWebKit/605.1.15 (KHTML, like Gecko) Version/17.2 Safari/605.1.15"
104.224.66.105 - - [04/Apr/2026:11:49:28 +1000] "GET / HTTP/1.1" 302 249 "-" "Mozilla/5.0 (Macintosh; Intel Mac OS X 14_2_1) AppleWebKit/605.1.15 (KHTML, like Gecko) Version/17.2 Safari/605.1.15"
104.143.88.142 - - [04/Apr/2026:11:49:28 +1000] "GET /robots.txt HTTP/1.1" 302 259 "https://posscales.com.au/WP-POS/" "Mozilla/5.0 (Macintosh; Intel Mac OS X 14_2_1) AppleWebKit/605.1.15 (KHTML, like Gecko) Version/17.2 Safari/605.1.15"
104.143.88.142 - - [04/Apr/2026:11:49:29 +1000] "GET / HTTP/1.1" 302 249 "-" "Mozilla/5.0 (Macintosh; Intel Mac OS X 14_2_1) AppleWebKit/605.1.15 (KHTML, like Gecko) Version/17.2 Safari/605.1.15"
118.127.40.73 - - [04/Apr/2026:12:11:58 +1000] "GET / HTTP/1.1" 302 249 "-" "Python/3.11 aiohttp/3.9.2"
118.127.40.73 - - [04/Apr/2026:12:41:59 +1000] "GET / HTTP/1.1" 302 249 "-" "Python/3.11 aiohttp/3.9.2"
118.127.40.73 - - [04/Apr/2026:13:11:58 +1000] "GET / HTTP/1.1" 302 249 "-" "Python/3.11 aiohttp/3.9.2"
118.127.40.73 - - [04/Apr/2026:13:41:59 +1000] "GET / HTTP/1.1" 302 249 "-" "Python/3.11 aiohttp/3.9.2"
118.127.40.73 - - [04/Apr/2026:14:11:59 +1000] "GET / HTTP/1.1" 302 249 "-" "Python/3.11 aiohttp/3.9.2"
118.127.40.73 - - [04/Apr/2026:14:42:01 +1000] "GET / HTTP/1.1" 302 249 "-" "Python/3.11 aiohttp/3.9.2"
118.127.40.73 - - [04/Apr/2026:15:11:59 +1000] "GET / HTTP/1.1" 302 249 "-" "Python/3.11 aiohttp/3.9.2"
193.32.162.205 - - [04/Apr/2026:15:27:39 +1000] "GET / HTTP/1.1" 302 249 "-" "Mozilla/5.0 (X11; Linux x86_64) AppleWebKit/537.36 (KHTML, like Gecko) Chrome/142.0.0.0 Safari/537.36"
118.127.40.73 - - [04/Apr/2026:15:42:01 +1000] "GET / HTTP/1.1" 302 249 "-" "Python/3.11 aiohttp/3.9.2"
66.132.172.99 - - [04/Apr/2026:16:11:51 +1000] "GET / HTTP/1.1" 302 249 "-" "Mozilla/5.0 (compatible; CensysInspect/1.1; +https://about.censys.io/)"
118.127.40.73 - - [04/Apr/2026:16:12:01 +1000] "GET / HTTP/1.1" 302 249 "-" "Python/3.11 aiohttp/3.9.2"
118.127.40.73 - - [04/Apr/2026:16:42:00 +1000] "GET / HTTP/1.1" 302 249 "-" "Python/3.11 aiohttp/3.9.2"
118.127.40.73 - - [04/Apr/2026:17:12:01 +1000] "GET / HTTP/1.1" 302 249 "-" "Python/3.11 aiohttp/3.9.2"
118.127.40.73 - - [04/Apr/2026:17:42:01 +1000] "GET / HTTP/1.1" 302 249 "-" "Python/3.11 aiohttp/3.9.2"
118.127.40.73 - - [04/Apr/2026:18:12:01 +1000] "GET / HTTP/1.1" 302 249 "-" "Python/3.11 aiohttp/3.9.2"
118.127.40.73 - - [04/Apr/2026:18:42:03 +1000] "GET / HTTP/1.1" 302 249 "-" "Python/3.11 aiohttp/3.9.2"
118.127.40.73 - - [04/Apr/2026:19:12:03 +1000] "GET / HTTP/1.1" 302 249 "-" "Python/3.11 aiohttp/3.9.2"
118.127.40.73 - - [04/Apr/2026:19:42:03 +1000] "GET / HTTP/1.1" 302 249 "-" "Python/3.11 aiohttp/3.9.2"
118.127.40.73 - - [04/Apr/2026:20:12:06 +1000] "GET / HTTP/1.1" 302 249 "-" "Python/3.11 aiohttp/3.9.2"
118.127.40.73 - - [04/Apr/2026:20:42:12 +1000] "GET / HTTP/1.1" 302 249 "-" "Python/3.11 aiohttp/3.9.2"
118.127.40.73 - - [04/Apr/2026:21:12:06 +1000] "GET / HTTP/1.1" 302 249 "-" "Python/3.11 aiohttp/3.9.2"
118.127.40.73 - - [04/Apr/2026:21:42:04 +1000] "GET / HTTP/1.1" 302 249 "-" "Python/3.11 aiohttp/3.9.2"
118.127.40.73 - - [04/Apr/2026:22:12:04 +1000] "GET / HTTP/1.1" 302 249 "-" "Python/3.11 aiohttp/3.9.2"
74.7.241.152 - - [04/Apr/2026:22:13:17 +1000] "GET /robots.txt HTTP/1.1" 302 259 "-" "Mozilla/5.0 (Macintosh; Intel Mac OS X 10_15_7) AppleWebKit/537.36 (KHTML, like Gecko) Chrome/131.0.0.0 Safari/537.36; compatible; OAI-SearchBot/1.3; robots.txt; +https://openai.com/searchbot"
118.127.40.73 - - [04/Apr/2026:22:42:03 +1000] "GET / HTTP/1.1" 302 249 "-" "Python/3.11 aiohttp/3.9.2"
118.127.40.73 - - [04/Apr/2026:23:12:04 +1000] "GET / HTTP/1.1" 302 249 "-" "Python/3.11 aiohttp/3.9.2"
118.127.40.73 - - [04/Apr/2026:23:42:05 +1000] "GET / HTTP/1.1" 302 249 "-" "Python/3.11 aiohttp/3.9.2"
118.127.40.73 - - [05/Apr/2026:00:12:08 +1000] "GET / HTTP/1.1" 302 249 "-" "Python/3.11 aiohttp/3.9.2"
118.127.40.73 - - [05/Apr/2026:00:42:03 +1000] "GET / HTTP/1.1" 302 249 "-" "Python/3.11 aiohttp/3.9.2"
167.94.146.62 - - [05/Apr/2026:00:43:20 +1000] "GET / HTTP/1.1" 302 249 "-" "Mozilla/5.0 (compatible; CensysInspect/1.1; +https://about.censys.io/)"
118.127.40.73 - - [05/Apr/2026:01:12:03 +1000] "GET / HTTP/1.1" 302 249 "-" "Python/3.11 aiohttp/3.9.2"
118.127.40.73 - - [05/Apr/2026:01:42:08 +1000] "GET / HTTP/1.1" 302 249 "-" "Python/3.11 aiohttp/3.9.2"
118.127.40.73 - - [05/Apr/2026:02:12:05 +1000] "GET / HTTP/1.1" 302 249 "-" "Python/3.11 aiohttp/3.9.2"
118.127.40.73 - - [05/Apr/2026:02:42:07 +1000] "GET / HTTP/1.1" 302 249 "-" "Python/3.11 aiohttp/3.9.2"
118.127.40.73 - - [05/Apr/2026:03:12:05 +1000] "GET / HTTP/1.1" 302 249 "-" "Python/3.11 aiohttp/3.9.2"
118.127.40.73 - - [05/Apr/2026:03:42:05 +1000] "GET / HTTP/1.1" 302 249 "-" "Python/3.11 aiohttp/3.9.2"
118.127.40.73 - - [05/Apr/2026:04:12:07 +1000] "GET / HTTP/1.1" 302 249 "-" "Python/3.11 aiohttp/3.9.2"
118.127.40.73 - - [05/Apr/2026:04:42:06 +1000] "GET / HTTP/1.1" 302 249 "-" "Python/3.11 aiohttp/3.9.2"
118.127.40.73 - - [05/Apr/2026:05:12:08 +1000] "GET / HTTP/1.1" 302 249 "-" "Python/3.11 aiohttp/3.9.2"
74.7.175.172 - - [05/Apr/2026:05:23:26 +1000] "GET /robots.txt HTTP/1.1" 302 259 "-" "Mozilla/5.0 (Macintosh; Intel Mac OS X 10_15_7) AppleWebKit/537.36 (KHTML, like Gecko) Chrome/131.0.0.0 Safari/537.36; compatible; OAI-SearchBot/1.3; robots.txt; +https://openai.com/searchbot"
98.159.234.237 - - [05/Apr/2026:05:29:51 +1000] "GET / HTTP/1.1" 302 249 "-" "Mozilla/5.0 (Windows NT 10.0; Win64; x64) AppleWebKit/537.36 (KHTML, like Gecko) Chrome/84.0.4147.89 Safari/537.36"
118.127.40.73 - - [05/Apr/2026:05:42:07 +1000] "GET / HTTP/1.1" 302 249 "-" "Python/3.11 aiohttp/3.9.2"
192.42.116.16 - - [05/Apr/2026:05:59:34 +1000] "GET / HTTP/1.1" 302 249 "-" "Mozilla/5.0 (X11; Linux x86_64) AppleWebKit/537.36 (KHTML, like Gecko) Chrome/146.0.0.0 Safari/537.36"
118.127.40.73 - - [05/Apr/2026:06:12:06 +1000] "GET / HTTP/1.1" 302 249 "-" "Python/3.11 aiohttp/3.9.2"
194.32.122.71 - - [05/Apr/2026:06:28:41 +1000] "GET / HTTP/1.1" 302 249 "-" "Mozilla/5.0 (Windows NT 10.0; Win64; x64) AppleWebKit/537.36 (KHTML, like Gecko) Chrome/84.0.4147.89 Safari/537.36"
118.127.40.73 - - [05/Apr/2026:06:42:07 +1000] "GET / HTTP/1.1" 302 249 "-" "Python/3.11 aiohttp/3.9.2"
118.127.40.73 - - [05/Apr/2026:07:12:06 +1000] "GET / HTTP/1.1" 302 249 "-" "Python/3.11 aiohttp/3.9.2"
146.70.113.117 - - [05/Apr/2026:07:28:44 +1000] "GET / HTTP/1.1" 302 249 "-" "Mozilla/5.0 (Windows NT 10.0; Win64; x64) AppleWebKit/537.36 (KHTML, like Gecko) Chrome/84.0.4147.89 Safari/537.36"
118.127.40.73 - - [05/Apr/2026:07:42:08 +1000] "GET / HTTP/1.1" 302 249 "-" "Python/3.11 aiohttp/3.9.2"
118.127.40.73 - - [05/Apr/2026:08:12:06 +1000] "GET / HTTP/1.1" 302 249 "-" "Python/3.11 aiohttp/3.9.2"
118.127.40.73 - - [05/Apr/2026:08:42:14 +1000] "GET / HTTP/1.1" 302 249 "-" "Python/3.11 aiohttp/3.9.2"
118.127.40.73 - - [05/Apr/2026:09:12:07 +1000] "GET / HTTP/1.1" 302 249 "-" "Python/3.11 aiohttp/3.9.2"
118.127.40.73 - - [05/Apr/2026:09:42:10 +1000] "GET / HTTP/1.1" 302 249 "-" "Python/3.11 aiohttp/3.9.2"
118.127.40.73 - - [05/Apr/2026:10:12:08 +1000] "GET / HTTP/1.1" 302 249 "-" "Python/3.11 aiohttp/3.9.2"
118.127.40.73 - - [05/Apr/2026:10:42:07 +1000] "GET / HTTP/1.1" 302 249 "-" "Python/3.11 aiohttp/3.9.2"
118.127.40.73 - - [05/Apr/2026:11:12:07 +1000] "GET / HTTP/1.1" 302 249 "-" "Python/3.11 aiohttp/3.9.2"
118.127.40.73 - - [05/Apr/2026:11:42:09 +1000] "GET / HTTP/1.1" 302 249 "-" "Python/3.11 aiohttp/3.9.2"
118.127.40.73 - - [05/Apr/2026:12:12:10 +1000] "GET / HTTP/1.1" 302 249 "-" "Python/3.11 aiohttp/3.9.2"
118.127.40.73 - - [05/Apr/2026:12:42:11 +1000] "GET / HTTP/1.1" 302 249 "-" "Python/3.11 aiohttp/3.9.2"
118.127.40.73 - - [05/Apr/2026:13:12:09 +1000] "GET / HTTP/1.1" 302 249 "-" "Python/3.11 aiohttp/3.9.2"
118.127.40.73 - - [05/Apr/2026:13:42:10 +1000] "GET / HTTP/1.1" 302 249 "-" "Python/3.11 aiohttp/3.9.2"
118.127.40.73 - - [05/Apr/2026:14:12:10 +1000] "GET / HTTP/1.1" 302 249 "-" "Python/3.11 aiohttp/3.9.2"
118.127.40.73 - - [05/Apr/2026:14:42:09 +1000] "GET / HTTP/1.1" 302 249 "-" "Python/3.11 aiohttp/3.9.2"
118.127.40.73 - - [05/Apr/2026:15:12:09 +1000] "GET / HTTP/1.1" 302 249 "-" "Python/3.11 aiohttp/3.9.2"
118.127.40.73 - - [05/Apr/2026:15:42:09 +1000] "GET / HTTP/1.1" 302 249 "-" "Python/3.11 aiohttp/3.9.2"
118.127.40.73 - - [05/Apr/2026:16:12:09 +1000] "GET / HTTP/1.1" 302 249 "-" "Python/3.11 aiohttp/3.9.2"
204.101.161.15 - - [05/Apr/2026:16:16:58 +1000] "GET / HTTP/1.1" 302 249 "-" "Mozilla/5.0 (X11; Linux x86_64) AppleWebKit/537.36 (KHTML, like Gecko) Chrome/146.0.0.0 Safari/537.36"
118.127.40.73 - - [05/Apr/2026:16:42:11 +1000] "GET / HTTP/1.1" 302 249 "-" "Python/3.11 aiohttp/3.9.2"
118.127.40.73 - - [05/Apr/2026:17:12:12 +1000] "GET / HTTP/1.1" 302 249 "-" "Python/3.11 aiohttp/3.9.2"
205.210.31.171 - - [05/Apr/2026:17:18:28 +1000] "GET / HTTP/1.1" 302 249 "-" "Hello from Palo Alto Networks, find out more about our scans in https://docs-cortex.paloaltonetworks.com/r/1/Cortex-Xpanse/Scanning-activity"
118.127.40.73 - - [05/Apr/2026:17:42:14 +1000] "GET / HTTP/1.1" 302 249 "-" "Python/3.11 aiohttp/3.9.2"
118.127.40.73 - - [05/Apr/2026:18:12:09 +1000] "GET / HTTP/1.1" 302 249 "-" "Python/3.11 aiohttp/3.9.2"
118.127.40.73 - - [05/Apr/2026:18:42:13 +1000] "GET / HTTP/1.1" 302 249 "-" "Python/3.11 aiohttp/3.9.2"
118.127.40.73 - - [05/Apr/2026:19:12:16 +1000] "GET / HTTP/1.1" 302 249 "-" "Python/3.11 aiohttp/3.9.2"
118.127.40.73 - - [05/Apr/2026:19:42:12 +1000] "GET / HTTP/1.1" 302 249 "-" "Python/3.11 aiohttp/3.9.2"
118.127.40.73 - - [05/Apr/2026:20:12:12 +1000] "GET / HTTP/1.1" 302 249 "-" "Python/3.11 aiohttp/3.9.2"
118.127.40.73 - - [05/Apr/2026:20:42:11 +1000] "GET / HTTP/1.1" 302 249 "-" "Python/3.11 aiohttp/3.9.2"
118.127.40.73 - - [05/Apr/2026:21:12:11 +1000] "GET / HTTP/1.1" 302 249 "-" "Python/3.11 aiohttp/3.9.2"
118.127.40.73 - - [05/Apr/2026:21:42:13 +1000] "GET / HTTP/1.1" 302 249 "-" "Python/3.11 aiohttp/3.9.2"
74.7.175.172 - - [05/Apr/2026:22:10:21 +1000] "GET /robots.txt HTTP/1.1" 302 259 "-" "Mozilla/5.0 (Macintosh; Intel Mac OS X 10_15_7) AppleWebKit/537.36 (KHTML, like Gecko) Chrome/131.0.0.0 Safari/537.36; compatible; OAI-SearchBot/1.3; robots.txt; +https://openai.com/searchbot"
74.7.243.242 - - [05/Apr/2026:22:10:21 +1000] "GET / HTTP/1.1" 302 249 "-" "Mozilla/5.0 AppleWebKit/537.36 (KHTML, like Gecko; compatible; GPTBot/1.3; +https://openai.com/gptbot)"
118.127.40.73 - - [05/Apr/2026:22:12:12 +1000] "GET / HTTP/1.1" 302 249 "-" "Python/3.11 aiohttp/3.9.2"
118.127.40.73 - - [05/Apr/2026:22:42:13 +1000] "GET / HTTP/1.1" 302 249 "-" "Python/3.11 aiohttp/3.9.2"
118.127.40.73 - - [05/Apr/2026:23:12:15 +1000] "GET / HTTP/1.1" 302 249 "-" "Python/3.11 aiohttp/3.9.2"
118.127.40.73 - - [05/Apr/2026:23:42:13 +1000] "GET / HTTP/1.1" 302 249 "-" "Python/3.11 aiohttp/3.9.2"
118.127.40.73 - - [06/Apr/2026:00:12:12 +1000] "GET / HTTP/1.1" 302 249 "-" "Python/3.11 aiohttp/3.9.2"
198.235.24.113 - - [06/Apr/2026:00:23:13 +1000] "GET / HTTP/1.1" 302 249 "-" "Hello from Palo Alto Networks, find out more about our scans in https://docs-cortex.paloaltonetworks.com/r/1/Cortex-Xpanse/Scanning-activity"
118.127.40.73 - - [06/Apr/2026:00:42:14 +1000] "GET / HTTP/1.1" 302 249 "-" "Python/3.11 aiohttp/3.9.2"
118.127.40.73 - - [06/Apr/2026:01:12:14 +1000] "GET / HTTP/1.1" 302 249 "-" "Python/3.11 aiohttp/3.9.2"
74.7.241.152 - - [06/Apr/2026:01:18:12 +1000] "GET /robots.txt HTTP/1.1" 302 259 "-" "Mozilla/5.0 (Macintosh; Intel Mac OS X 10_15_7) AppleWebKit/537.36 (KHTML, like Gecko) Chrome/131.0.0.0 Safari/537.36; compatible; OAI-SearchBot/1.3; robots.txt; +https://openai.com/searchbot"
74.7.243.128 - - [06/Apr/2026:01:18:12 +1000] "GET / HTTP/1.1" 302 249 "-" "Mozilla/5.0 AppleWebKit/537.36 (KHTML, like Gecko; compatible; GPTBot/1.3; +https://openai.com/gptbot)"
118.127.40.73 - - [06/Apr/2026:01:42:33 +1000] "GET / HTTP/1.1" 302 249 "-" "Python/3.11 aiohttp/3.9.2"
118.127.40.73 - - [06/Apr/2026:02:12:18 +1000] "GET / HTTP/1.1" 302 249 "-" "Python/3.11 aiohttp/3.9.2"
118.127.40.73 - - [06/Apr/2026:02:42:15 +1000] "GET / HTTP/1.1" 302 249 "-" "Python/3.11 aiohttp/3.9.2"
118.127.40.73 - - [06/Apr/2026:03:12:19 +1000] "GET / HTTP/1.1" 302 249 "-" "Python/3.11 aiohttp/3.9.2"
45.148.10.245 - - [06/Apr/2026:03:15:16 +1000] "GET / HTTP/1.1" 302 249 "-" "Mozilla/5.0 (Windows NT 10.0; Win64; x64) AppleWebKit/537.36 (KHTML, like Gecko) Chrome/120.0.0.0 Safari/537.36"
118.127.40.73 - - [06/Apr/2026:03:42:17 +1000] "GET / HTTP/1.1" 302 249 "-" "Python/3.11 aiohttp/3.9.2"
118.127.40.73 - - [06/Apr/2026:04:12:15 +1000] "GET / HTTP/1.1" 302 249 "-" "Python/3.11 aiohttp/3.9.2"
118.127.40.73 - - [06/Apr/2026:04:42:17 +1000] "GET / HTTP/1.1" 302 249 "-" "Python/3.11 aiohttp/3.9.2"
118.127.40.73 - - [06/Apr/2026:05:12:17 +1000] "GET / HTTP/1.1" 302 249 "-" "Python/3.11 aiohttp/3.9.2"
118.127.40.73 - - [06/Apr/2026:05:42:18 +1000] "GET / HTTP/1.1" 302 249 "-" "Python/3.11 aiohttp/3.9.2"
118.127.40.73 - - [06/Apr/2026:06:12:16 +1000] "GET / HTTP/1.1" 302 249 "-" "Python/3.11 aiohttp/3.9.2"
118.127.40.73 - - [06/Apr/2026:06:42:21 +1000] "GET / HTTP/1.1" 302 249 "-" "Python/3.11 aiohttp/3.9.2"
118.127.40.73 - - [06/Apr/2026:07:12:22 +1000] "GET / HTTP/1.1" 302 249 "-" "Python/3.11 aiohttp/3.9.2"
118.127.40.73 - - [06/Apr/2026:07:42:20 +1000] "GET / HTTP/1.1" 302 249 "-" "Python/3.11 aiohttp/3.9.2"
118.127.40.73 - - [06/Apr/2026:08:12:19 +1000] "GET / HTTP/1.1" 302 249 "-" "Python/3.11 aiohttp/3.9.2"
118.127.40.73 - - [06/Apr/2026:08:42:17 +1000] "GET / HTTP/1.1" 302 249 "-" "Python/3.11 aiohttp/3.9.2"
118.127.40.73 - - [06/Apr/2026:09:12:18 +1000] "GET / HTTP/1.1" 302 249 "-" "Python/3.11 aiohttp/3.9.2"
118.127.40.73 - - [06/Apr/2026:09:42:22 +1000] "GET / HTTP/1.1" 302 249 "-" "Python/3.11 aiohttp/3.9.2"
37.46.115.21 - - [06/Apr/2026:09:43:32 +1000] "GET / HTTP/1.1" 302 249 "-" "Mozilla/5.0 (Windows NT 10.0; Win64; x64) AppleWebKit/537.36 (KHTML, like Gecko) Chrome/146.0.0.0 Safari/537.36"
118.127.40.73 - - [06/Apr/2026:10:12:17 +1000] "GET / HTTP/1.1" 302 249 "-" "Python/3.11 aiohttp/3.9.2"
118.127.40.73 - - [06/Apr/2026:10:42:18 +1000] "GET / HTTP/1.1" 302 249 "-" "Python/3.11 aiohttp/3.9.2"
170.64.225.6 - - [06/Apr/2026:11:00:14 +1000] "GET / HTTP/1.1" 302 249 "-" "Mozilla/5.0 (Windows NT 10.0; Win64; x64) AppleWebKit/537.36 (KHTML, like Gecko) Chrome/122.0.0.0 Safari/537.36"
170.64.225.6 - - [06/Apr/2026:11:00:15 +1000] "GET /.env HTTP/1.1" 302 253 "-" "Mozilla/5.0 (Windows NT 10.0; Win64; x64) AppleWebKit/537.36 (KHTML, like Gecko) Chrome/122.0.0.0 Safari/537.36"
118.127.40.73 - - [06/Apr/2026:11:12:23 +1000] "GET / HTTP/1.1" 302 249 "-" "Python/3.11 aiohttp/3.9.2"
118.127.40.73 - - [06/Apr/2026:11:42:18 +1000] "GET / HTTP/1.1" 302 249 "-" "Python/3.11 aiohttp/3.9.2"
118.127.40.73 - - [06/Apr/2026:12:12:18 +1000] "GET / HTTP/1.1" 302 249 "-" "Python/3.11 aiohttp/3.9.2"
118.127.40.73 - - [06/Apr/2026:12:42:24 +1000] "GET / HTTP/1.1" 302 249 "-" "Python/3.11 aiohttp/3.9.2"
118.127.40.73 - - [06/Apr/2026:13:12:20 +1000] "GET / HTTP/1.1" 302 249 "-" "Python/3.11 aiohttp/3.9.2"
118.127.40.73 - - [06/Apr/2026:13:42:20 +1000] "GET / HTTP/1.1" 302 249 "-" "Python/3.11 aiohttp/3.9.2"
118.127.40.73 - - [06/Apr/2026:14:12:22 +1000] "GET / HTTP/1.1" 302 249 "-" "Python/3.11 aiohttp/3.9.2"
118.127.40.73 - - [06/Apr/2026:14:42:21 +1000] "GET / HTTP/1.1" 302 249 "-" "Python/3.11 aiohttp/3.9.2"
118.127.40.73 - - [06/Apr/2026:15:12:24 +1000] "GET / HTTP/1.1" 302 249 "-" "Python/3.11 aiohttp/3.9.2"
174.138.76.50 - - [06/Apr/2026:15:17:39 +1000] "GET / HTTP/1.1" 302 249 "-" "Mozilla/5.0 (X11; Linux x86_64; rv:142.0) Gecko/20100101 Firefox/142.0"
174.138.76.50 - - [06/Apr/2026:15:17:44 +1000] "GET /favicon.ico HTTP/1.1" 302 260 "https://www.phones.posscales.com/" "Mozilla/5.0 (X11; Linux x86_64; rv:142.0) Gecko/20100101 Firefox/142.0"
118.127.40.73 - - [06/Apr/2026:15:42:22 +1000] "GET / HTTP/1.1" 302 249 "-" "Python/3.11 aiohttp/3.9.2"
118.127.40.73 - - [06/Apr/2026:16:12:24 +1000] "GET / HTTP/1.1" 302 249 "-" "Python/3.11 aiohttp/3.9.2"
118.127.40.73 - - [06/Apr/2026:16:42:25 +1000] "GET / HTTP/1.1" 302 249 "-" "Python/3.11 aiohttp/3.9.2"
118.127.40.73 - - [06/Apr/2026:17:12:28 +1000] "GET / HTTP/1.1" 302 249 "-" "Python/3.11 aiohttp/3.9.2"
118.127.40.73 - - [06/Apr/2026:17:42:25 +1000] "GET / HTTP/1.1" 302 249 "-" "Python/3.11 aiohttp/3.9.2"
118.127.40.73 - - [06/Apr/2026:18:12:24 +1000] "GET / HTTP/1.1" 302 249 "-" "Python/3.11 aiohttp/3.9.2"
103.59.160.82 - - [06/Apr/2026:18:22:45 +1000] "GET /wp-login.php HTTP/1.1" 302 261 "-" "Mozilla/5.0 (Macintosh; Intel Mac OS X 15_0) AppleWebKit/605.1.15 (KHTML, like Gecko) Version/17.5 Safari/605.1.15"
103.59.160.82 - - [06/Apr/2026:18:22:48 +1000] "GET /wp-admin/ HTTP/1.1" 302 258 "https://www.google.com/search?q=wordpress+2026" "Mozilla/5.0 (Macintosh; Intel Mac OS X 14_5) AppleWebKit/605.1.15 (KHTML, like Gecko) Version/17.6 Safari/605.1.15"
118.127.40.73 - - [06/Apr/2026:18:42:22 +1000] "GET / HTTP/1.1" 302 249 "-" "Python/3.11 aiohttp/3.9.2"
118.127.40.73 - - [06/Apr/2026:19:12:33 +1000] "GET / HTTP/1.1" 302 249 "-" "Python/3.11 aiohttp/3.9.2"
118.127.40.73 - - [06/Apr/2026:19:42:30 +1000] "GET / HTTP/1.1" 302 249 "-" "Python/3.11 aiohttp/3.9.2"
118.127.40.73 - - [06/Apr/2026:20:12:27 +1000] "GET / HTTP/1.1" 302 249 "-" "Python/3.11 aiohttp/3.9.2"
118.127.40.73 - - [06/Apr/2026:20:42:35 +1000] "GET / HTTP/1.1" 302 249 "-" "Python/3.11 aiohttp/3.9.2"
103.132.2.57 - - [06/Apr/2026:20:58:08 +1000] "POST /graphql HTTP/1.1" 302 256 "-" "Mozilla/5.0 (Windows NT 10.0; Win64; x64) WormGPT/4.1"
118.127.40.73 - - [06/Apr/2026:21:12:26 +1000] "GET / HTTP/1.1" 302 249 "-" "Python/3.11 aiohttp/3.9.2"
118.127.40.73 - - [06/Apr/2026:21:42:28 +1000] "GET / HTTP/1.1" 302 249 "-" "Python/3.11 aiohttp/3.9.2"
118.127.40.73 - - [06/Apr/2026:22:12:25 +1000] "GET / HTTP/1.1" 302 249 "-" "Python/3.11 aiohttp/3.9.2"
118.127.40.73 - - [06/Apr/2026:22:42:31 +1000] "GET / HTTP/1.1" 302 249 "-" "Python/3.11 aiohttp/3.9.2"
118.127.40.73 - - [06/Apr/2026:23:12:27 +1000] "GET / HTTP/1.1" 302 249 "-" "Python/3.11 aiohttp/3.9.2"
118.127.40.73 - - [06/Apr/2026:23:42:28 +1000] "GET / HTTP/1.1" 302 249 "-" "Python/3.11 aiohttp/3.9.2"
